This is the mail archive of the gcc-testresults@gcc.gnu.org mailing list for the GCC project.


Index Nav: [Date Index] [Subject Index] [Author Index] [Thread Index]
Message Nav: [Date Prev] [Date Next] [Thread Prev] [Thread Next]
Other format: [Raw text]

Results for 4.6.0 20110308 (experimental) [trunk revision 170786] (Debian 20110308-1) testsuite on sparc-unknown-linux-gnu


LAST_UPDATED: Tue Mar  8 17:42:04 UTC 2011 (revision 170786)

Target: sparc-linux-gnu
gcc version 4.6.0 20110308 (experimental) [trunk revision 170786] (Debian 20110308-1) 

		=== acats tests ===

		=== acats Summary ===
# of expected passes		2321
# of unexpected failures	0
Native configuration is sparc-unknown-linux-gnu

		=== g++ tests ===


Running target unix
FAIL: g++.dg/lto/20081109 cp_lto_20081109_0.o-cp_lto_20081109_1.o execute -O0 -flto -flto-partition=none 
FAIL: g++.dg/lto/20081109 cp_lto_20081109_0.o-cp_lto_20081109_1.o execute -O2 -flto -flto-partition=none 
FAIL: g++.dg/lto/20081109 cp_lto_20081109_0.o-cp_lto_20081109_1.o execute -O0 -flto -flto-partition=1to1 
FAIL: g++.dg/lto/20081109 cp_lto_20081109_0.o-cp_lto_20081109_1.o execute -O2 -flto -flto-partition=1to1 
FAIL: g++.dg/lto/20081109 cp_lto_20081109_0.o-cp_lto_20081109_1.o execute -O0 -flto
FAIL: g++.dg/lto/20081109 cp_lto_20081109_0.o-cp_lto_20081109_1.o execute -O2 -flto
UNRESOLVED: attribute_plugin.c compilation, -I. -I/build/buildd-gcc-snapshot_20110308-1-sparc-UnKjzv/gcc-snapshot-20110308/src/gcc/testsuite -I/build/buildd-gcc-snapshot_20110308-1-sparc-UnKjzv/gcc-snapshot-20110308/src/gcc/testsuite/../../gcc -I/build/buildd-gcc-snapshot_20110308-1-sparc-UnKjzv/gcc-snapshot-20110308/build/gcc/testsuite/g++/../../../gcc  -I/build/buildd-gcc-snapshot_20110308-1-sparc-UnKjzv/gcc-snapshot-20110308/src/gcc/testsuite/../../include -I/build/buildd-gcc-snapshot_20110308-1-sparc-UnKjzv/gcc-snapshot-20110308/src/gcc/testsuite/../../libcpp/include   -I/build/buildd-gcc-snapshot_20110308-1-sparc-UnKjzv/gcc-snapshot-20110308/build/gcc/testsuite/g++/../../../intl  -DIN_GCC -fPIC -shared
UNRESOLVED: pragma_plugin.c compilation, -I. -I/build/buildd-gcc-snapshot_20110308-1-sparc-UnKjzv/gcc-snapshot-20110308/src/gcc/testsuite -I/build/buildd-gcc-snapshot_20110308-1-sparc-UnKjzv/gcc-snapshot-20110308/src/gcc/testsuite/../../gcc -I/build/buildd-gcc-snapshot_20110308-1-sparc-UnKjzv/gcc-snapshot-20110308/build/gcc/testsuite/g++/../../../gcc  -I/build/buildd-gcc-snapshot_20110308-1-sparc-UnKjzv/gcc-snapshot-20110308/src/gcc/testsuite/../../include -I/build/buildd-gcc-snapshot_20110308-1-sparc-UnKjzv/gcc-snapshot-20110308/src/gcc/testsuite/../../libcpp/include   -I/build/buildd-gcc-snapshot_20110308-1-sparc-UnKjzv/gcc-snapshot-20110308/build/gcc/testsuite/g++/../../../intl  -DIN_GCC -fPIC -shared
UNRESOLVED: selfassign.c compilation, -I. -I/build/buildd-gcc-snapshot_20110308-1-sparc-UnKjzv/gcc-snapshot-20110308/src/gcc/testsuite -I/build/buildd-gcc-snapshot_20110308-1-sparc-UnKjzv/gcc-snapshot-20110308/src/gcc/testsuite/../../gcc -I/build/buildd-gcc-snapshot_20110308-1-sparc-UnKjzv/gcc-snapshot-20110308/build/gcc/testsuite/g++/../../../gcc  -I/build/buildd-gcc-snapshot_20110308-1-sparc-UnKjzv/gcc-snapshot-20110308/src/gcc/testsuite/../../include -I/build/buildd-gcc-snapshot_20110308-1-sparc-UnKjzv/gcc-snapshot-20110308/src/gcc/testsuite/../../libcpp/include   -I/build/buildd-gcc-snapshot_20110308-1-sparc-UnKjzv/gcc-snapshot-20110308/build/gcc/testsuite/g++/../../../intl -O -DIN_GCC -fPIC -shared
UNRESOLVED: dumb_plugin.c compilation, -I. -I/build/buildd-gcc-snapshot_20110308-1-sparc-UnKjzv/gcc-snapshot-20110308/src/gcc/testsuite -I/build/buildd-gcc-snapshot_20110308-1-sparc-UnKjzv/gcc-snapshot-20110308/src/gcc/testsuite/../../gcc -I/build/buildd-gcc-snapshot_20110308-1-sparc-UnKjzv/gcc-snapshot-20110308/build/gcc/testsuite/g++/../../../gcc  -I/build/buildd-gcc-snapshot_20110308-1-sparc-UnKjzv/gcc-snapshot-20110308/src/gcc/testsuite/../../include -I/build/buildd-gcc-snapshot_20110308-1-sparc-UnKjzv/gcc-snapshot-20110308/src/gcc/testsuite/../../libcpp/include   -I/build/buildd-gcc-snapshot_20110308-1-sparc-UnKjzv/gcc-snapshot-20110308/build/gcc/testsuite/g++/../../../intl  -DIN_GCC -fPIC -shared
UNRESOLVED: header_plugin.c compilation, -I. -I/build/buildd-gcc-snapshot_20110308-1-sparc-UnKjzv/gcc-snapshot-20110308/src/gcc/testsuite -I/build/buildd-gcc-snapshot_20110308-1-sparc-UnKjzv/gcc-snapshot-20110308/src/gcc/testsuite/../../gcc -I/build/buildd-gcc-snapshot_20110308-1-sparc-UnKjzv/gcc-snapshot-20110308/build/gcc/testsuite/g++/../../../gcc  -I/build/buildd-gcc-snapshot_20110308-1-sparc-UnKjzv/gcc-snapshot-20110308/src/gcc/testsuite/../../include -I/build/buildd-gcc-snapshot_20110308-1-sparc-UnKjzv/gcc-snapshot-20110308/src/gcc/testsuite/../../libcpp/include   -I/build/buildd-gcc-snapshot_20110308-1-sparc-UnKjzv/gcc-snapshot-20110308/build/gcc/testsuite/g++/../../../intl  -DIN_GCC -fPIC -shared
FAIL: g++.dg/torture/stackalign/eh-alloca-1.C  -O2 -flto -flto-partition=none  execution test
FAIL: g++.dg/torture/stackalign/eh-alloca-1.C  -O2 -flto  execution test
FAIL: g++.dg/torture/stackalign/eh-global-1.C  -O2 -flto -flto-partition=none  execution test
FAIL: g++.dg/torture/stackalign/eh-global-1.C  -O2 -flto  execution test
FAIL: g++.dg/torture/stackalign/eh-inline-1.C  -O2 -flto -flto-partition=none  execution test
FAIL: g++.dg/torture/stackalign/eh-inline-1.C  -O2 -flto  execution test
FAIL: g++.dg/torture/stackalign/eh-inline-2.C  -O2 -flto -flto-partition=none  execution test
FAIL: g++.dg/torture/stackalign/eh-inline-2.C  -O2 -flto  execution test
FAIL: g++.dg/torture/stackalign/eh-vararg-1.C  -O2 -flto -flto-partition=none  execution test
FAIL: g++.dg/torture/stackalign/eh-vararg-1.C  -O2 -flto  execution test
FAIL: g++.dg/torture/stackalign/eh-vararg-2.C  -O2 -flto -flto-partition=none  execution test
FAIL: g++.dg/torture/stackalign/eh-vararg-2.C  -O2 -flto  execution test
FAIL: g++.dg/torture/stackalign/throw-1.C  -O2 -flto -flto-partition=none  execution test
FAIL: g++.dg/torture/stackalign/throw-1.C  -O2 -flto  execution test
FAIL: g++.dg/torture/stackalign/throw-2.C  -O2 -flto -flto-partition=none  execution test
FAIL: g++.dg/torture/stackalign/throw-2.C  -O2 -flto  execution test
FAIL: g++.dg/torture/stackalign/throw-3.C  -O2 -flto -flto-partition=none  execution test
FAIL: g++.dg/torture/stackalign/throw-3.C  -O2 -flto  execution test
FAIL: g++.dg/torture/stackalign/eh-alloca-1.C  -O2 -flto -flto-partition=none  execution test
FAIL: g++.dg/torture/stackalign/eh-alloca-1.C  -O2 -flto  execution test
FAIL: g++.dg/torture/stackalign/eh-global-1.C  -O2 -flto -flto-partition=none  execution test
FAIL: g++.dg/torture/stackalign/eh-global-1.C  -O2 -flto  execution test
FAIL: g++.dg/torture/stackalign/eh-inline-1.C  -O2 -flto -flto-partition=none  execution test
FAIL: g++.dg/torture/stackalign/eh-inline-1.C  -O2 -flto  execution test
FAIL: g++.dg/torture/stackalign/eh-inline-2.C  -O2 -flto -flto-partition=none  execution test
FAIL: g++.dg/torture/stackalign/eh-inline-2.C  -O2 -flto  execution test
FAIL: g++.dg/torture/stackalign/eh-vararg-1.C  -O2 -flto -flto-partition=none  execution test
FAIL: g++.dg/torture/stackalign/eh-vararg-1.C  -O2 -flto  execution test
FAIL: g++.dg/torture/stackalign/eh-vararg-2.C  -O2 -flto -flto-partition=none  execution test
FAIL: g++.dg/torture/stackalign/eh-vararg-2.C  -O2 -flto  execution test
FAIL: g++.dg/torture/stackalign/throw-1.C  -O2 -flto -flto-partition=none  execution test
FAIL: g++.dg/torture/stackalign/throw-1.C  -O2 -flto  execution test
FAIL: g++.dg/torture/stackalign/throw-2.C  -O2 -flto -flto-partition=none  execution test
FAIL: g++.dg/torture/stackalign/throw-2.C  -O2 -flto  execution test
FAIL: g++.dg/torture/stackalign/throw-3.C  -O2 -flto -flto-partition=none  execution test
FAIL: g++.dg/torture/stackalign/throw-3.C  -O2 -flto  execution test

		=== g++ Summary for unix ===

# of expected passes		26116
# of unexpected failures	42
# of expected failures		160
# of unresolved testcases	5
# of unsupported tests		398

Running target unix/-m64
FAIL: g++.dg/lto/20081109-1 cp_lto_20081109-1_0.o-cp_lto_20081109-1_0.o link, -fPIC -flto -flto-partition=1to1
UNRESOLVED: g++.dg/lto/20081109-1 cp_lto_20081109-1_0.o-cp_lto_20081109-1_0.o execute -fPIC -flto -flto-partition=1to1
FAIL: g++.dg/lto/20081109 cp_lto_20081109_0.o-cp_lto_20081109_1.o execute -O0 -flto -flto-partition=none 
FAIL: g++.dg/lto/20081109 cp_lto_20081109_0.o-cp_lto_20081109_1.o execute -O2 -flto -flto-partition=none 
FAIL: g++.dg/lto/20081109 cp_lto_20081109_0.o-cp_lto_20081109_1.o execute -O0 -flto -flto-partition=1to1 
FAIL: g++.dg/lto/20081109 cp_lto_20081109_0.o-cp_lto_20081109_1.o execute -O2 -flto -flto-partition=1to1 
FAIL: g++.dg/lto/20081109 cp_lto_20081109_0.o-cp_lto_20081109_1.o execute -O0 -flto
FAIL: g++.dg/lto/20081109 cp_lto_20081109_0.o-cp_lto_20081109_1.o execute -O2 -flto
FAIL: g++.dg/lto/20081118 cp_lto_20081118_0.o-cp_lto_20081118_1.o link, -fPIC -flto -flto-partition=1to1 -r -nostdlib
UNRESOLVED: g++.dg/lto/20081118 cp_lto_20081118_0.o-cp_lto_20081118_1.o execute -fPIC -flto -flto-partition=1to1 -r -nostdlib
FAIL: g++.dg/lto/20081119-1 cp_lto_20081119-1_0.o-cp_lto_20081119-1_1.o link, -fPIC -flto -flto-partition=1to1 -r -nostdlib
UNRESOLVED: g++.dg/lto/20081119-1 cp_lto_20081119-1_0.o-cp_lto_20081119-1_1.o execute -fPIC -flto -flto-partition=1to1 -r -nostdlib
FAIL: g++.dg/lto/20081120-1 cp_lto_20081120-1_0.o-cp_lto_20081120-1_1.o link, -flto -r -nostdlib
UNRESOLVED: g++.dg/lto/20081120-1 cp_lto_20081120-1_0.o-cp_lto_20081120-1_1.o execute -flto -r -nostdlib
FAIL: g++.dg/lto/20081120-2 cp_lto_20081120-2_0.o-cp_lto_20081120-2_1.o link, -flto -r -nostdlib
UNRESOLVED: g++.dg/lto/20081120-2 cp_lto_20081120-2_0.o-cp_lto_20081120-2_1.o execute -flto -r -nostdlib
FAIL: g++.dg/lto/20081123 cp_lto_20081123_0.o-cp_lto_20081123_1.o link, -flto -flto-partition=1to1 -r -nostdlib -fPIC
UNRESOLVED: g++.dg/lto/20081123 cp_lto_20081123_0.o-cp_lto_20081123_1.o execute -flto -flto-partition=1to1 -r -nostdlib -fPIC
FAIL: g++.dg/lto/20081204-1 cp_lto_20081204-1_0.o-cp_lto_20081204-1_1.o link, -flto -flto-partition=1to1 -fPIC -r -nostdlib
UNRESOLVED: g++.dg/lto/20081204-1 cp_lto_20081204-1_0.o-cp_lto_20081204-1_1.o execute -flto -flto-partition=1to1 -fPIC -r -nostdlib
FAIL: g++.dg/lto/20081219 cp_lto_20081219_0.o-cp_lto_20081219_1.o link, -fPIC -flto -flto-partition=1to1 -O2
UNRESOLVED: g++.dg/lto/20081219 cp_lto_20081219_0.o-cp_lto_20081219_1.o execute -fPIC -flto -flto-partition=1to1 -O2
FAIL: g++.dg/lto/20090302 cp_lto_20090302_0.o-cp_lto_20090302_1.o link, -fPIC -flto -flto-partition=1to1 -r -nostdlib
UNRESOLVED: g++.dg/lto/20090302 cp_lto_20090302_0.o-cp_lto_20090302_1.o execute -fPIC -flto -flto-partition=1to1 -r -nostdlib
FAIL: g++.dg/lto/20090313 cp_lto_20090313_0.o-cp_lto_20090313_1.o link, -flto -flto-partition=1to1 -fPIC
UNRESOLVED: g++.dg/lto/20090313 cp_lto_20090313_0.o-cp_lto_20090313_1.o execute -flto -flto-partition=1to1 -fPIC
FAIL: g++.dg/lto/20091002-1 cp_lto_20091002-1_0.o-cp_lto_20091002-1_0.o link, -fPIC -flto
UNRESOLVED: g++.dg/lto/20091002-1 cp_lto_20091002-1_0.o-cp_lto_20091002-1_0.o execute -fPIC -flto
FAIL: g++.dg/lto/20091026-1 cp_lto_20091026-1_0.o-cp_lto_20091026-1_1.o link, -O0 -flto -flto-partition=none 
UNRESOLVED: g++.dg/lto/20091026-1 cp_lto_20091026-1_0.o-cp_lto_20091026-1_1.o execute -O0 -flto -flto-partition=none 
FAIL: g++.dg/lto/20091026-1 cp_lto_20091026-1_0.o-cp_lto_20091026-1_1.o link, -O2 -flto -flto-partition=none 
UNRESOLVED: g++.dg/lto/20091026-1 cp_lto_20091026-1_0.o-cp_lto_20091026-1_1.o execute -O2 -flto -flto-partition=none 
FAIL: g++.dg/lto/20091026-1 cp_lto_20091026-1_0.o-cp_lto_20091026-1_1.o link, -O0 -flto -flto-partition=1to1 
UNRESOLVED: g++.dg/lto/20091026-1 cp_lto_20091026-1_0.o-cp_lto_20091026-1_1.o execute -O0 -flto -flto-partition=1to1 
FAIL: g++.dg/lto/20091026-1 cp_lto_20091026-1_0.o-cp_lto_20091026-1_1.o link, -O2 -flto -flto-partition=1to1 
UNRESOLVED: g++.dg/lto/20091026-1 cp_lto_20091026-1_0.o-cp_lto_20091026-1_1.o execute -O2 -flto -flto-partition=1to1 
FAIL: g++.dg/lto/20091026-1 cp_lto_20091026-1_0.o-cp_lto_20091026-1_1.o link, -O0 -flto
UNRESOLVED: g++.dg/lto/20091026-1 cp_lto_20091026-1_0.o-cp_lto_20091026-1_1.o execute -O0 -flto
FAIL: g++.dg/lto/20091026-1 cp_lto_20091026-1_0.o-cp_lto_20091026-1_1.o link, -O2 -flto
UNRESOLVED: g++.dg/lto/20091026-1 cp_lto_20091026-1_0.o-cp_lto_20091026-1_1.o execute -O2 -flto
FAIL: g++.dg/lto/20100724-1 cp_lto_20100724-1_0.o-cp_lto_20100724-1_0.o link, -ftoplevel-reorder -flto -flto-partition=none
UNRESOLVED: g++.dg/lto/20100724-1 cp_lto_20100724-1_0.o-cp_lto_20100724-1_0.o execute -ftoplevel-reorder -flto -flto-partition=none
FAIL: g++.dg/lto/20100724-1 cp_lto_20100724-1_0.o-cp_lto_20100724-1_0.o link, -ftoplevel-reorder -flto -flto-partition=1to1
UNRESOLVED: g++.dg/lto/20100724-1 cp_lto_20100724-1_0.o-cp_lto_20100724-1_0.o execute -ftoplevel-reorder -flto -flto-partition=1to1
FAIL: g++.dg/lto/20101010-4 cp_lto_20101010-4_0.o-cp_lto_20101010-4_0.o link,  -std=c++0x -flto -r -nostdlib 
UNRESOLVED: g++.dg/lto/20101010-4 cp_lto_20101010-4_0.o-cp_lto_20101010-4_0.o execute  -std=c++0x -flto -r -nostdlib 
FAIL: g++.dg/lto/20101010-4 cp_lto_20101010-4_0.o-cp_lto_20101010-4_0.o link,  -std=c++0x -flto -g -r -nostdlib 
UNRESOLVED: g++.dg/lto/20101010-4 cp_lto_20101010-4_0.o-cp_lto_20101010-4_0.o execute  -std=c++0x -flto -g -r -nostdlib 
FAIL: g++.dg/lto/20101015-2 cp_lto_20101015-2_0.o-cp_lto_20101015-2_0.o link,  -flto 
UNRESOLVED: g++.dg/lto/20101015-2 cp_lto_20101015-2_0.o-cp_lto_20101015-2_0.o execute  -flto 
FAIL: g++.dg/lto/20101015-2 cp_lto_20101015-2_0.o-cp_lto_20101015-2_0.o link,  -g -flto 
UNRESOLVED: g++.dg/lto/20101015-2 cp_lto_20101015-2_0.o-cp_lto_20101015-2_0.o execute  -g -flto 
UNRESOLVED: attribute_plugin.c compilation, -I. -I/build/buildd-gcc-snapshot_20110308-1-sparc-UnKjzv/gcc-snapshot-20110308/src/gcc/testsuite -I/build/buildd-gcc-snapshot_20110308-1-sparc-UnKjzv/gcc-snapshot-20110308/src/gcc/testsuite/../../gcc -I/build/buildd-gcc-snapshot_20110308-1-sparc-UnKjzv/gcc-snapshot-20110308/build/gcc/testsuite/g++/../../../gcc  -I/build/buildd-gcc-snapshot_20110308-1-sparc-UnKjzv/gcc-snapshot-20110308/src/gcc/testsuite/../../include -I/build/buildd-gcc-snapshot_20110308-1-sparc-UnKjzv/gcc-snapshot-20110308/src/gcc/testsuite/../../libcpp/include   -I/build/buildd-gcc-snapshot_20110308-1-sparc-UnKjzv/gcc-snapshot-20110308/build/gcc/testsuite/g++/../../../intl  -DIN_GCC -fPIC -shared
UNRESOLVED: pragma_plugin.c compilation, -I. -I/build/buildd-gcc-snapshot_20110308-1-sparc-UnKjzv/gcc-snapshot-20110308/src/gcc/testsuite -I/build/buildd-gcc-snapshot_20110308-1-sparc-UnKjzv/gcc-snapshot-20110308/src/gcc/testsuite/../../gcc -I/build/buildd-gcc-snapshot_20110308-1-sparc-UnKjzv/gcc-snapshot-20110308/build/gcc/testsuite/g++/../../../gcc  -I/build/buildd-gcc-snapshot_20110308-1-sparc-UnKjzv/gcc-snapshot-20110308/src/gcc/testsuite/../../include -I/build/buildd-gcc-snapshot_20110308-1-sparc-UnKjzv/gcc-snapshot-20110308/src/gcc/testsuite/../../libcpp/include   -I/build/buildd-gcc-snapshot_20110308-1-sparc-UnKjzv/gcc-snapshot-20110308/build/gcc/testsuite/g++/../../../intl  -DIN_GCC -fPIC -shared
UNRESOLVED: selfassign.c compilation, -I. -I/build/buildd-gcc-snapshot_20110308-1-sparc-UnKjzv/gcc-snapshot-20110308/src/gcc/testsuite -I/build/buildd-gcc-snapshot_20110308-1-sparc-UnKjzv/gcc-snapshot-20110308/src/gcc/testsuite/../../gcc -I/build/buildd-gcc-snapshot_20110308-1-sparc-UnKjzv/gcc-snapshot-20110308/build/gcc/testsuite/g++/../../../gcc  -I/build/buildd-gcc-snapshot_20110308-1-sparc-UnKjzv/gcc-snapshot-20110308/src/gcc/testsuite/../../include -I/build/buildd-gcc-snapshot_20110308-1-sparc-UnKjzv/gcc-snapshot-20110308/src/gcc/testsuite/../../libcpp/include   -I/build/buildd-gcc-snapshot_20110308-1-sparc-UnKjzv/gcc-snapshot-20110308/build/gcc/testsuite/g++/../../../intl -O -DIN_GCC -fPIC -shared
UNRESOLVED: dumb_plugin.c compilation, -I. -I/build/buildd-gcc-snapshot_20110308-1-sparc-UnKjzv/gcc-snapshot-20110308/src/gcc/testsuite -I/build/buildd-gcc-snapshot_20110308-1-sparc-UnKjzv/gcc-snapshot-20110308/src/gcc/testsuite/../../gcc -I/build/buildd-gcc-snapshot_20110308-1-sparc-UnKjzv/gcc-snapshot-20110308/build/gcc/testsuite/g++/../../../gcc  -I/build/buildd-gcc-snapshot_20110308-1-sparc-UnKjzv/gcc-snapshot-20110308/src/gcc/testsuite/../../include -I/build/buildd-gcc-snapshot_20110308-1-sparc-UnKjzv/gcc-snapshot-20110308/src/gcc/testsuite/../../libcpp/include   -I/build/buildd-gcc-snapshot_20110308-1-sparc-UnKjzv/gcc-snapshot-20110308/build/gcc/testsuite/g++/../../../intl  -DIN_GCC -fPIC -shared
UNRESOLVED: header_plugin.c compilation, -I. -I/build/buildd-gcc-snapshot_20110308-1-sparc-UnKjzv/gcc-snapshot-20110308/src/gcc/testsuite -I/build/buildd-gcc-snapshot_20110308-1-sparc-UnKjzv/gcc-snapshot-20110308/src/gcc/testsuite/../../gcc -I/build/buildd-gcc-snapshot_20110308-1-sparc-UnKjzv/gcc-snapshot-20110308/build/gcc/testsuite/g++/../../../gcc  -I/build/buildd-gcc-snapshot_20110308-1-sparc-UnKjzv/gcc-snapshot-20110308/src/gcc/testsuite/../../include -I/build/buildd-gcc-snapshot_20110308-1-sparc-UnKjzv/gcc-snapshot-20110308/src/gcc/testsuite/../../libcpp/include   -I/build/buildd-gcc-snapshot_20110308-1-sparc-UnKjzv/gcc-snapshot-20110308/build/gcc/testsuite/g++/../../../intl  -DIN_GCC -fPIC -shared
FAIL: g++.dg/torture/stackalign/eh-alloca-1.C  -O2 -flto -flto-partition=none  execution test
FAIL: g++.dg/torture/stackalign/eh-alloca-1.C  -O2 -flto  execution test
FAIL: g++.dg/torture/stackalign/eh-global-1.C  -O2 -flto -flto-partition=none  execution test
FAIL: g++.dg/torture/stackalign/eh-global-1.C  -O2 -flto  execution test
FAIL: g++.dg/torture/stackalign/eh-inline-1.C  -O2 -flto -flto-partition=none  execution test
FAIL: g++.dg/torture/stackalign/eh-inline-1.C  -O2 -flto  execution test
FAIL: g++.dg/torture/stackalign/eh-inline-2.C  -O2 -flto -flto-partition=none  execution test
FAIL: g++.dg/torture/stackalign/eh-inline-2.C  -O2 -flto  execution test
FAIL: g++.dg/torture/stackalign/eh-vararg-1.C  -O2 -flto -flto-partition=none  execution test
FAIL: g++.dg/torture/stackalign/eh-vararg-1.C  -O2 -flto  execution test
FAIL: g++.dg/torture/stackalign/eh-vararg-2.C  -O2 -flto -flto-partition=none  execution test
FAIL: g++.dg/torture/stackalign/eh-vararg-2.C  -O2 -flto  execution test
FAIL: g++.dg/torture/stackalign/throw-1.C  -O2 -flto -flto-partition=none  execution test
FAIL: g++.dg/torture/stackalign/throw-1.C  -O2 -flto  execution test
FAIL: g++.dg/torture/stackalign/throw-2.C  -O2 -flto -flto-partition=none  execution test
FAIL: g++.dg/torture/stackalign/throw-2.C  -O2 -flto  execution test
FAIL: g++.dg/torture/stackalign/throw-3.C  -O2 -flto -flto-partition=none  execution test
FAIL: g++.dg/torture/stackalign/throw-3.C  -O2 -flto  execution test
FAIL: g++.dg/torture/stackalign/eh-alloca-1.C  -O2 -flto -flto-partition=none  execution test
FAIL: g++.dg/torture/stackalign/eh-alloca-1.C  -O2 -flto  execution test
FAIL: g++.dg/torture/stackalign/eh-global-1.C  -O2 -flto -flto-partition=none  execution test
FAIL: g++.dg/torture/stackalign/eh-global-1.C  -O2 -flto  execution test
FAIL: g++.dg/torture/stackalign/eh-inline-1.C  -O2 -flto -flto-partition=none  execution test
FAIL: g++.dg/torture/stackalign/eh-inline-1.C  -O2 -flto  execution test
FAIL: g++.dg/torture/stackalign/eh-inline-2.C  -O2 -flto -flto-partition=none  execution test
FAIL: g++.dg/torture/stackalign/eh-inline-2.C  -O2 -flto  execution test
FAIL: g++.dg/torture/stackalign/eh-vararg-1.C  -O2 -flto -flto-partition=none  execution test
FAIL: g++.dg/torture/stackalign/eh-vararg-1.C  -O2 -flto  execution test
FAIL: g++.dg/torture/stackalign/eh-vararg-2.C  -O2 -flto -flto-partition=none  execution test
FAIL: g++.dg/torture/stackalign/eh-vararg-2.C  -O2 -flto  execution test
FAIL: g++.dg/torture/stackalign/throw-1.C  -O2 -flto -flto-partition=none  execution test
FAIL: g++.dg/torture/stackalign/throw-1.C  -O2 -flto  execution test
FAIL: g++.dg/torture/stackalign/throw-2.C  -O2 -flto -flto-partition=none  execution test
FAIL: g++.dg/torture/stackalign/throw-2.C  -O2 -flto  execution test
FAIL: g++.dg/torture/stackalign/throw-3.C  -O2 -flto -flto-partition=none  execution test
FAIL: g++.dg/torture/stackalign/throw-3.C  -O2 -flto  execution test

		=== g++ Summary for unix/-m64 ===

# of expected passes		26705
# of unexpected failures	65
# of expected failures		160
# of unresolved testcases	28
# of unsupported tests		395

		=== g++ Summary ===

# of expected passes		52821
# of unexpected failures	107
# of expected failures		320
# of unresolved testcases	33
# of unsupported tests		793
/build/buildd-gcc-snapshot_20110308-1-sparc-UnKjzv/gcc-snapshot-20110308/build/gcc/testsuite/g++/../../g++  version 4.6.0 20110308 (experimental) [trunk revision 170786] (Debian 20110308-1) 

		=== gcc tests ===


Running target unix
FAIL: gcc.c-torture/execute/20101013-1.c execution,  -O2 
FAIL: gcc.c-torture/execute/20101013-1.c execution,  -O3 -fomit-frame-pointer 
FAIL: gcc.c-torture/execute/20101013-1.c execution,  -O3 -fomit-frame-pointer -funroll-loops 
FAIL: gcc.c-torture/execute/20101013-1.c execution,  -O3 -fomit-frame-pointer -funroll-all-loops -finline-functions 
FAIL: gcc.c-torture/execute/20101013-1.c execution,  -O3 -g 
FAIL: gcc.c-torture/execute/20101013-1.c execution,  -O2 -flto -flto-partition=none 
FAIL: gcc.c-torture/execute/20101013-1.c execution,  -O2 -flto 
FAIL: gcc.dg/cproj-fails-with-broken-glibc.c execution test
UNRESOLVED: selfassign.c compilation, -I. -I/build/buildd-gcc-snapshot_20110308-1-sparc-UnKjzv/gcc-snapshot-20110308/src/gcc/testsuite -I/build/buildd-gcc-snapshot_20110308-1-sparc-UnKjzv/gcc-snapshot-20110308/src/gcc/testsuite/../../gcc -I/build/buildd-gcc-snapshot_20110308-1-sparc-UnKjzv/gcc-snapshot-20110308/build/gcc/testsuite/gcc/../../../gcc  -I/build/buildd-gcc-snapshot_20110308-1-sparc-UnKjzv/gcc-snapshot-20110308/src/gcc/testsuite/../../include -I/build/buildd-gcc-snapshot_20110308-1-sparc-UnKjzv/gcc-snapshot-20110308/src/gcc/testsuite/../../libcpp/include   -I/build/buildd-gcc-snapshot_20110308-1-sparc-UnKjzv/gcc-snapshot-20110308/build/gcc/testsuite/gcc/../../../intl -O -DIN_GCC -fPIC -shared
UNRESOLVED: ggcplug.c compilation, -I. -I/build/buildd-gcc-snapshot_20110308-1-sparc-UnKjzv/gcc-snapshot-20110308/src/gcc/testsuite -I/build/buildd-gcc-snapshot_20110308-1-sparc-UnKjzv/gcc-snapshot-20110308/src/gcc/testsuite/../../gcc -I/build/buildd-gcc-snapshot_20110308-1-sparc-UnKjzv/gcc-snapshot-20110308/build/gcc/testsuite/gcc/../../../gcc  -I/build/buildd-gcc-snapshot_20110308-1-sparc-UnKjzv/gcc-snapshot-20110308/src/gcc/testsuite/../../include -I/build/buildd-gcc-snapshot_20110308-1-sparc-UnKjzv/gcc-snapshot-20110308/src/gcc/testsuite/../../libcpp/include   -I/build/buildd-gcc-snapshot_20110308-1-sparc-UnKjzv/gcc-snapshot-20110308/build/gcc/testsuite/gcc/../../../intl -O -DIN_GCC -fPIC -shared
UNRESOLVED: one_time_plugin.c compilation, -I. -I/build/buildd-gcc-snapshot_20110308-1-sparc-UnKjzv/gcc-snapshot-20110308/src/gcc/testsuite -I/build/buildd-gcc-snapshot_20110308-1-sparc-UnKjzv/gcc-snapshot-20110308/src/gcc/testsuite/../../gcc -I/build/buildd-gcc-snapshot_20110308-1-sparc-UnKjzv/gcc-snapshot-20110308/build/gcc/testsuite/gcc/../../../gcc  -I/build/buildd-gcc-snapshot_20110308-1-sparc-UnKjzv/gcc-snapshot-20110308/src/gcc/testsuite/../../include -I/build/buildd-gcc-snapshot_20110308-1-sparc-UnKjzv/gcc-snapshot-20110308/src/gcc/testsuite/../../libcpp/include   -I/build/buildd-gcc-snapshot_20110308-1-sparc-UnKjzv/gcc-snapshot-20110308/build/gcc/testsuite/gcc/../../../intl  -DIN_GCC -fPIC -shared
UNRESOLVED: start_unit_plugin.c compilation, -I. -I/build/buildd-gcc-snapshot_20110308-1-sparc-UnKjzv/gcc-snapshot-20110308/src/gcc/testsuite -I/build/buildd-gcc-snapshot_20110308-1-sparc-UnKjzv/gcc-snapshot-20110308/src/gcc/testsuite/../../gcc -I/build/buildd-gcc-snapshot_20110308-1-sparc-UnKjzv/gcc-snapshot-20110308/build/gcc/testsuite/gcc/../../../gcc  -I/build/buildd-gcc-snapshot_20110308-1-sparc-UnKjzv/gcc-snapshot-20110308/src/gcc/testsuite/../../include -I/build/buildd-gcc-snapshot_20110308-1-sparc-UnKjzv/gcc-snapshot-20110308/src/gcc/testsuite/../../libcpp/include   -I/build/buildd-gcc-snapshot_20110308-1-sparc-UnKjzv/gcc-snapshot-20110308/build/gcc/testsuite/gcc/../../../intl  -DIN_GCC -fPIC -shared
UNRESOLVED: finish_unit_plugin.c compilation, -I. -I/build/buildd-gcc-snapshot_20110308-1-sparc-UnKjzv/gcc-snapshot-20110308/src/gcc/testsuite -I/build/buildd-gcc-snapshot_20110308-1-sparc-UnKjzv/gcc-snapshot-20110308/src/gcc/testsuite/../../gcc -I/build/buildd-gcc-snapshot_20110308-1-sparc-UnKjzv/gcc-snapshot-20110308/build/gcc/testsuite/gcc/../../../gcc  -I/build/buildd-gcc-snapshot_20110308-1-sparc-UnKjzv/gcc-snapshot-20110308/src/gcc/testsuite/../../include -I/build/buildd-gcc-snapshot_20110308-1-sparc-UnKjzv/gcc-snapshot-20110308/src/gcc/testsuite/../../libcpp/include   -I/build/buildd-gcc-snapshot_20110308-1-sparc-UnKjzv/gcc-snapshot-20110308/build/gcc/testsuite/gcc/../../../intl  -DIN_GCC -fPIC -shared

		=== gcc Summary for unix ===

# of expected passes		69405
# of unexpected failures	8
# of expected failures		237
# of unresolved testcases	5
# of unsupported tests		1124

Running target unix/-m64
FAIL: gcc.dg/cproj-fails-with-broken-glibc.c execution test
FAIL: gcc.dg/lto/20081120-1 c_lto_20081120-1_0.o-c_lto_20081120-1_1.o link, -flto -r -nostdlib
UNRESOLVED: gcc.dg/lto/20081120-1 c_lto_20081120-1_0.o-c_lto_20081120-1_1.o execute -flto -r -nostdlib
FAIL: gcc.dg/lto/20081120-2 c_lto_20081120-2_0.o-c_lto_20081120-2_1.o link, -flto -flto-partition=1to1 -r -nostdlib
UNRESOLVED: gcc.dg/lto/20081120-2 c_lto_20081120-2_0.o-c_lto_20081120-2_1.o execute -flto -flto-partition=1to1 -r -nostdlib
FAIL: gcc.dg/lto/20081204-1 c_lto_20081204-1_0.o-c_lto_20081204-1_1.o link, -flto -flto-partition=1to1 -fPIC -r -nostdlib
UNRESOLVED: gcc.dg/lto/20081204-1 c_lto_20081204-1_0.o-c_lto_20081204-1_1.o execute -flto -flto-partition=1to1 -fPIC -r -nostdlib
FAIL: gcc.dg/lto/20081224 c_lto_20081224_0.o-c_lto_20081224_1.o link, -flto -flto-partition=1to1 -r -nostdlib -fPIC
UNRESOLVED: gcc.dg/lto/20081224 c_lto_20081224_0.o-c_lto_20081224_1.o execute -flto -flto-partition=1to1 -r -nostdlib -fPIC
FAIL: gcc.dg/lto/20090116 c_lto_20090116_0.o-c_lto_20090116_0.o link, -O1 -flto -flto-partition=1to1 -fPIC
UNRESOLVED: gcc.dg/lto/20090116 c_lto_20090116_0.o-c_lto_20090116_0.o execute -O1 -flto -flto-partition=1to1 -fPIC
FAIL: gcc.dg/lto/20090126-1 c_lto_20090126-1_0.o-c_lto_20090126-1_0.o link, -O0 -flto -flto-partition=1to1
UNRESOLVED: gcc.dg/lto/20090126-1 c_lto_20090126-1_0.o-c_lto_20090126-1_0.o execute -O0 -flto -flto-partition=1to1
FAIL: gcc.dg/lto/20090126-2 c_lto_20090126-2_0.o-c_lto_20090126-2_0.o link, -fPIC -O2 -flto -flto-partition=1to1
UNRESOLVED: gcc.dg/lto/20090126-2 c_lto_20090126-2_0.o-c_lto_20090126-2_0.o execute -fPIC -O2 -flto -flto-partition=1to1
FAIL: gcc.dg/lto/20090219 c_lto_20090219_0.o-c_lto_20090219_0.o link, -O3 -flto -flto-partition=1to1 -fPIC -r -nostdlib
UNRESOLVED: gcc.dg/lto/20090219 c_lto_20090219_0.o-c_lto_20090219_0.o execute -O3 -flto -flto-partition=1to1 -fPIC -r -nostdlib
FAIL: gcc.dg/lto/20091013-1 c_lto_20091013-1_0.o-c_lto_20091013-1_2.o link, -fPIC -r -nostdlib -flto
UNRESOLVED: gcc.dg/lto/20091013-1 c_lto_20091013-1_0.o-c_lto_20091013-1_2.o execute -fPIC -r -nostdlib -flto
FAIL: gcc.dg/lto/20091013-1 c_lto_20091013-1_0.o-c_lto_20091013-1_2.o link, -fPIC -r -nostdlib -O2 -flto
UNRESOLVED: gcc.dg/lto/20091013-1 c_lto_20091013-1_0.o-c_lto_20091013-1_2.o execute -fPIC -r -nostdlib -O2 -flto
FAIL: gcc.dg/lto/20091014-1 c_lto_20091014-1_0.o-c_lto_20091014-1_0.o link, -fPIC -r -nostdlib -flto
UNRESOLVED: gcc.dg/lto/20091014-1 c_lto_20091014-1_0.o-c_lto_20091014-1_0.o execute -fPIC -r -nostdlib -flto
FAIL: gcc.dg/lto/20091015-1 c_lto_20091015-1_0.o-c_lto_20091015-1_2.o link, -fPIC -r -nostdlib -O2 -flto
UNRESOLVED: gcc.dg/lto/20091015-1 c_lto_20091015-1_0.o-c_lto_20091015-1_2.o execute -fPIC -r -nostdlib -O2 -flto
FAIL: gcc.dg/lto/20091015-1 c_lto_20091015-1_0.o-c_lto_20091015-1_2.o link, -fPIC -r -nostdlib -O2 -flto -flto-partition=1to1
UNRESOLVED: gcc.dg/lto/20091015-1 c_lto_20091015-1_0.o-c_lto_20091015-1_2.o execute -fPIC -r -nostdlib -O2 -flto -flto-partition=1to1
FAIL: gcc.dg/lto/20091016-1 c_lto_20091016-1_0.o-c_lto_20091016-1_1.o link, -fPIC -r -nostdlib -O2 -flto
UNRESOLVED: gcc.dg/lto/20091016-1 c_lto_20091016-1_0.o-c_lto_20091016-1_1.o execute -fPIC -r -nostdlib -O2 -flto
FAIL: gcc.dg/lto/20091020-1 c_lto_20091020-1_0.o-c_lto_20091020-1_1.o link, -fPIC -r -nostdlib -flto
UNRESOLVED: gcc.dg/lto/20091020-1 c_lto_20091020-1_0.o-c_lto_20091020-1_1.o execute -fPIC -r -nostdlib -flto
FAIL: gcc.dg/lto/20091020-2 c_lto_20091020-2_0.o-c_lto_20091020-2_1.o link, -fPIC -r -nostdlib -flto
UNRESOLVED: gcc.dg/lto/20091020-2 c_lto_20091020-2_0.o-c_lto_20091020-2_1.o execute -fPIC -r -nostdlib -flto
FAIL: gcc.dg/lto/20091027-1 c_lto_20091027-1_0.o-c_lto_20091027-1_1.o link, -O0 -flto -flto-partition=none 
UNRESOLVED: gcc.dg/lto/20091027-1 c_lto_20091027-1_0.o-c_lto_20091027-1_1.o execute -O0 -flto -flto-partition=none 
FAIL: gcc.dg/lto/20091027-1 c_lto_20091027-1_0.o-c_lto_20091027-1_1.o link, -O2 -flto -flto-partition=none 
UNRESOLVED: gcc.dg/lto/20091027-1 c_lto_20091027-1_0.o-c_lto_20091027-1_1.o execute -O2 -flto -flto-partition=none 
FAIL: gcc.dg/lto/20091027-1 c_lto_20091027-1_0.o-c_lto_20091027-1_1.o link, -O0 -flto -flto-partition=1to1 
UNRESOLVED: gcc.dg/lto/20091027-1 c_lto_20091027-1_0.o-c_lto_20091027-1_1.o execute -O0 -flto -flto-partition=1to1 
FAIL: gcc.dg/lto/20091027-1 c_lto_20091027-1_0.o-c_lto_20091027-1_1.o link, -O2 -flto -flto-partition=1to1 
UNRESOLVED: gcc.dg/lto/20091027-1 c_lto_20091027-1_0.o-c_lto_20091027-1_1.o execute -O2 -flto -flto-partition=1to1 
FAIL: gcc.dg/lto/20091027-1 c_lto_20091027-1_0.o-c_lto_20091027-1_1.o link, -O0 -flto
UNRESOLVED: gcc.dg/lto/20091027-1 c_lto_20091027-1_0.o-c_lto_20091027-1_1.o execute -O0 -flto
FAIL: gcc.dg/lto/20091027-1 c_lto_20091027-1_0.o-c_lto_20091027-1_1.o link, -O2 -flto
UNRESOLVED: gcc.dg/lto/20091027-1 c_lto_20091027-1_0.o-c_lto_20091027-1_1.o execute -O2 -flto
FAIL: gcc.dg/lto/20100426 c_lto_20100426_0.o-c_lto_20100426_0.o link, -r -nostdlib -flto -g
UNRESOLVED: gcc.dg/lto/20100426 c_lto_20100426_0.o-c_lto_20100426_0.o execute -r -nostdlib -flto -g
FAIL: gcc.dg/lto/20100430-1 c_lto_20100430-1_0.o-c_lto_20100430-1_0.o link, -O2 -fprofile-arcs -flto -r -nostdlib
UNRESOLVED: gcc.dg/lto/20100430-1 c_lto_20100430-1_0.o-c_lto_20100430-1_0.o execute -O2 -fprofile-arcs -flto -r -nostdlib
FAIL: gcc.dg/lto/20100603-1 c_lto_20100603-1_0.o-c_lto_20100603-1_0.o link, -O0 -flto -flto-partition=none 
UNRESOLVED: gcc.dg/lto/20100603-1 c_lto_20100603-1_0.o-c_lto_20100603-1_0.o execute -O0 -flto -flto-partition=none 
FAIL: gcc.dg/lto/20100603-1 c_lto_20100603-1_0.o-c_lto_20100603-1_0.o link, -O2 -flto -flto-partition=none 
UNRESOLVED: gcc.dg/lto/20100603-1 c_lto_20100603-1_0.o-c_lto_20100603-1_0.o execute -O2 -flto -flto-partition=none 
FAIL: gcc.dg/lto/20100603-1 c_lto_20100603-1_0.o-c_lto_20100603-1_0.o link, -O0 -flto -flto-partition=1to1 
UNRESOLVED: gcc.dg/lto/20100603-1 c_lto_20100603-1_0.o-c_lto_20100603-1_0.o execute -O0 -flto -flto-partition=1to1 
FAIL: gcc.dg/lto/20100603-1 c_lto_20100603-1_0.o-c_lto_20100603-1_0.o link, -O2 -flto -flto-partition=1to1 
UNRESOLVED: gcc.dg/lto/20100603-1 c_lto_20100603-1_0.o-c_lto_20100603-1_0.o execute -O2 -flto -flto-partition=1to1 
FAIL: gcc.dg/lto/20100603-1 c_lto_20100603-1_0.o-c_lto_20100603-1_0.o link, -O0 -flto
UNRESOLVED: gcc.dg/lto/20100603-1 c_lto_20100603-1_0.o-c_lto_20100603-1_0.o execute -O0 -flto
FAIL: gcc.dg/lto/20100603-1 c_lto_20100603-1_0.o-c_lto_20100603-1_0.o link, -O2 -flto
UNRESOLVED: gcc.dg/lto/20100603-1 c_lto_20100603-1_0.o-c_lto_20100603-1_0.o execute -O2 -flto
FAIL: gcc.dg/lto/20100603-2 c_lto_20100603-2_0.o-c_lto_20100603-2_0.o link, -O0 -flto -flto-partition=none 
UNRESOLVED: gcc.dg/lto/20100603-2 c_lto_20100603-2_0.o-c_lto_20100603-2_0.o execute -O0 -flto -flto-partition=none 
FAIL: gcc.dg/lto/20100603-2 c_lto_20100603-2_0.o-c_lto_20100603-2_0.o link, -O2 -flto -flto-partition=none 
UNRESOLVED: gcc.dg/lto/20100603-2 c_lto_20100603-2_0.o-c_lto_20100603-2_0.o execute -O2 -flto -flto-partition=none 
FAIL: gcc.dg/lto/20100603-2 c_lto_20100603-2_0.o-c_lto_20100603-2_0.o link, -O0 -flto -flto-partition=1to1 
UNRESOLVED: gcc.dg/lto/20100603-2 c_lto_20100603-2_0.o-c_lto_20100603-2_0.o execute -O0 -flto -flto-partition=1to1 
FAIL: gcc.dg/lto/20100603-2 c_lto_20100603-2_0.o-c_lto_20100603-2_0.o link, -O2 -flto -flto-partition=1to1 
UNRESOLVED: gcc.dg/lto/20100603-2 c_lto_20100603-2_0.o-c_lto_20100603-2_0.o execute -O2 -flto -flto-partition=1to1 
FAIL: gcc.dg/lto/20100603-2 c_lto_20100603-2_0.o-c_lto_20100603-2_0.o link, -O0 -flto
UNRESOLVED: gcc.dg/lto/20100603-2 c_lto_20100603-2_0.o-c_lto_20100603-2_0.o execute -O0 -flto
FAIL: gcc.dg/lto/20100603-2 c_lto_20100603-2_0.o-c_lto_20100603-2_0.o link, -O2 -flto
UNRESOLVED: gcc.dg/lto/20100603-2 c_lto_20100603-2_0.o-c_lto_20100603-2_0.o execute -O2 -flto
FAIL: gcc.dg/lto/20100603-3 c_lto_20100603-3_0.o-c_lto_20100603-3_0.o link, -O0 -flto -flto-partition=none 
UNRESOLVED: gcc.dg/lto/20100603-3 c_lto_20100603-3_0.o-c_lto_20100603-3_0.o execute -O0 -flto -flto-partition=none 
FAIL: gcc.dg/lto/20100603-3 c_lto_20100603-3_0.o-c_lto_20100603-3_0.o link, -O2 -flto -flto-partition=none 
UNRESOLVED: gcc.dg/lto/20100603-3 c_lto_20100603-3_0.o-c_lto_20100603-3_0.o execute -O2 -flto -flto-partition=none 
FAIL: gcc.dg/lto/20100603-3 c_lto_20100603-3_0.o-c_lto_20100603-3_0.o link, -O0 -flto -flto-partition=1to1 
UNRESOLVED: gcc.dg/lto/20100603-3 c_lto_20100603-3_0.o-c_lto_20100603-3_0.o execute -O0 -flto -flto-partition=1to1 
FAIL: gcc.dg/lto/20100603-3 c_lto_20100603-3_0.o-c_lto_20100603-3_0.o link, -O2 -flto -flto-partition=1to1 
UNRESOLVED: gcc.dg/lto/20100603-3 c_lto_20100603-3_0.o-c_lto_20100603-3_0.o execute -O2 -flto -flto-partition=1to1 
FAIL: gcc.dg/lto/20100603-3 c_lto_20100603-3_0.o-c_lto_20100603-3_0.o link, -O0 -flto
UNRESOLVED: gcc.dg/lto/20100603-3 c_lto_20100603-3_0.o-c_lto_20100603-3_0.o execute -O0 -flto
FAIL: gcc.dg/lto/20100603-3 c_lto_20100603-3_0.o-c_lto_20100603-3_0.o link, -O2 -flto
UNRESOLVED: gcc.dg/lto/20100603-3 c_lto_20100603-3_0.o-c_lto_20100603-3_0.o execute -O2 -flto
FAIL: gcc.dg/lto/pr45736 c_lto_pr45736_0.o-c_lto_pr45736_0.o link, -flto -r -nostdlib -O
UNRESOLVED: gcc.dg/lto/pr45736 c_lto_pr45736_0.o-c_lto_pr45736_0.o execute -flto -r -nostdlib -O
UNRESOLVED: selfassign.c compilation, -I. -I/build/buildd-gcc-snapshot_20110308-1-sparc-UnKjzv/gcc-snapshot-20110308/src/gcc/testsuite -I/build/buildd-gcc-snapshot_20110308-1-sparc-UnKjzv/gcc-snapshot-20110308/src/gcc/testsuite/../../gcc -I/build/buildd-gcc-snapshot_20110308-1-sparc-UnKjzv/gcc-snapshot-20110308/build/gcc/testsuite/gcc/../../../gcc  -I/build/buildd-gcc-snapshot_20110308-1-sparc-UnKjzv/gcc-snapshot-20110308/src/gcc/testsuite/../../include -I/build/buildd-gcc-snapshot_20110308-1-sparc-UnKjzv/gcc-snapshot-20110308/src/gcc/testsuite/../../libcpp/include   -I/build/buildd-gcc-snapshot_20110308-1-sparc-UnKjzv/gcc-snapshot-20110308/build/gcc/testsuite/gcc/../../../intl -O -DIN_GCC -fPIC -shared
UNRESOLVED: ggcplug.c compilation, -I. -I/build/buildd-gcc-snapshot_20110308-1-sparc-UnKjzv/gcc-snapshot-20110308/src/gcc/testsuite -I/build/buildd-gcc-snapshot_20110308-1-sparc-UnKjzv/gcc-snapshot-20110308/src/gcc/testsuite/../../gcc -I/build/buildd-gcc-snapshot_20110308-1-sparc-UnKjzv/gcc-snapshot-20110308/build/gcc/testsuite/gcc/../../../gcc  -I/build/buildd-gcc-snapshot_20110308-1-sparc-UnKjzv/gcc-snapshot-20110308/src/gcc/testsuite/../../include -I/build/buildd-gcc-snapshot_20110308-1-sparc-UnKjzv/gcc-snapshot-20110308/src/gcc/testsuite/../../libcpp/include   -I/build/buildd-gcc-snapshot_20110308-1-sparc-UnKjzv/gcc-snapshot-20110308/build/gcc/testsuite/gcc/../../../intl -O -DIN_GCC -fPIC -shared
UNRESOLVED: one_time_plugin.c compilation, -I. -I/build/buildd-gcc-snapshot_20110308-1-sparc-UnKjzv/gcc-snapshot-20110308/src/gcc/testsuite -I/build/buildd-gcc-snapshot_20110308-1-sparc-UnKjzv/gcc-snapshot-20110308/src/gcc/testsuite/../../gcc -I/build/buildd-gcc-snapshot_20110308-1-sparc-UnKjzv/gcc-snapshot-20110308/build/gcc/testsuite/gcc/../../../gcc  -I/build/buildd-gcc-snapshot_20110308-1-sparc-UnKjzv/gcc-snapshot-20110308/src/gcc/testsuite/../../include -I/build/buildd-gcc-snapshot_20110308-1-sparc-UnKjzv/gcc-snapshot-20110308/src/gcc/testsuite/../../libcpp/include   -I/build/buildd-gcc-snapshot_20110308-1-sparc-UnKjzv/gcc-snapshot-20110308/build/gcc/testsuite/gcc/../../../intl  -DIN_GCC -fPIC -shared
UNRESOLVED: start_unit_plugin.c compilation, -I. -I/build/buildd-gcc-snapshot_20110308-1-sparc-UnKjzv/gcc-snapshot-20110308/src/gcc/testsuite -I/build/buildd-gcc-snapshot_20110308-1-sparc-UnKjzv/gcc-snapshot-20110308/src/gcc/testsuite/../../gcc -I/build/buildd-gcc-snapshot_20110308-1-sparc-UnKjzv/gcc-snapshot-20110308/build/gcc/testsuite/gcc/../../../gcc  -I/build/buildd-gcc-snapshot_20110308-1-sparc-UnKjzv/gcc-snapshot-20110308/src/gcc/testsuite/../../include -I/build/buildd-gcc-snapshot_20110308-1-sparc-UnKjzv/gcc-snapshot-20110308/src/gcc/testsuite/../../libcpp/include   -I/build/buildd-gcc-snapshot_20110308-1-sparc-UnKjzv/gcc-snapshot-20110308/build/gcc/testsuite/gcc/../../../intl  -DIN_GCC -fPIC -shared
UNRESOLVED: finish_unit_plugin.c compilation, -I. -I/build/buildd-gcc-snapshot_20110308-1-sparc-UnKjzv/gcc-snapshot-20110308/src/gcc/testsuite -I/build/buildd-gcc-snapshot_20110308-1-sparc-UnKjzv/gcc-snapshot-20110308/src/gcc/testsuite/../../gcc -I/build/buildd-gcc-snapshot_20110308-1-sparc-UnKjzv/gcc-snapshot-20110308/build/gcc/testsuite/gcc/../../../gcc  -I/build/buildd-gcc-snapshot_20110308-1-sparc-UnKjzv/gcc-snapshot-20110308/src/gcc/testsuite/../../include -I/build/buildd-gcc-snapshot_20110308-1-sparc-UnKjzv/gcc-snapshot-20110308/src/gcc/testsuite/../../libcpp/include   -I/build/buildd-gcc-snapshot_20110308-1-sparc-UnKjzv/gcc-snapshot-20110308/build/gcc/testsuite/gcc/../../../intl  -DIN_GCC -fPIC -shared
FAIL: gcc.dg/tree-ssa/gen-vect-11c.c scan-tree-dump-times vect "vectorized 0 loops" 1
FAIL: gcc.misc-tests/linkage.c link

		=== gcc Summary for unix/-m64 ===

# of expected passes		70018
# of unexpected failures	46
# of expected failures		228
# of unresolved testcases	48
# of unsupported tests		1121

		=== gcc Summary ===

# of expected passes		139423
# of unexpected failures	54
# of expected failures		465
# of unresolved testcases	53
# of unsupported tests		2245
/build/buildd-gcc-snapshot_20110308-1-sparc-UnKjzv/gcc-snapshot-20110308/build/gcc/xgcc  version 4.6.0 20110308 (experimental) [trunk revision 170786] (Debian 20110308-1) 

		=== gfortran tests ===


Running target unix

		=== gfortran Summary for unix ===

# of expected passes		38133
# of expected failures		43
# of unsupported tests		258

Running target unix/-m64
FAIL: gfortran.dg/lto/20091016-1 f_lto_20091016-1_0.o-f_lto_20091016-1_0.o link, -flto -g -fPIC -r -nostdlib
UNRESOLVED: gfortran.dg/lto/20091016-1 f_lto_20091016-1_0.o-f_lto_20091016-1_0.o execute -flto -g -fPIC -r -nostdlib
FAIL: gfortran.dg/lto/20091016-1 f_lto_20091016-1_0.o-f_lto_20091016-1_0.o link, -O -flto -g -fPIC -r -nostdlib
UNRESOLVED: gfortran.dg/lto/20091016-1 f_lto_20091016-1_0.o-f_lto_20091016-1_0.o execute -O -flto -g -fPIC -r -nostdlib
FAIL: gfortran.dg/lto/20091028-1 f_lto_20091028-1_0.o-f_lto_20091028-1_1.o link, -O0 -flto -flto-partition=none 
UNRESOLVED: gfortran.dg/lto/20091028-1 f_lto_20091028-1_0.o-f_lto_20091028-1_1.o execute -O0 -flto -flto-partition=none 
FAIL: gfortran.dg/lto/20091028-1 f_lto_20091028-1_0.o-f_lto_20091028-1_1.o link, -O2 -flto -flto-partition=none 
UNRESOLVED: gfortran.dg/lto/20091028-1 f_lto_20091028-1_0.o-f_lto_20091028-1_1.o execute -O2 -flto -flto-partition=none 
FAIL: gfortran.dg/lto/20091028-1 f_lto_20091028-1_0.o-f_lto_20091028-1_1.o link, -O0 -flto -flto-partition=1to1 
UNRESOLVED: gfortran.dg/lto/20091028-1 f_lto_20091028-1_0.o-f_lto_20091028-1_1.o execute -O0 -flto -flto-partition=1to1 
FAIL: gfortran.dg/lto/20091028-1 f_lto_20091028-1_0.o-f_lto_20091028-1_1.o link, -O2 -flto -flto-partition=1to1 
UNRESOLVED: gfortran.dg/lto/20091028-1 f_lto_20091028-1_0.o-f_lto_20091028-1_1.o execute -O2 -flto -flto-partition=1to1 
FAIL: gfortran.dg/lto/20091028-1 f_lto_20091028-1_0.o-f_lto_20091028-1_1.o link, -O0 -flto
UNRESOLVED: gfortran.dg/lto/20091028-1 f_lto_20091028-1_0.o-f_lto_20091028-1_1.o execute -O0 -flto
FAIL: gfortran.dg/lto/20091028-1 f_lto_20091028-1_0.o-f_lto_20091028-1_1.o link, -O2 -flto
UNRESOLVED: gfortran.dg/lto/20091028-1 f_lto_20091028-1_0.o-f_lto_20091028-1_1.o execute -O2 -flto
FAIL: gfortran.dg/lto/20091028-2 f_lto_20091028-2_0.o-f_lto_20091028-2_1.o link, -O0 -flto -flto-partition=none 
UNRESOLVED: gfortran.dg/lto/20091028-2 f_lto_20091028-2_0.o-f_lto_20091028-2_1.o execute -O0 -flto -flto-partition=none 
FAIL: gfortran.dg/lto/20091028-2 f_lto_20091028-2_0.o-f_lto_20091028-2_1.o link, -O2 -flto -flto-partition=none 
UNRESOLVED: gfortran.dg/lto/20091028-2 f_lto_20091028-2_0.o-f_lto_20091028-2_1.o execute -O2 -flto -flto-partition=none 
FAIL: gfortran.dg/lto/20091028-2 f_lto_20091028-2_0.o-f_lto_20091028-2_1.o link, -O0 -flto -flto-partition=1to1 
UNRESOLVED: gfortran.dg/lto/20091028-2 f_lto_20091028-2_0.o-f_lto_20091028-2_1.o execute -O0 -flto -flto-partition=1to1 
FAIL: gfortran.dg/lto/20091028-2 f_lto_20091028-2_0.o-f_lto_20091028-2_1.o link, -O2 -flto -flto-partition=1to1 
UNRESOLVED: gfortran.dg/lto/20091028-2 f_lto_20091028-2_0.o-f_lto_20091028-2_1.o execute -O2 -flto -flto-partition=1to1 
FAIL: gfortran.dg/lto/20091028-2 f_lto_20091028-2_0.o-f_lto_20091028-2_1.o link, -O0 -flto
UNRESOLVED: gfortran.dg/lto/20091028-2 f_lto_20091028-2_0.o-f_lto_20091028-2_1.o execute -O0 -flto
FAIL: gfortran.dg/lto/20091028-2 f_lto_20091028-2_0.o-f_lto_20091028-2_1.o link, -O2 -flto
UNRESOLVED: gfortran.dg/lto/20091028-2 f_lto_20091028-2_0.o-f_lto_20091028-2_1.o execute -O2 -flto
FAIL: gfortran.dg/lto/pr46911 f_lto_pr46911_0.o-f_lto_pr46911_0.o link,  -O2 -flto -g 
UNRESOLVED: gfortran.dg/lto/pr46911 f_lto_pr46911_0.o-f_lto_pr46911_0.o execute  -O2 -flto -g 
FAIL: gfortran.dg/lto/pr47839 f_lto_pr47839_0.o-f_lto_pr47839_1.o link,  -g -flto 
UNRESOLVED: gfortran.dg/lto/pr47839 f_lto_pr47839_0.o-f_lto_pr47839_1.o execute  -g -flto 
FAIL: gfortran.fortran-torture/execute/forall_7.f90 execution,  -O2 -fomit-frame-pointer -finline-functions -funroll-loops 
FAIL: gfortran.fortran-torture/execute/forall_7.f90 execution,  -O3 -g 

		=== gfortran Summary for unix/-m64 ===

# of expected passes		38442
# of unexpected failures	18
# of expected failures		43
# of unresolved testcases	16
# of unsupported tests		97

		=== gfortran Summary ===

# of expected passes		76575
# of unexpected failures	18
# of expected failures		86
# of unresolved testcases	16
# of unsupported tests		355
/build/buildd-gcc-snapshot_20110308-1-sparc-UnKjzv/gcc-snapshot-20110308/build/gcc/testsuite/gfortran/../../gfortran  version 4.6.0 20110308 (experimental) [trunk revision 170786] (Debian 20110308-1) 

		=== gnat tests ===


Running target unix

		=== gnat Summary for unix ===

# of expected passes		867
# of expected failures		10
# of unsupported tests		3

Running target unix/-m64
UNRESOLVED: gnat.dg/abstract_with_anonymous_result.adb compilation failed to produce executable
UNRESOLVED: gnat.dg/access4.adb compilation failed to produce executable
UNRESOLVED: gnat.dg/access_discr2.adb compilation failed to produce executable
UNRESOLVED: gnat.dg/access_test.adb compilation failed to produce executable
UNRESOLVED: gnat.dg/addr2.adb compilation failed to produce executable
UNRESOLVED: gnat.dg/address_conversion.adb compilation failed to produce executable
UNRESOLVED: gnat.dg/aggr1.adb compilation failed to produce executable
FAIL: gnat.dg/aggr12.adb scan-tree-dump-not original "{.i1=0, .i2=2}": dump file does not exist
FAIL: gnat.dg/aggr13.adb scan-tree-dump-not gimple "= {}": dump file does not exist
UNRESOLVED: gnat.dg/aggr14.adb compilation failed to produce executable
UNRESOLVED: gnat.dg/aggr3.adb compilation failed to produce executable
UNRESOLVED: gnat.dg/aliased_prefix_accessibility.adb compilation failed to produce executable
FAIL: gnat.dg/aliasing1.adb scan-tree-dump-not optimized "__gnat_rcheck": dump file does not exist
FAIL: gnat.dg/aliasing2.adb scan-tree-dump-not optimized "gnat_rcheck": dump file does not exist
UNRESOLVED: gnat.dg/aliasing3.adb compilation failed to produce executable
UNRESOLVED: gnat.dg/align_check.adb compilation failed to produce executable
UNRESOLVED: gnat.dg/align_max.adb compilation failed to produce executable
UNRESOLVED: gnat.dg/aligned_vla.adb compilation failed to produce executable
UNRESOLVED: gnat.dg/alignment1.adb compilation failed to produce executable
UNRESOLVED: gnat.dg/alignment2.adb compilation failed to produce executable
FAIL: gnat.dg/alignment4.adb scan-tree-dump-not gimple ".F": dump file does not exist
FAIL: gnat.dg/alignment5.adb scan-tree-dump-not gimple ".F": dump file does not exist
FAIL: gnat.dg/alignment6.adb scan-tree-dump-not gimple "VIEW_CONVERT_EXPR": dump file does not exist
UNRESOLVED: gnat.dg/alignment7.adb compilation failed to produce executable
UNRESOLVED: gnat.dg/alignment8.adb compilation failed to produce executable
UNRESOLVED: gnat.dg/alignment9.adb compilation failed to produce executable
UNRESOLVED: gnat.dg/allocator_maxalign1.adb compilation failed to produce executable
FAIL: gnat.dg/ancestor_type.adb  (test for errors, line 8)
UNRESOLVED: gnat.dg/array10.adb compilation failed to produce executable
FAIL: gnat.dg/array11.adb  (test for warnings, line 8)
FAIL: gnat.dg/array11.adb  (test for warnings, line 9)
FAIL: gnat.dg/array11.adb  (test for warnings, line 12)
UNRESOLVED: gnat.dg/array12.adb compilation failed to produce executable
UNRESOLVED: gnat.dg/array3.adb compilation failed to produce executable
UNRESOLVED: gnat.dg/array4.adb compilation failed to produce executable
UNRESOLVED: gnat.dg/array5.adb compilation failed to produce executable
UNRESOLVED: gnat.dg/array6.adb compilation failed to produce executable
FAIL: gnat.dg/array7.adb scan-tree-dump-not optimized "MAX_EXPR": dump file does not exist
UNRESOLVED: gnat.dg/array9.adb compilation failed to produce executable
UNRESOLVED: gnat.dg/array_bounds_test.adb compilation failed to produce executable
UNRESOLVED: gnat.dg/assert1.adb compilation failed to produce executable
UNRESOLVED: gnat.dg/assign_from_packed.adb compilation failed to produce executable
FAIL: gnat.dg/atomic1.adb scan-tree-dump-times gimple "v_16" 1: dump file does not exist
FAIL: gnat.dg/atomic1.adb scan-tree-dump-times gimple "v_32" 1: dump file does not exist
FAIL: gnat.dg/atomic2.adb  (test for warnings, line 7)
UNRESOLVED: gnat.dg/biased_uc.adb compilation failed to produce executable
UNRESOLVED: gnat.dg/bip_aggregate_bug.adb compilation failed to produce executable
UNRESOLVED: gnat.dg/bit_packed_array3.adb compilation failed to produce executable
UNRESOLVED: gnat.dg/blkextract_from_reg.adb compilation failed to produce executable
UNRESOLVED: gnat.dg/bltins.adb compilation failed to produce executable
UNRESOLVED: gnat.dg/boolean_bitfield.adb compilation failed to produce executable
UNRESOLVED: gnat.dg/boolean_conv.adb compilation failed to produce executable
UNRESOLVED: gnat.dg/boolean_expr2.adb compilation failed to produce executable
UNRESOLVED: gnat.dg/capture_value.adb compilation failed to produce executable
UNRESOLVED: gnat.dg/case_optimization2.adb compilation failed to produce executable
UNRESOLVED: gnat.dg/check_displace_generation.adb compilation failed to produce executable
UNRESOLVED: gnat.dg/check_elaboration_code.adb compilation failed to produce executable
UNRESOLVED: gnat.dg/compose.adb compilation failed to produce executable
UNRESOLVED: gnat.dg/concat1.adb compilation failed to produce executable
UNRESOLVED: gnat.dg/concat_length.adb compilation failed to produce executable
UNRESOLVED: gnat.dg/constant2.adb compilation failed to produce executable
UNRESOLVED: gnat.dg/controlled5.adb compilation failed to produce executable
UNRESOLVED: gnat.dg/conv_bug.adb compilation failed to produce executable
UNRESOLVED: gnat.dg/conv_decimal.adb compilation failed to produce executable
UNRESOLVED: gnat.dg/conv_real.adb compilation failed to produce executable
UNRESOLVED: gnat.dg/curr_task.adb compilation failed to produce executable
FAIL: gnat.dg/deferred_const1.adb  (test for warnings, line 8)
UNRESOLVED: gnat.dg/deferred_const2.adb compilation failed to produce executable
UNRESOLVED: gnat.dg/deferred_const3.adb compilation failed to produce executable
UNRESOLVED: gnat.dg/derived_aggregate.adb compilation failed to produce executable
FAIL: gnat.dg/derived_type1.adb scan-tree-dump-not original "VIEW_CONVERT_EXPR<struct derived_type1__root>": dump file does not exist
FAIL: gnat.dg/derived_type1.adb scan-tree-dump-not original "VIEW_CONVERT_EXPR<struct derived_type1__derived1>": dump file does not exist
UNRESOLVED: gnat.dg/discr24.adb compilation failed to produce executable
UNRESOLVED: gnat.dg/discr4.adb compilation failed to produce executable
UNRESOLVED: gnat.dg/dispatch1.adb compilation failed to produce executable
UNRESOLVED: gnat.dg/dispatch2.adb compilation failed to produce executable
UNRESOLVED: gnat.dg/elim2.adb compilation failed to produce executable
UNRESOLVED: gnat.dg/empty_vector_length.adb compilation failed to produce executable
UNRESOLVED: gnat.dg/entry_queues.adb compilation failed to produce executable
UNRESOLVED: gnat.dg/enum1.adb compilation failed to produce executable
UNRESOLVED: gnat.dg/enum2.adb compilation failed to produce executable
UNRESOLVED: gnat.dg/exp0_eval.adb compilation failed to produce executable
UNRESOLVED: gnat.dg/expect1.adb compilation failed to produce executable
UNRESOLVED: gnat.dg/fixce.adb compilation failed to produce executable
UNRESOLVED: gnat.dg/fixedpnt.adb compilation failed to produce executable
FAIL: gnat.dg/frame_overflow.adb  (test for errors, line 17)
FAIL: gnat.dg/frame_overflow.adb  (test for errors, line 24)
UNRESOLVED: gnat.dg/generic_dispatch.adb compilation failed to produce executable
UNRESOLVED: gnat.dg/gnat_malloc.adb compilation failed to produce executable
UNRESOLVED: gnat.dg/handle_and_return.adb compilation failed to produce executable
UNRESOLVED: gnat.dg/handle_raise_from_pure.adb compilation failed to produce executable
UNRESOLVED: gnat.dg/hyper_flat.adb compilation failed to produce executable
UNRESOLVED: gnat.dg/in_out_parameter.adb compilation failed to produce executable
UNRESOLVED: gnat.dg/in_out_parameter2.adb compilation failed to produce executable
UNRESOLVED: gnat.dg/in_out_parameter3.adb compilation failed to produce executable
FAIL: gnat.dg/include.adb  (test for errors, line )
XPASS: gnat.dg/incomplete2.adb (test for excess errors)
UNRESOLVED: gnat.dg/init_scalar1.adb compilation failed to produce executable
UNRESOLVED: gnat.dg/inline_tagged.adb compilation failed to produce executable
UNRESOLVED: gnat.dg/interface1.adb compilation failed to produce executable
UNRESOLVED: gnat.dg/interface2.adb compilation failed to produce executable
UNRESOLVED: gnat.dg/interface3.adb compilation failed to produce executable
UNRESOLVED: gnat.dg/interface_conv.adb compilation failed to produce executable
UNRESOLVED: gnat.dg/iprot_test.adb compilation failed to produce executable
UNRESOLVED: gnat.dg/kill_value.adb compilation failed to produce executable
UNRESOLVED: gnat.dg/lhs_view_convert.adb compilation failed to produce executable
UNRESOLVED: gnat.dg/loop_boolean.adb compilation failed to produce executable
UNRESOLVED: gnat.dg/loop_optimization3.adb compilation failed to produce executable
UNRESOLVED: gnat.dg/loop_optimization4.adb compilation failed to produce executable
FAIL: gnat.dg/loop_optimization6.adb scan-tree-dump-not optimized "goto": dump file does not exist
UNRESOLVED: gnat.dg/loop_optimization8.adb compilation failed to produce executable
UNRESOLVED: gnat.dg/lto1.adb compilation failed to produce executable
UNRESOLVED: gnat.dg/lto10.adb compilation failed to produce executable
UNRESOLVED: gnat.dg/lto5.adb compilation failed to produce executable
UNRESOLVED: gnat.dg/lto6.adb compilation failed to produce executable
UNRESOLVED: gnat.dg/lto7.adb compilation failed to produce executable
UNRESOLVED: gnat.dg/lto8.adb compilation failed to produce executable
UNRESOLVED: gnat.dg/lto9.adb compilation failed to produce executable
UNRESOLVED: gnat.dg/md5_test.adb compilation failed to produce executable
ERROR: gnat.dg/memtrap.adb: error executing dg-final: couldn't open "memtrap.s": no such file or directory
UNRESOLVED: gnat.dg/memtrap.adb: error executing dg-final: couldn't open "memtrap.s": no such file or directory
UNRESOLVED: gnat.dg/misaligned_nest.adb compilation failed to produce executable
UNRESOLVED: gnat.dg/misaligned_param.adb compilation failed to produce executable
UNRESOLVED: gnat.dg/missing_acc_check.adb compilation failed to produce executable
UNRESOLVED: gnat.dg/modular1.adb compilation failed to produce executable
UNRESOLVED: gnat.dg/modular2.adb compilation failed to produce executable
UNRESOLVED: gnat.dg/modular3.adb compilation failed to produce executable
UNRESOLVED: gnat.dg/mutable1.adb compilation failed to produce executable
UNRESOLVED: gnat.dg/named_test.adb compilation failed to produce executable
UNRESOLVED: gnat.dg/nat1r.adb compilation failed to produce executable
UNRESOLVED: gnat.dg/nested_controlled_alloc.adb compilation failed to produce executable
UNRESOLVED: gnat.dg/nested_proc1.adb compilation failed to produce executable
UNRESOLVED: gnat.dg/nested_return_test.adb compilation failed to produce executable
UNRESOLVED: gnat.dg/no_final.adb compilation failed to produce executable
UNRESOLVED: gnat.dg/not_null.adb compilation failed to produce executable
FAIL: gnat.dg/notnot.adb  (test for warnings, line 6)
UNRESOLVED: gnat.dg/null_pointer_deref1.adb compilation failed to produce executable
UNRESOLVED: gnat.dg/null_pointer_deref2.adb compilation failed to produce executable
FAIL: gnat.dg/object_overflow.adb  (test for warnings, line 8)
ERROR: gnat.dg/oconst1.adb: error executing dg-final: couldn't open "oconst1.s": no such file or directory
UNRESOLVED: gnat.dg/oconst1.adb: error executing dg-final: couldn't open "oconst1.s": no such file or directory
ERROR: gnat.dg/oconst2.adb: error executing dg-final: couldn't open "oconst2.s": no such file or directory
UNRESOLVED: gnat.dg/oconst2.adb: error executing dg-final: couldn't open "oconst2.s": no such file or directory
ERROR: gnat.dg/oconst3.adb: error executing dg-final: couldn't open "oconst3.s": no such file or directory
UNRESOLVED: gnat.dg/oconst3.adb: error executing dg-final: couldn't open "oconst3.s": no such file or directory
ERROR: gnat.dg/oconst4.adb: error executing dg-final: couldn't open "oconst4.s": no such file or directory
UNRESOLVED: gnat.dg/oconst4.adb: error executing dg-final: couldn't open "oconst4.s": no such file or directory
ERROR: gnat.dg/oconst5.adb: error executing dg-final: couldn't open "oconst5.s": no such file or directory
UNRESOLVED: gnat.dg/oconst5.adb: error executing dg-final: couldn't open "oconst5.s": no such file or directory
FAIL: gnat.dg/old_errors.adb  (test for errors, line 7)
FAIL: gnat.dg/old_errors.adb  (test for errors, line 16)
FAIL: gnat.dg/old_errors.adb  (test for errors, line 28)
FAIL: gnat.dg/old_errors.adb  (test for errors, line 34)
FAIL: gnat.dg/old_errors.adb  (test for errors, line 38)
FAIL: gnat.dg/old_errors.adb  (test for warnings, line 40)
FAIL: gnat.dg/old_errors.adb  (test for errors, line 44)
UNRESOLVED: gnat.dg/opt12.adb compilation failed to produce executable
UNRESOLVED: gnat.dg/opt13.adb compilation failed to produce executable
UNRESOLVED: gnat.dg/opt14.adb compilation failed to produce executable
UNRESOLVED: gnat.dg/opt2.adb compilation failed to produce executable
UNRESOLVED: gnat.dg/opt4.adb compilation failed to produce executable
UNRESOLVED: gnat.dg/opt5.adb compilation failed to produce executable
UNRESOLVED: gnat.dg/outer_agg_bitfield_constructor.adb compilation failed to produce executable
UNRESOLVED: gnat.dg/overflow_sum.adb compilation failed to produce executable
UNRESOLVED: gnat.dg/pack10.adb compilation failed to produce executable
UNRESOLVED: gnat.dg/pack11.adb compilation failed to produce executable
UNRESOLVED: gnat.dg/pack12.adb compilation failed to produce executable
UNRESOLVED: gnat.dg/pack3.adb compilation failed to produce executable
UNRESOLVED: gnat.dg/pack4.adb compilation failed to produce executable
FAIL: gnat.dg/pack8.adb  (test for errors, line 19)
FAIL: gnat.dg/pack9.adb scan-tree-dump-not optimized "gnat_rcheck": dump file does not exist
UNRESOLVED: gnat.dg/packed_subtype.adb compilation failed to produce executable
UNRESOLVED: gnat.dg/pointer_conversion.adb compilation failed to produce executable
UNRESOLVED: gnat.dg/prot_def.adb compilation failed to produce executable
UNRESOLVED: gnat.dg/protected_self_ref1.adb compilation failed to produce executable
FAIL: gnat.dg/protected_self_ref2.adb  (test for errors, line 12)
UNRESOLVED: gnat.dg/quote.adb compilation failed to produce executable
UNRESOLVED: gnat.dg/range_check.adb compilation failed to produce executable
UNRESOLVED: gnat.dg/regpat1.adb compilation failed to produce executable
UNRESOLVED: gnat.dg/release_unc_maxalign.adb compilation failed to produce executable
UNRESOLVED: gnat.dg/renaming2.adb compilation failed to produce executable
UNRESOLVED: gnat.dg/renaming3.adb compilation failed to produce executable
UNRESOLVED: gnat.dg/rep_clause4.adb compilation failed to produce executable
UNRESOLVED: gnat.dg/requeue1.adb compilation failed to produce executable
UNRESOLVED: gnat.dg/scalar_mode_agg_compare.adb compilation failed to produce executable
UNRESOLVED: gnat.dg/self_aggregate_with_array.adb compilation failed to produce executable
UNRESOLVED: gnat.dg/self_aggregate_with_call.adb compilation failed to produce executable
UNRESOLVED: gnat.dg/self_aggregate_with_pointer.adb compilation failed to produce executable
UNRESOLVED: gnat.dg/self_aggregate_with_zeros.adb compilation failed to produce executable
UNRESOLVED: gnat.dg/sizetype1.adb compilation failed to produce executable
UNRESOLVED: gnat.dg/sizetype2.adb compilation failed to produce executable
UNRESOLVED: gnat.dg/sizetype4.adb compilation failed to produce executable
UNRESOLVED: gnat.dg/slice3.adb compilation failed to produce executable
UNRESOLVED: gnat.dg/slice4.adb compilation failed to produce executable
FAIL: gnat.dg/slice5.adb  (test for warnings, line 15)
FAIL: gnat.dg/slice5.adb  (test for warnings, line 21)
UNRESOLVED: gnat.dg/small_alignment.adb compilation failed to produce executable
UNRESOLVED: gnat.dg/socket1.adb compilation failed to produce executable
UNRESOLVED: gnat.dg/sort2.adb compilation failed to produce executable
UNRESOLVED: gnat.dg/spipaterr.adb compilation failed to produce executable
UNRESOLVED: gnat.dg/stack_check1.adb compilation failed to produce executable
UNRESOLVED: gnat.dg/stack_check2.adb compilation failed to produce executable
UNRESOLVED: gnat.dg/string_slice.adb compilation failed to produce executable
FAIL: gnat.dg/subp_elim_errors.adb  (test for errors, line 25)
FAIL: gnat.dg/subp_elim_errors.adb  (test for errors, line 27)
FAIL: gnat.dg/subp_elim_errors.adb  (test for errors, line 29)
FAIL: gnat.dg/subp_elim_errors.adb  (test for errors, line 31)
UNRESOLVED: gnat.dg/tag1.adb compilation failed to produce executable
UNRESOLVED: gnat.dg/tagged_alloc_free.adb compilation failed to produce executable
UNRESOLVED: gnat.dg/tail_call.adb compilation failed to produce executable
UNRESOLVED: gnat.dg/task_stack_align.adb compilation failed to produce executable
UNRESOLVED: gnat.dg/test_8bitlong_overflow.adb compilation failed to produce executable
UNRESOLVED: gnat.dg/test_address_null_init.adb compilation failed to produce executable
UNRESOLVED: gnat.dg/test_allocator_maxalign2.adb compilation failed to produce executable
UNRESOLVED: gnat.dg/test_bounded.adb compilation failed to produce executable
UNRESOLVED: gnat.dg/test_delay.adb compilation failed to produce executable
UNRESOLVED: gnat.dg/test_direct_io.adb compilation failed to produce executable
UNRESOLVED: gnat.dg/test_enum_io.adb compilation failed to produce executable
UNRESOLVED: gnat.dg/test_fixed_io.adb compilation failed to produce executable
UNRESOLVED: gnat.dg/test_iface_aggr.adb compilation failed to produce executable
UNRESOLVED: gnat.dg/test_ifaces.adb compilation failed to produce executable
UNRESOLVED: gnat.dg/test_image.adb compilation failed to produce executable
UNRESOLVED: gnat.dg/test_nested_subtype_byref.adb compilation failed to produce executable
UNRESOLVED: gnat.dg/test_oalign.adb compilation failed to produce executable
UNRESOLVED: gnat.dg/test_oconst.adb compilation failed to produce executable
UNRESOLVED: gnat.dg/test_prefix1.adb compilation failed to produce executable
UNRESOLVED: gnat.dg/test_prio.adb compilation failed to produce executable
UNRESOLVED: gnat.dg/test_raise_from_pure.adb compilation failed to produce executable
UNRESOLVED: gnat.dg/test_self.adb compilation failed to produce executable
UNRESOLVED: gnat.dg/test_self_ref.adb compilation failed to produce executable
UNRESOLVED: gnat.dg/test_table1.adb compilation failed to produce executable
UNRESOLVED: gnat.dg/test_tamdt.adb compilation failed to produce executable
UNRESOLVED: gnat.dg/test_time_stamp.adb compilation failed to produce executable
UNRESOLVED: gnat.dg/test_version.adb compilation failed to produce executable
UNRESOLVED: gnat.dg/testint.adb compilation failed to produce executable
UNRESOLVED: gnat.dg/tfren.adb compilation failed to produce executable
UNRESOLVED: gnat.dg/thin_pointer2.adb compilation failed to produce executable
UNRESOLVED: gnat.dg/timer_cancel.adb compilation failed to produce executable
UNRESOLVED: gnat.dg/timing_events.adb compilation failed to produce executable
ERROR: gnat.dg/trampoline1.adb: error executing dg-final: couldn't open "trampoline1.s": no such file or directory
UNRESOLVED: gnat.dg/trampoline1.adb: error executing dg-final: couldn't open "trampoline1.s": no such file or directory
UNRESOLVED: gnat.dg/trampoline2.adb compilation failed to produce executable
UNRESOLVED: gnat.dg/tree_static_use.adb compilation failed to produce executable
UNRESOLVED: gnat.dg/unc_memfree.adb compilation failed to produce executable
UNRESOLVED: gnat.dg/unchecked_convert1.adb compilation failed to produce executable
UNRESOLVED: gnat.dg/unchecked_convert2.adb compilation failed to produce executable
UNRESOLVED: gnat.dg/unchecked_convert3.adb compilation failed to produce executable
FAIL: gnat.dg/unchecked_convert5.adb  (test for warnings, line 9)
UNRESOLVED: gnat.dg/unchecked_convert5.adb compilation failed to produce executable
FAIL: gnat.dg/unchecked_convert6.adb  (test for warnings, line 9)
UNRESOLVED: gnat.dg/unchecked_convert6.adb compilation failed to produce executable
UNRESOLVED: gnat.dg/unchecked_union1.adb compilation failed to produce executable
FAIL: gnat.dg/uninit_func.adb  (test for warnings, line 12)
UNRESOLVED: gnat.dg/valid1.adb compilation failed to produce executable
ERROR: gnat.dg/volatile3.adb: error executing dg-final: couldn't open "volatile3.s": no such file or directory
UNRESOLVED: gnat.dg/volatile3.adb: error executing dg-final: couldn't open "volatile3.s": no such file or directory
UNRESOLVED: gnat.dg/volatile4.adb compilation failed to produce executable
UNRESOLVED: gnat.dg/warn1.adb compilation failed to produce executable
FAIL: gnat.dg/warn4.adb  (test for warnings, line 14)
FAIL: gnat.dg/warn4.adb  (test for warnings, line 14)
FAIL: gnat.dg/warn5.adb  (test for warnings, line 29)
UNRESOLVED: gnat.dg/wide_boolean.adb compilation failed to produce executable
UNRESOLVED: gnat.dg/wide_test.adb compilation failed to produce executable
FAIL: gnat.dg/specs/abstract_private.ads  (test for errors, line 12)
FAIL: gnat.dg/specs/access_constant.ads  (test for errors, line 10)
FAIL: gnat.dg/specs/access_constant_decl.ads  (test for errors, line 9)
FAIL: gnat.dg/specs/addr1.ads  (test for warnings, line 30)
FAIL: gnat.dg/specs/alignment2.ads  (test for warnings, line 12)
FAIL: gnat.dg/specs/alignment2.ads  (test for warnings, line 18)
FAIL: gnat.dg/specs/alignment2.ads  (test for warnings, line 36)
FAIL: gnat.dg/specs/alignment2.ads  (test for warnings, line 40)
XPASS: gnat.dg/specs/controlled1_pkg.ads (test for excess errors)
XPASS: gnat.dg/specs/fe_inlining_helper.ads (test for excess errors)
FAIL: gnat.dg/specs/import_abstract.ads  (test for errors, line 5)
FAIL: gnat.dg/specs/integer_value.ads  (test for errors, line 4)
FAIL: gnat.dg/specs/linker_section.ads  (test for errors, line 6)
FAIL: gnat.dg/specs/linker_section.ads  (test for errors, line 10)
XPASS: gnat.dg/specs/lto3_pkg1.ads (test for excess errors)
XPASS: gnat.dg/specs/lto3_pkg2.ads (test for excess errors)
FAIL: gnat.dg/specs/oversize.ads  (test for errors, line 18)
FAIL: gnat.dg/specs/oversize.ads  (test for errors, line 25)
FAIL: gnat.dg/specs/oversize.ads  (test for errors, line 33)
FAIL: gnat.dg/specs/oversize.ads  (test for errors, line 44)
XPASS: gnat.dg/specs/pack3_pkg.ads (test for excess errors)
FAIL: gnat.dg/specs/renamings.ads  (test for errors, line 9)
FAIL: gnat.dg/specs/renamings.ads  (test for errors, line 13)
XPASS: gnat.dg/specs/size_attribute1_pkg1.ads (test for excess errors)
XPASS: gnat.dg/specs/size_attribute1_pkg2.ads (test for excess errors)
FAIL: gnat.dg/specs/size_clause2.ads  (test for errors, line 40)
FAIL: gnat.dg/specs/size_clause3.ads  (test for errors, line 17)
FAIL: gnat.dg/specs/size_clause3.ads  (test for errors, line 47)
ERROR: gnat.dg/specs/static_initializer.ads: error executing dg-final: couldn't open "static_initializer.s": no such file or directory
UNRESOLVED: gnat.dg/specs/static_initializer.ads: error executing dg-final: couldn't open "static_initializer.s": no such file or directory
ERROR: gnat.dg/specs/static_initializer2.ads: error executing dg-final: couldn't open "static_initializer2.s": no such file or directory
UNRESOLVED: gnat.dg/specs/static_initializer2.ads: error executing dg-final: couldn't open "static_initializer2.s": no such file or directory
FAIL: gnat.dg/specs/storage.ads  (test for errors, line 6)
FAIL: gnat.dg/specs/tag2.ads  (test for errors, line 11)
FAIL: gnat.dg/specs/tag2.ads  (test for errors, line 12)
FAIL: gnat.dg/specs/tag2.ads  (test for errors, line 13)
FAIL: gnat.dg/specs/variant_part.ads  (test for errors, line 4)
XPASS: gnat.dg/specs/varsize_return_pkg1.ads (test for excess errors)
XPASS: gnat.dg/specs/varsize_return_pkg2.ads (test for excess errors)

		=== gnat Summary for unix/-m64 ===

# of expected passes		585
# of unexpected failures	72
# of unexpected successes	10
# of unresolved testcases	210
# of unsupported tests		3

		=== gnat Summary ===

# of expected passes		1452
# of unexpected failures	72
# of unexpected successes	10
# of expected failures		10
# of unresolved testcases	210
# of unsupported tests		6
/build/buildd-gcc-snapshot_20110308-1-sparc-UnKjzv/gcc-snapshot-20110308/build/gcc/gnatmake version 4.6.0 20110308 (experimental) [trunk revision 170786]

		=== obj-c++ tests ===


Running target unix

		=== obj-c++ Summary for unix ===

# of expected passes		1386
# of expected failures		2
# of unsupported tests		86

Running target unix/-m64

		=== obj-c++ Summary for unix/-m64 ===

# of expected passes		1378
# of expected failures		10
# of unsupported tests		86

		=== obj-c++ Summary ===

# of expected passes		2764
# of expected failures		12
# of unsupported tests		172
/build/buildd-gcc-snapshot_20110308-1-sparc-UnKjzv/gcc-snapshot-20110308/build/gcc/testsuite/obj-c++/../../g++  version 4.6.0 20110308 (experimental) [trunk revision 170786] (Debian 20110308-1) 

		=== objc tests ===


Running target unix

		=== objc Summary for unix ===

# of expected passes		2914
# of expected failures		10
# of unsupported tests		74

Running target unix/-m64

		=== objc Summary for unix/-m64 ===

# of expected passes		2914
# of expected failures		10
# of unsupported tests		74

		=== objc Summary ===

# of expected passes		5828
# of expected failures		20
# of unsupported tests		148
/build/buildd-gcc-snapshot_20110308-1-sparc-UnKjzv/gcc-snapshot-20110308/build/gcc/xgcc  version 4.6.0 20110308 (experimental) [trunk revision 170786] (Debian 20110308-1) 

		=== libgomp tests ===


Running target unix

		=== libgomp Summary for unix ===

# of expected passes		2528
# of unsupported tests		7

Running target unix/-m64

		=== libgomp Summary for unix/-m64 ===

# of expected passes		2528
# of unsupported tests		7

		=== libgomp Summary ===

# of expected passes		5056
# of unsupported tests		14
		=== libmudflap tests ===


Running target unix
FAIL: libmudflap.c/fail40-frag.c output pattern test
FAIL: libmudflap.c/pass49-frag.c execution test
FAIL: libmudflap.c/pass49-frag.c output pattern test
FAIL: libmudflap.c/pass49-frag.c execution test
FAIL: libmudflap.c/pass49-frag.c output pattern test
FAIL: libmudflap.c/pass51-frag.c execution test
FAIL: libmudflap.c/pass51-frag.c execution test
FAIL: libmudflap.c/fail40-frag.c (-static) output pattern test
FAIL: libmudflap.c/pass49-frag.c (-static) execution test
FAIL: libmudflap.c/pass49-frag.c (-static) output pattern test
FAIL: libmudflap.c/pass49-frag.c (-static) execution test
FAIL: libmudflap.c/pass49-frag.c (-static) output pattern test
FAIL: libmudflap.c/pass51-frag.c (-static) execution test
FAIL: libmudflap.c/pass51-frag.c (-static) execution test
FAIL: libmudflap.c/fail40-frag.c (-O2) output pattern test
FAIL: libmudflap.c/pass49-frag.c (-O2) execution test
FAIL: libmudflap.c/pass49-frag.c (-O2) output pattern test
FAIL: libmudflap.c/pass49-frag.c (-O2) execution test
FAIL: libmudflap.c/pass49-frag.c (-O2) output pattern test
FAIL: libmudflap.c/pass51-frag.c (-O2) execution test
FAIL: libmudflap.c/pass51-frag.c (-O2) execution test
FAIL: libmudflap.c/fail40-frag.c (-O3) output pattern test
FAIL: libmudflap.c/pass49-frag.c (-O3) execution test
FAIL: libmudflap.c/pass49-frag.c (-O3) output pattern test
FAIL: libmudflap.c/pass49-frag.c (-O3) execution test
FAIL: libmudflap.c/pass49-frag.c (-O3) output pattern test
FAIL: libmudflap.c/pass51-frag.c (-O3) execution test
FAIL: libmudflap.c/pass51-frag.c (-O3) execution test

		=== libmudflap Summary for unix ===

# of expected passes		1866
# of unexpected failures	28

Running target unix/-m64
FAIL: libmudflap.c/fail40-frag.c output pattern test
FAIL: libmudflap.c/pass49-frag.c execution test
FAIL: libmudflap.c/pass49-frag.c output pattern test
FAIL: libmudflap.c/pass49-frag.c execution test
FAIL: libmudflap.c/pass49-frag.c output pattern test
FAIL: libmudflap.c/pass51-frag.c execution test
FAIL: libmudflap.c/pass51-frag.c execution test
FAIL: libmudflap.c/fail40-frag.c (-static) output pattern test
FAIL: libmudflap.c/pass49-frag.c (-static) execution test
FAIL: libmudflap.c/pass49-frag.c (-static) output pattern test
FAIL: libmudflap.c/pass49-frag.c (-static) execution test
FAIL: libmudflap.c/pass49-frag.c (-static) output pattern test
FAIL: libmudflap.c/pass51-frag.c (-static) execution test
FAIL: libmudflap.c/pass51-frag.c (-static) execution test
FAIL: libmudflap.c/fail40-frag.c (-O2) output pattern test
FAIL: libmudflap.c/pass49-frag.c (-O2) execution test
FAIL: libmudflap.c/pass49-frag.c (-O2) output pattern test
FAIL: libmudflap.c/pass49-frag.c (-O2) execution test
FAIL: libmudflap.c/pass49-frag.c (-O2) output pattern test
FAIL: libmudflap.c/pass51-frag.c (-O2) execution test
FAIL: libmudflap.c/pass51-frag.c (-O2) execution test
FAIL: libmudflap.c/fail40-frag.c (-O3) output pattern test
FAIL: libmudflap.c/pass49-frag.c (-O3) execution test
FAIL: libmudflap.c/pass49-frag.c (-O3) output pattern test
FAIL: libmudflap.c/pass49-frag.c (-O3) execution test
FAIL: libmudflap.c/pass49-frag.c (-O3) output pattern test
FAIL: libmudflap.c/pass51-frag.c (-O3) execution test
FAIL: libmudflap.c/pass51-frag.c (-O3) execution test

		=== libmudflap Summary for unix/-m64 ===

# of expected passes		1866
# of unexpected failures	28

		=== libmudflap Summary ===

# of expected passes		3732
# of unexpected failures	56
		=== libstdc++ tests ===


Running target unix
FAIL: 22_locale/time_get/get_date/wchar_t/4.cc execution test

		=== libstdc++ Summary for unix ===

# of expected passes		7862
# of unexpected failures	1
# of expected failures		81
# of unsupported tests		207

Running target unix/-m64
FAIL: libstdc++-abi/abi_check
FAIL: 22_locale/time_get/get_date/wchar_t/4.cc execution test

		=== libstdc++ Summary for unix/-m64 ===

# of expected passes		8019
# of unexpected failures	2
# of expected failures		81
# of unsupported tests		126

		=== libstdc++ Summary ===

# of expected passes		15881
# of unexpected failures	3
# of expected failures		162
# of unsupported tests		333

Compiler version: 4.6.0 20110308 (experimental) [trunk revision 170786] (Debian 20110308-1) 
Platform: sparc-unknown-linux-gnu
configure flags: -v --with-pkgversion='Debian 20110308-1' --with-bugurl=file:///usr/share/doc/gcc-snapshot/README.Bugs --enable-languages=c,ada,c++,fortran,objc,obj-c++ --prefix=/usr/lib/gcc-snapshot --enable-shared --enable-multiarch --enable-linker-build-id --with-system-zlib --disable-nls --enable-clocale=gnu --enable-libstdcxx-debug --enable-libstdcxx-time=yes --enable-plugin --enable-gold --enable-ld=default --with-plugin-ld=ld.gold --enable-objc-gc --enable-targets=all --with-long-double-128 --disable-werror --enable-checking=yes --build=sparc-linux-gnu --host=sparc-linux-gnu --target=sparc-linux-gnu
BOOT_CFLAGS=


Build Dependencies:
Desired=Unknown/Install/Remove/Purge/Hold
| Status=Not/Inst/Conf-files/Unpacked/halF-conf/Half-inst/trig-aWait/Trig-pend
|/ Err?=(none)/Reinst-required (Status,Err: uppercase=bad)
||/ Name                            Version               Description
+++-===============================-=====================-========================================================================
ii  binutils                        2.21.0.20110302-1     The GNU assembler, linker and binary utilities
ii  g++-4.4                         4.4.5-13              The GNU C++ compiler
pi  g++-4.4-multilib                4.4.5-13              The GNU C++ compiler (multilib files)
pi  g++-multilib                    4:4.4.5-4             The GNU C++ compiler (multilib files)
ii  libc6                           2.11.2-11             Embedded GNU C Library: Shared libraries
pi  libcloog-ppl-dev                0.15.9-2              the Chunky Loop Generator (development files)
pi  libmpc-dev                      0.9-2                 multiple precision complex floating-point library development package
pi  libmpfr-dev                     3.0.0-9               multiple precision floating-point computation developers tools
pi  libppl0.10-dev                  0.10.2-9              Parma Polyhedra Library (development)


libjava-disable-static:
  Disable building the static libjava.

libjava-fixed-symlinks:
  Remove unneed '..' elements from symlinks in JAVA_HOME

libstdc++-arm-wno-abi:
  Temporary work around:
  On arm-linux-gnueabi run the libstdc++v3 testsuite with -Wno-abi

ada-mips:
  Improve support for mips.

libffi-ro-eh_frame_sect:
  PR libffi/47248, force a read only eh frame section.

arm-unbreak-eabi-armv4t:
  Fix armv4t build on ARM

gcc-multiarch:

mips-triarch:
  Build a tri-arch compiler on mips-linux-gnu.
  http://gcc.gnu.org/ml/gcc-patches/2009-03/msg01047.html

libjava-nobiarch-check:
  For biarch builds, disable the testsuite for the non-default architecture
  for runtime libraries, which are not built by default (libjava).

config-ml:
  disable some biarch libraries for biarch builds

s390-biarch:
  Build a bi-arch compiler on s390-linux-gnu.
  http://gcc.gnu.org/ml/gcc-patches/2009-03/msg01044.html

gcc-powerpc-nof:
  Don't build nof multlib on powerpc.

gcc-powerpc-undef:
  Undefine LINK_EH_SPEC before redefining it
  http://gcc.gnu.org/ml/gcc-patches/2011-02/msg01082.html

gcc-no-add-needed:
  On linux targets pass --no-add-needed to the linker.

mips-fix-loongson2f-nop:
  On mips, pass -mfix-loongson2f-nop to as, if -mno-fix-loongson2f-nop
  is not passed.

gcc-system-root:
  Avoid include paths starting with a double slash

Counting all warnings,
there are 0 warnings in stage3 of this bootstrap.

Number of warnings per file:

Number of warning types:


Index Nav: [Date Index] [Subject Index] [Author Index] [Thread Index]
Message Nav: [Date Prev] [Date Next] [Thread Prev] [Thread Next]