This is the mail archive of the gcc-testresults@gcc.gnu.org mailing list for the GCC project.


Index Nav: [Date Index] [Subject Index] [Author Index] [Thread Index]
Message Nav: [Date Prev] [Date Next] [Thread Prev] [Thread Next]
Other format: [Raw text]

Results for 4.6.0 20110304 (experimental) [trunk revision 170678] (GCC) testsuite on m32r-unknown-rtems4.11


LAST_UPDATED: Fri Mar  4 16:23:50 UTC 2011 (revision 170678)

Target is m32r-unknown-rtems4.11
Host   is x86_64-unknown-linux-gnu

		=== gcc tests ===


Running target rtems-m32r-m32rsim
FAIL: gcc.c-torture/compile/limits-exprparen.c  -O0  (internal compiler error)
FAIL: gcc.c-torture/compile/limits-exprparen.c  -O0  (test for excess errors)
FAIL: gcc.c-torture/compile/limits-exprparen.c  -O1  (internal compiler error)
FAIL: gcc.c-torture/compile/limits-exprparen.c  -O1  (test for excess errors)
FAIL: gcc.c-torture/compile/limits-exprparen.c  -O2  (internal compiler error)
FAIL: gcc.c-torture/compile/limits-exprparen.c  -O2  (test for excess errors)
FAIL: gcc.c-torture/compile/limits-exprparen.c  -O3 -fomit-frame-pointer  (internal compiler error)
FAIL: gcc.c-torture/compile/limits-exprparen.c  -O3 -fomit-frame-pointer  (test for excess errors)
FAIL: gcc.c-torture/compile/limits-exprparen.c  -O3 -g  (internal compiler error)
FAIL: gcc.c-torture/compile/limits-exprparen.c  -O3 -g  (test for excess errors)
FAIL: gcc.c-torture/compile/limits-exprparen.c  -Os  (internal compiler error)
FAIL: gcc.c-torture/compile/limits-exprparen.c  -Os  (test for excess errors)
FAIL: gcc.c-torture/compile/limits-exprparen.c  -O2 -flto -flto-partition=none  (internal compiler error)
FAIL: gcc.c-torture/compile/limits-exprparen.c  -O2 -flto -flto-partition=none  (test for excess errors)
FAIL: gcc.c-torture/compile/limits-exprparen.c  -O2 -flto  (internal compiler error)
FAIL: gcc.c-torture/compile/limits-exprparen.c  -O2 -flto  (test for excess errors)
FAIL: gcc.c-torture/execute/builtins/20010124-1.c compilation,  -O2 -flto -flto-partition=none 
UNRESOLVED: gcc.c-torture/execute/builtins/20010124-1.c execution,  -O2 -flto -flto-partition=none 
FAIL: gcc.c-torture/execute/builtins/20010124-1.c compilation,  -O2 -flto 
UNRESOLVED: gcc.c-torture/execute/builtins/20010124-1.c execution,  -O2 -flto 
FAIL: gcc.c-torture/execute/builtins/fprintf.c compilation,  -O2 -flto -flto-partition=none 
UNRESOLVED: gcc.c-torture/execute/builtins/fprintf.c execution,  -O2 -flto -flto-partition=none 
FAIL: gcc.c-torture/execute/builtins/fprintf.c compilation,  -O2 -flto 
UNRESOLVED: gcc.c-torture/execute/builtins/fprintf.c execution,  -O2 -flto 
FAIL: gcc.c-torture/execute/builtins/fputs.c compilation,  -O2 -flto -flto-partition=none 
UNRESOLVED: gcc.c-torture/execute/builtins/fputs.c execution,  -O2 -flto -flto-partition=none 
FAIL: gcc.c-torture/execute/builtins/fputs.c compilation,  -O2 -flto 
UNRESOLVED: gcc.c-torture/execute/builtins/fputs.c execution,  -O2 -flto 
FAIL: gcc.c-torture/execute/builtins/memcpy-chk.c compilation,  -O2 -flto -flto-partition=none 
UNRESOLVED: gcc.c-torture/execute/builtins/memcpy-chk.c execution,  -O2 -flto -flto-partition=none 
FAIL: gcc.c-torture/execute/builtins/memcpy-chk.c compilation,  -O2 -flto 
UNRESOLVED: gcc.c-torture/execute/builtins/memcpy-chk.c execution,  -O2 -flto 
FAIL: gcc.c-torture/execute/builtins/memmove-chk.c compilation,  -O2 -flto -flto-partition=none 
UNRESOLVED: gcc.c-torture/execute/builtins/memmove-chk.c execution,  -O2 -flto -flto-partition=none 
FAIL: gcc.c-torture/execute/builtins/memmove-chk.c compilation,  -O2 -flto 
UNRESOLVED: gcc.c-torture/execute/builtins/memmove-chk.c execution,  -O2 -flto 
FAIL: gcc.c-torture/execute/builtins/memops-asm.c compilation,  -O2 -flto -flto-partition=none 
UNRESOLVED: gcc.c-torture/execute/builtins/memops-asm.c execution,  -O2 -flto -flto-partition=none 
FAIL: gcc.c-torture/execute/builtins/memops-asm.c compilation,  -O2 -flto 
UNRESOLVED: gcc.c-torture/execute/builtins/memops-asm.c execution,  -O2 -flto 
FAIL: gcc.c-torture/execute/builtins/mempcpy-chk.c compilation,  -O2 -flto -flto-partition=none 
UNRESOLVED: gcc.c-torture/execute/builtins/mempcpy-chk.c execution,  -O2 -flto -flto-partition=none 
FAIL: gcc.c-torture/execute/builtins/mempcpy-chk.c compilation,  -O2 -flto 
UNRESOLVED: gcc.c-torture/execute/builtins/mempcpy-chk.c execution,  -O2 -flto 
FAIL: gcc.c-torture/execute/builtins/memset-chk.c compilation,  -O2 -flto -flto-partition=none 
UNRESOLVED: gcc.c-torture/execute/builtins/memset-chk.c execution,  -O2 -flto -flto-partition=none 
FAIL: gcc.c-torture/execute/builtins/memset-chk.c compilation,  -O2 -flto 
UNRESOLVED: gcc.c-torture/execute/builtins/memset-chk.c execution,  -O2 -flto 
FAIL: gcc.c-torture/execute/builtins/memset.c compilation,  -O2 -flto -flto-partition=none 
UNRESOLVED: gcc.c-torture/execute/builtins/memset.c execution,  -O2 -flto -flto-partition=none 
FAIL: gcc.c-torture/execute/builtins/memset.c compilation,  -O2 -flto 
UNRESOLVED: gcc.c-torture/execute/builtins/memset.c execution,  -O2 -flto 
FAIL: gcc.c-torture/execute/builtins/pr22237.c compilation,  -O2 -flto -flto-partition=none 
UNRESOLVED: gcc.c-torture/execute/builtins/pr22237.c execution,  -O2 -flto -flto-partition=none 
FAIL: gcc.c-torture/execute/builtins/pr22237.c compilation,  -O2 -flto 
UNRESOLVED: gcc.c-torture/execute/builtins/pr22237.c execution,  -O2 -flto 
FAIL: gcc.c-torture/execute/builtins/pr23484-chk.c compilation,  -O2 -flto -flto-partition=none 
UNRESOLVED: gcc.c-torture/execute/builtins/pr23484-chk.c execution,  -O2 -flto -flto-partition=none 
FAIL: gcc.c-torture/execute/builtins/pr23484-chk.c compilation,  -O2 -flto 
UNRESOLVED: gcc.c-torture/execute/builtins/pr23484-chk.c execution,  -O2 -flto 
FAIL: gcc.c-torture/execute/builtins/printf.c compilation,  -O2 -flto -flto-partition=none 
UNRESOLVED: gcc.c-torture/execute/builtins/printf.c execution,  -O2 -flto -flto-partition=none 
FAIL: gcc.c-torture/execute/builtins/printf.c compilation,  -O2 -flto 
UNRESOLVED: gcc.c-torture/execute/builtins/printf.c execution,  -O2 -flto 
FAIL: gcc.c-torture/execute/builtins/snprintf-chk.c compilation,  -O2 -flto -flto-partition=none 
UNRESOLVED: gcc.c-torture/execute/builtins/snprintf-chk.c execution,  -O2 -flto -flto-partition=none 
FAIL: gcc.c-torture/execute/builtins/snprintf-chk.c compilation,  -O2 -flto 
UNRESOLVED: gcc.c-torture/execute/builtins/snprintf-chk.c execution,  -O2 -flto 
FAIL: gcc.c-torture/execute/builtins/sprintf-chk.c compilation,  -O2 -flto -flto-partition=none 
UNRESOLVED: gcc.c-torture/execute/builtins/sprintf-chk.c execution,  -O2 -flto -flto-partition=none 
FAIL: gcc.c-torture/execute/builtins/sprintf-chk.c compilation,  -O2 -flto 
UNRESOLVED: gcc.c-torture/execute/builtins/sprintf-chk.c execution,  -O2 -flto 
FAIL: gcc.c-torture/execute/builtins/sprintf.c compilation,  -O2 -flto -flto-partition=none 
UNRESOLVED: gcc.c-torture/execute/builtins/sprintf.c execution,  -O2 -flto -flto-partition=none 
FAIL: gcc.c-torture/execute/builtins/sprintf.c compilation,  -O2 -flto 
UNRESOLVED: gcc.c-torture/execute/builtins/sprintf.c execution,  -O2 -flto 
FAIL: gcc.c-torture/execute/builtins/stpcpy-chk.c compilation,  -O2 -flto -flto-partition=none 
UNRESOLVED: gcc.c-torture/execute/builtins/stpcpy-chk.c execution,  -O2 -flto -flto-partition=none 
FAIL: gcc.c-torture/execute/builtins/stpcpy-chk.c compilation,  -O2 -flto 
UNRESOLVED: gcc.c-torture/execute/builtins/stpcpy-chk.c execution,  -O2 -flto 
FAIL: gcc.c-torture/execute/builtins/strcat-chk.c compilation,  -O2 -flto -flto-partition=none 
UNRESOLVED: gcc.c-torture/execute/builtins/strcat-chk.c execution,  -O2 -flto -flto-partition=none 
FAIL: gcc.c-torture/execute/builtins/strcat-chk.c compilation,  -O2 -flto 
UNRESOLVED: gcc.c-torture/execute/builtins/strcat-chk.c execution,  -O2 -flto 
FAIL: gcc.c-torture/execute/builtins/strcmp.c compilation,  -O2 -flto -flto-partition=none 
UNRESOLVED: gcc.c-torture/execute/builtins/strcmp.c execution,  -O2 -flto -flto-partition=none 
FAIL: gcc.c-torture/execute/builtins/strcmp.c compilation,  -O2 -flto 
UNRESOLVED: gcc.c-torture/execute/builtins/strcmp.c execution,  -O2 -flto 
FAIL: gcc.c-torture/execute/builtins/strcpy-2.c compilation,  -O2 -flto -flto-partition=none 
UNRESOLVED: gcc.c-torture/execute/builtins/strcpy-2.c execution,  -O2 -flto -flto-partition=none 
FAIL: gcc.c-torture/execute/builtins/strcpy-2.c compilation,  -O2 -flto 
UNRESOLVED: gcc.c-torture/execute/builtins/strcpy-2.c execution,  -O2 -flto 
FAIL: gcc.c-torture/execute/builtins/strcpy-chk.c compilation,  -O2 -flto -flto-partition=none 
UNRESOLVED: gcc.c-torture/execute/builtins/strcpy-chk.c execution,  -O2 -flto -flto-partition=none 
FAIL: gcc.c-torture/execute/builtins/strcpy-chk.c compilation,  -O2 -flto 
UNRESOLVED: gcc.c-torture/execute/builtins/strcpy-chk.c execution,  -O2 -flto 
FAIL: gcc.c-torture/execute/builtins/strcpy.c compilation,  -O2 -flto -flto-partition=none 
UNRESOLVED: gcc.c-torture/execute/builtins/strcpy.c execution,  -O2 -flto -flto-partition=none 
FAIL: gcc.c-torture/execute/builtins/strcpy.c compilation,  -O2 -flto 
UNRESOLVED: gcc.c-torture/execute/builtins/strcpy.c execution,  -O2 -flto 
FAIL: gcc.c-torture/execute/builtins/strlen-2.c compilation,  -O2 -flto -flto-partition=none 
UNRESOLVED: gcc.c-torture/execute/builtins/strlen-2.c execution,  -O2 -flto -flto-partition=none 
FAIL: gcc.c-torture/execute/builtins/strlen-2.c compilation,  -O2 -flto 
UNRESOLVED: gcc.c-torture/execute/builtins/strlen-2.c execution,  -O2 -flto 
FAIL: gcc.c-torture/execute/builtins/strlen-3.c compilation,  -O2 -flto -flto-partition=none 
UNRESOLVED: gcc.c-torture/execute/builtins/strlen-3.c execution,  -O2 -flto -flto-partition=none 
FAIL: gcc.c-torture/execute/builtins/strlen-3.c compilation,  -O2 -flto 
UNRESOLVED: gcc.c-torture/execute/builtins/strlen-3.c execution,  -O2 -flto 
FAIL: gcc.c-torture/execute/builtins/strlen.c compilation,  -O2 -flto -flto-partition=none 
UNRESOLVED: gcc.c-torture/execute/builtins/strlen.c execution,  -O2 -flto -flto-partition=none 
FAIL: gcc.c-torture/execute/builtins/strlen.c compilation,  -O2 -flto 
UNRESOLVED: gcc.c-torture/execute/builtins/strlen.c execution,  -O2 -flto 
FAIL: gcc.c-torture/execute/builtins/strncat-chk.c compilation,  -O2 -flto -flto-partition=none 
UNRESOLVED: gcc.c-torture/execute/builtins/strncat-chk.c execution,  -O2 -flto -flto-partition=none 
FAIL: gcc.c-torture/execute/builtins/strncat-chk.c compilation,  -O2 -flto 
UNRESOLVED: gcc.c-torture/execute/builtins/strncat-chk.c execution,  -O2 -flto 
FAIL: gcc.c-torture/execute/builtins/strncpy-chk.c compilation,  -O2 -flto -flto-partition=none 
UNRESOLVED: gcc.c-torture/execute/builtins/strncpy-chk.c execution,  -O2 -flto -flto-partition=none 
FAIL: gcc.c-torture/execute/builtins/strncpy-chk.c compilation,  -O2 -flto 
UNRESOLVED: gcc.c-torture/execute/builtins/strncpy-chk.c execution,  -O2 -flto 
FAIL: gcc.c-torture/execute/builtins/strncpy.c compilation,  -O2 -flto -flto-partition=none 
UNRESOLVED: gcc.c-torture/execute/builtins/strncpy.c execution,  -O2 -flto -flto-partition=none 
FAIL: gcc.c-torture/execute/builtins/strncpy.c compilation,  -O2 -flto 
UNRESOLVED: gcc.c-torture/execute/builtins/strncpy.c execution,  -O2 -flto 
FAIL: gcc.c-torture/execute/builtins/vsnprintf-chk.c compilation,  -O2 -flto -flto-partition=none 
UNRESOLVED: gcc.c-torture/execute/builtins/vsnprintf-chk.c execution,  -O2 -flto -flto-partition=none 
FAIL: gcc.c-torture/execute/builtins/vsnprintf-chk.c compilation,  -O2 -flto 
UNRESOLVED: gcc.c-torture/execute/builtins/vsnprintf-chk.c execution,  -O2 -flto 
FAIL: gcc.c-torture/execute/builtins/vsprintf-chk.c compilation,  -O2 -flto -flto-partition=none 
UNRESOLVED: gcc.c-torture/execute/builtins/vsprintf-chk.c execution,  -O2 -flto -flto-partition=none 
FAIL: gcc.c-torture/execute/builtins/vsprintf-chk.c compilation,  -O2 -flto 
UNRESOLVED: gcc.c-torture/execute/builtins/vsprintf-chk.c execution,  -O2 -flto 
FAIL: gcc.c-torture/execute/20000412-6.c execution,  -O2 -flto -flto-partition=none 
FAIL: gcc.c-torture/execute/20000412-6.c execution,  -O2 -flto 
FAIL: gcc.c-torture/execute/20020406-1.c compilation,  -O2 -flto -flto-partition=none 
UNRESOLVED: gcc.c-torture/execute/20020406-1.c execution,  -O2 -flto -flto-partition=none 
FAIL: gcc.c-torture/execute/20020406-1.c compilation,  -O2 -flto 
UNRESOLVED: gcc.c-torture/execute/20020406-1.c execution,  -O2 -flto 
FAIL: gcc.c-torture/execute/20021120-3.c compilation,  -O2 -flto -flto-partition=none 
UNRESOLVED: gcc.c-torture/execute/20021120-3.c execution,  -O2 -flto -flto-partition=none 
FAIL: gcc.c-torture/execute/20021120-3.c compilation,  -O2 -flto 
UNRESOLVED: gcc.c-torture/execute/20021120-3.c execution,  -O2 -flto 
FAIL: gcc.c-torture/execute/20070201-1.c compilation,  -O2 -flto -flto-partition=none 
UNRESOLVED: gcc.c-torture/execute/20070201-1.c execution,  -O2 -flto -flto-partition=none 
FAIL: gcc.c-torture/execute/20070201-1.c compilation,  -O2 -flto 
UNRESOLVED: gcc.c-torture/execute/20070201-1.c execution,  -O2 -flto 
FAIL: gcc.c-torture/execute/20101011-1.c execution,  -O0 
FAIL: gcc.c-torture/execute/20101011-1.c execution,  -O1 
FAIL: gcc.c-torture/execute/20101011-1.c execution,  -O2 
FAIL: gcc.c-torture/execute/20101011-1.c execution,  -O3 -fomit-frame-pointer 
FAIL: gcc.c-torture/execute/20101011-1.c execution,  -O3 -g 
FAIL: gcc.c-torture/execute/20101011-1.c execution,  -Os 
FAIL: gcc.c-torture/execute/20101011-1.c execution,  -O2 -flto -flto-partition=none 
FAIL: gcc.c-torture/execute/20101011-1.c execution,  -O2 -flto 
FAIL: gcc.c-torture/execute/920501-8.c compilation,  -O2 -flto -flto-partition=none 
UNRESOLVED: gcc.c-torture/execute/920501-8.c execution,  -O2 -flto -flto-partition=none 
FAIL: gcc.c-torture/execute/920501-8.c compilation,  -O2 -flto 
UNRESOLVED: gcc.c-torture/execute/920501-8.c execution,  -O2 -flto 
FAIL: gcc.c-torture/execute/920501-9.c compilation,  -O2 -flto -flto-partition=none 
UNRESOLVED: gcc.c-torture/execute/920501-9.c execution,  -O2 -flto -flto-partition=none 
FAIL: gcc.c-torture/execute/920501-9.c compilation,  -O2 -flto 
UNRESOLVED: gcc.c-torture/execute/920501-9.c execution,  -O2 -flto 
FAIL: gcc.c-torture/execute/920726-1.c compilation,  -O2 -flto -flto-partition=none 
UNRESOLVED: gcc.c-torture/execute/920726-1.c execution,  -O2 -flto -flto-partition=none 
FAIL: gcc.c-torture/execute/920726-1.c compilation,  -O2 -flto 
UNRESOLVED: gcc.c-torture/execute/920726-1.c execution,  -O2 -flto 
FAIL: gcc.c-torture/execute/930513-1.c compilation,  -O2 -flto -flto-partition=none 
UNRESOLVED: gcc.c-torture/execute/930513-1.c execution,  -O2 -flto -flto-partition=none 
FAIL: gcc.c-torture/execute/930513-1.c compilation,  -O2 -flto 
UNRESOLVED: gcc.c-torture/execute/930513-1.c execution,  -O2 -flto 
FAIL: gcc.c-torture/execute/941014-2.c compilation,  -O2 -flto -flto-partition=none 
UNRESOLVED: gcc.c-torture/execute/941014-2.c execution,  -O2 -flto -flto-partition=none 
FAIL: gcc.c-torture/execute/941014-2.c compilation,  -O2 -flto 
UNRESOLVED: gcc.c-torture/execute/941014-2.c execution,  -O2 -flto 
FAIL: gcc.c-torture/execute/980605-1.c compilation,  -O2 -flto -flto-partition=none 
UNRESOLVED: gcc.c-torture/execute/980605-1.c execution,  -O2 -flto -flto-partition=none 
FAIL: gcc.c-torture/execute/980605-1.c compilation,  -O2 -flto 
UNRESOLVED: gcc.c-torture/execute/980605-1.c execution,  -O2 -flto 
FAIL: gcc.c-torture/execute/980612-1.c execution,  -O2 -flto -flto-partition=none 
FAIL: gcc.c-torture/execute/980612-1.c execution,  -O2 -flto 
FAIL: gcc.c-torture/execute/980709-1.c compilation,  -O2 -flto -flto-partition=none 
UNRESOLVED: gcc.c-torture/execute/980709-1.c execution,  -O2 -flto -flto-partition=none 
FAIL: gcc.c-torture/execute/980709-1.c compilation,  -O2 -flto 
UNRESOLVED: gcc.c-torture/execute/980709-1.c execution,  -O2 -flto 
XPASS: gcc.c-torture/execute/981130-1.c execution,  -O0 
XPASS: gcc.c-torture/execute/981130-1.c execution,  -O1 
XPASS: gcc.c-torture/execute/981130-1.c execution,  -O2 
XPASS: gcc.c-torture/execute/981130-1.c execution,  -Os 
XPASS: gcc.c-torture/execute/981130-1.c execution,  -O2 -flto -flto-partition=none 
XPASS: gcc.c-torture/execute/981130-1.c execution,  -O2 -flto 
FAIL: gcc.c-torture/execute/fprintf-1.c compilation,  -O2 -flto -flto-partition=none 
UNRESOLVED: gcc.c-torture/execute/fprintf-1.c execution,  -O2 -flto -flto-partition=none 
FAIL: gcc.c-torture/execute/fprintf-1.c compilation,  -O2 -flto 
UNRESOLVED: gcc.c-torture/execute/fprintf-1.c execution,  -O2 -flto 
FAIL: gcc.c-torture/execute/fprintf-chk-1.c compilation,  -O2 -flto -flto-partition=none 
UNRESOLVED: gcc.c-torture/execute/fprintf-chk-1.c execution,  -O2 -flto -flto-partition=none 
FAIL: gcc.c-torture/execute/fprintf-chk-1.c compilation,  -O2 -flto 
UNRESOLVED: gcc.c-torture/execute/fprintf-chk-1.c execution,  -O2 -flto 
FAIL: gcc.c-torture/execute/printf-1.c compilation,  -O2 -flto -flto-partition=none 
UNRESOLVED: gcc.c-torture/execute/printf-1.c execution,  -O2 -flto -flto-partition=none 
FAIL: gcc.c-torture/execute/printf-1.c compilation,  -O2 -flto 
UNRESOLVED: gcc.c-torture/execute/printf-1.c execution,  -O2 -flto 
FAIL: gcc.c-torture/execute/printf-chk-1.c compilation,  -O2 -flto -flto-partition=none 
UNRESOLVED: gcc.c-torture/execute/printf-chk-1.c execution,  -O2 -flto -flto-partition=none 
FAIL: gcc.c-torture/execute/printf-chk-1.c compilation,  -O2 -flto 
UNRESOLVED: gcc.c-torture/execute/printf-chk-1.c execution,  -O2 -flto 
FAIL: gcc.c-torture/execute/struct-ret-1.c compilation,  -O2 -flto -flto-partition=none 
UNRESOLVED: gcc.c-torture/execute/struct-ret-1.c execution,  -O2 -flto -flto-partition=none 
FAIL: gcc.c-torture/execute/struct-ret-1.c compilation,  -O2 -flto 
UNRESOLVED: gcc.c-torture/execute/struct-ret-1.c execution,  -O2 -flto 
FAIL: gcc.c-torture/execute/va-arg-21.c compilation,  -O2 -flto -flto-partition=none 
UNRESOLVED: gcc.c-torture/execute/va-arg-21.c execution,  -O2 -flto -flto-partition=none 
FAIL: gcc.c-torture/execute/va-arg-21.c compilation,  -O2 -flto 
UNRESOLVED: gcc.c-torture/execute/va-arg-21.c execution,  -O2 -flto 
FAIL: gcc.c-torture/execute/va-arg-24.c compilation,  -O2 -flto -flto-partition=none 
UNRESOLVED: gcc.c-torture/execute/va-arg-24.c execution,  -O2 -flto -flto-partition=none 
FAIL: gcc.c-torture/execute/va-arg-24.c compilation,  -O2 -flto 
UNRESOLVED: gcc.c-torture/execute/va-arg-24.c execution,  -O2 -flto 
FAIL: gcc.c-torture/execute/vfprintf-1.c compilation,  -O2 -flto -flto-partition=none 
UNRESOLVED: gcc.c-torture/execute/vfprintf-1.c execution,  -O2 -flto -flto-partition=none 
FAIL: gcc.c-torture/execute/vfprintf-1.c compilation,  -O2 -flto 
UNRESOLVED: gcc.c-torture/execute/vfprintf-1.c execution,  -O2 -flto 
FAIL: gcc.c-torture/execute/vfprintf-chk-1.c compilation,  -O2 -flto -flto-partition=none 
UNRESOLVED: gcc.c-torture/execute/vfprintf-chk-1.c execution,  -O2 -flto -flto-partition=none 
FAIL: gcc.c-torture/execute/vfprintf-chk-1.c compilation,  -O2 -flto 
UNRESOLVED: gcc.c-torture/execute/vfprintf-chk-1.c execution,  -O2 -flto 
FAIL: gcc.c-torture/execute/vprintf-1.c compilation,  -O2 -flto -flto-partition=none 
UNRESOLVED: gcc.c-torture/execute/vprintf-1.c execution,  -O2 -flto -flto-partition=none 
FAIL: gcc.c-torture/execute/vprintf-1.c compilation,  -O2 -flto 
UNRESOLVED: gcc.c-torture/execute/vprintf-1.c execution,  -O2 -flto 
FAIL: gcc.c-torture/execute/vprintf-chk-1.c compilation,  -O2 -flto -flto-partition=none 
UNRESOLVED: gcc.c-torture/execute/vprintf-chk-1.c execution,  -O2 -flto -flto-partition=none 
FAIL: gcc.c-torture/execute/vprintf-chk-1.c compilation,  -O2 -flto 
UNRESOLVED: gcc.c-torture/execute/vprintf-chk-1.c execution,  -O2 -flto 
FAIL: gcc.c-torture/execute/ieee/20041213-1.c compilation,  -O2 -flto -flto-partition=none 
UNRESOLVED: gcc.c-torture/execute/ieee/20041213-1.c execution,  -O2 -flto -flto-partition=none 
FAIL: gcc.c-torture/execute/ieee/20041213-1.c compilation,  -O2 -flto 
UNRESOLVED: gcc.c-torture/execute/ieee/20041213-1.c execution,  -O2 -flto 
FAIL: gcc.c-torture/execute/ieee/920810-1.c compilation,  -O2 -flto -flto-partition=none 
UNRESOLVED: gcc.c-torture/execute/ieee/920810-1.c execution,  -O2 -flto -flto-partition=none 
FAIL: gcc.c-torture/execute/ieee/920810-1.c compilation,  -O2 -flto 
UNRESOLVED: gcc.c-torture/execute/ieee/920810-1.c execution,  -O2 -flto 
FAIL: gcc.dg/20040123-1.c scan-assembler abort
FAIL: gcc.dg/initpri1.c execution test
FAIL: gcc.dg/initpri3.c execution test
FAIL: gcc.dg/pr34457-1.c (test for excess errors)
FAIL: gcc.dg/stack-usage-1.c (test for excess errors)
FAIL: gcc.dg/stack-usage-1.c scan-file foo\\t(256|264)\\tstatic
FAIL: gcc.dg/uninit-pred-7_a.c bogus warning (test for bogus messages, line 26)
FAIL: gcc.dg/uninit-pred-8_a.c bogus warning (test for bogus messages, line 26)
FAIL: gcc.dg/graphite/id-pr46845.c (internal compiler error)
FAIL: gcc.dg/graphite/id-pr46845.c (test for excess errors)
FAIL: gcc.dg/graphite/run-id-1.c execution test
FAIL: gcc.dg/graphite/interchange-1.c execution test
FAIL: gcc.dg/graphite/interchange-10.c execution test
FAIL: gcc.dg/graphite/interchange-11.c execution test
FAIL: gcc.dg/graphite/interchange-15.c execution test
FAIL: gcc.dg/graphite/interchange-2.c execution test
FAIL: gcc.dg/graphite/interchange-3.c execution test
FAIL: gcc.dg/graphite/interchange-4.c execution test
FAIL: gcc.dg/graphite/interchange-7.c execution test
FAIL: gcc.dg/graphite/interchange-mvt.c execution test
FAIL: gcc.dg/graphite/block-4.c execution test
FAIL: gcc.dg/graphite/pr43012.c execution test
FAIL: gcc.dg/graphite/pr46185.c execution test
FAIL: gcc.dg/lto/20081024 c_lto_20081024_0.o-c_lto_20081024_0.o link, -O0 -flto -flto-partition=none 
UNRESOLVED: gcc.dg/lto/20081024 c_lto_20081024_0.o-c_lto_20081024_0.o execute -O0 -flto -flto-partition=none 
FAIL: gcc.dg/lto/20081024 c_lto_20081024_0.o-c_lto_20081024_0.o link, -O2 -flto -flto-partition=none 
UNRESOLVED: gcc.dg/lto/20081024 c_lto_20081024_0.o-c_lto_20081024_0.o execute -O2 -flto -flto-partition=none 
FAIL: gcc.dg/lto/20081024 c_lto_20081024_0.o-c_lto_20081024_0.o link, -O0 -flto -flto-partition=1to1 
UNRESOLVED: gcc.dg/lto/20081024 c_lto_20081024_0.o-c_lto_20081024_0.o execute -O0 -flto -flto-partition=1to1 
FAIL: gcc.dg/lto/20081024 c_lto_20081024_0.o-c_lto_20081024_0.o link, -O2 -flto -flto-partition=1to1 
UNRESOLVED: gcc.dg/lto/20081024 c_lto_20081024_0.o-c_lto_20081024_0.o execute -O2 -flto -flto-partition=1to1 
FAIL: gcc.dg/lto/20081024 c_lto_20081024_0.o-c_lto_20081024_0.o link, -O0 -flto
UNRESOLVED: gcc.dg/lto/20081024 c_lto_20081024_0.o-c_lto_20081024_0.o execute -O0 -flto
FAIL: gcc.dg/lto/20081024 c_lto_20081024_0.o-c_lto_20081024_0.o link, -O2 -flto
UNRESOLVED: gcc.dg/lto/20081024 c_lto_20081024_0.o-c_lto_20081024_0.o execute -O2 -flto
FAIL: gcc.dg/lto/20090120 c_lto_20090120_0.o-c_lto_20090120_0.o execute -flto -funsigned-char
FAIL: gcc.dg/lto/20090213 c_lto_20090213_0.o-c_lto_20090213_1.o link, -O0 -flto -flto-partition=none 
UNRESOLVED: gcc.dg/lto/20090213 c_lto_20090213_0.o-c_lto_20090213_1.o execute -O0 -flto -flto-partition=none 
FAIL: gcc.dg/lto/20090213 c_lto_20090213_0.o-c_lto_20090213_1.o link, -O2 -flto -flto-partition=none 
UNRESOLVED: gcc.dg/lto/20090213 c_lto_20090213_0.o-c_lto_20090213_1.o execute -O2 -flto -flto-partition=none 
FAIL: gcc.dg/lto/20090213 c_lto_20090213_0.o-c_lto_20090213_1.o link, -O0 -flto -flto-partition=1to1 
UNRESOLVED: gcc.dg/lto/20090213 c_lto_20090213_0.o-c_lto_20090213_1.o execute -O0 -flto -flto-partition=1to1 
FAIL: gcc.dg/lto/20090213 c_lto_20090213_0.o-c_lto_20090213_1.o link, -O2 -flto -flto-partition=1to1 
UNRESOLVED: gcc.dg/lto/20090213 c_lto_20090213_0.o-c_lto_20090213_1.o execute -O2 -flto -flto-partition=1to1 
FAIL: gcc.dg/lto/20090213 c_lto_20090213_0.o-c_lto_20090213_1.o link, -O0 -flto
UNRESOLVED: gcc.dg/lto/20090213 c_lto_20090213_0.o-c_lto_20090213_1.o execute -O0 -flto
FAIL: gcc.dg/lto/20090213 c_lto_20090213_0.o-c_lto_20090213_1.o link, -O2 -flto
UNRESOLVED: gcc.dg/lto/20090213 c_lto_20090213_0.o-c_lto_20090213_1.o execute -O2 -flto
FAIL: gcc.dg/lto/20100227-1 c_lto_20100227-1_0.o-c_lto_20100227-1_1.o link, -O0 -flto -flto-partition=none 
UNRESOLVED: gcc.dg/lto/20100227-1 c_lto_20100227-1_0.o-c_lto_20100227-1_1.o execute -O0 -flto -flto-partition=none 
FAIL: gcc.dg/lto/20100227-1 c_lto_20100227-1_0.o-c_lto_20100227-1_1.o link, -O2 -flto -flto-partition=none 
UNRESOLVED: gcc.dg/lto/20100227-1 c_lto_20100227-1_0.o-c_lto_20100227-1_1.o execute -O2 -flto -flto-partition=none 
FAIL: gcc.dg/lto/20100227-1 c_lto_20100227-1_0.o-c_lto_20100227-1_1.o link, -O0 -flto -flto-partition=1to1 
UNRESOLVED: gcc.dg/lto/20100227-1 c_lto_20100227-1_0.o-c_lto_20100227-1_1.o execute -O0 -flto -flto-partition=1to1 
FAIL: gcc.dg/lto/20100227-1 c_lto_20100227-1_0.o-c_lto_20100227-1_1.o link, -O2 -flto -flto-partition=1to1 
UNRESOLVED: gcc.dg/lto/20100227-1 c_lto_20100227-1_0.o-c_lto_20100227-1_1.o execute -O2 -flto -flto-partition=1to1 
FAIL: gcc.dg/lto/20100227-1 c_lto_20100227-1_0.o-c_lto_20100227-1_1.o link, -O0 -flto
UNRESOLVED: gcc.dg/lto/20100227-1 c_lto_20100227-1_0.o-c_lto_20100227-1_1.o execute -O0 -flto
FAIL: gcc.dg/lto/20100227-1 c_lto_20100227-1_0.o-c_lto_20100227-1_1.o link, -O2 -flto
UNRESOLVED: gcc.dg/lto/20100227-1 c_lto_20100227-1_0.o-c_lto_20100227-1_1.o execute -O2 -flto
FAIL: gcc.dg/lto/20110201-1 c_lto_20110201-1_0.o-c_lto_20110201-1_0.o link,  -O0 -flto 
UNRESOLVED: gcc.dg/lto/20110201-1 c_lto_20110201-1_0.o-c_lto_20110201-1_0.o execute  -O0 -flto 
FAIL: gcc.dg/lto/pr46940 c_lto_pr46940_0.o-c_lto_pr46940_1.o link, -O0 -flto -flto-partition=none 
UNRESOLVED: gcc.dg/lto/pr46940 c_lto_pr46940_0.o-c_lto_pr46940_1.o execute -O0 -flto -flto-partition=none 
FAIL: gcc.dg/lto/pr46940 c_lto_pr46940_0.o-c_lto_pr46940_1.o link, -O2 -flto -flto-partition=none 
UNRESOLVED: gcc.dg/lto/pr46940 c_lto_pr46940_0.o-c_lto_pr46940_1.o execute -O2 -flto -flto-partition=none 
FAIL: gcc.dg/lto/pr46940 c_lto_pr46940_0.o-c_lto_pr46940_1.o link, -O0 -flto -flto-partition=1to1 
UNRESOLVED: gcc.dg/lto/pr46940 c_lto_pr46940_0.o-c_lto_pr46940_1.o execute -O0 -flto -flto-partition=1to1 
FAIL: gcc.dg/lto/pr46940 c_lto_pr46940_0.o-c_lto_pr46940_1.o link, -O2 -flto -flto-partition=1to1 
UNRESOLVED: gcc.dg/lto/pr46940 c_lto_pr46940_0.o-c_lto_pr46940_1.o execute -O2 -flto -flto-partition=1to1 
FAIL: gcc.dg/lto/pr46940 c_lto_pr46940_0.o-c_lto_pr46940_1.o link, -O0 -flto
UNRESOLVED: gcc.dg/lto/pr46940 c_lto_pr46940_0.o-c_lto_pr46940_1.o execute -O0 -flto
FAIL: gcc.dg/lto/pr46940 c_lto_pr46940_0.o-c_lto_pr46940_1.o link, -O2 -flto
UNRESOLVED: gcc.dg/lto/pr46940 c_lto_pr46940_0.o-c_lto_pr46940_1.o execute -O2 -flto
FAIL: gcc.dg/torture/pr47228.c  -O2 -flto -flto-partition=none  execution test
FAIL: gcc.dg/torture/pr47228.c  -O2 -flto  execution test
FAIL: gcc.dg/torture/tls/thr-init-1.c  -O2 -flto -flto-partition=none  (test for excess errors)
WARNING: gcc.dg/torture/tls/thr-init-1.c  -O2 -flto -flto-partition=none  compilation failed to produce executable
FAIL: gcc.dg/torture/tls/thr-init-1.c  -O2 -flto  (test for excess errors)
WARNING: gcc.dg/torture/tls/thr-init-1.c  -O2 -flto  compilation failed to produce executable
FAIL: gcc.dg/torture/tls/thr-init-2.c  -O2 -flto -flto-partition=none  (test for excess errors)
WARNING: gcc.dg/torture/tls/thr-init-2.c  -O2 -flto -flto-partition=none  compilation failed to produce executable
FAIL: gcc.dg/torture/tls/thr-init-2.c  -O2 -flto  (test for excess errors)
WARNING: gcc.dg/torture/tls/thr-init-2.c  -O2 -flto  compilation failed to produce executable
XPASS: gcc.dg/tree-ssa/20040204-1.c scan-tree-dump-times optimized "link_error" 0
FAIL: gcc.dg/tree-ssa/pr42585.c scan-tree-dump-times optimized "struct _fat_ptr _ans" 0
FAIL: gcc.dg/tree-ssa/pr42585.c scan-tree-dump-times optimized "struct _fat_ptr _T2" 0
FAIL: gcc.dg/tree-ssa/vrp47.c scan-tree-dump-times vrp1 "[xy][^ ]* !=" 0
FAIL: gcc.dg/tree-ssa/vrp47.c scan-tree-dump-times dom1 "x[^ ]* & y" 1
FAIL: gcc.dg/tree-ssa/vrp47.c scan-tree-dump-times vrp1 "x[^ ]* [|] y" 1

		=== gcc Summary ===

# of expected passes		67254
# of unexpected failures	192
# of unexpected successes	7
# of expected failures		121
# of unresolved testcases	129
# of unsupported tests		1070
/users/joel/test-gcc/b-m32r-gcc/gcc/xgcc  version 4.6.0 20110304 (experimental) [trunk revision 170678] (GCC) 

Host   is x86_64-unknown-linux-gnu

		=== g++ tests ===


Running target rtems-m32r-m32rsim
FAIL: g++.dg/abi/packed1.C (test for excess errors)
FAIL: g++.dg/cpp0x/initlist25.C execution test
FAIL: g++.dg/eh/omit-frame-pointer.C execution test
FAIL: g++.dg/eh/simd-2.C (test for excess errors)
WARNING: g++.dg/eh/simd-2.C compilation failed to produce executable
FAIL: g++.dg/init/dtor3.C execution test
FAIL: g++.dg/rtti/typeid4.C execution test
FAIL: g++.dg/template/friend10.C execution test
FAIL: g++.dg/special/conpr-1.C execution test
FAIL: g++.dg/special/conpr-2.C execution test
FAIL: g++.dg/special/conpr-3.C execution test
FAIL: g++.dg/special/conpr-4.C execution test
FAIL: g++.dg/special/initp1.C execution test
FAIL: g++.dg/special/initpri1.C execution test
FAIL: g++.dg/torture/pr39002.C  -O2 -flto -flto-partition=none  (test for excess errors)
WARNING: g++.dg/torture/pr39002.C  -O2 -flto -flto-partition=none  compilation failed to produce executable
FAIL: g++.dg/torture/pr39002.C  -O2 -flto  (test for excess errors)
WARNING: g++.dg/torture/pr39002.C  -O2 -flto  compilation failed to produce executable
FAIL: g++.old-deja/g++.benjamin/15071.C execution test
FAIL: g++.old-deja/g++.brendan/copy9.C execution test
FAIL: g++.old-deja/g++.brendan/nest21.C execution test
FAIL: g++.old-deja/g++.brendan/ptolemy2.C execution test
FAIL: g++.old-deja/g++.jason/2371.C execution test
FAIL: g++.old-deja/g++.jason/template24.C execution test
FAIL: g++.old-deja/g++.jason/template31.C execution test
FAIL: g++.old-deja/g++.law/arg8.C execution test
FAIL: g++.old-deja/g++.law/code-gen5.C execution test
FAIL: g++.old-deja/g++.law/ctors12.C execution test
FAIL: g++.old-deja/g++.law/cvt2.C execution test
FAIL: g++.old-deja/g++.law/virtual3.C execution test
FAIL: g++.old-deja/g++.mike/eh2.C execution test
FAIL: g++.old-deja/g++.mike/net34.C execution test
FAIL: g++.old-deja/g++.mike/net46.C execution test
FAIL: g++.old-deja/g++.mike/p2736.C execution test
FAIL: g++.old-deja/g++.mike/p658.C execution test
FAIL: g++.old-deja/g++.mike/p783b.C execution test
FAIL: g++.old-deja/g++.mike/p9732b.C execution test
FAIL: g++.old-deja/g++.other/dtor11.C execution test
FAIL: g++.old-deja/g++.other/headers1.C execution test
WARNING: program timed out.
FAIL: g++.old-deja/g++.other/inline8.C execution test
FAIL: g++.old-deja/g++.other/sibcall1.C execution test
FAIL: g++.old-deja/g++.other/unchanging1.C execution test
FAIL: g++.old-deja/g++.robertl/eb115.C execution test
FAIL: g++.old-deja/g++.robertl/eb31.C execution test
FAIL: g++.old-deja/g++.robertl/eb41.C execution test
FAIL: g++.old-deja/g++.robertl/eb46.C execution test
FAIL: g++.old-deja/g++.robertl/eb54.C execution test
FAIL: g++.old-deja/g++.robertl/eb66.C execution test
FAIL: g++.old-deja/g++.robertl/eb73.C execution test
FAIL: g++.old-deja/g++.robertl/eb77.C execution test

		=== g++ Summary ===

# of expected passes		25327
# of unexpected failures	47
# of expected failures		161
# of unsupported tests		449
/users/joel/test-gcc/b-m32r-gcc/gcc/testsuite/g++/../../g++  version 4.6.0 20110304 (experimental) [trunk revision 170678] (GCC) 


Compiler version: 4.6.0 20110304 (experimental) [trunk revision 170678] (GCC) 
Platform: m32r-unknown-rtems4.11
configure flags: --with-ppl=/users/joel/test-gcc/install-svn --disable-werror --enable-threads=rtems --with-gnu-as --enable-multilib --enable-newlib-mb --enable-newlib-iconv --with-gnu-ld --with-newlib --verbose --with-system-zlib --disable-nls --enable-version-specific-runtime-libs --enable-languages=c,c++ --target=m32r-rtems4.11 --prefix=/users/joel/test-gcc/install-svn


Index Nav: [Date Index] [Subject Index] [Author Index] [Thread Index]
Message Nav: [Date Prev] [Date Next] [Thread Prev] [Thread Next]