This is the mail archive of the gcc-testresults@gcc.gnu.org mailing list for the GCC project.


Index Nav: [Date Index] [Subject Index] [Author Index] [Thread Index]
Message Nav: [Date Prev] [Date Next] [Thread Prev] [Thread Next]
Other format: [Raw text]

Results for 4.6.0 20110307 (experimental) [trunk revision 170761] (GCC) testsuite on i686-apple-darwin9


LAST_UPDATED: Mon Mar  7 23:16:04 UTC 2011 (revision 170761)

		=== acats tests ===

		=== acats Summary ===
# of expected passes		2321
# of unexpected failures	0
Native configuration is i686-apple-darwin9

		=== g++ tests ===


Running target unix
WARNING: Could not compile g++.dg/compat/struct-layout-1 generator
WARNING: g++.dg/ext/label13.C compilation failed to produce executable

		=== g++ Summary ===

# of expected passes		26469
# of expected failures		161
# of unsupported tests		180
/Users/dave/gnu/gcc/objdir/gcc/testsuite/g++/../../g++  version 4.6.0 20110307 (experimental) [trunk revision 170761] (GCC) 

		=== gcc tests ===


Running target unix
WARNING: Could not compile gcc.dg/compat/struct-layout-1 generator

		=== gcc Summary ===

# of expected passes		73977
# of expected failures		210
# of unsupported tests		1377
/Users/dave/gnu/gcc/objdir/gcc/xgcc  version 4.6.0 20110307 (experimental) [trunk revision 170761] (GCC) 

		=== gfortran tests ===


Running target unix

		=== gfortran Summary ===

# of expected passes		38155
# of expected failures		49
# of unsupported tests		213
/Users/dave/gnu/gcc/objdir/gcc/testsuite/gfortran/../../gfortran  version 4.6.0 20110307 (experimental) [trunk revision 170761] (GCC) 

		=== gnat tests ===


Running target unix

		=== gnat Summary ===

# of expected passes		868
# of expected failures		10
# of unsupported tests		2
/Users/dave/gnu/gcc/objdir/gcc/gnatmake version 4.6.0 20110307 (experimental) [trunk revision 170761]

		=== obj-c++ tests ===


Running target unix

		=== obj-c++ Summary ===

# of expected passes		3031
# of expected failures		2
# of unsupported tests		68
/Users/dave/gnu/gcc/objdir/gcc/testsuite/obj-c++/../../g++  version 4.6.0 20110307 (experimental) [trunk revision 170761] (GCC) 

		=== objc tests ===


Running target unix
WARNING: Could not compile objc.dg/gnu-encoding/struct-layout-encoding-1 generator

		=== objc Summary ===

# of expected passes		5899
# of unsupported tests		86
/Users/dave/gnu/gcc/objdir/gcc/xgcc  version 4.6.0 20110307 (experimental) [trunk revision 170761] (GCC) 

		=== libffi tests ===


Running target unix

		=== libffi Summary ===

# of expected passes		1634
# of expected failures		10
# of unsupported tests		15
		=== libgomp tests ===


Running target unix

		=== libgomp Summary ===

# of expected passes		2538
# of unsupported tests		2
		=== libjava tests ===


Running target unix

		=== libjava Summary ===

# of expected passes		2574
		=== libstdc++ tests ===


Running target unix
FAIL: ext/mt_allocator/deallocate_global_thread-1.cc execution test
FAIL: ext/mt_allocator/deallocate_global_thread-3.cc execution test

		=== libstdc++ Summary ===

# of expected passes		6989
# of unexpected failures	2
# of expected failures		81
# of unsupported tests		652

Compiler version: 4.6.0 20110307 (experimental) [trunk revision 170761] (GCC) 
Platform: i686-apple-darwin9
configure flags: --build=i686-apple-darwin9 --host=i686-apple-darwin9 --target=i686-apple-darwin9 --with-tune=generic --prefix=/opt/gnu/gcc/gcc-4.6.0 --with-gmp=/opt/gnu/gcc/gcc-4.6.0 --enable-debug=no --disable-nls --enable-languages=c,c++,objc,fortran,obj-c++,java,ada --enable-threads=posix --enable-__cxa_atexit --enable-java-gc=boehm


Index Nav: [Date Index] [Subject Index] [Author Index] [Thread Index]
Message Nav: [Date Prev] [Date Next] [Thread Prev] [Thread Next]