This is the mail archive of the gcc-testresults@gcc.gnu.org mailing list for the GCC project.


Index Nav: [Date Index] [Subject Index] [Author Index] [Thread Index]
Message Nav: [Date Prev] [Date Next] [Thread Prev] [Thread Next]
Other format: [Raw text]

Results for 4.6.0 20110304 (experimental) [trunk revision 170678] (GCC) testsuite on sparc-sun-solaris2.10


LAST_UPDATED: Fri Mar  4 17:31:17 UTC 2011 (revision 170678)

		=== acats tests ===

		=== acats Summary ===
# of expected passes		2321
# of unexpected failures	0
Native configuration is sparc-sun-solaris2.10

		=== g++ tests ===


Running target unix

		=== g++ Summary for unix ===

# of expected passes		26122
# of expected failures		161
# of unsupported tests		427

Running target unix/-m64

		=== g++ Summary for unix/-m64 ===

# of expected passes		26734
# of expected failures		161
# of unsupported tests		424

		=== g++ Summary ===

# of expected passes		52856
# of expected failures		322
# of unsupported tests		851
/var/gcc/regression/trunk/10-gcc-gas/build/gcc/testsuite/g++/../../g++  version 4.6.0 20110304 (experimental) [trunk revision 170678] (GCC) 

		=== gcc tests ===


Running target unix
FAIL: gcc.dg/lto/20110201-1 c_lto_20110201-1_0.o-c_lto_20110201-1_0.o link,  -O0 -flto 
UNRESOLVED: gcc.dg/lto/20110201-1 c_lto_20110201-1_0.o-c_lto_20110201-1_0.o execute  -O0 -flto 

		=== gcc Summary for unix ===

# of expected passes		69351
# of unexpected failures	1
# of expected failures		237
# of unresolved testcases	1
# of unsupported tests		1154

Running target unix/-m64

		=== gcc Summary for unix/-m64 ===

# of expected passes		69933
# of expected failures		228
# of unsupported tests		1164

		=== gcc Summary ===

# of expected passes		139284
# of unexpected failures	1
# of expected failures		465
# of unresolved testcases	1
# of unsupported tests		2318
/var/gcc/regression/trunk/10-gcc-gas/build/gcc/xgcc  version 4.6.0 20110304 (experimental) [trunk revision 170678] (GCC) 

		=== gfortran tests ===


Running target unix

		=== gfortran Summary for unix ===

# of expected passes		38117
# of expected failures		43
# of unsupported tests		265

Running target unix/-m64

		=== gfortran Summary for unix/-m64 ===

# of expected passes		38444
# of expected failures		43
# of unsupported tests		104

		=== gfortran Summary ===

# of expected passes		76561
# of expected failures		86
# of unsupported tests		369
/var/gcc/regression/trunk/10-gcc-gas/build/gcc/testsuite/gfortran/../../gfortran  version 4.6.0 20110304 (experimental) [trunk revision 170678] (GCC) 

		=== gnat tests ===


Running target unix

		=== gnat Summary for unix ===

# of expected passes		865
# of expected failures		10
# of unsupported tests		4

Running target unix/-m64

		=== gnat Summary for unix/-m64 ===

# of expected passes		865
# of expected failures		10
# of unsupported tests		4

		=== gnat Summary ===

# of expected passes		1730
# of expected failures		20
# of unsupported tests		8
/var/gcc/regression/trunk/10-gcc-gas/build/gcc/gnatmake version 4.6.0 20110304 (experimental) [trunk revision 170678]

		=== objc tests ===


Running target unix

		=== objc Summary for unix ===

# of expected passes		2914
# of expected failures		10
# of unsupported tests		74

Running target unix/-m64

		=== objc Summary for unix/-m64 ===

# of expected passes		2914
# of expected failures		10
# of unsupported tests		74

		=== objc Summary ===

# of expected passes		5828
# of expected failures		20
# of unsupported tests		148
/var/gcc/regression/trunk/10-gcc-gas/build/gcc/xgcc  version 4.6.0 20110304 (experimental) [trunk revision 170678] (GCC) 

		=== boehm-gc tests ===


Running target unix

		=== boehm-gc Summary for unix ===

# of expected passes		12
# of unsupported tests		1

Running target unix/-m64

		=== boehm-gc Summary for unix/-m64 ===

# of expected passes		12
# of unsupported tests		1

		=== boehm-gc Summary ===

# of expected passes		24
# of unsupported tests		2
		=== libffi tests ===


Running target unix

		=== libffi Summary for unix ===

# of expected passes		1634
# of expected failures		10
# of unsupported tests		15

Running target unix/-m64

		=== libffi Summary for unix/-m64 ===

# of expected passes		1634
# of expected failures		10
# of unsupported tests		15

		=== libffi Summary ===

# of expected passes		3268
# of expected failures		20
# of unsupported tests		30
		=== libgomp tests ===


Running target unix

		=== libgomp Summary for unix ===

# of expected passes		2524
# of unsupported tests		9

Running target unix/-m64

		=== libgomp Summary for unix/-m64 ===

# of expected passes		2524
# of unsupported tests		9

		=== libgomp Summary ===

# of expected passes		5048
# of unsupported tests		18
		=== libjava tests ===


Running target unix

		=== libjava Summary for unix ===

# of expected passes		2574

Running target unix/-m64

		=== libjava Summary for unix/-m64 ===

# of expected passes		2574

		=== libjava Summary ===

# of expected passes		5148
		=== libstdc++ tests ===


Running target unix

		=== libstdc++ Summary for unix ===

# of expected passes		7347
# of expected failures		82
# of unsupported tests		460

Running target unix/-m64
XPASS: 22_locale/num_put/put/char/14220.cc execution test

		=== libstdc++ Summary for unix/-m64 ===

# of expected passes		7346
# of unexpected successes	1
# of expected failures		82
# of unsupported tests		460

		=== libstdc++ Summary ===

# of expected passes		14693
# of unexpected successes	1
# of expected failures		164
# of unsupported tests		920

Compiler version: 4.6.0 20110304 (experimental) [trunk revision 170678] (GCC) 
Platform: sparc-sun-solaris2.10
configure flags: --prefix=/vol/gcc --target=sparc-sun-solaris2.10 --with-as=/vol/gcc/bin/gas-2.21 --with-gnu-as --with-gmp=/vol/gcc --with-mpfr=/vol/gcc --with-mpc=/vol/gcc --enable-languages=all,ada
BOOT_CFLAGS=-g -O2


Index Nav: [Date Index] [Subject Index] [Author Index] [Thread Index]
Message Nav: [Date Prev] [Date Next] [Thread Prev] [Thread Next]