This is the mail archive of the gcc-testresults@gcc.gnu.org mailing list for the GCC project.


Index Nav: [Date Index] [Subject Index] [Author Index] [Thread Index]
Message Nav: [Date Prev] [Date Next] [Thread Prev] [Thread Next]
Other format: [Raw text]

Results for 4.6.0 20110304 (experimental) [trunk revision 170669] (GCC) testsuite on score-unknown-elf


Last Changed Date: 2011-03-04 08:18:28 +0800 (Fri, 04 Mar 2011)

Target is score-unknown-elf
Host   is i686-pc-linux-gnu

		=== gcc tests ===

Schedule of variations:
    sim-eb-score7

Running target sim-eb-score7
FAIL: gcc.c-torture/compile/limits-exprparen.c  -O0  (internal compiler error)
FAIL: gcc.c-torture/compile/limits-exprparen.c  -O0  (test for excess errors)
FAIL: gcc.c-torture/compile/limits-exprparen.c  -O1  (internal compiler error)
FAIL: gcc.c-torture/compile/limits-exprparen.c  -O1  (test for excess errors)
FAIL: gcc.c-torture/compile/limits-exprparen.c  -O2  (internal compiler error)
FAIL: gcc.c-torture/compile/limits-exprparen.c  -O2  (test for excess errors)
FAIL: gcc.c-torture/compile/limits-exprparen.c  -O3
-fomit-frame-pointer  (internal compiler error)
FAIL: gcc.c-torture/compile/limits-exprparen.c  -O3
-fomit-frame-pointer  (test for excess errors)
FAIL: gcc.c-torture/compile/limits-exprparen.c  -O3 -g  (internal
compiler error)
FAIL: gcc.c-torture/compile/limits-exprparen.c  -O3 -g  (test for excess errors)
FAIL: gcc.c-torture/compile/limits-exprparen.c  -Os  (internal compiler error)
FAIL: gcc.c-torture/compile/limits-exprparen.c  -Os  (test for excess errors)
FAIL: gcc.c-torture/compile/limits-exprparen.c  -O2 -flto
-flto-partition=none  (internal compiler error)
FAIL: gcc.c-torture/compile/limits-exprparen.c  -O2 -flto
-flto-partition=none  (test for excess errors)
FAIL: gcc.c-torture/compile/limits-exprparen.c  -O2 -flto  (internal
compiler error)
FAIL: gcc.c-torture/compile/limits-exprparen.c  -O2 -flto  (test for
excess errors)
FAIL: gcc.c-torture/execute/20000822-1.c compilation,  -O0
UNRESOLVED: gcc.c-torture/execute/20000822-1.c execution,  -O0
FAIL: gcc.c-torture/execute/20000822-1.c compilation,  -O1
UNRESOLVED: gcc.c-torture/execute/20000822-1.c execution,  -O1
FAIL: gcc.c-torture/execute/20000822-1.c compilation,  -O2
UNRESOLVED: gcc.c-torture/execute/20000822-1.c execution,  -O2
FAIL: gcc.c-torture/execute/20000822-1.c compilation,  -O3 -fomit-frame-pointer
UNRESOLVED: gcc.c-torture/execute/20000822-1.c execution,  -O3
-fomit-frame-pointer
FAIL: gcc.c-torture/execute/20000822-1.c compilation,  -O3 -g
UNRESOLVED: gcc.c-torture/execute/20000822-1.c execution,  -O3 -g
FAIL: gcc.c-torture/execute/20000822-1.c compilation,  -Os
UNRESOLVED: gcc.c-torture/execute/20000822-1.c execution,  -Os
FAIL: gcc.c-torture/execute/20000822-1.c compilation,  -O2 -flto
-flto-partition=none
UNRESOLVED: gcc.c-torture/execute/20000822-1.c execution,  -O2 -flto
-flto-partition=none
FAIL: gcc.c-torture/execute/20000822-1.c compilation,  -O2 -flto
UNRESOLVED: gcc.c-torture/execute/20000822-1.c execution,  -O2 -flto
FAIL: gcc.c-torture/execute/20101011-1.c execution,  -O0
FAIL: gcc.c-torture/execute/20101011-1.c execution,  -O1
FAIL: gcc.c-torture/execute/20101011-1.c execution,  -O2
FAIL: gcc.c-torture/execute/20101011-1.c execution,  -O3 -fomit-frame-pointer
FAIL: gcc.c-torture/execute/20101011-1.c execution,  -O3 -g
FAIL: gcc.c-torture/execute/20101011-1.c execution,  -Os
FAIL: gcc.c-torture/execute/20101011-1.c execution,  -O2 -flto
-flto-partition=none
FAIL: gcc.c-torture/execute/20101011-1.c execution,  -O2 -flto
FAIL: gcc.c-torture/execute/fprintf-1.c execution,  -O0
FAIL: gcc.c-torture/execute/fprintf-1.c execution,  -O1
FAIL: gcc.c-torture/execute/fprintf-1.c execution,  -O2
FAIL: gcc.c-torture/execute/fprintf-1.c execution,  -O3 -fomit-frame-pointer
FAIL: gcc.c-torture/execute/fprintf-1.c execution,  -O3 -g
FAIL: gcc.c-torture/execute/fprintf-1.c execution,  -Os
FAIL: gcc.c-torture/execute/fprintf-1.c execution,  -O2 -flto
-flto-partition=none
FAIL: gcc.c-torture/execute/fprintf-1.c execution,  -O2 -flto
FAIL: gcc.c-torture/execute/fprintf-chk-1.c execution,  -O0
FAIL: gcc.c-torture/execute/fprintf-chk-1.c execution,  -O1
FAIL: gcc.c-torture/execute/fprintf-chk-1.c execution,  -O2
FAIL: gcc.c-torture/execute/fprintf-chk-1.c execution,  -O3
-fomit-frame-pointer
FAIL: gcc.c-torture/execute/fprintf-chk-1.c execution,  -O3 -g
FAIL: gcc.c-torture/execute/fprintf-chk-1.c execution,  -Os
FAIL: gcc.c-torture/execute/fprintf-chk-1.c execution,  -O2 -flto
-flto-partition=none
FAIL: gcc.c-torture/execute/fprintf-chk-1.c execution,  -O2 -flto
FAIL: gcc.c-torture/execute/nestfunc-3.c compilation,  -O0
UNRESOLVED: gcc.c-torture/execute/nestfunc-3.c execution,  -O0
FAIL: gcc.c-torture/execute/nestfunc-3.c compilation,  -O1
UNRESOLVED: gcc.c-torture/execute/nestfunc-3.c execution,  -O1
FAIL: gcc.c-torture/execute/nestfunc-3.c compilation,  -O2
UNRESOLVED: gcc.c-torture/execute/nestfunc-3.c execution,  -O2
FAIL: gcc.c-torture/execute/nestfunc-3.c compilation,  -O3 -fomit-frame-pointer
UNRESOLVED: gcc.c-torture/execute/nestfunc-3.c execution,  -O3
-fomit-frame-pointer
FAIL: gcc.c-torture/execute/nestfunc-3.c compilation,  -O3
-fomit-frame-pointer -funroll-loops
UNRESOLVED: gcc.c-torture/execute/nestfunc-3.c execution,  -O3
-fomit-frame-pointer -funroll-loops
FAIL: gcc.c-torture/execute/nestfunc-3.c compilation,  -O3
-fomit-frame-pointer -funroll-all-loops -finline-functions
UNRESOLVED: gcc.c-torture/execute/nestfunc-3.c execution,  -O3
-fomit-frame-pointer -funroll-all-loops -finline-functions
FAIL: gcc.c-torture/execute/nestfunc-3.c compilation,  -O3 -g
UNRESOLVED: gcc.c-torture/execute/nestfunc-3.c execution,  -O3 -g
FAIL: gcc.c-torture/execute/nestfunc-3.c compilation,  -Os
UNRESOLVED: gcc.c-torture/execute/nestfunc-3.c execution,  -Os
FAIL: gcc.c-torture/execute/nestfunc-3.c compilation,  -O2 -flto
-flto-partition=none
UNRESOLVED: gcc.c-torture/execute/nestfunc-3.c execution,  -O2 -flto
-flto-partition=none
FAIL: gcc.c-torture/execute/nestfunc-3.c compilation,  -O2 -flto
UNRESOLVED: gcc.c-torture/execute/nestfunc-3.c execution,  -O2 -flto
FAIL: gcc.c-torture/execute/nestfunc-5.c compilation,  -O0
UNRESOLVED: gcc.c-torture/execute/nestfunc-5.c execution,  -O0
FAIL: gcc.c-torture/execute/nestfunc-5.c compilation,  -O1
UNRESOLVED: gcc.c-torture/execute/nestfunc-5.c execution,  -O1
FAIL: gcc.c-torture/execute/nestfunc-5.c compilation,  -O2
UNRESOLVED: gcc.c-torture/execute/nestfunc-5.c execution,  -O2
FAIL: gcc.c-torture/execute/nestfunc-5.c compilation,  -O3 -fomit-frame-pointer
UNRESOLVED: gcc.c-torture/execute/nestfunc-5.c execution,  -O3
-fomit-frame-pointer
FAIL: gcc.c-torture/execute/nestfunc-5.c compilation,  -O3 -g
UNRESOLVED: gcc.c-torture/execute/nestfunc-5.c execution,  -O3 -g
FAIL: gcc.c-torture/execute/nestfunc-5.c compilation,  -Os
UNRESOLVED: gcc.c-torture/execute/nestfunc-5.c execution,  -Os
FAIL: gcc.c-torture/execute/nestfunc-5.c compilation,  -O2 -flto
-flto-partition=none
UNRESOLVED: gcc.c-torture/execute/nestfunc-5.c execution,  -O2 -flto
-flto-partition=none
FAIL: gcc.c-torture/execute/nestfunc-5.c compilation,  -O2 -flto
UNRESOLVED: gcc.c-torture/execute/nestfunc-5.c execution,  -O2 -flto
FAIL: gcc.c-torture/execute/nestfunc-6.c compilation,  -O0
UNRESOLVED: gcc.c-torture/execute/nestfunc-6.c execution,  -O0
FAIL: gcc.c-torture/execute/nestfunc-6.c compilation,  -O1
UNRESOLVED: gcc.c-torture/execute/nestfunc-6.c execution,  -O1
FAIL: gcc.c-torture/execute/nestfunc-6.c compilation,  -O2
UNRESOLVED: gcc.c-torture/execute/nestfunc-6.c execution,  -O2
FAIL: gcc.c-torture/execute/nestfunc-6.c compilation,  -O3 -fomit-frame-pointer
UNRESOLVED: gcc.c-torture/execute/nestfunc-6.c execution,  -O3
-fomit-frame-pointer
FAIL: gcc.c-torture/execute/nestfunc-6.c compilation,  -O3 -g
UNRESOLVED: gcc.c-torture/execute/nestfunc-6.c execution,  -O3 -g
FAIL: gcc.c-torture/execute/nestfunc-6.c compilation,  -Os
UNRESOLVED: gcc.c-torture/execute/nestfunc-6.c execution,  -Os
FAIL: gcc.c-torture/execute/nestfunc-6.c compilation,  -O2 -flto
-flto-partition=none
UNRESOLVED: gcc.c-torture/execute/nestfunc-6.c execution,  -O2 -flto
-flto-partition=none
FAIL: gcc.c-torture/execute/nestfunc-6.c compilation,  -O2 -flto
UNRESOLVED: gcc.c-torture/execute/nestfunc-6.c execution,  -O2 -flto
FAIL: gcc.c-torture/execute/printf-1.c execution,  -O0
FAIL: gcc.c-torture/execute/printf-1.c execution,  -O1
FAIL: gcc.c-torture/execute/printf-1.c execution,  -O2
FAIL: gcc.c-torture/execute/printf-1.c execution,  -O3 -fomit-frame-pointer
FAIL: gcc.c-torture/execute/printf-1.c execution,  -O3 -g
FAIL: gcc.c-torture/execute/printf-1.c execution,  -Os
FAIL: gcc.c-torture/execute/printf-1.c execution,  -O2 -flto
-flto-partition=none
FAIL: gcc.c-torture/execute/printf-1.c execution,  -O2 -flto
FAIL: gcc.c-torture/execute/printf-chk-1.c execution,  -O0
FAIL: gcc.c-torture/execute/printf-chk-1.c execution,  -O1
FAIL: gcc.c-torture/execute/printf-chk-1.c execution,  -O2
FAIL: gcc.c-torture/execute/printf-chk-1.c execution,  -O3 -fomit-frame-pointer
FAIL: gcc.c-torture/execute/printf-chk-1.c execution,  -O3 -g
FAIL: gcc.c-torture/execute/printf-chk-1.c execution,  -Os
FAIL: gcc.c-torture/execute/printf-chk-1.c execution,  -O2 -flto
-flto-partition=none
FAIL: gcc.c-torture/execute/printf-chk-1.c execution,  -O2 -flto
FAIL: gcc.c-torture/execute/vfprintf-1.c execution,  -O0
FAIL: gcc.c-torture/execute/vfprintf-1.c execution,  -O1
FAIL: gcc.c-torture/execute/vfprintf-1.c execution,  -O2
FAIL: gcc.c-torture/execute/vfprintf-1.c execution,  -O3 -fomit-frame-pointer
FAIL: gcc.c-torture/execute/vfprintf-1.c execution,  -O3 -g
FAIL: gcc.c-torture/execute/vfprintf-1.c execution,  -Os
FAIL: gcc.c-torture/execute/vfprintf-1.c execution,  -O2 -flto
-flto-partition=none
FAIL: gcc.c-torture/execute/vfprintf-1.c execution,  -O2 -flto
FAIL: gcc.c-torture/execute/vfprintf-chk-1.c execution,  -O0
FAIL: gcc.c-torture/execute/vfprintf-chk-1.c execution,  -O1
FAIL: gcc.c-torture/execute/vfprintf-chk-1.c execution,  -O2
FAIL: gcc.c-torture/execute/vfprintf-chk-1.c execution,  -O3
-fomit-frame-pointer
FAIL: gcc.c-torture/execute/vfprintf-chk-1.c execution,  -O3 -g
FAIL: gcc.c-torture/execute/vfprintf-chk-1.c execution,  -Os
FAIL: gcc.c-torture/execute/vfprintf-chk-1.c execution,  -O2 -flto
-flto-partition=none
FAIL: gcc.c-torture/execute/vfprintf-chk-1.c execution,  -O2 -flto
FAIL: gcc.c-torture/execute/vprintf-1.c execution,  -O0
FAIL: gcc.c-torture/execute/vprintf-1.c execution,  -O1
FAIL: gcc.c-torture/execute/vprintf-1.c execution,  -O2
FAIL: gcc.c-torture/execute/vprintf-1.c execution,  -O3 -fomit-frame-pointer
FAIL: gcc.c-torture/execute/vprintf-1.c execution,  -O3 -g
FAIL: gcc.c-torture/execute/vprintf-1.c execution,  -Os
FAIL: gcc.c-torture/execute/vprintf-1.c execution,  -O2 -flto
-flto-partition=none
FAIL: gcc.c-torture/execute/vprintf-1.c execution,  -O2 -flto
FAIL: gcc.c-torture/execute/vprintf-chk-1.c execution,  -O0
FAIL: gcc.c-torture/execute/vprintf-chk-1.c execution,  -O1
FAIL: gcc.c-torture/execute/vprintf-chk-1.c execution,  -O2
FAIL: gcc.c-torture/execute/vprintf-chk-1.c execution,  -O3
-fomit-frame-pointer
FAIL: gcc.c-torture/execute/vprintf-chk-1.c execution,  -O3 -g
FAIL: gcc.c-torture/execute/vprintf-chk-1.c execution,  -Os
FAIL: gcc.c-torture/execute/vprintf-chk-1.c execution,  -O2 -flto
-flto-partition=none
FAIL: gcc.c-torture/execute/vprintf-chk-1.c execution,  -O2 -flto
FAIL: gcc.dg/20020312-2.c (test for excess errors)
FAIL: gcc.dg/20020425-1.c (internal compiler error)
FAIL: gcc.dg/20020425-1.c (test for excess errors)
FAIL: gcc.dg/20021014-1.c (test for excess errors)
XFAIL: gcc.dg/20030612-1.c  (test for warnings, line 13)
FAIL: gcc.dg/20051207-3.c  (test for errors, line 7)
XFAIL: gcc.dg/Wstrict-aliasing-float-ptr-int-obj.c  (test for warnings, line 14)
XFAIL: gcc.dg/Wstrict-aliasing-float-ptr-int-obj.c  (test for warnings, line 16)
XFAIL: gcc.dg/Wstrict-aliasing-float-ptr-int-obj.c  (test for warnings, line 19)
XFAIL: gcc.dg/Wstrict-overflow-18.c  (test for bogus messages, line 20)
XFAIL: gcc.dg/Wtype-limits-Wextra.c  (test for bogus messages, line 16)
XFAIL: gcc.dg/Wtype-limits-Wextra.c  (test for bogus messages, line 64)
XFAIL: gcc.dg/Wtype-limits.c  (test for bogus messages, line 16)
XFAIL: gcc.dg/Wtype-limits.c  (test for bogus messages, line 64)
XFAIL: gcc.dg/alias-8.c  (test for warnings, line 11)
FAIL: gcc.dg/c99-stdint-1.c (test for excess errors)
FAIL: gcc.dg/c99-stdint-2.c (test for excess errors)
FAIL: gcc.dg/c99-stdint-5.c (test for excess errors)
FAIL: gcc.dg/c99-stdint-7.c (test for excess errors)
FAIL: gcc.dg/c99-stdint-8.c (test for excess errors)
FAIL: gcc.dg/cleanup-12.c execution test
FAIL: gcc.dg/cleanup-13.c execution test
FAIL: gcc.dg/cleanup-5.c execution test
XFAIL: gcc.dg/declspec-18.c  (test for errors, line 28)
XFAIL: gcc.dg/declspec-18.c  (test for bogus messages, line 28)
XFAIL: gcc.dg/declspec-18.c  (test for bogus messages, line 28)
XFAIL: gcc.dg/declspec-18.c  (test for errors, line 38)
XFAIL: gcc.dg/declspec-18.c  (test for bogus messages, line 38)
XFAIL: gcc.dg/declspec-18.c  (test for bogus messages, line 38)
XFAIL: gcc.dg/declspec-18.c  (test for errors, line 49)
XFAIL: gcc.dg/declspec-18.c  (test for bogus messages, line 49)
XFAIL: gcc.dg/declspec-18.c  (test for bogus messages, line 49)
XFAIL: gcc.dg/declspec-18.c  (test for bogus messages, line 79)
FAIL: gcc.dg/intmax_t-1.c (test for excess errors)
FAIL: gcc.dg/nest.c (test for excess errors)
FAIL: gcc.dg/nested-func-4.c (test for excess errors)
XFAIL: gcc.dg/parm-forwdecl-1.c no parms (test for errors, line 18)
XFAIL: gcc.dg/parm-forwdecl-1.c no parms (test for errors, line 19)
XFAIL: gcc.dg/parm-forwdecl-1.c no parms (test for errors, line 20)
XFAIL: gcc.dg/parm-forwdecl-1.c no parms (test for errors, line 21)
XFAIL: gcc.dg/pr13519-1.c bogus error (test for bogus messages, line 17)
XFAIL: gcc.dg/pr13519-1.c correct error (test for errors, line 18)
XFAIL: gcc.dg/pr18501.c conditional in loop (test for warnings, line 12)
FAIL: gcc.dg/pr32450.c (test for excess errors)
XFAIL: gcc.dg/pr34263.c scan-tree-dump optimized "Cleaned-up latch
block of loop with single BB"
FAIL: gcc.dg/pr34457-1.c (test for excess errors)
XFAIL: gcc.dg/pr40172-3.c (test for excess errors)
FAIL: gcc.dg/pr43643.c (test for excess errors)
FAIL: gcc.dg/profile-generate-3.c (test for excess errors)
FAIL: gcc.dg/stack-usage-1.c (test for excess errors)
FAIL: gcc.dg/stack-usage-1.c scan-file foo\t(256|264)\tstatic
FAIL: gcc.dg/trampoline-1.c (test for excess errors)
XFAIL: gcc.dg/uninit-11-O0.c conditional (test for warnings, line 20)
XFAIL: gcc.dg/uninit-13-O0.c unconditional (test for warnings, line 8)
XFAIL: gcc.dg/uninit-15-O0.c  (test for warnings, line 9)
XFAIL: gcc.dg/uninit-15-O0.c  (test for warnings, line 17)
XFAIL: gcc.dg/uninit-15.c  (test for warnings, line 13)
XFAIL: gcc.dg/uninit-15.c  (test for warnings, line 23)
XFAIL: gcc.dg/uninit-6-O0.c uninitialized variable warning (test for
bogus messages, line 42)
XFAIL: gcc.dg/uninit-B-O0.c uninit i warning (test for warnings, line 12)
XFAIL: gcc.dg/uninit-B.c uninit i warning (test for warnings, line 12)
XFAIL: gcc.dg/uninit-I-O0.c  (test for warnings, line 6)
XFAIL: gcc.dg/uninit-I.c  (test for warnings, line 6)
XFAIL: gcc.dg/uninit-pr19430-O0.c uninitialized (test for warnings, line 9)
XFAIL: gcc.dg/uninit-pr19430-O0.c uninitialized (test for warnings, line 21)
XFAIL: gcc.dg/uninit-pr19430-O0.c uninitialized (test for warnings, line 32)
XFAIL: gcc.dg/uninit-pr19430-O0.c uninitialized (test for warnings, line 41)
XFAIL: gcc.dg/uninit-pr19430.c uninitialized (test for warnings, line 8)
XFAIL: gcc.dg/uninit-pr19430.c  (test for warnings, line 32)
XFAIL: gcc.dg/uninit-pr19430.c uninitialized (test for warnings, line 41)
XFAIL: gcc.dg/uninit-pr20644-O0.c uninitialized (test for bogus
messages, line 10)
FAIL: gcc.dg/unwind-1.c (test for excess errors)
FAIL: gcc.dg/visibility-14.c scan-hidden hidden[ \t_]*foo
FAIL: gcc.dg/visibility-15.c scan-hidden hidden[ \t_]*foo
FAIL: gcc.dg/visibility-16.c scan-hidden hidden[ \t_]*foo
FAIL: gcc.dg/visibility-17.c scan-hidden hidden[ \t_]*foo
FAIL: gcc.dg/visibility-18.c scan-hidden hidden[ \t_]*foo
FAIL: gcc.dg/visibility-19.c scan-hidden hidden[ \t_]*foo
XFAIL: gcc.dg/wtr-union-init-3.c initialization of unions (test for
bogus messages, line 44)
XFAIL: gcc.dg/wtr-union-init-3.c initialization of unions (test for
bogus messages, line 47)
XFAIL: c-c++-common/raw-string-7.c  -Wc++-compat   (test for bogus
messages, line 8)
XFAIL: c-c++-common/raw-string-7.c  -Wc++-compat   (test for bogus
messages, line 13)
XFAIL: c-c++-common/raw-string-7.c  -Wc++-compat  execution test
XFAIL: gcc.dg/ipa/ipa-pta-13.c scan-ipa-dump pta
"local_address_taken.arg0 = { ESCAPED NONLOCAL y x }"
XFAIL: gcc.dg/ipa/ipa-pta-13.c scan-ipa-dump pta
"local_address_taken.clobber = { ESCAPED NONLOCAL y x }"
XFAIL: gcc.dg/ipa/ipa-pta-13.c scan-ipa-dump pta "local_address_taken.use = { }"
XFAIL: gcc.dg/ipa/ipa-pta-14.c scan-ipa-dump pta "foo.result = { NULL
a[^ ]* c[^ ]* }"
FAIL: gcc.dg/matrix/transpose-1.c compilation,  -fprofile-generate -O3
UNRESOLVED: gcc.dg/matrix/transpose-1.c execution,    -fprofile-generate -O3
UNRESOLVED: gcc.dg/matrix/transpose-1.c compilation,  -fprofile-use
-fipa-matrix-reorg -fdump-ipa-matrix-reorg -O3 -fwhole-program
UNRESOLVED: gcc.dg/matrix/transpose-1.c execution,    -fprofile-use
-fipa-matrix-reorg -fdump-ipa-matrix-reorg -O3 -fwhole-program
FAIL: gcc.dg/matrix/transpose-2.c compilation,  -fprofile-generate -O3
UNRESOLVED: gcc.dg/matrix/transpose-2.c execution,    -fprofile-generate -O3
UNRESOLVED: gcc.dg/matrix/transpose-2.c compilation,  -fprofile-use
-fipa-matrix-reorg -fdump-ipa-matrix-reorg -O3 -fwhole-program
UNRESOLVED: gcc.dg/matrix/transpose-2.c execution,    -fprofile-use
-fipa-matrix-reorg -fdump-ipa-matrix-reorg -O3 -fwhole-program
FAIL: gcc.dg/matrix/transpose-3.c compilation,  -fprofile-generate -O3
UNRESOLVED: gcc.dg/matrix/transpose-3.c execution,    -fprofile-generate -O3
UNRESOLVED: gcc.dg/matrix/transpose-3.c compilation,  -fprofile-use
-fipa-matrix-reorg -fdump-ipa-matrix-reorg -O3 -fwhole-program
UNRESOLVED: gcc.dg/matrix/transpose-3.c execution,    -fprofile-use
-fipa-matrix-reorg -fdump-ipa-matrix-reorg -O3 -fwhole-program
FAIL: gcc.dg/matrix/transpose-4.c compilation,  -fprofile-generate -O3
UNRESOLVED: gcc.dg/matrix/transpose-4.c execution,    -fprofile-generate -O3
UNRESOLVED: gcc.dg/matrix/transpose-4.c compilation,  -fprofile-use
-fipa-matrix-reorg -fdump-ipa-matrix-reorg -O3 -fwhole-program
UNRESOLVED: gcc.dg/matrix/transpose-4.c execution,    -fprofile-use
-fipa-matrix-reorg -fdump-ipa-matrix-reorg -O3 -fwhole-program
FAIL: gcc.dg/matrix/transpose-5.c compilation,  -fprofile-generate -O3
UNRESOLVED: gcc.dg/matrix/transpose-5.c execution,    -fprofile-generate -O3
UNRESOLVED: gcc.dg/matrix/transpose-5.c compilation,  -fprofile-use
-fipa-matrix-reorg -fdump-ipa-matrix-reorg -O3 -fwhole-program
UNRESOLVED: gcc.dg/matrix/transpose-5.c execution,    -fprofile-use
-fipa-matrix-reorg -fdump-ipa-matrix-reorg -O3 -fwhole-program
FAIL: gcc.dg/matrix/transpose-6.c compilation,  -fprofile-generate -O3
UNRESOLVED: gcc.dg/matrix/transpose-6.c execution,    -fprofile-generate -O3
UNRESOLVED: gcc.dg/matrix/transpose-6.c compilation,  -fprofile-use
-fipa-matrix-reorg -fdump-ipa-matrix-reorg -O3 -fwhole-program
UNRESOLVED: gcc.dg/matrix/transpose-6.c execution,    -fprofile-use
-fipa-matrix-reorg -fdump-ipa-matrix-reorg -O3 -fwhole-program
XFAIL: gcc.dg/struct/wo_prof_array_field.c scan-ipa-dump
ipa_struct_reorg "Number of structures to transform is 1"
XFAIL: gcc.dg/struct/wo_prof_array_through_pointer.c scan-ipa-dump
ipa_struct_reorg "Number of structures to transform is 1"
XFAIL: gcc.dg/struct/wo_prof_double_malloc.c scan-ipa-dump
ipa_struct_reorg "Number of structures to transform is 1"
XFAIL: gcc.dg/struct/wo_prof_empty_str.c scan-ipa-dump
ipa_struct_reorg "No structures to transform"
XFAIL: gcc.dg/struct/wo_prof_escape_arg_to_local.c scan-ipa-dump
ipa_struct_reorg "is passed to local function...Excluded."
XFAIL: gcc.dg/struct/wo_prof_escape_return.c scan-ipa-dump
ipa_struct_reorg "is return type of function...Excluded"
XFAIL: gcc.dg/struct/wo_prof_escape_str_init.c scan-ipa-dump
ipa_struct_reorg "is initialized...Excluded"
XFAIL: gcc.dg/struct/wo_prof_escape_substr_array.c scan-ipa-dump
ipa_struct_reorg "is a field in the structure"
XFAIL: gcc.dg/struct/wo_prof_escape_substr_pointer.c scan-ipa-dump
ipa_struct_reorg "is a field in the structure"
XFAIL: gcc.dg/struct/wo_prof_escape_substr_value.c scan-ipa-dump
ipa_struct_reorg "is a field in the structure"
XFAIL: gcc.dg/struct/wo_prof_global_array.c scan-ipa-dump
ipa_struct_reorg "Number of structures to transform is 1"
XFAIL: gcc.dg/struct/wo_prof_global_var.c scan-ipa-dump
ipa_struct_reorg "Number of structures to transform is 1"
XFAIL: gcc.dg/struct/wo_prof_local_array.c scan-ipa-dump
ipa_struct_reorg "Number of structures to transform is 1"
XFAIL: gcc.dg/struct/wo_prof_local_var.c scan-ipa-dump
ipa_struct_reorg "Number of structures to transform is 1"
XFAIL: gcc.dg/struct/wo_prof_malloc_size_var.c scan-ipa-dump
ipa_struct_reorg "Number of structures to transform is 1"
XFAIL: gcc.dg/struct/wo_prof_mult_field_peeling.c scan-ipa-dump
ipa_struct_reorg "the number of new types is 2"
XFAIL: gcc.dg/struct/wo_prof_single_str_global.c scan-ipa-dump
ipa_struct_reorg "Number of structures to transform is 1"
XFAIL: gcc.dg/struct/wo_prof_single_str_local.c scan-ipa-dump
ipa_struct_reorg "No structures to transform"
XFAIL: gcc.dg/struct/wo_prof_single_str_pointer.c scan-ipa-dump
ipa_struct_reorg "Number of structures to transform is 1"
XFAIL: gcc.dg/struct/wo_prof_two_strs.c scan-ipa-dump ipa_struct_reorg
"Number of structures to transform is 2"
FAIL: gcc.dg/struct/w_prof_global_array.c compilation,  -O3
-fwhole-program -fprofile-generate
UNRESOLVED: gcc.dg/struct/w_prof_global_array.c execution,    -O3
-fwhole-program -fprofile-generate
UNRESOLVED: gcc.dg/struct/w_prof_global_array.c compilation,  -O3
-fwhole-program -fprofile-use -fipa-struct-reorg -fdump-ipa-all
UNRESOLVED: gcc.dg/struct/w_prof_global_array.c execution,    -O3
-fwhole-program -fprofile-use -fipa-struct-reorg -fdump-ipa-all
FAIL: gcc.dg/struct/w_prof_global_var.c compilation,  -O3
-fwhole-program -fprofile-generate
UNRESOLVED: gcc.dg/struct/w_prof_global_var.c execution,    -O3
-fwhole-program -fprofile-generate
UNRESOLVED: gcc.dg/struct/w_prof_global_var.c compilation,  -O3
-fwhole-program -fprofile-use -fipa-struct-reorg -fdump-ipa-all
UNRESOLVED: gcc.dg/struct/w_prof_global_var.c execution,    -O3
-fwhole-program -fprofile-use -fipa-struct-reorg -fdump-ipa-all
FAIL: gcc.dg/struct/w_prof_local_array.c compilation,  -O3
-fwhole-program -fprofile-generate
UNRESOLVED: gcc.dg/struct/w_prof_local_array.c execution,    -O3
-fwhole-program -fprofile-generate
UNRESOLVED: gcc.dg/struct/w_prof_local_array.c compilation,  -O3
-fwhole-program -fprofile-use -fipa-struct-reorg -fdump-ipa-all
UNRESOLVED: gcc.dg/struct/w_prof_local_array.c execution,    -O3
-fwhole-program -fprofile-use -fipa-struct-reorg -fdump-ipa-all
FAIL: gcc.dg/struct/w_prof_local_var.c compilation,  -O3
-fwhole-program -fprofile-generate
UNRESOLVED: gcc.dg/struct/w_prof_local_var.c execution,    -O3
-fwhole-program -fprofile-generate
UNRESOLVED: gcc.dg/struct/w_prof_local_var.c compilation,  -O3
-fwhole-program -fprofile-use -fipa-struct-reorg -fdump-ipa-all
UNRESOLVED: gcc.dg/struct/w_prof_local_var.c execution,    -O3
-fwhole-program -fprofile-use -fipa-struct-reorg -fdump-ipa-all
FAIL: gcc.dg/struct/w_prof_single_str_global.c compilation,  -O3
-fwhole-program -fprofile-generate
UNRESOLVED: gcc.dg/struct/w_prof_single_str_global.c execution,    -O3
-fwhole-program -fprofile-generate
UNRESOLVED: gcc.dg/struct/w_prof_single_str_global.c compilation,  -O3
-fwhole-program -fprofile-use -fipa-struct-reorg -fdump-ipa-all
UNRESOLVED: gcc.dg/struct/w_prof_single_str_global.c execution,    -O3
-fwhole-program -fprofile-use -fipa-struct-reorg -fdump-ipa-all
FAIL: gcc.dg/struct/w_prof_two_strs.c compilation,  -O3
-fwhole-program -fprofile-generate
UNRESOLVED: gcc.dg/struct/w_prof_two_strs.c execution,    -O3
-fwhole-program -fprofile-generate
UNRESOLVED: gcc.dg/struct/w_prof_two_strs.c compilation,  -O3
-fwhole-program -fprofile-use -fipa-struct-reorg -fdump-ipa-all
UNRESOLVED: gcc.dg/struct/w_prof_two_strs.c execution,    -O3
-fwhole-program -fprofile-use -fipa-struct-reorg -fdump-ipa-all
FAIL: gcc.dg/struct/w_ratio_cold_str.c compilation,  -O3
-fwhole-program -fprofile-generate
UNRESOLVED: gcc.dg/struct/w_ratio_cold_str.c execution,    -O3
-fwhole-program -fprofile-generate
UNRESOLVED: gcc.dg/struct/w_ratio_cold_str.c compilation,  -O3
-fwhole-program -fprofile-use -fipa-struct-reorg -fdump-ipa-all
--param struct-reorg-cold-struct-ratio=30
UNRESOLVED: gcc.dg/struct/w_ratio_cold_str.c execution,    -O3
-fwhole-program -fprofile-use -fipa-struct-reorg -fdump-ipa-all
--param struct-reorg-cold-struct-ratio=30
FAIL: gcc.dg/torture/pr41555.c  -O0  (test for excess errors)
FAIL: gcc.dg/torture/pr41555.c  -O1  (test for excess errors)
FAIL: gcc.dg/torture/pr41555.c  -O2  (test for excess errors)
FAIL: gcc.dg/torture/pr41555.c  -O3 -fomit-frame-pointer  (test for
excess errors)
FAIL: gcc.dg/torture/pr41555.c  -O3 -fomit-frame-pointer
-funroll-loops  (test for excess errors)
FAIL: gcc.dg/torture/pr41555.c  -O3 -fomit-frame-pointer
-funroll-all-loops -finline-functions  (test for excess errors)
FAIL: gcc.dg/torture/pr41555.c  -O3 -g  (test for excess errors)
FAIL: gcc.dg/torture/pr41555.c  -Os  (test for excess errors)
FAIL: gcc.dg/torture/pr41555.c  -O2 -flto -flto-partition=none  (test
for excess errors)
FAIL: gcc.dg/torture/pr41555.c  -O2 -flto  (test for excess errors)
FAIL: gcc.dg/torture/pr44806.c  -O0  (test for excess errors)
FAIL: gcc.dg/torture/pr44806.c  -O1  (test for excess errors)
FAIL: gcc.dg/torture/pr44806.c  -O2  (test for excess errors)
FAIL: gcc.dg/torture/pr44806.c  -O3 -fomit-frame-pointer  (test for
excess errors)
FAIL: gcc.dg/torture/pr44806.c  -O3 -g  (test for excess errors)
FAIL: gcc.dg/torture/pr44806.c  -Os  (test for excess errors)
FAIL: gcc.dg/torture/pr44806.c  -O2 -flto -flto-partition=none  (test
for excess errors)
FAIL: gcc.dg/torture/pr44806.c  -O2 -flto  (test for excess errors)
FAIL: gcc.dg/torture/pr45623.c  -O0  (test for excess errors)
FAIL: gcc.dg/torture/pr45623.c  -O1  (test for excess errors)
FAIL: gcc.dg/torture/pr45623.c  -O2  (test for excess errors)
FAIL: gcc.dg/torture/pr45623.c  -O3 -fomit-frame-pointer  (test for
excess errors)
FAIL: gcc.dg/torture/pr45623.c  -O3 -g  (test for excess errors)
FAIL: gcc.dg/torture/pr45623.c  -Os  (test for excess errors)
FAIL: gcc.dg/torture/pr45623.c  -O2 -flto -flto-partition=none  (test
for excess errors)
FAIL: gcc.dg/torture/pr45623.c  -O2 -flto  (test for excess errors)
FAIL: gcc.dg/torture/stackalign/nested-5.c  -O0  (test for excess errors)
FAIL: gcc.dg/torture/stackalign/nested-5.c  -O1  (test for excess errors)
FAIL: gcc.dg/torture/stackalign/nested-5.c  -O2  (test for excess errors)
FAIL: gcc.dg/torture/stackalign/nested-5.c  -O3 -fomit-frame-pointer
(test for excess errors)
FAIL: gcc.dg/torture/stackalign/nested-5.c  -O3 -g  (test for excess errors)
FAIL: gcc.dg/torture/stackalign/nested-5.c  -Os  (test for excess errors)
FAIL: gcc.dg/torture/stackalign/nested-5.c  -O2 -flto
-flto-partition=none  (test for excess errors)
FAIL: gcc.dg/torture/stackalign/nested-5.c  -O2 -flto  (test for excess errors)
FAIL: gcc.dg/torture/stackalign/nested-6.c  -O0  (test for excess errors)
FAIL: gcc.dg/torture/stackalign/nested-6.c  -O1  (test for excess errors)
FAIL: gcc.dg/torture/stackalign/nested-6.c  -O2  (test for excess errors)
FAIL: gcc.dg/torture/stackalign/nested-6.c  -O3 -fomit-frame-pointer
(test for excess errors)
FAIL: gcc.dg/torture/stackalign/nested-6.c  -O3 -g  (test for excess errors)
FAIL: gcc.dg/torture/stackalign/nested-6.c  -Os  (test for excess errors)
FAIL: gcc.dg/torture/stackalign/nested-6.c  -O2 -flto
-flto-partition=none  (test for excess errors)
FAIL: gcc.dg/torture/stackalign/nested-6.c  -O2 -flto  (test for excess errors)
FAIL: gcc.dg/torture/stackalign/nested-5.c  -O0  (test for excess errors)
FAIL: gcc.dg/torture/stackalign/nested-5.c  -O1  (test for excess errors)
FAIL: gcc.dg/torture/stackalign/nested-5.c  -O2  (test for excess errors)
FAIL: gcc.dg/torture/stackalign/nested-5.c  -O3 -fomit-frame-pointer
(test for excess errors)
FAIL: gcc.dg/torture/stackalign/nested-5.c  -O3 -g  (test for excess errors)
FAIL: gcc.dg/torture/stackalign/nested-5.c  -Os  (test for excess errors)
FAIL: gcc.dg/torture/stackalign/nested-5.c  -O2 -flto
-flto-partition=none  (test for excess errors)
FAIL: gcc.dg/torture/stackalign/nested-5.c  -O2 -flto  (test for excess errors)
FAIL: gcc.dg/torture/stackalign/nested-6.c  -O0  (test for excess errors)
FAIL: gcc.dg/torture/stackalign/nested-6.c  -O1  (test for excess errors)
FAIL: gcc.dg/torture/stackalign/nested-6.c  -O2  (test for excess errors)
FAIL: gcc.dg/torture/stackalign/nested-6.c  -O3 -fomit-frame-pointer
(test for excess errors)
FAIL: gcc.dg/torture/stackalign/nested-6.c  -O3 -g  (test for excess errors)
FAIL: gcc.dg/torture/stackalign/nested-6.c  -Os  (test for excess errors)
FAIL: gcc.dg/torture/stackalign/nested-6.c  -O2 -flto
-flto-partition=none  (test for excess errors)
FAIL: gcc.dg/torture/stackalign/nested-6.c  -O2 -flto  (test for excess errors)
FAIL: gcc.dg/tree-prof/bb-reorg.c compilation,  -fprofile-generate
-D_PROFILE_GENERATE
UNRESOLVED: gcc.dg/tree-prof/bb-reorg.c execution,
-fprofile-generate -D_PROFILE_GENERATE
UNRESOLVED: gcc.dg/tree-prof/bb-reorg.c compilation,  -fprofile-use
-D_PROFILE_USE
UNRESOLVED: gcc.dg/tree-prof/bb-reorg.c execution,    -fprofile-use
-D_PROFILE_USE
FAIL: gcc.dg/tree-prof/ic-misattribution-1.c compilation,
-fprofile-generate -D_PROFILE_GENERATE
UNRESOLVED: gcc.dg/tree-prof/ic-misattribution-1.c execution,
-fprofile-generate -D_PROFILE_GENERATE
UNRESOLVED: gcc.dg/tree-prof/ic-misattribution-1.c compilation,
-fprofile-use -D_PROFILE_USE
UNRESOLVED: gcc.dg/tree-prof/ic-misattribution-1.c execution,
-fprofile-use -D_PROFILE_USE
FAIL: gcc.dg/tree-prof/ic-misattribution-1a.c compilation,
-fprofile-generate -D_PROFILE_GENERATE
UNRESOLVED: gcc.dg/tree-prof/ic-misattribution-1a.c execution,
-fprofile-generate -D_PROFILE_GENERATE
UNRESOLVED: gcc.dg/tree-prof/ic-misattribution-1a.c compilation,
-fprofile-use -D_PROFILE_USE
UNRESOLVED: gcc.dg/tree-prof/ic-misattribution-1a.c execution,
-fprofile-use -D_PROFILE_USE
FAIL: gcc.dg/tree-prof/indir-call-prof.c compilation,
-fprofile-generate -D_PROFILE_GENERATE
UNRESOLVED: gcc.dg/tree-prof/indir-call-prof.c execution,
-fprofile-generate -D_PROFILE_GENERATE
UNRESOLVED: gcc.dg/tree-prof/indir-call-prof.c compilation,
-fprofile-use -D_PROFILE_USE
UNRESOLVED: gcc.dg/tree-prof/indir-call-prof.c execution,
-fprofile-use -D_PROFILE_USE
FAIL: gcc.dg/tree-prof/inliner-1.c compilation,  -fprofile-generate
-D_PROFILE_GENERATE
UNRESOLVED: gcc.dg/tree-prof/inliner-1.c execution,
-fprofile-generate -D_PROFILE_GENERATE
UNRESOLVED: gcc.dg/tree-prof/inliner-1.c compilation,  -fprofile-use
-D_PROFILE_USE
UNRESOLVED: gcc.dg/tree-prof/inliner-1.c execution,    -fprofile-use
-D_PROFILE_USE
FAIL: gcc.dg/tree-prof/pr34999.c compilation,  -fprofile-generate
-D_PROFILE_GENERATE
UNRESOLVED: gcc.dg/tree-prof/pr34999.c execution,
-fprofile-generate -D_PROFILE_GENERATE
UNRESOLVED: gcc.dg/tree-prof/pr34999.c compilation,  -fprofile-use
-D_PROFILE_USE
UNRESOLVED: gcc.dg/tree-prof/pr34999.c execution,    -fprofile-use
-D_PROFILE_USE
FAIL: gcc.dg/tree-prof/pr45354.c compilation,  -fprofile-generate
-D_PROFILE_GENERATE
UNRESOLVED: gcc.dg/tree-prof/pr45354.c execution,
-fprofile-generate -D_PROFILE_GENERATE
UNRESOLVED: gcc.dg/tree-prof/pr45354.c compilation,  -fprofile-use
-D_PROFILE_USE
UNRESOLVED: gcc.dg/tree-prof/pr45354.c execution,    -fprofile-use
-D_PROFILE_USE
FAIL: gcc.dg/tree-prof/pr47187.c compilation,  -fprofile-generate
-D_PROFILE_GENERATE
UNRESOLVED: gcc.dg/tree-prof/pr47187.c execution,
-fprofile-generate -D_PROFILE_GENERATE
UNRESOLVED: gcc.dg/tree-prof/pr47187.c compilation,  -fprofile-use
-D_PROFILE_USE
UNRESOLVED: gcc.dg/tree-prof/pr47187.c execution,    -fprofile-use
-D_PROFILE_USE
FAIL: gcc.dg/tree-prof/stringop-1.c compilation,  -fprofile-generate
-D_PROFILE_GENERATE
UNRESOLVED: gcc.dg/tree-prof/stringop-1.c execution,
-fprofile-generate -D_PROFILE_GENERATE
UNRESOLVED: gcc.dg/tree-prof/stringop-1.c compilation,  -fprofile-use
-D_PROFILE_USE
UNRESOLVED: gcc.dg/tree-prof/stringop-1.c execution,    -fprofile-use
-D_PROFILE_USE
FAIL: gcc.dg/tree-prof/stringop-2.c compilation,  -fprofile-generate
-D_PROFILE_GENERATE
UNRESOLVED: gcc.dg/tree-prof/stringop-2.c execution,
-fprofile-generate -D_PROFILE_GENERATE
UNRESOLVED: gcc.dg/tree-prof/stringop-2.c compilation,  -fprofile-use
-D_PROFILE_USE
UNRESOLVED: gcc.dg/tree-prof/stringop-2.c execution,    -fprofile-use
-D_PROFILE_USE
FAIL: gcc.dg/tree-prof/tracer-1.c compilation,  -fprofile-generate
-D_PROFILE_GENERATE
UNRESOLVED: gcc.dg/tree-prof/tracer-1.c execution,
-fprofile-generate -D_PROFILE_GENERATE
UNRESOLVED: gcc.dg/tree-prof/tracer-1.c compilation,  -fprofile-use
-D_PROFILE_USE
UNRESOLVED: gcc.dg/tree-prof/tracer-1.c execution,    -fprofile-use
-D_PROFILE_USE
FAIL: gcc.dg/tree-prof/update-cunroll-2.c compilation,
-fprofile-generate -D_PROFILE_GENERATE
UNRESOLVED: gcc.dg/tree-prof/update-cunroll-2.c execution,
-fprofile-generate -D_PROFILE_GENERATE
UNRESOLVED: gcc.dg/tree-prof/update-cunroll-2.c compilation,
-fprofile-use -D_PROFILE_USE
UNRESOLVED: gcc.dg/tree-prof/update-cunroll-2.c execution,
-fprofile-use -D_PROFILE_USE
FAIL: gcc.dg/tree-prof/update-loopch.c compilation,
-fprofile-generate -D_PROFILE_GENERATE
UNRESOLVED: gcc.dg/tree-prof/update-loopch.c execution,
-fprofile-generate -D_PROFILE_GENERATE
UNRESOLVED: gcc.dg/tree-prof/update-loopch.c compilation,
-fprofile-use -D_PROFILE_USE
UNRESOLVED: gcc.dg/tree-prof/update-loopch.c execution,
-fprofile-use -D_PROFILE_USE
FAIL: gcc.dg/tree-prof/update-tailcall.c compilation,
-fprofile-generate -D_PROFILE_GENERATE
UNRESOLVED: gcc.dg/tree-prof/update-tailcall.c execution,
-fprofile-generate -D_PROFILE_GENERATE
UNRESOLVED: gcc.dg/tree-prof/update-tailcall.c compilation,
-fprofile-use -D_PROFILE_USE
UNRESOLVED: gcc.dg/tree-prof/update-tailcall.c execution,
-fprofile-use -D_PROFILE_USE
FAIL: gcc.dg/tree-prof/val-prof-1.c compilation,  -fprofile-generate
-D_PROFILE_GENERATE
UNRESOLVED: gcc.dg/tree-prof/val-prof-1.c execution,
-fprofile-generate -D_PROFILE_GENERATE
UNRESOLVED: gcc.dg/tree-prof/val-prof-1.c compilation,  -fprofile-use
-D_PROFILE_USE
UNRESOLVED: gcc.dg/tree-prof/val-prof-1.c execution,    -fprofile-use
-D_PROFILE_USE
FAIL: gcc.dg/tree-prof/val-prof-2.c compilation,  -fprofile-generate
-D_PROFILE_GENERATE
UNRESOLVED: gcc.dg/tree-prof/val-prof-2.c execution,
-fprofile-generate -D_PROFILE_GENERATE
UNRESOLVED: gcc.dg/tree-prof/val-prof-2.c compilation,  -fprofile-use
-D_PROFILE_USE
UNRESOLVED: gcc.dg/tree-prof/val-prof-2.c execution,    -fprofile-use
-D_PROFILE_USE
FAIL: gcc.dg/tree-prof/val-prof-3.c compilation,  -fprofile-generate
-D_PROFILE_GENERATE
UNRESOLVED: gcc.dg/tree-prof/val-prof-3.c execution,
-fprofile-generate -D_PROFILE_GENERATE
UNRESOLVED: gcc.dg/tree-prof/val-prof-3.c compilation,  -fprofile-use
-D_PROFILE_USE
UNRESOLVED: gcc.dg/tree-prof/val-prof-3.c execution,    -fprofile-use
-D_PROFILE_USE
FAIL: gcc.dg/tree-prof/val-prof-4.c compilation,  -fprofile-generate
-D_PROFILE_GENERATE
UNRESOLVED: gcc.dg/tree-prof/val-prof-4.c execution,
-fprofile-generate -D_PROFILE_GENERATE
UNRESOLVED: gcc.dg/tree-prof/val-prof-4.c compilation,  -fprofile-use
-D_PROFILE_USE
UNRESOLVED: gcc.dg/tree-prof/val-prof-4.c execution,    -fprofile-use
-D_PROFILE_USE
FAIL: gcc.dg/tree-prof/val-prof-5.c compilation,  -fprofile-generate
-D_PROFILE_GENERATE
UNRESOLVED: gcc.dg/tree-prof/val-prof-5.c execution,
-fprofile-generate -D_PROFILE_GENERATE
UNRESOLVED: gcc.dg/tree-prof/val-prof-5.c compilation,  -fprofile-use
-D_PROFILE_USE
UNRESOLVED: gcc.dg/tree-prof/val-prof-5.c execution,    -fprofile-use
-D_PROFILE_USE
FAIL: gcc.dg/tree-prof/val-prof-6.c compilation,  -fprofile-generate
-D_PROFILE_GENERATE
UNRESOLVED: gcc.dg/tree-prof/val-prof-6.c execution,
-fprofile-generate -D_PROFILE_GENERATE
UNRESOLVED: gcc.dg/tree-prof/val-prof-6.c compilation,  -fprofile-use
-D_PROFILE_USE
UNRESOLVED: gcc.dg/tree-prof/val-prof-6.c execution,    -fprofile-use
-D_PROFILE_USE
FAIL: gcc.dg/tree-prof/wcoverage-mismatch.c compilation,
-fprofile-generate -D_PROFILE_GENERATE
UNRESOLVED: gcc.dg/tree-prof/wcoverage-mismatch.c execution,
-fprofile-generate -D_PROFILE_GENERATE
UNRESOLVED: gcc.dg/tree-prof/wcoverage-mismatch.c compilation,
-fprofile-use -D_PROFILE_USE
UNRESOLVED: gcc.dg/tree-prof/wcoverage-mismatch.c execution,
-fprofile-use -D_PROFILE_USE
XFAIL: gcc.dg/tree-ssa/20030731-1.c scan-tree-dump-times dom2 "target.*!= 0" 0
XFAIL: gcc.dg/tree-ssa/20030807-7.c scan-tree-dump-times vrp1 "if " 1
XFAIL: gcc.dg/tree-ssa/20030814-6.c scan-tree-dump-times dom2 "common.code" 1
XFAIL: gcc.dg/tree-ssa/20031106-5.c scan-tree-dump-times optimized
"link_error" 0
XFAIL: gcc.dg/tree-ssa/20031106-6.c scan-tree-dump-times optimized
"temp_struct" 0
XFAIL: gcc.dg/tree-ssa/complex-4.c scan-tree-dump-times optimized
"__complex__" 0
XFAIL: gcc.dg/tree-ssa/complex-5.c scan-tree-dump-times optimized
"__complex__" 0
XFAIL: gcc.dg/tree-ssa/foldaddr-1.c scan-tree-dump-times original "return 0" 1
XFAIL: gcc.dg/tree-ssa/forwprop-11.c scan-tree-dump-times forwprop1 "=
\(\*a_..\)\[1\];" 2
XFAIL: gcc.dg/tree-ssa/forwprop-12.c scan-tree-dump-times forwprop1 "->a\[D\." 2
XFAIL: gcc.dg/tree-ssa/forwprop-6.c scan-tree-dump-times forwprop1
"VIEW_CONVERT_EXPR" 1
XFAIL: gcc.dg/tree-ssa/ldist-5.c scan-tree-dump-times ldist
"distributed: split to 2 loops" 1
XFAIL: gcc.dg/tree-ssa/loadpre18.c scan-tree-dump-times pre "Eliminated: 1" 1
XFAIL: gcc.dg/tree-ssa/loop-25.c scan-tree-dump-times profile "Found
latch edge" 5
XFAIL: gcc.dg/tree-ssa/loop-25.c scan-tree-dump-times profile "Merged
latch edges" 2
XFAIL: gcc.dg/tree-ssa/loop-25.c scan-tree-dump-times profile "4 loops found" 2
XFAIL: gcc.dg/tree-ssa/loop-25.c scan-tree-dump-times profile "3 loops found" 2
XFAIL: gcc.dg/tree-ssa/loop-25.c scan-tree-dump-times profile "2 loops found" 1
FAIL: gcc.dg/tree-ssa/pr36881.c scan-assembler-not CSWTCH
FAIL: gcc.dg/tree-ssa/pr36881.c scan-tree-dump switchconv "need
runtime relocations"
XFAIL: gcc.dg/tree-ssa/pr37508.c scan-tree-dump-times vrp1 "Folding" 4
FAIL: gcc.dg/tree-ssa/pr42585.c scan-tree-dump-times optimized "struct
_fat_ptr _ans" 0
FAIL: gcc.dg/tree-ssa/pr42585.c scan-tree-dump-times optimized "struct
_fat_ptr _T2" 0
XFAIL: gcc.dg/tree-ssa/reassoc-1.c scan-tree-dump-times optimized
"b.._. \+ a.._." 1
XFAIL: gcc.dg/tree-ssa/reassoc-1.c scan-tree-dump-times optimized " \+ " 2
XFAIL: gcc.dg/tree-ssa/reassoc-2.c scan-tree-dump-times optimized "return 0" 1
XFAIL: gcc.dg/tree-ssa/reassoc-6.c scan-tree-dump-times reassoc1 "\+ 8" 1
XFAIL: gcc.dg/tree-ssa/reassoc-9.c scan-tree-dump-times reassoc1 "= 20" 1
XFAIL: gcc.dg/tree-ssa/recip-5.c scan-tree-dump-times optimized " / " 2
XFAIL: gcc.dg/tree-ssa/sra-2.c scan-tree-dump-times optimized "link_error" 0
XFAIL: gcc.dg/tree-ssa/ssa-ccp-14.c scan-tree-dump-times optimized "if" 0
XFAIL: gcc.dg/tree-ssa/ssa-ccp-3.c scan-tree-dump-times ccp2 "link_error" 0
XFAIL: gcc.dg/tree-ssa/ssa-dce-3.c scan-tree-dump-times cddce1 "PHI " 1
XFAIL: gcc.dg/tree-ssa/ssa-dse-5.c scan-tree-dump-times optimized "i = 5" 1
XFAIL: gcc.dg/tree-ssa/ssa-dse-5.c scan-tree-dump-times optimized "<L.*>:;[
XFAIL: gcc.dg/tree-ssa/ssa-dse-9.c scan-tree-dump-times dse1 "VDEF" 2
XFAIL: gcc.dg/tree-ssa/ssa-fre-10.c scan-tree-dump pre "Insertions: 2"
XFAIL: gcc.dg/tree-ssa/ssa-pre-2.c scan-tree-dump-times pre "Eliminated: 2" 1
XFAIL: gcc.dg/tree-ssa/ssa-pre-27.c scan-tree-dump-times pre "# prephitmp" 2
XFAIL: gcc.dg/tree-ssa/vrp47.c scan-tree-dump-times vrp1 "x[^ ]* & y" 1
FAIL: gcc.misc-tests/bprob-1.c execution: file bprob-1.gcda does not
exist,  -fprofile-arcs
UNRESOLVED: gcc.misc-tests/bprob-1.c compilation,  -fprofile-use
UNRESOLVED: gcc.misc-tests/bprob-1.c execution,    -fprofile-use
FAIL: gcc.misc-tests/bprob-2.c execution: file bprob-2.gcda does not
exist,  -fprofile-arcs
UNRESOLVED: gcc.misc-tests/bprob-2.c compilation,  -fprofile-use
UNRESOLVED: gcc.misc-tests/bprob-2.c execution,    -fprofile-use


		=== gcc Summary ===

# of expected passes		66813
# of unexpected failures	250
# of unexpected successes	1
# of expected failures		115
# of unresolved testcases	140
# of unsupported tests		1070
/home/liqin/work/maintain-gcc/gcc-trunk-testbench/release-2.0/build_linux/gcc/gcc/xgcc
 version 4.6.0 20110304 (experimental) [trunk revision 170669] (GCC)


Compiler version: 4.6.0 20110304 (experimental) [trunk revision
170669] (GCC) gcc
Platform: score-unknown-elf
configure flags:  --target=score-elf
--prefix=/home/liqin/work/maintain-gcc/gcc-trunk-testbench/release-2.0/install_linux
--enable-languages=c,c++ --with-newlib --enable-lto --disable-shared
--disable-__cxa_atexit --disable-nls --disable-libada --disable-libssp


Index Nav: [Date Index] [Subject Index] [Author Index] [Thread Index]
Message Nav: [Date Prev] [Date Next] [Thread Prev] [Thread Next]