This is the mail archive of the gcc-testresults@gcc.gnu.org mailing list for the GCC project.


Index Nav: [Date Index] [Subject Index] [Author Index] [Thread Index]
Message Nav: [Date Prev] [Date Next] [Thread Prev] [Thread Next]
Other format: [Raw text]

Results for 4.6.0 20110301 (experimental) (GCC) testsuite on x86_64-apple-darwin10.7.0


r170583 with http://gcc.gnu.org/ml/gcc-patches/2011-02/msg00797.html.

GMP 5.0.1, MPFR 3.0.0 and MPC2 0.9

Native configuration is x86_64-apple-darwin10.7.0

		=== g++ tests ===


Running target unix/-m32
WARNING: g++.dg/ext/label13.C compilation failed to produce executable

		=== g++ Summary for unix/-m32 ===

# of expected passes		26609
# of expected failures		161
# of unsupported tests		178

Running target unix/-m64
WARNING: g++.dg/ext/label13.C compilation failed to produce executable

		=== g++ Summary for unix/-m64 ===

# of expected passes		26842
# of expected failures		161
# of unsupported tests		376

		=== g++ Summary ===

# of expected passes		53451
# of expected failures		322
# of unsupported tests		554
/sw/src/fink.build/gcc46-4.6.0-1000/darwin_objdir/gcc/testsuite/g++/../../g++  version 4.6.0 20110301 (experimental) (GCC) 

		=== gcc tests ===


Running target unix/-m32

		=== gcc Summary for unix/-m32 ===

# of expected passes		74343
# of expected failures		214
# of unsupported tests		1363

Running target unix/-m64
FAIL: gcc.dg/matrix/transpose-3.c execution,    -fprofile-use -fipa-matrix-reorg -fdump-ipa-matrix-reorg -O3 -fwhole-program

		=== gcc Summary for unix/-m64 ===

# of expected passes		74483
# of unexpected failures	1
# of expected failures		215
# of unsupported tests		1735

		=== gcc Summary ===

# of expected passes		148826
# of unexpected failures	1
# of expected failures		429
# of unsupported tests		3098
/sw/src/fink.build/gcc46-4.6.0-1000/darwin_objdir/gcc/xgcc  version 4.6.0 20110301 (experimental) (GCC) 

		=== gfortran tests ===


Running target unix/-m32

		=== gfortran Summary for unix/-m32 ===

# of expected passes		38259
# of expected failures		53
# of unsupported tests		209

Running target unix/-m64

		=== gfortran Summary for unix/-m64 ===

# of expected passes		38546
# of expected failures		53
# of unsupported tests		71

		=== gfortran Summary ===

# of expected passes		76805
# of expected failures		106
# of unsupported tests		280
/sw/src/fink.build/gcc46-4.6.0-1000/darwin_objdir/gcc/testsuite/gfortran/../../gfortran  version 4.6.0 20110301 (experimental) (GCC) 

		=== obj-c++ tests ===


Running target unix/-m32

		=== obj-c++ Summary for unix/-m32 ===

# of expected passes		3031
# of expected failures		2
# of unsupported tests		68

Running target unix/-m64
FAIL: obj-c++.dg/property/property-encoding-1.mm -fnext-runtime execution test

		=== obj-c++ Summary for unix/-m64 ===

# of expected passes		2980
# of unexpected failures	1
# of expected failures		19
# of unsupported tests		73

		=== obj-c++ Summary ===

# of expected passes		6011
# of unexpected failures	1
# of expected failures		21
# of unsupported tests		141
/sw/src/fink.build/gcc46-4.6.0-1000/darwin_objdir/gcc/testsuite/obj-c++/../../g++  version 4.6.0 20110301 (experimental) (GCC) 

		=== objc tests ===


Running target unix/-m32

		=== objc Summary for unix/-m32 ===

# of expected passes		5955
# of expected failures		6
# of unsupported tests		86

Running target unix/-m64
FAIL: objc.dg/property/property-encoding-1.m -fnext-runtime execution test

		=== objc Summary for unix/-m64 ===

# of expected passes		5876
# of unexpected failures	1
# of expected failures		24
# of unsupported tests		102

		=== objc Summary ===

# of expected passes		11831
# of unexpected failures	1
# of expected failures		30
# of unsupported tests		188
/sw/src/fink.build/gcc46-4.6.0-1000/darwin_objdir/gcc/xgcc  version 4.6.0 20110301 (experimental) (GCC) 

		=== libffi tests ===


Running target unix/-m32

		=== libffi Summary for unix/-m32 ===

# of expected passes		1634
# of expected failures		10
# of unsupported tests		15

Running target unix/-m64

		=== libffi Summary for unix/-m64 ===

# of expected passes		1634
# of expected failures		10
# of unsupported tests		15

		=== libffi Summary ===

# of expected passes		3268
# of expected failures		20
# of unsupported tests		30
		=== libgomp tests ===


Running target unix/-m32

		=== libgomp Summary for unix/-m32 ===

# of expected passes		2584
# of unsupported tests		2

Running target unix/-m64

		=== libgomp Summary for unix/-m64 ===

# of expected passes		2584
# of unsupported tests		2

		=== libgomp Summary ===

# of expected passes		5168
# of unsupported tests		4
		=== libjava tests ===


Running target unix/-m32
FAIL: PR16923.c compilation

		=== libjava Summary for unix/-m32 ===

# of expected passes		2572
# of unexpected failures	1

Running target unix/-m64

		=== libjava Summary for unix/-m64 ===

# of expected passes		2574

		=== libjava Summary ===

# of expected passes		5146
# of unexpected failures	1
		=== libstdc++ tests ===


Running target unix/-m32
WARNING: program timed out.
FAIL: tr1/2_general_utilities/shared_ptr/thread/default_weaktoshared.cc execution test

		=== libstdc++ Summary for unix/-m32 ===

# of expected passes		6972
# of unexpected failures	1
# of expected failures		81
# of unsupported tests		660

Running target unix/-m64

		=== libstdc++ Summary for unix/-m64 ===

# of expected passes		6971
# of expected failures		81
# of unsupported tests		661

		=== libstdc++ Summary ===

# of expected passes		13943
# of unexpected failures	1
# of expected failures		162
# of unsupported tests		1321

Compiler version: 4.6.0 20110301 (experimental) (GCC) 
Platform: x86_64-apple-darwin10.7.0
configure flags: --prefix=/sw --prefix=/sw/lib/gcc4.6 --mandir=/sw/share/man --infodir=/sw/lib/gcc4.6/info --with-build-config=bootstrap-lto --enable-stage1-languages=c,lto --enable-languages=c,c++,fortran,lto,objc,obj-c++,java --enable-build-with-cxx --with-gmp=/sw --with-libiconv-prefix=/sw --with-ppl=/sw --with-cloog=/sw --with-mpc=/sw --with-system-zlib --x-includes=/usr/X11R6/include --x-libraries=/usr/X11R6/lib --program-suffix=-fsf-4.6 --enable-checking=yes --enable-cloog-backend=isl


Index Nav: [Date Index] [Subject Index] [Author Index] [Thread Index]
Message Nav: [Date Prev] [Date Next] [Thread Prev] [Thread Next]