This is the mail archive of the gcc-testresults@gcc.gnu.org mailing list for the GCC project.
Index Nav: | [Date Index] [Subject Index] [Author Index] [Thread Index] | |
---|---|---|
Message Nav: | [Date Prev] [Date Next] | [Thread Prev] [Thread Next] |
Other format: | [Raw text] |
LAST_UPDATED: Obtained from SVN: branches/gcc-4_5-branch revision 167394 Native configuration is m68k-unknown-linux-gnu === g++ tests === Running target unix FAIL: tmpdir-g++.dg-struct-layout-1/t002 cp_compat_x_tst.o-cp_compat_y_tst.o execute FAIL: tmpdir-g++.dg-struct-layout-1/t006 cp_compat_x_tst.o-cp_compat_y_tst.o execute FAIL: tmpdir-g++.dg-struct-layout-1/t011 cp_compat_x_tst.o-cp_compat_y_tst.o execute FAIL: g++.dg/cdce3.C scan-tree-dump cdce "cdce3.C:98: note: function call is shrink-wrapped into error conditions." FAIL: g++.dg/cdce3.C scan-tree-dump cdce "cdce3.C:108: note: function call is shrink-wrapped into error conditions." FAIL: g++.dg/tree-ssa/pr41186.C scan-tree-dump fre "Replaced b1.b with 1" FAIL: c-c++-common/torture/complex-sign-add.c -O0 execution test FAIL: c-c++-common/torture/complex-sign-add.c -O1 execution test FAIL: c-c++-common/torture/complex-sign-add.c -O2 execution test FAIL: c-c++-common/torture/complex-sign-add.c -O3 -fomit-frame-pointer execution test FAIL: c-c++-common/torture/complex-sign-add.c -O3 -fomit-frame-pointer -funroll-loops execution test FAIL: c-c++-common/torture/complex-sign-add.c -O3 -fomit-frame-pointer -funroll-all-loops -finline-functions execution test FAIL: c-c++-common/torture/complex-sign-add.c -O3 -g execution test FAIL: c-c++-common/torture/complex-sign-add.c -Os execution test FAIL: c-c++-common/torture/complex-sign-mixed-add.c -O0 execution test FAIL: c-c++-common/torture/complex-sign-mixed-add.c -O1 execution test FAIL: c-c++-common/torture/complex-sign-mixed-add.c -O2 execution test FAIL: c-c++-common/torture/complex-sign-mixed-add.c -O3 -fomit-frame-pointer execution test FAIL: c-c++-common/torture/complex-sign-mixed-add.c -O3 -fomit-frame-pointer -funroll-loops execution test FAIL: c-c++-common/torture/complex-sign-mixed-add.c -O3 -fomit-frame-pointer -funroll-all-loops -finline-functions execution test FAIL: c-c++-common/torture/complex-sign-mixed-add.c -O3 -g execution test FAIL: c-c++-common/torture/complex-sign-mixed-add.c -Os execution test FAIL: c-c++-common/torture/complex-sign-mixed-div.c -O0 execution test FAIL: c-c++-common/torture/complex-sign-mixed-div.c -O1 execution test FAIL: c-c++-common/torture/complex-sign-mixed-div.c -O2 execution test FAIL: c-c++-common/torture/complex-sign-mixed-div.c -O3 -fomit-frame-pointer execution test FAIL: c-c++-common/torture/complex-sign-mixed-div.c -O3 -fomit-frame-pointer -funroll-loops execution test FAIL: c-c++-common/torture/complex-sign-mixed-div.c -O3 -fomit-frame-pointer -funroll-all-loops -finline-functions execution test FAIL: c-c++-common/torture/complex-sign-mixed-div.c -O3 -g execution test FAIL: c-c++-common/torture/complex-sign-mixed-div.c -Os execution test FAIL: c-c++-common/torture/complex-sign-mixed-mul.c -O0 execution test FAIL: c-c++-common/torture/complex-sign-mixed-mul.c -O1 execution test FAIL: c-c++-common/torture/complex-sign-mixed-mul.c -O2 execution test FAIL: c-c++-common/torture/complex-sign-mixed-mul.c -O3 -fomit-frame-pointer execution test FAIL: c-c++-common/torture/complex-sign-mixed-mul.c -O3 -fomit-frame-pointer -funroll-loops execution test FAIL: c-c++-common/torture/complex-sign-mixed-mul.c -O3 -fomit-frame-pointer -funroll-all-loops -finline-functions execution test FAIL: c-c++-common/torture/complex-sign-mixed-mul.c -O3 -g execution test FAIL: c-c++-common/torture/complex-sign-mixed-mul.c -Os execution test FAIL: c-c++-common/torture/complex-sign-mixed-sub.c -O0 execution test FAIL: c-c++-common/torture/complex-sign-mixed-sub.c -O1 execution test FAIL: c-c++-common/torture/complex-sign-mixed-sub.c -O2 execution test FAIL: c-c++-common/torture/complex-sign-mixed-sub.c -O3 -fomit-frame-pointer execution test FAIL: c-c++-common/torture/complex-sign-mixed-sub.c -O3 -fomit-frame-pointer -funroll-loops execution test FAIL: c-c++-common/torture/complex-sign-mixed-sub.c -O3 -fomit-frame-pointer -funroll-all-loops -finline-functions execution test FAIL: c-c++-common/torture/complex-sign-mixed-sub.c -O3 -g execution test FAIL: c-c++-common/torture/complex-sign-mixed-sub.c -Os execution test FAIL: c-c++-common/torture/complex-sign-mul-minus-one.c -O0 execution test FAIL: c-c++-common/torture/complex-sign-mul-minus-one.c -O1 execution test FAIL: c-c++-common/torture/complex-sign-mul-minus-one.c -O2 execution test FAIL: c-c++-common/torture/complex-sign-mul-minus-one.c -O3 -fomit-frame-pointer execution test FAIL: c-c++-common/torture/complex-sign-mul-minus-one.c -O3 -fomit-frame-pointer -funroll-loops execution test FAIL: c-c++-common/torture/complex-sign-mul-minus-one.c -O3 -fomit-frame-pointer -funroll-all-loops -finline-functions execution test FAIL: c-c++-common/torture/complex-sign-mul-minus-one.c -O3 -g execution test FAIL: c-c++-common/torture/complex-sign-mul-minus-one.c -Os execution test FAIL: c-c++-common/torture/complex-sign-mul-one.c -O0 execution test FAIL: c-c++-common/torture/complex-sign-mul-one.c -O1 execution test FAIL: c-c++-common/torture/complex-sign-mul-one.c -O2 execution test FAIL: c-c++-common/torture/complex-sign-mul-one.c -O3 -fomit-frame-pointer execution test FAIL: c-c++-common/torture/complex-sign-mul-one.c -O3 -fomit-frame-pointer -funroll-loops execution test FAIL: c-c++-common/torture/complex-sign-mul-one.c -O3 -fomit-frame-pointer -funroll-all-loops -finline-functions execution test FAIL: c-c++-common/torture/complex-sign-mul-one.c -O3 -g execution test FAIL: c-c++-common/torture/complex-sign-mul-one.c -Os execution test FAIL: c-c++-common/torture/complex-sign-mul.c -O0 execution test FAIL: c-c++-common/torture/complex-sign-mul.c -O1 execution test FAIL: c-c++-common/torture/complex-sign-mul.c -O2 execution test FAIL: c-c++-common/torture/complex-sign-mul.c -O3 -fomit-frame-pointer execution test FAIL: c-c++-common/torture/complex-sign-mul.c -O3 -fomit-frame-pointer -funroll-loops execution test FAIL: c-c++-common/torture/complex-sign-mul.c -O3 -fomit-frame-pointer -funroll-all-loops -finline-functions execution test FAIL: c-c++-common/torture/complex-sign-mul.c -O3 -g execution test FAIL: c-c++-common/torture/complex-sign-mul.c -Os execution test FAIL: c-c++-common/torture/complex-sign-sub.c -O0 execution test FAIL: c-c++-common/torture/complex-sign-sub.c -O1 execution test FAIL: c-c++-common/torture/complex-sign-sub.c -O2 execution test FAIL: c-c++-common/torture/complex-sign-sub.c -O3 -fomit-frame-pointer execution test FAIL: c-c++-common/torture/complex-sign-sub.c -O3 -fomit-frame-pointer -funroll-loops execution test FAIL: c-c++-common/torture/complex-sign-sub.c -O3 -fomit-frame-pointer -funroll-all-loops -finline-functions execution test FAIL: c-c++-common/torture/complex-sign-sub.c -O3 -g execution test FAIL: c-c++-common/torture/complex-sign-sub.c -Os execution test FAIL: g++.dg/torture/type-generic-1.C -O2 execution test FAIL: g++.dg/torture/type-generic-1.C -O3 -fomit-frame-pointer execution test FAIL: g++.dg/torture/type-generic-1.C -O3 -g execution test FAIL: g++.dg/torture/type-generic-1.C -Os execution test === g++ Summary === # of expected passes 21428 # of unexpected failures 82 # of expected failures 149 # of unsupported tests 203 /mnt/scratch/objdir45/gcc/testsuite/g++/../../g++ version 4.5.2 20101202 (prerelease) (GCC) === gcc tests === Running target unix FAIL: gcc.c-torture/compile/limits-exprparen.c -O0 (test for excess errors) FAIL: gcc.c-torture/compile/limits-exprparen.c -O1 (test for excess errors) FAIL: gcc.c-torture/compile/limits-exprparen.c -O2 (test for excess errors) FAIL: gcc.c-torture/compile/limits-exprparen.c -O3 -fomit-frame-pointer (test for excess errors) FAIL: gcc.c-torture/compile/limits-exprparen.c -O3 -g (test for excess errors) FAIL: gcc.c-torture/compile/limits-exprparen.c -Os (test for excess errors) WARNING: program timed out. FAIL: gcc.c-torture/compile/limits-externalid.c -O3 -g (test for excess errors) WARNING: program timed out. FAIL: gcc.c-torture/compile/limits-structnest.c -O2 (test for excess errors) FAIL: gcc.c-torture/compile/limits-structnest.c -O3 -fomit-frame-pointer (test for excess errors) FAIL: gcc.c-torture/compile/limits-structnest.c -O3 -g (test for excess errors) FAIL: gcc.c-torture/compile/limits-structnest.c -Os (test for excess errors) WARNING: program timed out. FAIL: gcc.c-torture/compile/pr37669-2.c -O3 -g (test for excess errors) FAIL: gcc.c-torture/compile/pr42956.c -O1 (internal compiler error) FAIL: gcc.c-torture/compile/pr42956.c -O1 (test for excess errors) FAIL: gcc.c-torture/compile/pr42956.c -O2 (internal compiler error) FAIL: gcc.c-torture/compile/pr42956.c -O2 (test for excess errors) FAIL: gcc.c-torture/compile/pr42956.c -O3 -fomit-frame-pointer (internal compiler error) FAIL: gcc.c-torture/compile/pr42956.c -O3 -fomit-frame-pointer (test for excess errors) FAIL: gcc.c-torture/compile/pr42956.c -O3 -fomit-frame-pointer -funroll-loops (internal compiler error) FAIL: gcc.c-torture/compile/pr42956.c -O3 -fomit-frame-pointer -funroll-loops (test for excess errors) FAIL: gcc.c-torture/compile/pr42956.c -O3 -fomit-frame-pointer -funroll-all-loops -finline-functions (internal compiler error) FAIL: gcc.c-torture/compile/pr42956.c -O3 -fomit-frame-pointer -funroll-all-loops -finline-functions (test for excess errors) FAIL: gcc.c-torture/compile/pr42956.c -O3 -g (internal compiler error) FAIL: gcc.c-torture/compile/pr42956.c -O3 -g (test for excess errors) FAIL: gcc.c-torture/compile/pr42956.c -Os (internal compiler error) FAIL: gcc.c-torture/compile/pr42956.c -Os (test for excess errors) FAIL: gcc.c-torture/execute/ieee/compare-fp-1.c execution, -O0 FAIL: gcc.c-torture/execute/ieee/compare-fp-1.c execution, -O1 FAIL: gcc.c-torture/execute/ieee/compare-fp-1.c execution, -O2 FAIL: gcc.c-torture/execute/ieee/compare-fp-1.c execution, -O3 -fomit-frame-pointer FAIL: gcc.c-torture/execute/ieee/compare-fp-1.c execution, -O3 -g FAIL: gcc.c-torture/execute/ieee/compare-fp-1.c execution, -Os FAIL: gcc.c-torture/execute/ieee/compare-fp-4.c execution, -O0 FAIL: gcc.c-torture/execute/ieee/compare-fp-4.c execution, -O1 FAIL: gcc.c-torture/execute/ieee/compare-fp-4.c execution, -O2 FAIL: gcc.c-torture/execute/ieee/compare-fp-4.c execution, -O3 -fomit-frame-pointer FAIL: gcc.c-torture/execute/ieee/compare-fp-4.c execution, -O3 -g FAIL: gcc.c-torture/execute/ieee/compare-fp-4.c execution, -Os FAIL: gcc.c-torture/execute/ieee/copysign1.c execution, -O0 FAIL: gcc.c-torture/execute/ieee/copysign1.c execution, -O1 FAIL: gcc.c-torture/execute/ieee/copysign1.c execution, -O2 FAIL: gcc.c-torture/execute/ieee/copysign1.c execution, -O3 -fomit-frame-pointer FAIL: gcc.c-torture/execute/ieee/copysign1.c execution, -O3 -fomit-frame-pointer -funroll-loops FAIL: gcc.c-torture/execute/ieee/copysign1.c execution, -O3 -fomit-frame-pointer -funroll-all-loops -finline-functions FAIL: gcc.c-torture/execute/ieee/copysign1.c execution, -O3 -g FAIL: gcc.c-torture/execute/ieee/copysign1.c execution, -Os FAIL: gcc.c-torture/execute/ieee/copysign2.c execution, -O0 FAIL: gcc.c-torture/execute/ieee/copysign2.c execution, -O1 FAIL: gcc.c-torture/execute/ieee/copysign2.c execution, -O2 FAIL: gcc.c-torture/execute/ieee/copysign2.c execution, -O3 -fomit-frame-pointer FAIL: gcc.c-torture/execute/ieee/copysign2.c execution, -O3 -fomit-frame-pointer -funroll-loops FAIL: gcc.c-torture/execute/ieee/copysign2.c execution, -O3 -fomit-frame-pointer -funroll-all-loops -finline-functions FAIL: gcc.c-torture/execute/ieee/copysign2.c execution, -O3 -g FAIL: gcc.c-torture/execute/ieee/copysign2.c execution, -Os FAIL: tmpdir-gcc.dg-struct-layout-1/t002 c_compat_x_tst.o-c_compat_y_tst.o execute FAIL: tmpdir-gcc.dg-struct-layout-1/t009 c_compat_x_tst.o-c_compat_y_tst.o execute FAIL: tmpdir-gcc.dg-struct-layout-1/t021 c_compat_x_tst.o-c_compat_y_tst.o execute FAIL: gcc.dg/O16384.c (internal compiler error) FAIL: gcc.dg/O16384.c (test for excess errors) FAIL: gcc.dg/pr28796-2.c execution test FAIL: gcc.dg/pr37106-1.c (internal compiler error) FAIL: gcc.dg/pr37106-1.c (test for excess errors) FAIL: gcc.dg/pr37544.c execution test WARNING: program timed out. FAIL: gcc.dg/pr43058.c (test for excess errors) FAIL: gcc.dg/pr43419.c execution test FAIL: gcc.dg/pr43562.c (internal compiler error) FAIL: gcc.dg/pr43562.c (test for excess errors) FAIL: gcc.dg/pr43564.c (internal compiler error) FAIL: gcc.dg/pr43564.c (test for excess errors) WARNING: program timed out. FAIL: gcc.dg/tls/pie-1.c (internal compiler error) FAIL: gcc.dg/tls/pie-1.c (test for excess errors) FAIL: c-c++-common/torture/complex-sign-add.c -O0 execution test FAIL: c-c++-common/torture/complex-sign-add.c -O1 execution test FAIL: c-c++-common/torture/complex-sign-add.c -O2 execution test FAIL: c-c++-common/torture/complex-sign-add.c -O3 -fomit-frame-pointer execution test FAIL: c-c++-common/torture/complex-sign-add.c -O3 -fomit-frame-pointer -funroll-loops execution test FAIL: c-c++-common/torture/complex-sign-add.c -O3 -fomit-frame-pointer -funroll-all-loops -finline-functions execution test FAIL: c-c++-common/torture/complex-sign-add.c -O3 -g execution test FAIL: c-c++-common/torture/complex-sign-add.c -Os execution test FAIL: c-c++-common/torture/complex-sign-mixed-add.c -O0 execution test FAIL: c-c++-common/torture/complex-sign-mixed-add.c -O1 execution test FAIL: c-c++-common/torture/complex-sign-mixed-add.c -O2 execution test FAIL: c-c++-common/torture/complex-sign-mixed-add.c -O3 -fomit-frame-pointer execution test FAIL: c-c++-common/torture/complex-sign-mixed-add.c -O3 -fomit-frame-pointer -funroll-loops execution test FAIL: c-c++-common/torture/complex-sign-mixed-add.c -O3 -fomit-frame-pointer -funroll-all-loops -finline-functions execution test FAIL: c-c++-common/torture/complex-sign-mixed-add.c -O3 -g execution test FAIL: c-c++-common/torture/complex-sign-mixed-add.c -Os execution test FAIL: c-c++-common/torture/complex-sign-mixed-div.c -O0 execution test FAIL: c-c++-common/torture/complex-sign-mixed-div.c -O1 execution test FAIL: c-c++-common/torture/complex-sign-mixed-div.c -O2 execution test FAIL: c-c++-common/torture/complex-sign-mixed-div.c -O3 -fomit-frame-pointer execution test FAIL: c-c++-common/torture/complex-sign-mixed-div.c -O3 -fomit-frame-pointer -funroll-loops execution test FAIL: c-c++-common/torture/complex-sign-mixed-div.c -O3 -fomit-frame-pointer -funroll-all-loops -finline-functions execution test FAIL: c-c++-common/torture/complex-sign-mixed-div.c -O3 -g execution test FAIL: c-c++-common/torture/complex-sign-mixed-div.c -Os execution test FAIL: c-c++-common/torture/complex-sign-mixed-mul.c -O0 execution test FAIL: c-c++-common/torture/complex-sign-mixed-mul.c -O1 execution test FAIL: c-c++-common/torture/complex-sign-mixed-mul.c -O2 execution test FAIL: c-c++-common/torture/complex-sign-mixed-mul.c -O3 -fomit-frame-pointer execution test FAIL: c-c++-common/torture/complex-sign-mixed-mul.c -O3 -fomit-frame-pointer -funroll-loops execution test FAIL: c-c++-common/torture/complex-sign-mixed-mul.c -O3 -fomit-frame-pointer -funroll-all-loops -finline-functions execution test FAIL: c-c++-common/torture/complex-sign-mixed-mul.c -O3 -g execution test FAIL: c-c++-common/torture/complex-sign-mixed-mul.c -Os execution test FAIL: c-c++-common/torture/complex-sign-mixed-sub.c -O0 execution test FAIL: c-c++-common/torture/complex-sign-mixed-sub.c -O1 execution test FAIL: c-c++-common/torture/complex-sign-mixed-sub.c -O2 execution test FAIL: c-c++-common/torture/complex-sign-mixed-sub.c -O3 -fomit-frame-pointer execution test FAIL: c-c++-common/torture/complex-sign-mixed-sub.c -O3 -fomit-frame-pointer -funroll-loops execution test FAIL: c-c++-common/torture/complex-sign-mixed-sub.c -O3 -fomit-frame-pointer -funroll-all-loops -finline-functions execution test FAIL: c-c++-common/torture/complex-sign-mixed-sub.c -O3 -g execution test FAIL: c-c++-common/torture/complex-sign-mixed-sub.c -Os execution test FAIL: c-c++-common/torture/complex-sign-mul-minus-one.c -O0 execution test FAIL: c-c++-common/torture/complex-sign-mul-minus-one.c -O1 execution test FAIL: c-c++-common/torture/complex-sign-mul-minus-one.c -O2 execution test FAIL: c-c++-common/torture/complex-sign-mul-minus-one.c -O3 -fomit-frame-pointer execution test FAIL: c-c++-common/torture/complex-sign-mul-minus-one.c -O3 -fomit-frame-pointer -funroll-loops execution test FAIL: c-c++-common/torture/complex-sign-mul-minus-one.c -O3 -fomit-frame-pointer -funroll-all-loops -finline-functions execution test FAIL: c-c++-common/torture/complex-sign-mul-minus-one.c -O3 -g execution test FAIL: c-c++-common/torture/complex-sign-mul-minus-one.c -Os execution test FAIL: c-c++-common/torture/complex-sign-mul-one.c -O0 execution test FAIL: c-c++-common/torture/complex-sign-mul-one.c -O1 execution test FAIL: c-c++-common/torture/complex-sign-mul-one.c -O2 execution test FAIL: c-c++-common/torture/complex-sign-mul-one.c -O3 -fomit-frame-pointer execution test FAIL: c-c++-common/torture/complex-sign-mul-one.c -O3 -fomit-frame-pointer -funroll-loops execution test FAIL: c-c++-common/torture/complex-sign-mul-one.c -O3 -fomit-frame-pointer -funroll-all-loops -finline-functions execution test FAIL: c-c++-common/torture/complex-sign-mul-one.c -O3 -g execution test FAIL: c-c++-common/torture/complex-sign-mul-one.c -Os execution test FAIL: c-c++-common/torture/complex-sign-mul.c -O0 execution test FAIL: c-c++-common/torture/complex-sign-mul.c -O1 execution test FAIL: c-c++-common/torture/complex-sign-mul.c -O2 execution test FAIL: c-c++-common/torture/complex-sign-mul.c -O3 -fomit-frame-pointer execution test FAIL: c-c++-common/torture/complex-sign-mul.c -O3 -fomit-frame-pointer -funroll-loops execution test FAIL: c-c++-common/torture/complex-sign-mul.c -O3 -fomit-frame-pointer -funroll-all-loops -finline-functions execution test FAIL: c-c++-common/torture/complex-sign-mul.c -O3 -g execution test FAIL: c-c++-common/torture/complex-sign-mul.c -Os execution test FAIL: c-c++-common/torture/complex-sign-sub.c -O0 execution test FAIL: c-c++-common/torture/complex-sign-sub.c -O1 execution test FAIL: c-c++-common/torture/complex-sign-sub.c -O2 execution test FAIL: c-c++-common/torture/complex-sign-sub.c -O3 -fomit-frame-pointer execution test FAIL: c-c++-common/torture/complex-sign-sub.c -O3 -fomit-frame-pointer -funroll-loops execution test FAIL: c-c++-common/torture/complex-sign-sub.c -O3 -fomit-frame-pointer -funroll-all-loops -finline-functions execution test FAIL: c-c++-common/torture/complex-sign-sub.c -O3 -g execution test FAIL: c-c++-common/torture/complex-sign-sub.c -Os execution test FAIL: gcc.dg/torture/builtin-math-7.c -O0 execution test FAIL: gcc.dg/torture/builtin-math-7.c -O1 execution test FAIL: gcc.dg/torture/builtin-math-7.c -O2 execution test FAIL: gcc.dg/torture/builtin-math-7.c -O3 -fomit-frame-pointer execution test FAIL: gcc.dg/torture/builtin-math-7.c -O3 -fomit-frame-pointer -funroll-loops execution test FAIL: gcc.dg/torture/builtin-math-7.c -O3 -fomit-frame-pointer -funroll-all-loops -finline-functions execution test FAIL: gcc.dg/torture/builtin-math-7.c -O3 -g execution test FAIL: gcc.dg/torture/builtin-math-7.c -Os execution test FAIL: gcc.dg/torture/fp-int-convert-float.c -O3 -fomit-frame-pointer execution test FAIL: gcc.dg/torture/fp-int-convert-timode.c -Os execution test FAIL: gcc.dg/torture/type-generic-1.c -O2 execution test FAIL: gcc.dg/torture/type-generic-1.c -O3 -fomit-frame-pointer execution test FAIL: gcc.dg/torture/type-generic-1.c -O3 -g execution test FAIL: gcc.dg/torture/type-generic-1.c -Os execution test FAIL: gcc.dg/tree-prof/stringop-2.c scan-tree-dump optimized "a\\[0\\] = 168430090" FAIL: gcc.dg/tree-ssa/vrp47.c scan-tree-dump-times vrp1 "[xy][^ ]* !=" 0 FAIL: gcc.dg/tree-ssa/vrp47.c scan-tree-dump-times dom1 "x[^ ]* & y" 1 FAIL: gcc.dg/tree-ssa/vrp47.c scan-tree-dump-times vrp1 "x[^ ]* [|] y" 1 FAIL: gcc.target/m68k/tls-gd.c scan-assembler foo@TLSGD\\\\(%a5\\\\) FAIL: gcc.target/m68k/tls-ie-xgot.c scan-assembler #foo@TLSIE,%[ad][0-7] FAIL: gcc.target/m68k/tls-ld-xgot.c scan-assembler lea \\\\(foo@TLSLDO,%a0\\\\) FAIL: gcc.target/m68k/tls-ld-xtls.c scan-assembler foo@TLSLDM\\\\(%a5\\\\) FAIL: gcc.target/m68k/tls-ld.c scan-assembler foo@TLSLDM\\\\(%a5\\\\) FAIL: gcc.target/m68k/tls-ld.c scan-assembler lea \\\\(foo@TLSLDO,%a0\\\\) FAIL: gcc.target/m68k/tls-le.c scan-assembler lea \\\\(foo@TLSLE,%a0\\\\) === gcc Summary === # of expected passes 53842 # of unexpected failures 168 # of expected failures 86 # of unsupported tests 637 /mnt/scratch/objdir45/gcc/xgcc version 4.5.2 20101202 (prerelease) (GCC) === gfortran tests === Running target unix FAIL: gfortran.dg/actual_array_constructor_3.f90 -O1 execution test FAIL: gfortran.dg/actual_array_constructor_3.f90 -O2 execution test FAIL: gfortran.dg/actual_array_constructor_3.f90 -O3 -fomit-frame-pointer execution test FAIL: gfortran.dg/actual_array_constructor_3.f90 -O3 -fomit-frame-pointer -funroll-loops execution test FAIL: gfortran.dg/actual_array_constructor_3.f90 -O3 -fomit-frame-pointer -funroll-all-loops -finline-functions execution test FAIL: gfortran.dg/actual_array_constructor_3.f90 -O3 -g execution test FAIL: gfortran.dg/actual_array_constructor_3.f90 -Os execution test FAIL: gfortran.dg/alloc_comp_default_init_1.f90 -O2 execution test FAIL: gfortran.dg/alloc_comp_default_init_1.f90 -O3 -fomit-frame-pointer execution test FAIL: gfortran.dg/alloc_comp_default_init_1.f90 -O3 -g execution test FAIL: gfortran.dg/alloc_comp_default_init_1.f90 -Os execution test FAIL: gfortran.dg/allocatable_scalar_5.f90 -O0 execution test WARNING: program timed out. FAIL: gfortran.dg/array_constructor_33.f90 -O (test for excess errors) FAIL: gfortran.dg/array_constructor_8.f90 -O3 -fomit-frame-pointer -funroll-loops execution test FAIL: gfortran.dg/array_constructor_8.f90 -O3 -fomit-frame-pointer -funroll-all-loops -finline-functions execution test FAIL: gfortran.dg/char_cshift_1.f90 -O3 -fomit-frame-pointer -funroll-loops execution test FAIL: gfortran.dg/char_cshift_1.f90 -O3 -fomit-frame-pointer -funroll-all-loops -finline-functions execution test FAIL: gfortran.dg/char_cshift_2.f90 -O3 -fomit-frame-pointer -funroll-loops execution test FAIL: gfortran.dg/char_cshift_2.f90 -O3 -fomit-frame-pointer -funroll-all-loops -finline-functions execution test FAIL: gfortran.dg/common_5.f -O (test for warnings, line 7) FAIL: gfortran.dg/common_align_2.f90 -O0 (test for warnings, line 23) FAIL: gfortran.dg/common_align_2.f90 -O0 execution test FAIL: gfortran.dg/common_align_2.f90 -O1 (test for warnings, line 23) FAIL: gfortran.dg/common_align_2.f90 -O1 execution test FAIL: gfortran.dg/common_align_2.f90 -O2 (test for warnings, line 23) FAIL: gfortran.dg/common_align_2.f90 -O2 execution test FAIL: gfortran.dg/common_align_2.f90 -O3 -fomit-frame-pointer (test for warnings, line 23) FAIL: gfortran.dg/common_align_2.f90 -O3 -fomit-frame-pointer execution test FAIL: gfortran.dg/common_align_2.f90 -O3 -fomit-frame-pointer -funroll-loops (test for warnings, line 23) FAIL: gfortran.dg/common_align_2.f90 -O3 -fomit-frame-pointer -funroll-loops execution test FAIL: gfortran.dg/common_align_2.f90 -O3 -fomit-frame-pointer -funroll-all-loops -finline-functions (test for warnings, line 23) FAIL: gfortran.dg/common_align_2.f90 -O3 -fomit-frame-pointer -funroll-all-loops -finline-functions execution test FAIL: gfortran.dg/common_align_2.f90 -O3 -g (test for warnings, line 23) FAIL: gfortran.dg/common_align_2.f90 -O3 -g execution test FAIL: gfortran.dg/common_align_2.f90 -Os (test for warnings, line 23) FAIL: gfortran.dg/common_align_2.f90 -Os execution test WARNING: program timed out. FAIL: gfortran.dg/cray_pointers_2.f90 -O3 -fomit-frame-pointer (test for excess errors) WARNING: gfortran.dg/cray_pointers_2.f90 -O3 -fomit-frame-pointer compilation failed to produce executable WARNING: program timed out. FAIL: gfortran.dg/cray_pointers_2.f90 -O3 -fomit-frame-pointer -funroll-loops (test for excess errors) WARNING: gfortran.dg/cray_pointers_2.f90 -O3 -fomit-frame-pointer -funroll-loops compilation failed to produce executable WARNING: program timed out. FAIL: gfortran.dg/cray_pointers_2.f90 -O3 -fomit-frame-pointer -funroll-all-loops -finline-functions (test for excess errors) WARNING: gfortran.dg/cray_pointers_2.f90 -O3 -fomit-frame-pointer -funroll-all-loops -finline-functions compilation failed to produce executable WARNING: program timed out. FAIL: gfortran.dg/cray_pointers_2.f90 -O3 -g (test for excess errors) WARNING: gfortran.dg/cray_pointers_2.f90 -O3 -g compilation failed to produce executable FAIL: gfortran.dg/default_format_2.f90 -O0 execution test FAIL: gfortran.dg/default_format_2.f90 -O1 execution test FAIL: gfortran.dg/default_format_2.f90 -O2 execution test FAIL: gfortran.dg/default_format_2.f90 -O3 -fomit-frame-pointer execution test FAIL: gfortran.dg/default_format_2.f90 -O3 -fomit-frame-pointer -funroll-loops execution test FAIL: gfortran.dg/default_format_2.f90 -O3 -fomit-frame-pointer -funroll-all-loops -finline-functions execution test FAIL: gfortran.dg/default_format_2.f90 -O3 -g execution test FAIL: gfortran.dg/default_format_2.f90 -Os execution test FAIL: gfortran.dg/default_format_denormal_2.f90 -O0 execution test FAIL: gfortran.dg/default_format_denormal_2.f90 -O1 execution test FAIL: gfortran.dg/default_format_denormal_2.f90 -O2 execution test FAIL: gfortran.dg/default_format_denormal_2.f90 -O3 -fomit-frame-pointer execution test FAIL: gfortran.dg/default_format_denormal_2.f90 -O3 -fomit-frame-pointer -funroll-loops execution test FAIL: gfortran.dg/default_format_denormal_2.f90 -O3 -fomit-frame-pointer -funroll-all-loops -finline-functions execution test FAIL: gfortran.dg/default_format_denormal_2.f90 -O3 -g execution test FAIL: gfortran.dg/default_format_denormal_2.f90 -Os execution test FAIL: gfortran.dg/erf_2.F90 -O0 execution test FAIL: gfortran.dg/erf_2.F90 -O1 execution test FAIL: gfortran.dg/erf_2.F90 -O2 execution test FAIL: gfortran.dg/erf_2.F90 -O3 -fomit-frame-pointer execution test FAIL: gfortran.dg/erf_2.F90 -O3 -fomit-frame-pointer -funroll-loops execution test FAIL: gfortran.dg/erf_2.F90 -O3 -fomit-frame-pointer -funroll-all-loops -finline-functions execution test FAIL: gfortran.dg/erf_2.F90 -O3 -g execution test FAIL: gfortran.dg/erf_2.F90 -Os execution test FAIL: gfortran.dg/erfc_scaled_1.f90 -O0 execution test FAIL: gfortran.dg/erfc_scaled_1.f90 -O1 execution test FAIL: gfortran.dg/erfc_scaled_1.f90 -O2 execution test FAIL: gfortran.dg/erfc_scaled_1.f90 -O3 -fomit-frame-pointer execution test FAIL: gfortran.dg/erfc_scaled_1.f90 -O3 -fomit-frame-pointer -funroll-loops execution test FAIL: gfortran.dg/erfc_scaled_1.f90 -O3 -fomit-frame-pointer -funroll-all-loops -finline-functions execution test FAIL: gfortran.dg/erfc_scaled_1.f90 -O3 -g execution test FAIL: gfortran.dg/erfc_scaled_1.f90 -Os execution test FAIL: gfortran.dg/large_real_kind_form_io_2.f90 -O0 execution test FAIL: gfortran.dg/large_real_kind_form_io_2.f90 -O1 execution test FAIL: gfortran.dg/large_real_kind_form_io_2.f90 -O2 execution test FAIL: gfortran.dg/large_real_kind_form_io_2.f90 -O3 -fomit-frame-pointer execution test FAIL: gfortran.dg/large_real_kind_form_io_2.f90 -O3 -fomit-frame-pointer -funroll-loops execution test FAIL: gfortran.dg/large_real_kind_form_io_2.f90 -O3 -fomit-frame-pointer -funroll-all-loops -finline-functions execution test FAIL: gfortran.dg/large_real_kind_form_io_2.f90 -O3 -g execution test FAIL: gfortran.dg/large_real_kind_form_io_2.f90 -Os execution test FAIL: gfortran.dg/maxlocval_2.f90 -O0 execution test FAIL: gfortran.dg/maxlocval_2.f90 -O1 execution test FAIL: gfortran.dg/maxlocval_2.f90 -O2 execution test FAIL: gfortran.dg/maxlocval_2.f90 -O3 -fomit-frame-pointer execution test FAIL: gfortran.dg/maxlocval_2.f90 -O3 -fomit-frame-pointer -funroll-loops execution test FAIL: gfortran.dg/maxlocval_2.f90 -O3 -fomit-frame-pointer -funroll-all-loops -finline-functions execution test FAIL: gfortran.dg/maxlocval_2.f90 -O3 -g execution test FAIL: gfortran.dg/maxlocval_2.f90 -Os execution test FAIL: gfortran.dg/maxlocval_4.f90 -O0 execution test FAIL: gfortran.dg/maxlocval_4.f90 -O1 execution test FAIL: gfortran.dg/maxlocval_4.f90 -O2 execution test FAIL: gfortran.dg/maxlocval_4.f90 -O3 -fomit-frame-pointer execution test FAIL: gfortran.dg/maxlocval_4.f90 -O3 -fomit-frame-pointer -funroll-loops execution test FAIL: gfortran.dg/maxlocval_4.f90 -O3 -fomit-frame-pointer -funroll-all-loops -finline-functions execution test FAIL: gfortran.dg/maxlocval_4.f90 -O3 -g execution test FAIL: gfortran.dg/maxlocval_4.f90 -Os execution test FAIL: gfortran.dg/minlocval_1.f90 -O0 execution test FAIL: gfortran.dg/minlocval_1.f90 -O1 execution test FAIL: gfortran.dg/minlocval_1.f90 -O2 execution test FAIL: gfortran.dg/minlocval_1.f90 -O3 -fomit-frame-pointer execution test FAIL: gfortran.dg/minlocval_1.f90 -O3 -fomit-frame-pointer -funroll-loops execution test FAIL: gfortran.dg/minlocval_1.f90 -O3 -fomit-frame-pointer -funroll-all-loops -finline-functions execution test FAIL: gfortran.dg/minlocval_1.f90 -O3 -g execution test FAIL: gfortran.dg/minlocval_1.f90 -Os execution test FAIL: gfortran.dg/minlocval_4.f90 -O0 execution test FAIL: gfortran.dg/minlocval_4.f90 -O1 execution test FAIL: gfortran.dg/minlocval_4.f90 -O2 execution test FAIL: gfortran.dg/minlocval_4.f90 -O3 -fomit-frame-pointer execution test FAIL: gfortran.dg/minlocval_4.f90 -O3 -fomit-frame-pointer -funroll-loops execution test FAIL: gfortran.dg/minlocval_4.f90 -O3 -fomit-frame-pointer -funroll-all-loops -finline-functions execution test FAIL: gfortran.dg/minlocval_4.f90 -O3 -g execution test FAIL: gfortran.dg/minlocval_4.f90 -Os execution test FAIL: gfortran.dg/proc_ptr_comp_pass_5.f90 -O3 -fomit-frame-pointer -funroll-loops execution test FAIL: gfortran.dg/proc_ptr_comp_pass_5.f90 -O3 -fomit-frame-pointer -funroll-all-loops -finline-functions execution test FAIL: gfortran.dg/used_interface_ref.f90 -O1 execution test FAIL: gfortran.dg/used_interface_ref.f90 -O2 execution test FAIL: gfortran.dg/used_interface_ref.f90 -O3 -fomit-frame-pointer execution test FAIL: gfortran.dg/used_interface_ref.f90 -O3 -g execution test FAIL: gfortran.dg/used_interface_ref.f90 -Os execution test === gfortran Summary === # of expected passes 33385 # of unexpected failures 119 # of expected failures 20 # of unsupported tests 160 /mnt/scratch/objdir45/gcc/testsuite/gfortran/../../gfortran version 4.5.2 20101202 (prerelease) (GCC) === obj-c++ tests === Running target unix FAIL: obj-c++.dg/basic.mm -fgnu-runtime (test for excess errors) WARNING: obj-c++.dg/basic.mm -fgnu-runtime compilation failed to produce executable FAIL: obj-c++.dg/bitfield-1.mm -fgnu-runtime (test for warnings, line 26) FAIL: obj-c++.dg/bitfield-1.mm -fgnu-runtime (test for warnings, line 29) FAIL: obj-c++.dg/bitfield-1.mm -fgnu-runtime (test for warnings, line 76) FAIL: obj-c++.dg/bitfield-1.mm -fgnu-runtime (test for excess errors) WARNING: obj-c++.dg/bitfield-1.mm -fgnu-runtime compilation failed to produce executable FAIL: obj-c++.dg/bitfield-2.mm -fgnu-runtime (test for excess errors) WARNING: obj-c++.dg/bitfield-2.mm -fgnu-runtime compilation failed to produce executable FAIL: obj-c++.dg/bitfield-4.mm -fgnu-runtime (test for warnings, line 21) FAIL: obj-c++.dg/bitfield-4.mm -fgnu-runtime (test for warnings, line 33) FAIL: obj-c++.dg/bitfield-4.mm -fgnu-runtime (test for excess errors) WARNING: obj-c++.dg/bitfield-4.mm -fgnu-runtime compilation failed to produce executable FAIL: obj-c++.dg/class-protocol-1.mm -fgnu-runtime (test for warnings, line 59) FAIL: obj-c++.dg/class-protocol-1.mm -fgnu-runtime (test for warnings, line 60) FAIL: obj-c++.dg/class-protocol-1.mm -fgnu-runtime (test for warnings, line 61) FAIL: obj-c++.dg/class-protocol-1.mm -fgnu-runtime (test for warnings, line 63) FAIL: obj-c++.dg/class-protocol-1.mm -fgnu-runtime (test for warnings, line 64) FAIL: obj-c++.dg/class-protocol-1.mm -fgnu-runtime (test for warnings, line 66) FAIL: obj-c++.dg/class-protocol-1.mm -fgnu-runtime (test for warnings, line 70) FAIL: obj-c++.dg/class-protocol-1.mm -fgnu-runtime (test for warnings, line 71) FAIL: obj-c++.dg/class-protocol-1.mm -fgnu-runtime (test for warnings, line 76) FAIL: obj-c++.dg/class-protocol-1.mm -fgnu-runtime (test for warnings, line 78) FAIL: obj-c++.dg/class-protocol-1.mm -fgnu-runtime (test for warnings, line 79) FAIL: obj-c++.dg/class-protocol-1.mm -fgnu-runtime (test for warnings, line 82) FAIL: obj-c++.dg/class-protocol-1.mm -fgnu-runtime (test for warnings, line 112) FAIL: obj-c++.dg/class-protocol-1.mm -fgnu-runtime (test for warnings, line 113) FAIL: obj-c++.dg/class-protocol-1.mm -fgnu-runtime (test for warnings, line 118) FAIL: obj-c++.dg/class-protocol-1.mm -fgnu-runtime (test for warnings, line 152) FAIL: obj-c++.dg/class-protocol-1.mm -fgnu-runtime (test for warnings, line 153) FAIL: obj-c++.dg/class-protocol-1.mm -fgnu-runtime (test for warnings, line 154) FAIL: obj-c++.dg/class-protocol-1.mm -fgnu-runtime (test for warnings, line 156) FAIL: obj-c++.dg/class-protocol-1.mm -fgnu-runtime (test for warnings, line 157) FAIL: obj-c++.dg/class-protocol-1.mm -fgnu-runtime (test for warnings, line 159) FAIL: obj-c++.dg/class-protocol-1.mm -fgnu-runtime (test for warnings, line 164) FAIL: obj-c++.dg/class-protocol-1.mm -fgnu-runtime (test for warnings, line 165) FAIL: obj-c++.dg/class-protocol-1.mm -fgnu-runtime (test for warnings, line 170) FAIL: obj-c++.dg/class-protocol-1.mm -fgnu-runtime (test for warnings, line 187) FAIL: obj-c++.dg/class-protocol-1.mm -fgnu-runtime (test for warnings, line 188) FAIL: obj-c++.dg/class-protocol-1.mm -fgnu-runtime (test for warnings, line 190) FAIL: obj-c++.dg/class-protocol-1.mm -fgnu-runtime (test for warnings, line 190) FAIL: obj-c++.dg/class-protocol-1.mm -fgnu-runtime (test for warnings, line 192) FAIL: obj-c++.dg/class-protocol-1.mm -fgnu-runtime (test for warnings, line 192) FAIL: obj-c++.dg/class-protocol-1.mm -fgnu-runtime (test for warnings, line 195) FAIL: obj-c++.dg/class-protocol-1.mm -fgnu-runtime (test for warnings, line 196) FAIL: obj-c++.dg/class-protocol-1.mm -fgnu-runtime (test for warnings, line 198) FAIL: obj-c++.dg/class-protocol-1.mm -fgnu-runtime (test for warnings, line 199) FAIL: obj-c++.dg/class-protocol-1.mm -fgnu-runtime (test for warnings, line 215) FAIL: obj-c++.dg/class-protocol-1.mm -fgnu-runtime (test for warnings, line 252) FAIL: obj-c++.dg/class-protocol-1.mm -fgnu-runtime (test for warnings, line 253) FAIL: obj-c++.dg/class-protocol-1.mm -fgnu-runtime (test for warnings, line 254) FAIL: obj-c++.dg/class-protocol-1.mm -fgnu-runtime (test for warnings, line 257) FAIL: obj-c++.dg/class-protocol-1.mm -fgnu-runtime (test for warnings, line 259) FAIL: obj-c++.dg/class-protocol-1.mm -fgnu-runtime (test for warnings, line 289) FAIL: obj-c++.dg/class-protocol-1.mm -fgnu-runtime (test for warnings, line 292) FAIL: obj-c++.dg/class-protocol-1.mm -fgnu-runtime (test for warnings, line 308) FAIL: obj-c++.dg/class-protocol-1.mm -fgnu-runtime (test for warnings, line 309) FAIL: obj-c++.dg/class-protocol-1.mm -fgnu-runtime (test for warnings, line 318) FAIL: obj-c++.dg/class-protocol-1.mm -fgnu-runtime (test for warnings, line 319) FAIL: obj-c++.dg/class-protocol-1.mm -fgnu-runtime (test for warnings, line 326) FAIL: obj-c++.dg/class-protocol-1.mm -fgnu-runtime (test for warnings, line 327) FAIL: obj-c++.dg/class-protocol-1.mm -fgnu-runtime (test for warnings, line 330) FAIL: obj-c++.dg/class-protocol-1.mm -fgnu-runtime (test for warnings, line 331) FAIL: obj-c++.dg/class-protocol-1.mm -fgnu-runtime (test for warnings, line 337) FAIL: obj-c++.dg/class-protocol-1.mm -fgnu-runtime (test for warnings, line 338) FAIL: obj-c++.dg/class-protocol-1.mm -fgnu-runtime (test for warnings, line 344) FAIL: obj-c++.dg/class-protocol-1.mm -fgnu-runtime (test for warnings, line 345) FAIL: obj-c++.dg/class-protocol-1.mm -fgnu-runtime (test for warnings, line 356) FAIL: obj-c++.dg/class-protocol-1.mm -fgnu-runtime (test for warnings, line 357) FAIL: obj-c++.dg/class-protocol-1.mm -fgnu-runtime (test for warnings, line 363) FAIL: obj-c++.dg/class-protocol-1.mm -fgnu-runtime (test for warnings, line 364) FAIL: obj-c++.dg/class-protocol-1.mm -fgnu-runtime (test for warnings, line 368) FAIL: obj-c++.dg/class-protocol-1.mm -fgnu-runtime (test for warnings, line 369) FAIL: obj-c++.dg/class-protocol-1.mm -fgnu-runtime (test for warnings, line 372) FAIL: obj-c++.dg/class-protocol-1.mm -fgnu-runtime (test for warnings, line 378) FAIL: obj-c++.dg/class-protocol-1.mm -fgnu-runtime (test for warnings, line 379) FAIL: obj-c++.dg/class-protocol-1.mm -fgnu-runtime (test for warnings, line 386) FAIL: obj-c++.dg/class-protocol-1.mm -fgnu-runtime (test for warnings, line 387) FAIL: obj-c++.dg/class-protocol-1.mm -fgnu-runtime (test for errors, line 390) FAIL: obj-c++.dg/class-protocol-1.mm -fgnu-runtime (test for errors, line 391) FAIL: obj-c++.dg/class-protocol-1.mm -fgnu-runtime (test for errors, line 394) FAIL: obj-c++.dg/class-protocol-1.mm -fgnu-runtime (test for warnings, line 397) FAIL: obj-c++.dg/class-protocol-1.mm -fgnu-runtime (test for warnings, line 398) FAIL: obj-c++.dg/class-protocol-1.mm -fgnu-runtime (test for warnings, line 401) FAIL: obj-c++.dg/class-protocol-1.mm -fgnu-runtime (test for warnings, line 405) FAIL: obj-c++.dg/class-protocol-1.mm -fgnu-runtime (test for warnings, line 406) FAIL: obj-c++.dg/class-protocol-1.mm -fgnu-runtime (test for warnings, line 408) FAIL: obj-c++.dg/class-protocol-1.mm -fgnu-runtime (test for warnings, line 409) FAIL: obj-c++.dg/class-protocol-1.mm -fgnu-runtime (test for errors, line 420) FAIL: obj-c++.dg/class-protocol-1.mm -fgnu-runtime (test for errors, line 421) FAIL: obj-c++.dg/class-protocol-1.mm -fgnu-runtime (test for errors, line 424) FAIL: obj-c++.dg/class-protocol-1.mm -fgnu-runtime (test for warnings, line 427) FAIL: obj-c++.dg/class-protocol-1.mm -fgnu-runtime (test for warnings, line 428) FAIL: obj-c++.dg/class-protocol-1.mm -fgnu-runtime (test for warnings, line ) FAIL: obj-c++.dg/class-protocol-1.mm -fgnu-runtime (test for warnings, line ) FAIL: obj-c++.dg/class-protocol-1.mm -fgnu-runtime (test for warnings, line ) FAIL: obj-c++.dg/class-protocol-1.mm -fgnu-runtime (test for excess errors) FAIL: obj-c++.dg/comp-types-11.mm -fgnu-runtime (test for warnings, line 19) FAIL: obj-c++.dg/comp-types-11.mm -fgnu-runtime (test for warnings, line 25) FAIL: obj-c++.dg/comp-types-11.mm -fgnu-runtime (test for excess errors) FAIL: obj-c++.dg/comp-types-12.mm -fgnu-runtime (test for warnings, line 10) FAIL: obj-c++.dg/comp-types-12.mm -fgnu-runtime (test for excess errors) FAIL: obj-c++.dg/comp-types-2.mm -fgnu-runtime (test for warnings, line 36) FAIL: obj-c++.dg/comp-types-2.mm -fgnu-runtime (test for warnings, line 37) FAIL: obj-c++.dg/comp-types-2.mm -fgnu-runtime (test for warnings, line 38) FAIL: obj-c++.dg/comp-types-2.mm -fgnu-runtime (test for warnings, line 45) FAIL: obj-c++.dg/comp-types-2.mm -fgnu-runtime (test for warnings, line 47) FAIL: obj-c++.dg/comp-types-2.mm -fgnu-runtime (test for warnings, line 53) FAIL: obj-c++.dg/comp-types-2.mm -fgnu-runtime (test for warnings, line 55) FAIL: obj-c++.dg/comp-types-2.mm -fgnu-runtime (test for warnings, line 69) FAIL: obj-c++.dg/comp-types-2.mm -fgnu-runtime (test for warnings, line 70) FAIL: obj-c++.dg/comp-types-2.mm -fgnu-runtime (test for warnings, line 71) FAIL: obj-c++.dg/comp-types-2.mm -fgnu-runtime (test for warnings, line 72) FAIL: obj-c++.dg/comp-types-2.mm -fgnu-runtime (test for warnings, line 73) FAIL: obj-c++.dg/comp-types-2.mm -fgnu-runtime (test for warnings, line 74) FAIL: obj-c++.dg/comp-types-2.mm -fgnu-runtime (test for warnings, line 82) FAIL: obj-c++.dg/comp-types-2.mm -fgnu-runtime (test for warnings, line 83) FAIL: obj-c++.dg/comp-types-2.mm -fgnu-runtime (test for warnings, line 84) FAIL: obj-c++.dg/comp-types-2.mm -fgnu-runtime (test for warnings, line 85) FAIL: obj-c++.dg/comp-types-2.mm -fgnu-runtime (test for excess errors) FAIL: obj-c++.dg/comp-types-3.mm -fgnu-runtime (test for excess errors) FAIL: obj-c++.dg/comp-types-4.mm -fgnu-runtime (test for warnings, line 29) FAIL: obj-c++.dg/comp-types-4.mm -fgnu-runtime (test for warnings, line 33) FAIL: obj-c++.dg/comp-types-4.mm -fgnu-runtime (test for warnings, line 35) FAIL: obj-c++.dg/comp-types-4.mm -fgnu-runtime (test for warnings, line 37) FAIL: obj-c++.dg/comp-types-4.mm -fgnu-runtime (test for warnings, line 38) FAIL: obj-c++.dg/comp-types-4.mm -fgnu-runtime (test for warnings, line 39) FAIL: obj-c++.dg/comp-types-4.mm -fgnu-runtime (test for warnings, line 41) FAIL: obj-c++.dg/comp-types-4.mm -fgnu-runtime (test for warnings, line 42) FAIL: obj-c++.dg/comp-types-4.mm -fgnu-runtime (test for warnings, line 43) FAIL: obj-c++.dg/comp-types-4.mm -fgnu-runtime (test for warnings, line 45) FAIL: obj-c++.dg/comp-types-4.mm -fgnu-runtime (test for warnings, line 46) FAIL: obj-c++.dg/comp-types-4.mm -fgnu-runtime (test for warnings, line 57) FAIL: obj-c++.dg/comp-types-4.mm -fgnu-runtime (test for warnings, line 58) FAIL: obj-c++.dg/comp-types-4.mm -fgnu-runtime (test for warnings, line 60) FAIL: obj-c++.dg/comp-types-4.mm -fgnu-runtime (test for warnings, line 61) FAIL: obj-c++.dg/comp-types-4.mm -fgnu-runtime (test for excess errors) FAIL: obj-c++.dg/comp-types-5.mm -fgnu-runtime (test for errors, line 31) FAIL: obj-c++.dg/comp-types-5.mm -fgnu-runtime (test for errors, line 32) FAIL: obj-c++.dg/comp-types-5.mm -fgnu-runtime (test for errors, line 34) FAIL: obj-c++.dg/comp-types-5.mm -fgnu-runtime (test for errors, line 35) FAIL: obj-c++.dg/comp-types-5.mm -fgnu-runtime (test for errors, line 37) FAIL: obj-c++.dg/comp-types-5.mm -fgnu-runtime (test for errors, line 38) FAIL: obj-c++.dg/comp-types-5.mm -fgnu-runtime (test for errors, line 40) FAIL: obj-c++.dg/comp-types-5.mm -fgnu-runtime (test for errors, line 41) FAIL: obj-c++.dg/comp-types-5.mm -fgnu-runtime (test for errors, line 43) FAIL: obj-c++.dg/comp-types-5.mm -fgnu-runtime (test for errors, line 44) FAIL: obj-c++.dg/comp-types-5.mm -fgnu-runtime (test for errors, line 45) FAIL: obj-c++.dg/comp-types-5.mm -fgnu-runtime (test for errors, line 46) FAIL: obj-c++.dg/comp-types-5.mm -fgnu-runtime (test for errors, line 48) FAIL: obj-c++.dg/comp-types-5.mm -fgnu-runtime (test for errors, line 49) FAIL: obj-c++.dg/comp-types-5.mm -fgnu-runtime (test for errors, line 50) FAIL: obj-c++.dg/comp-types-5.mm -fgnu-runtime (test for errors, line 51) FAIL: obj-c++.dg/comp-types-5.mm -fgnu-runtime (test for errors, line 53) FAIL: obj-c++.dg/comp-types-5.mm -fgnu-runtime (test for errors, line 54) FAIL: obj-c++.dg/comp-types-5.mm -fgnu-runtime (test for errors, line 55) FAIL: obj-c++.dg/comp-types-5.mm -fgnu-runtime (test for errors, line 56) FAIL: obj-c++.dg/comp-types-5.mm -fgnu-runtime (test for errors, line 58) FAIL: obj-c++.dg/comp-types-5.mm -fgnu-runtime (test for errors, line 59) FAIL: obj-c++.dg/comp-types-5.mm -fgnu-runtime (test for errors, line 60) FAIL: obj-c++.dg/comp-types-5.mm -fgnu-runtime (test for errors, line 61) FAIL: obj-c++.dg/comp-types-5.mm -fgnu-runtime (test for errors, line 63) FAIL: obj-c++.dg/comp-types-5.mm -fgnu-runtime (test for errors, line 64) FAIL: obj-c++.dg/comp-types-5.mm -fgnu-runtime (test for errors, line 65) FAIL: obj-c++.dg/comp-types-5.mm -fgnu-runtime (test for errors, line 66) FAIL: obj-c++.dg/comp-types-5.mm -fgnu-runtime (test for errors, line 68) FAIL: obj-c++.dg/comp-types-5.mm -fgnu-runtime (test for errors, line 69) FAIL: obj-c++.dg/comp-types-5.mm -fgnu-runtime (test for errors, line 70) FAIL: obj-c++.dg/comp-types-5.mm -fgnu-runtime (test for errors, line 71) FAIL: obj-c++.dg/comp-types-5.mm -fgnu-runtime (test for excess errors) FAIL: obj-c++.dg/comp-types-6.mm -fgnu-runtime (test for excess errors) FAIL: obj-c++.dg/comp-types-7.mm -fgnu-runtime (test for warnings, line 27) FAIL: obj-c++.dg/comp-types-7.mm -fgnu-runtime (test for warnings, line 28) FAIL: obj-c++.dg/comp-types-7.mm -fgnu-runtime (test for excess errors) FAIL: obj-c++.dg/comp-types-9.mm -fgnu-runtime (test for excess errors) FAIL: obj-c++.dg/const-str-7.mm -fgnu-runtime (test for excess errors) WARNING: obj-c++.dg/const-str-7.mm -fgnu-runtime compilation failed to produce executable FAIL: obj-c++.dg/cxx-ivars-1.mm -fgnu-runtime (test for warnings, line 22) FAIL: obj-c++.dg/cxx-ivars-1.mm -fgnu-runtime (test for warnings, line 22) FAIL: obj-c++.dg/cxx-ivars-1.mm -fgnu-runtime (test for excess errors) WARNING: obj-c++.dg/cxx-ivars-1.mm -fgnu-runtime compilation failed to produce executable FAIL: obj-c++.dg/cxx-scope-1.mm -fgnu-runtime (test for excess errors) WARNING: obj-c++.dg/cxx-scope-1.mm -fgnu-runtime compilation failed to produce executable FAIL: obj-c++.dg/cxx-scope-2.mm -fgnu-runtime (test for warnings, line 14) FAIL: obj-c++.dg/cxx-scope-2.mm -fgnu-runtime (test for warnings, line 16) FAIL: obj-c++.dg/cxx-scope-2.mm -fgnu-runtime (test for excess errors) FAIL: obj-c++.dg/defs.mm -fgnu-runtime (test for excess errors) WARNING: obj-c++.dg/defs.mm -fgnu-runtime compilation failed to produce executable FAIL: obj-c++.dg/encode-3.mm -fgnu-runtime (test for excess errors) WARNING: obj-c++.dg/encode-3.mm -fgnu-runtime compilation failed to produce executable FAIL: obj-c++.dg/encode-4.mm -fgnu-runtime (test for excess errors) WARNING: obj-c++.dg/encode-4.mm -fgnu-runtime compilation failed to produce executable FAIL: obj-c++.dg/encode-5.mm -fgnu-runtime (test for excess errors) WARNING: obj-c++.dg/encode-5.mm -fgnu-runtime compilation failed to produce executable FAIL: obj-c++.dg/encode-6.mm -fgnu-runtime (test for excess errors) WARNING: obj-c++.dg/encode-6.mm -fgnu-runtime compilation failed to produce executable FAIL: obj-c++.dg/encode-7.mm -fgnu-runtime (test for warnings, line 29) FAIL: obj-c++.dg/encode-7.mm -fgnu-runtime (test for warnings, line 37) FAIL: obj-c++.dg/encode-7.mm -fgnu-runtime (test for excess errors) FAIL: obj-c++.dg/except-1.mm -fgnu-runtime (test for excess errors) WARNING: obj-c++.dg/except-1.mm -fgnu-runtime compilation failed to produce executable FAIL: obj-c++.dg/extern-c-1.mm -fgnu-runtime (test for excess errors) FAIL: obj-c++.dg/gnu-runtime-1.mm -fgnu-runtime (test for excess errors) FAIL: obj-c++.dg/gnu-runtime-2.mm -fgnu-runtime (test for excess errors) FAIL: obj-c++.dg/gnu-runtime-3.mm -fgnu-runtime (test for excess errors) WARNING: obj-c++.dg/gnu-runtime-3.mm -fgnu-runtime compilation failed to produce executable FAIL: obj-c++.dg/isa-field-1.mm -fgnu-runtime (test for excess errors) FAIL: obj-c++.dg/ivar-list-semi.mm -fgnu-runtime (test for excess errors) FAIL: obj-c++.dg/layout-1.mm -fgnu-runtime (test for excess errors) FAIL: obj-c++.dg/local-decl-1.mm -fgnu-runtime (test for warnings, line 23) FAIL: obj-c++.dg/local-decl-1.mm -fgnu-runtime (test for warnings, line 39) FAIL: obj-c++.dg/local-decl-1.mm -fgnu-runtime (test for warnings, line 41) FAIL: obj-c++.dg/local-decl-1.mm -fgnu-runtime (test for excess errors) WARNING: obj-c++.dg/lookup-2.mm -fgnu-runtime compilation failed to produce executable FAIL: obj-c++.dg/method-1.mm -fgnu-runtime (test for excess errors) FAIL: obj-c++.dg/method-10.mm -fgnu-runtime (test for excess errors) WARNING: obj-c++.dg/method-10.mm -fgnu-runtime compilation failed to produce executable FAIL: obj-c++.dg/method-12.mm -fgnu-runtime (test for warnings, line 21) FAIL: obj-c++.dg/method-12.mm -fgnu-runtime (test for warnings, line 9) FAIL: obj-c++.dg/method-12.mm -fgnu-runtime (test for warnings, line 14) FAIL: obj-c++.dg/method-12.mm -fgnu-runtime (test for warnings, line 25) FAIL: obj-c++.dg/method-12.mm -fgnu-runtime (test for warnings, line 25) FAIL: obj-c++.dg/method-12.mm -fgnu-runtime (test for warnings, line 25) FAIL: obj-c++.dg/method-12.mm -fgnu-runtime (test for warnings, line 25) FAIL: obj-c++.dg/method-12.mm -fgnu-runtime (test for errors, line 30) FAIL: obj-c++.dg/method-12.mm -fgnu-runtime (test for excess errors) FAIL: obj-c++.dg/method-13.mm -fgnu-runtime (test for warnings, line 18) FAIL: obj-c++.dg/method-13.mm -fgnu-runtime (test for warnings, line 18) FAIL: obj-c++.dg/method-13.mm -fgnu-runtime (test for warnings, line 18) FAIL: obj-c++.dg/method-13.mm -fgnu-runtime (test for warnings, line 18) FAIL: obj-c++.dg/method-13.mm -fgnu-runtime (test for warnings, line 22) FAIL: obj-c++.dg/method-13.mm -fgnu-runtime (test for warnings, line 8) FAIL: obj-c++.dg/method-13.mm -fgnu-runtime (test for warnings, line 12) FAIL: obj-c++.dg/method-13.mm -fgnu-runtime (test for excess errors) FAIL: obj-c++.dg/method-15.mm -fgnu-runtime (test for warnings, line 33) FAIL: obj-c++.dg/method-15.mm -fgnu-runtime (test for warnings, line 9) FAIL: obj-c++.dg/method-15.mm -fgnu-runtime (test for warnings, line 17) FAIL: obj-c++.dg/method-15.mm -fgnu-runtime (test for warnings, line 13) FAIL: obj-c++.dg/method-15.mm -fgnu-runtime (test for warnings, line 33) FAIL: obj-c++.dg/method-15.mm -fgnu-runtime (test for excess errors) FAIL: obj-c++.dg/method-16.mm -fgnu-runtime (test for warnings, line 26) FAIL: obj-c++.dg/method-16.mm -fgnu-runtime (test for warnings, line 13) FAIL: obj-c++.dg/method-16.mm -fgnu-runtime (test for warnings, line 17) FAIL: obj-c++.dg/method-16.mm -fgnu-runtime (test for warnings, line 21) FAIL: obj-c++.dg/method-16.mm -fgnu-runtime (test for errors, line 26) FAIL: obj-c++.dg/method-16.mm -fgnu-runtime (test for excess errors) FAIL: obj-c++.dg/method-17.mm -fgnu-runtime (test for excess errors) WARNING: obj-c++.dg/method-17.mm -fgnu-runtime compilation failed to produce executable FAIL: obj-c++.dg/method-18.mm -fgnu-runtime (test for excess errors) FAIL: obj-c++.dg/method-19.mm -fgnu-runtime (test for excess errors) WARNING: obj-c++.dg/method-19.mm -fgnu-runtime compilation failed to produce executable FAIL: obj-c++.dg/method-2.mm -fgnu-runtime (test for excess errors) FAIL: obj-c++.dg/method-21.mm -fgnu-runtime (test for errors, line 18) FAIL: obj-c++.dg/method-21.mm -fgnu-runtime (test for excess errors) FAIL: obj-c++.dg/method-3.mm -fgnu-runtime (test for excess errors) FAIL: obj-c++.dg/method-4.mm -fgnu-runtime (test for warnings, line 10) FAIL: obj-c++.dg/method-4.mm -fgnu-runtime (test for warnings, line 11) FAIL: obj-c++.dg/method-4.mm -fgnu-runtime (test for warnings, line 15) FAIL: obj-c++.dg/method-4.mm -fgnu-runtime (test for warnings, line 16) FAIL: obj-c++.dg/method-4.mm -fgnu-runtime (test for warnings, line 22) FAIL: obj-c++.dg/method-4.mm -fgnu-runtime (test for warnings, line 23) FAIL: obj-c++.dg/method-4.mm -fgnu-runtime (test for excess errors) FAIL: obj-c++.dg/method-5.mm -fgnu-runtime (test for excess errors) FAIL: obj-c++.dg/method-6.mm -fgnu-runtime (test for warnings, line 13) FAIL: obj-c++.dg/method-6.mm -fgnu-runtime (test for warnings, line ) FAIL: obj-c++.dg/method-6.mm -fgnu-runtime (test for warnings, line ) FAIL: obj-c++.dg/method-6.mm -fgnu-runtime (test for warnings, line ) FAIL: obj-c++.dg/method-6.mm -fgnu-runtime (test for excess errors) FAIL: obj-c++.dg/no-extra-load.mm -fgnu-runtime (test for excess errors) ERROR: obj-c++.dg/no-extra-load.mm: error executing dg-final: couldn't open "no-extra-load.s": no such file or directory UNRESOLVED: obj-c++.dg/no-extra-load.mm: error executing dg-final: couldn't open "no-extra-load.s": no such file or directory FAIL: obj-c++.dg/objc-gc-3.mm -fgnu-runtime (test for excess errors) FAIL: obj-c++.dg/private-1.mm -fgnu-runtime (test for errors, line 39) FAIL: obj-c++.dg/private-1.mm -fgnu-runtime (test for errors, line 54) FAIL: obj-c++.dg/private-1.mm -fgnu-runtime (test for errors, line 55) FAIL: obj-c++.dg/private-1.mm -fgnu-runtime (test for excess errors) FAIL: obj-c++.dg/private-2.mm -fgnu-runtime (test for warnings, line 32) FAIL: obj-c++.dg/private-2.mm -fgnu-runtime (test for warnings, line 33) FAIL: obj-c++.dg/private-2.mm -fgnu-runtime (test for warnings, line 34) FAIL: obj-c++.dg/private-2.mm -fgnu-runtime (test for warnings, line 53) FAIL: obj-c++.dg/private-2.mm -fgnu-runtime (test for warnings, line 54) FAIL: obj-c++.dg/private-2.mm -fgnu-runtime (test for excess errors) FAIL: obj-c++.dg/proto-lossage-2.mm -fgnu-runtime (test for excess errors) FAIL: obj-c++.dg/proto-lossage-3.mm -fgnu-runtime (test for excess errors) WARNING: obj-c++.dg/proto-lossage-3.mm -fgnu-runtime compilation failed to produce executable FAIL: obj-c++.dg/proto-qual-1.mm -fgnu-runtime (test for excess errors) WARNING: obj-c++.dg/proto-qual-1.mm -fgnu-runtime compilation failed to produce executable FAIL: obj-c++.dg/qual-types-1.mm -fgnu-runtime (test for excess errors) WARNING: obj-c++.dg/qual-types-1.mm -fgnu-runtime compilation failed to produce executable FAIL: obj-c++.dg/selector-2.mm -fgnu-runtime (test for warnings, line ) FAIL: obj-c++.dg/selector-2.mm -fgnu-runtime (test for excess errors) FAIL: obj-c++.dg/selector-5.mm -fgnu-runtime (test for excess errors) ERROR: obj-c++.dg/selector-5.mm: error executing dg-final: couldn't open "selector-5.s": no such file or directory UNRESOLVED: obj-c++.dg/selector-5.mm: error executing dg-final: couldn't open "selector-5.s": no such file or directory FAIL: obj-c++.dg/selector-6.mm -fgnu-runtime (test for excess errors) ERROR: obj-c++.dg/selector-6.mm: error executing dg-final: couldn't open "selector-6.s": no such file or directory UNRESOLVED: obj-c++.dg/selector-6.mm: error executing dg-final: couldn't open "selector-6.s": no such file or directory FAIL: obj-c++.dg/super-class-1.mm -fgnu-runtime (test for excess errors) FAIL: obj-c++.dg/super-class-2.mm -fgnu-runtime (test for errors, line 22) FAIL: obj-c++.dg/super-class-2.mm -fgnu-runtime (test for errors, line 26) FAIL: obj-c++.dg/super-class-2.mm -fgnu-runtime (test for excess errors) FAIL: obj-c++.dg/template-1.mm -fgnu-runtime (test for excess errors) WARNING: obj-c++.dg/template-1.mm -fgnu-runtime compilation failed to produce executable FAIL: obj-c++.dg/template-3.mm -fgnu-runtime (test for excess errors) WARNING: obj-c++.dg/template-3.mm -fgnu-runtime compilation failed to produce executable FAIL: obj-c++.dg/template-4.mm -fgnu-runtime (test for excess errors) WARNING: obj-c++.dg/template-4.mm -fgnu-runtime compilation failed to produce executable FAIL: obj-c++.dg/try-catch-1.mm -fgnu-runtime (test for excess errors) FAIL: obj-c++.dg/try-catch-11.mm -fgnu-runtime (test for warnings, line 32) FAIL: obj-c++.dg/try-catch-11.mm -fgnu-runtime (test for excess errors) WARNING: obj-c++.dg/try-catch-2.mm -fgnu-runtime compilation failed to produce executable FAIL: obj-c++.dg/try-catch-3.mm -fgnu-runtime (test for excess errors) FAIL: obj-c++.dg/try-catch-7.mm -fgnu-runtime (test for excess errors) FAIL: obj-c++.dg/try-catch-8.mm -fgnu-runtime (test for excess errors) WARNING: obj-c++.dg/try-catch-9.mm -fgnu-runtime compilation failed to produce executable FAIL: obj-c++.dg/typedef-alias-1.mm -fgnu-runtime (test for excess errors) FAIL: obj-c++.dg/va-meth-1.mm -fgnu-runtime (test for excess errors) WARNING: obj-c++.dg/va-meth-1.mm -fgnu-runtime compilation failed to produce executable === obj-c++ Summary === # of expected passes 128 # of unexpected failures 285 # of expected failures 3 # of unresolved testcases 3 # of unsupported tests 14 /mnt/scratch/objdir45/gcc/testsuite/obj-c++/../../g++ version 4.5.2 20101202 (prerelease) (GCC) === objc tests === Running target unix FAIL: objc.dg/bitfield-1.m -fgnu-runtime (test for excess errors) WARNING: objc.dg/bitfield-1.m -fgnu-runtime compilation failed to produce executable FAIL: objc.dg/bitfield-3.m -fgnu-runtime (test for warnings, line 20) FAIL: objc.dg/bitfield-3.m -fgnu-runtime (test for warnings, line 27) FAIL: objc.dg/bitfield-3.m -fgnu-runtime (test for warnings, line 32) FAIL: objc.dg/bitfield-3.m -fgnu-runtime (test for warnings, line 33) FAIL: objc.dg/bitfield-3.m -fgnu-runtime (test for excess errors) WARNING: objc.dg/bitfield-3.m -fgnu-runtime compilation failed to produce executable FAIL: objc.dg/bitfield-5.m -fgnu-runtime (test for warnings, line 24) FAIL: objc.dg/bitfield-5.m -fgnu-runtime (test for warnings, line 33) FAIL: objc.dg/bitfield-5.m -fgnu-runtime (test for warnings, line 40) FAIL: objc.dg/bitfield-5.m -fgnu-runtime (test for warnings, line 52) FAIL: objc.dg/bitfield-5.m -fgnu-runtime (test for warnings, line 57) FAIL: objc.dg/bitfield-5.m -fgnu-runtime (test for warnings, line 70) FAIL: objc.dg/bitfield-5.m -fgnu-runtime (test for warnings, line 74) FAIL: objc.dg/bitfield-5.m -fgnu-runtime (test for warnings, line 75) FAIL: objc.dg/bitfield-5.m -fgnu-runtime (test for warnings, line 76) FAIL: objc.dg/bitfield-5.m -fgnu-runtime (test for excess errors) WARNING: objc.dg/bitfield-5.m -fgnu-runtime compilation failed to produce executable FAIL: objc.dg/call-super-1.m -fgnu-runtime (test for excess errors) WARNING: objc.dg/call-super-1.m -fgnu-runtime compilation failed to produce executable FAIL: objc.dg/call-super-2.m -fgnu-runtime (test for warnings, line 41) FAIL: objc.dg/call-super-2.m -fgnu-runtime (test for warnings, line 42) FAIL: objc.dg/call-super-2.m -fgnu-runtime (test for warnings, line 46) FAIL: objc.dg/call-super-2.m -fgnu-runtime (test for warnings, line 47) FAIL: objc.dg/call-super-2.m -fgnu-runtime (test for warnings, line 61) FAIL: objc.dg/call-super-2.m -fgnu-runtime (test for warnings, line 62) FAIL: objc.dg/call-super-2.m -fgnu-runtime (test for warnings, line 66) FAIL: objc.dg/call-super-2.m -fgnu-runtime (test for warnings, line 74) FAIL: objc.dg/call-super-2.m -fgnu-runtime (test for warnings, line 75) FAIL: objc.dg/call-super-2.m -fgnu-runtime (test for warnings, line 91) FAIL: objc.dg/call-super-2.m -fgnu-runtime (test for warnings, line 92) FAIL: objc.dg/call-super-2.m -fgnu-runtime (test for warnings, line 96) FAIL: objc.dg/call-super-2.m -fgnu-runtime (test for warnings, line 107) FAIL: objc.dg/call-super-2.m -fgnu-runtime (test for warnings, line 110) FAIL: objc.dg/call-super-2.m -fgnu-runtime (test for warnings, line 111) FAIL: objc.dg/call-super-2.m -fgnu-runtime (test for warnings, line 115) FAIL: objc.dg/call-super-2.m -fgnu-runtime (test for warnings, line 116) FAIL: objc.dg/call-super-2.m -fgnu-runtime (test for warnings, line 122) FAIL: objc.dg/call-super-2.m -fgnu-runtime (test for warnings, line 124) FAIL: objc.dg/call-super-2.m -fgnu-runtime (test for warnings, line 124) FAIL: objc.dg/call-super-2.m -fgnu-runtime (test for warnings, line 126) FAIL: objc.dg/call-super-2.m -fgnu-runtime (test for warnings, line 128) FAIL: objc.dg/call-super-2.m -fgnu-runtime (test for warnings, line ) FAIL: objc.dg/call-super-2.m -fgnu-runtime (test for warnings, line ) FAIL: objc.dg/call-super-2.m -fgnu-runtime (test for warnings, line ) FAIL: objc.dg/call-super-2.m -fgnu-runtime (test for excess errors) FAIL: objc.dg/call-super-3.m -fgnu-runtime (test for excess errors) WARNING: objc.dg/call-super-3.m -fgnu-runtime compilation failed to produce executable FAIL: objc.dg/category-1.m -fgnu-runtime (test for excess errors) WARNING: objc.dg/category-1.m -fgnu-runtime compilation failed to produce executable FAIL: objc.dg/class-protocol-1.m -fgnu-runtime (test for warnings, line 58) FAIL: objc.dg/class-protocol-1.m -fgnu-runtime (test for warnings, line 59) FAIL: objc.dg/class-protocol-1.m -fgnu-runtime (test for warnings, line 60) FAIL: objc.dg/class-protocol-1.m -fgnu-runtime (test for warnings, line 62) FAIL: objc.dg/class-protocol-1.m -fgnu-runtime (test for warnings, line 63) FAIL: objc.dg/class-protocol-1.m -fgnu-runtime (test for warnings, line 65) FAIL: objc.dg/class-protocol-1.m -fgnu-runtime (test for warnings, line 69) FAIL: objc.dg/class-protocol-1.m -fgnu-runtime (test for warnings, line 70) FAIL: objc.dg/class-protocol-1.m -fgnu-runtime (test for warnings, line 75) FAIL: objc.dg/class-protocol-1.m -fgnu-runtime (test for warnings, line 77) FAIL: objc.dg/class-protocol-1.m -fgnu-runtime (test for warnings, line 78) FAIL: objc.dg/class-protocol-1.m -fgnu-runtime (test for warnings, line 81) FAIL: objc.dg/class-protocol-1.m -fgnu-runtime (test for warnings, line 111) FAIL: objc.dg/class-protocol-1.m -fgnu-runtime (test for warnings, line 112) FAIL: objc.dg/class-protocol-1.m -fgnu-runtime (test for warnings, line 117) FAIL: objc.dg/class-protocol-1.m -fgnu-runtime (test for warnings, line 151) FAIL: objc.dg/class-protocol-1.m -fgnu-runtime (test for warnings, line 152) FAIL: objc.dg/class-protocol-1.m -fgnu-runtime (test for warnings, line 153) FAIL: objc.dg/class-protocol-1.m -fgnu-runtime (test for warnings, line 155) FAIL: objc.dg/class-protocol-1.m -fgnu-runtime (test for warnings, line 156) FAIL: objc.dg/class-protocol-1.m -fgnu-runtime (test for warnings, line 158) FAIL: objc.dg/class-protocol-1.m -fgnu-runtime (test for warnings, line 163) FAIL: objc.dg/class-protocol-1.m -fgnu-runtime (test for warnings, line 164) FAIL: objc.dg/class-protocol-1.m -fgnu-runtime (test for warnings, line 169) FAIL: objc.dg/class-protocol-1.m -fgnu-runtime (test for warnings, line 186) FAIL: objc.dg/class-protocol-1.m -fgnu-runtime (test for warnings, line 187) FAIL: objc.dg/class-protocol-1.m -fgnu-runtime (test for warnings, line 189) FAIL: objc.dg/class-protocol-1.m -fgnu-runtime (test for warnings, line 189) FAIL: objc.dg/class-protocol-1.m -fgnu-runtime (test for warnings, line 191) FAIL: objc.dg/class-protocol-1.m -fgnu-runtime (test for warnings, line 191) FAIL: objc.dg/class-protocol-1.m -fgnu-runtime (test for warnings, line 194) FAIL: objc.dg/class-protocol-1.m -fgnu-runtime (test for warnings, line 195) FAIL: objc.dg/class-protocol-1.m -fgnu-runtime (test for warnings, line 197) FAIL: objc.dg/class-protocol-1.m -fgnu-runtime (test for warnings, line 198) FAIL: objc.dg/class-protocol-1.m -fgnu-runtime (test for warnings, line 214) FAIL: objc.dg/class-protocol-1.m -fgnu-runtime (test for warnings, line 251) FAIL: objc.dg/class-protocol-1.m -fgnu-runtime (test for warnings, line 252) FAIL: objc.dg/class-protocol-1.m -fgnu-runtime (test for warnings, line 253) FAIL: objc.dg/class-protocol-1.m -fgnu-runtime (test for warnings, line 256) FAIL: objc.dg/class-protocol-1.m -fgnu-runtime (test for warnings, line 258) FAIL: objc.dg/class-protocol-1.m -fgnu-runtime (test for warnings, line 288) FAIL: objc.dg/class-protocol-1.m -fgnu-runtime (test for warnings, line 291) FAIL: objc.dg/class-protocol-1.m -fgnu-runtime (test for warnings, line 307) FAIL: objc.dg/class-protocol-1.m -fgnu-runtime (test for warnings, line 308) FAIL: objc.dg/class-protocol-1.m -fgnu-runtime (test for warnings, line 317) FAIL: objc.dg/class-protocol-1.m -fgnu-runtime (test for warnings, line 318) FAIL: objc.dg/class-protocol-1.m -fgnu-runtime (test for warnings, line 325) FAIL: objc.dg/class-protocol-1.m -fgnu-runtime (test for warnings, line 326) FAIL: objc.dg/class-protocol-1.m -fgnu-runtime (test for warnings, line 329) FAIL: objc.dg/class-protocol-1.m -fgnu-runtime (test for warnings, line 330) FAIL: objc.dg/class-protocol-1.m -fgnu-runtime (test for warnings, line 336) FAIL: objc.dg/class-protocol-1.m -fgnu-runtime (test for warnings, line 337) FAIL: objc.dg/class-protocol-1.m -fgnu-runtime (test for warnings, line 343) FAIL: objc.dg/class-protocol-1.m -fgnu-runtime (test for warnings, line 344) FAIL: objc.dg/class-protocol-1.m -fgnu-runtime (test for warnings, line 355) FAIL: objc.dg/class-protocol-1.m -fgnu-runtime (test for warnings, line 356) FAIL: objc.dg/class-protocol-1.m -fgnu-runtime (test for warnings, line 362) FAIL: objc.dg/class-protocol-1.m -fgnu-runtime (test for warnings, line 363) FAIL: objc.dg/class-protocol-1.m -fgnu-runtime (test for warnings, line 367) FAIL: objc.dg/class-protocol-1.m -fgnu-runtime (test for warnings, line 368) FAIL: objc.dg/class-protocol-1.m -fgnu-runtime (test for warnings, line 371) FAIL: objc.dg/class-protocol-1.m -fgnu-runtime (test for warnings, line 377) FAIL: objc.dg/class-protocol-1.m -fgnu-runtime (test for warnings, line 378) FAIL: objc.dg/class-protocol-1.m -fgnu-runtime (test for warnings, line 385) FAIL: objc.dg/class-protocol-1.m -fgnu-runtime (test for warnings, line 386) FAIL: objc.dg/class-protocol-1.m -fgnu-runtime (test for warnings, line 389) FAIL: objc.dg/class-protocol-1.m -fgnu-runtime (test for warnings, line 390) FAIL: objc.dg/class-protocol-1.m -fgnu-runtime (test for warnings, line 396) FAIL: objc.dg/class-protocol-1.m -fgnu-runtime (test for warnings, line 397) FAIL: objc.dg/class-protocol-1.m -fgnu-runtime (test for warnings, line 400) FAIL: objc.dg/class-protocol-1.m -fgnu-runtime (test for warnings, line 404) FAIL: objc.dg/class-protocol-1.m -fgnu-runtime (test for warnings, line 405) FAIL: objc.dg/class-protocol-1.m -fgnu-runtime (test for warnings, line 407) FAIL: objc.dg/class-protocol-1.m -fgnu-runtime (test for warnings, line 408) FAIL: objc.dg/class-protocol-1.m -fgnu-runtime (test for warnings, line 419) FAIL: objc.dg/class-protocol-1.m -fgnu-runtime (test for warnings, line 420) FAIL: objc.dg/class-protocol-1.m -fgnu-runtime (test for warnings, line 426) FAIL: objc.dg/class-protocol-1.m -fgnu-runtime (test for warnings, line 427) FAIL: objc.dg/class-protocol-1.m -fgnu-runtime (test for warnings, line ) FAIL: objc.dg/class-protocol-1.m -fgnu-runtime (test for warnings, line ) FAIL: objc.dg/class-protocol-1.m -fgnu-runtime (test for warnings, line ) FAIL: objc.dg/class-protocol-1.m -fgnu-runtime (test for excess errors) FAIL: objc.dg/comp-types-1.m -fgnu-runtime (test for warnings, line 35) FAIL: objc.dg/comp-types-1.m -fgnu-runtime (test for warnings, line 36) FAIL: objc.dg/comp-types-1.m -fgnu-runtime (test for warnings, line 37) FAIL: objc.dg/comp-types-1.m -fgnu-runtime (test for warnings, line 44) FAIL: objc.dg/comp-types-1.m -fgnu-runtime (test for warnings, line 46) FAIL: objc.dg/comp-types-1.m -fgnu-runtime (test for warnings, line 52) FAIL: objc.dg/comp-types-1.m -fgnu-runtime (test for warnings, line 54) FAIL: objc.dg/comp-types-1.m -fgnu-runtime (test for warnings, line 68) FAIL: objc.dg/comp-types-1.m -fgnu-runtime (test for warnings, line 69) FAIL: objc.dg/comp-types-1.m -fgnu-runtime (test for warnings, line 70) FAIL: objc.dg/comp-types-1.m -fgnu-runtime (test for warnings, line 71) FAIL: objc.dg/comp-types-1.m -fgnu-runtime (test for warnings, line 72) FAIL: objc.dg/comp-types-1.m -fgnu-runtime (test for warnings, line 73) FAIL: objc.dg/comp-types-1.m -fgnu-runtime (test for warnings, line 81) FAIL: objc.dg/comp-types-1.m -fgnu-runtime (test for warnings, line 82) FAIL: objc.dg/comp-types-1.m -fgnu-runtime (test for warnings, line 83) FAIL: objc.dg/comp-types-1.m -fgnu-runtime (test for warnings, line 84) FAIL: objc.dg/comp-types-1.m -fgnu-runtime (test for excess errors) FAIL: objc.dg/comp-types-10.m -fgnu-runtime (test for warnings, line 19) FAIL: objc.dg/comp-types-10.m -fgnu-runtime (test for warnings, line 25) FAIL: objc.dg/comp-types-10.m -fgnu-runtime (test for excess errors) FAIL: objc.dg/comp-types-11.m -fgnu-runtime (test for warnings, line 10) FAIL: objc.dg/comp-types-11.m -fgnu-runtime (test for excess errors) FAIL: objc.dg/comp-types-2.m -fgnu-runtime (test for excess errors) FAIL: objc.dg/comp-types-3.m -fgnu-runtime (test for warnings, line 28) FAIL: objc.dg/comp-types-3.m -fgnu-runtime (test for warnings, line 32) FAIL: objc.dg/comp-types-3.m -fgnu-runtime (test for warnings, line 34) FAIL: objc.dg/comp-types-3.m -fgnu-runtime (test for warnings, line 36) FAIL: objc.dg/comp-types-3.m -fgnu-runtime (test for warnings, line 37) FAIL: objc.dg/comp-types-3.m -fgnu-runtime (test for warnings, line 38) FAIL: objc.dg/comp-types-3.m -fgnu-runtime (test for warnings, line 40) FAIL: objc.dg/comp-types-3.m -fgnu-runtime (test for warnings, line 41) FAIL: objc.dg/comp-types-3.m -fgnu-runtime (test for warnings, line 42) FAIL: objc.dg/comp-types-3.m -fgnu-runtime (test for warnings, line 44) FAIL: objc.dg/comp-types-3.m -fgnu-runtime (test for warnings, line 45) FAIL: objc.dg/comp-types-3.m -fgnu-runtime (test for warnings, line 56) FAIL: objc.dg/comp-types-3.m -fgnu-runtime (test for warnings, line 57) FAIL: objc.dg/comp-types-3.m -fgnu-runtime (test for warnings, line 59) FAIL: objc.dg/comp-types-3.m -fgnu-runtime (test for warnings, line 60) FAIL: objc.dg/comp-types-3.m -fgnu-runtime (test for excess errors) FAIL: objc.dg/comp-types-4.m -fgnu-runtime (test for warnings, line 30) FAIL: objc.dg/comp-types-4.m -fgnu-runtime (test for warnings, line 31) FAIL: objc.dg/comp-types-4.m -fgnu-runtime (test for warnings, line 33) FAIL: objc.dg/comp-types-4.m -fgnu-runtime (test for warnings, line 34) FAIL: objc.dg/comp-types-4.m -fgnu-runtime (test for warnings, line 36) FAIL: objc.dg/comp-types-4.m -fgnu-runtime (test for warnings, line 37) FAIL: objc.dg/comp-types-4.m -fgnu-runtime (test for warnings, line 39) FAIL: objc.dg/comp-types-4.m -fgnu-runtime (test for warnings, line 40) FAIL: objc.dg/comp-types-4.m -fgnu-runtime (test for warnings, line 42) FAIL: objc.dg/comp-types-4.m -fgnu-runtime (test for warnings, line 43) FAIL: objc.dg/comp-types-4.m -fgnu-runtime (test for warnings, line 44) FAIL: objc.dg/comp-types-4.m -fgnu-runtime (test for warnings, line 45) FAIL: objc.dg/comp-types-4.m -fgnu-runtime (test for warnings, line 47) FAIL: objc.dg/comp-types-4.m -fgnu-runtime (test for warnings, line 48) FAIL: objc.dg/comp-types-4.m -fgnu-runtime (test for warnings, line 49) FAIL: objc.dg/comp-types-4.m -fgnu-runtime (test for warnings, line 50) FAIL: objc.dg/comp-types-4.m -fgnu-runtime (test for warnings, line 52) FAIL: objc.dg/comp-types-4.m -fgnu-runtime (test for warnings, line 53) FAIL: objc.dg/comp-types-4.m -fgnu-runtime (test for warnings, line 54) FAIL: objc.dg/comp-types-4.m -fgnu-runtime (test for warnings, line 55) FAIL: objc.dg/comp-types-4.m -fgnu-runtime (test for warnings, line 57) FAIL: objc.dg/comp-types-4.m -fgnu-runtime (test for warnings, line 58) FAIL: objc.dg/comp-types-4.m -fgnu-runtime (test for warnings, line 59) FAIL: objc.dg/comp-types-4.m -fgnu-runtime (test for warnings, line 60) FAIL: objc.dg/comp-types-4.m -fgnu-runtime (test for warnings, line 62) FAIL: objc.dg/comp-types-4.m -fgnu-runtime (test for warnings, line 63) FAIL: objc.dg/comp-types-4.m -fgnu-runtime (test for warnings, line 64) FAIL: objc.dg/comp-types-4.m -fgnu-runtime (test for warnings, line 65) FAIL: objc.dg/comp-types-4.m -fgnu-runtime (test for warnings, line 67) FAIL: objc.dg/comp-types-4.m -fgnu-runtime (test for warnings, line 68) FAIL: objc.dg/comp-types-4.m -fgnu-runtime (test for warnings, line 69) FAIL: objc.dg/comp-types-4.m -fgnu-runtime (test for warnings, line 70) FAIL: objc.dg/comp-types-4.m -fgnu-runtime (test for excess errors) FAIL: objc.dg/comp-types-5.m -fgnu-runtime (test for excess errors) FAIL: objc.dg/comp-types-6.m -fgnu-runtime (test for warnings, line 27) FAIL: objc.dg/comp-types-6.m -fgnu-runtime (test for warnings, line 28) FAIL: objc.dg/comp-types-6.m -fgnu-runtime (test for excess errors) FAIL: objc.dg/comp-types-8.m -fgnu-runtime (test for excess errors) FAIL: objc.dg/const-str-3.m -fgnu-runtime (test for excess errors) WARNING: objc.dg/const-str-3.m -fgnu-runtime compilation failed to produce executable FAIL: objc.dg/const-str-4.m -fgnu-runtime (test for excess errors) WARNING: objc.dg/const-str-4.m -fgnu-runtime compilation failed to produce executable FAIL: objc.dg/const-str-7.m -fgnu-runtime (test for excess errors) WARNING: objc.dg/const-str-7.m -fgnu-runtime compilation failed to produce executable FAIL: objc.dg/const-str-8.m -fgnu-runtime (test for excess errors) WARNING: objc.dg/const-str-8.m -fgnu-runtime compilation failed to produce executable FAIL: objc.dg/defs.m -fgnu-runtime (test for excess errors) WARNING: objc.dg/defs.m -fgnu-runtime compilation failed to produce executable FAIL: objc.dg/desig-init-1.m -fgnu-runtime (test for warnings, line 26) FAIL: objc.dg/desig-init-1.m -fgnu-runtime (test for warnings, line 26) FAIL: objc.dg/desig-init-1.m -fgnu-runtime (test for warnings, line 31) FAIL: objc.dg/desig-init-1.m -fgnu-runtime (test for warnings, line ) FAIL: objc.dg/desig-init-1.m -fgnu-runtime (test for warnings, line ) FAIL: objc.dg/desig-init-1.m -fgnu-runtime (test for warnings, line ) FAIL: objc.dg/desig-init-1.m -fgnu-runtime (test for excess errors) WARNING: objc.dg/desig-init-1.m -fgnu-runtime compilation failed to produce executable FAIL: objc.dg/encode-1.m -fgnu-runtime (test for excess errors) WARNING: objc.dg/encode-1.m -fgnu-runtime compilation failed to produce executable FAIL: objc.dg/encode-11.m -fgnu-runtime (test for excess errors) WARNING: objc.dg/encode-11.m -fgnu-runtime compilation failed to produce executable FAIL: objc.dg/encode-2.m -fgnu-runtime (test for excess errors) WARNING: objc.dg/encode-2.m -fgnu-runtime compilation failed to produce executable FAIL: objc.dg/encode-3.m -fgnu-runtime (test for excess errors) WARNING: objc.dg/encode-3.m -fgnu-runtime compilation failed to produce executable FAIL: objc.dg/encode-4.m -fgnu-runtime (test for excess errors) WARNING: objc.dg/encode-4.m -fgnu-runtime compilation failed to produce executable FAIL: objc.dg/encode-5.m -fgnu-runtime (test for warnings, line 29) FAIL: objc.dg/encode-5.m -fgnu-runtime (test for warnings, line 37) FAIL: objc.dg/encode-5.m -fgnu-runtime (test for excess errors) FAIL: objc.dg/encode-7.m -fgnu-runtime (test for excess errors) WARNING: objc.dg/encode-7.m -fgnu-runtime compilation failed to produce executable FAIL: objc.dg/encode-8.m -fgnu-runtime (test for excess errors) WARNING: objc.dg/encode-8.m -fgnu-runtime compilation failed to produce executable FAIL: objc.dg/func-ptr-1.m -fgnu-runtime (test for excess errors) WARNING: objc.dg/func-ptr-1.m -fgnu-runtime compilation failed to produce executable FAIL: objc.dg/func-ptr-2.m -fgnu-runtime (test for excess errors) WARNING: objc.dg/func-ptr-2.m -fgnu-runtime compilation failed to produce executable FAIL: objc.dg/gnu-runtime-1.m -fgnu-runtime (test for excess errors) FAIL: objc.dg/gnu-runtime-2.m -fgnu-runtime (test for excess errors) FAIL: objc.dg/gnu-runtime-3.m -fgnu-runtime (test for excess errors) WARNING: objc.dg/gnu-runtime-3.m -fgnu-runtime compilation failed to produce executable FAIL: objc.dg/headers.m -fgnu-runtime (test for excess errors) FAIL: objc.dg/isa-field-1.m -fgnu-runtime (test for excess errors) FAIL: objc.dg/layout-1.m -fgnu-runtime (test for excess errors) FAIL: objc.dg/local-decl-2.m -fgnu-runtime (test for warnings, line 21) FAIL: objc.dg/local-decl-2.m -fgnu-runtime (test for warnings, line 37) FAIL: objc.dg/local-decl-2.m -fgnu-runtime (test for warnings, line 39) FAIL: objc.dg/local-decl-2.m -fgnu-runtime (test for excess errors) FAIL: objc.dg/lookup-1.m -fgnu-runtime (test for excess errors) WARNING: objc.dg/lookup-1.m -fgnu-runtime compilation failed to produce executable FAIL: objc.dg/method-10.m -fgnu-runtime (test for excess errors) WARNING: objc.dg/method-10.m -fgnu-runtime compilation failed to produce executable FAIL: objc.dg/method-11.m -fgnu-runtime (test for warnings, line 25) FAIL: objc.dg/method-11.m -fgnu-runtime (test for warnings, line 12) FAIL: objc.dg/method-11.m -fgnu-runtime (test for warnings, line 16) FAIL: objc.dg/method-11.m -fgnu-runtime (test for warnings, line 20) FAIL: objc.dg/method-11.m -fgnu-runtime (test for errors, line 25) FAIL: objc.dg/method-11.m -fgnu-runtime (test for excess errors) FAIL: objc.dg/method-12.m -fgnu-runtime (test for excess errors) FAIL: objc.dg/method-13.m -fgnu-runtime (test for excess errors) WARNING: objc.dg/method-13.m -fgnu-runtime compilation failed to produce executable FAIL: objc.dg/method-15.m -fgnu-runtime (test for excess errors) FAIL: objc.dg/method-16.m -fgnu-runtime (test for excess errors) FAIL: objc.dg/method-17.m -fgnu-runtime (test for warnings, line 19) FAIL: objc.dg/method-17.m -fgnu-runtime (test for excess errors) FAIL: objc.dg/method-18.m -fgnu-runtime (test for excess errors) FAIL: objc.dg/method-19.m -fgnu-runtime (test for warnings, line 12) FAIL: objc.dg/method-19.m -fgnu-runtime (test for warnings, line ) FAIL: objc.dg/method-19.m -fgnu-runtime (test for warnings, line ) FAIL: objc.dg/method-19.m -fgnu-runtime (test for warnings, line ) FAIL: objc.dg/method-19.m -fgnu-runtime (test for excess errors) FAIL: objc.dg/method-3.m -fgnu-runtime (test for excess errors) WARNING: objc.dg/method-3.m -fgnu-runtime compilation failed to produce executable FAIL: objc.dg/method-6.m -fgnu-runtime (test for warnings, line 22) FAIL: objc.dg/method-6.m -fgnu-runtime (test for warnings, line 10) FAIL: objc.dg/method-6.m -fgnu-runtime (test for warnings, line 15) FAIL: objc.dg/method-6.m -fgnu-runtime (test for warnings, line 26) FAIL: objc.dg/method-6.m -fgnu-runtime (test for warnings, line 26) FAIL: objc.dg/method-6.m -fgnu-runtime (test for warnings, line 26) FAIL: objc.dg/method-6.m -fgnu-runtime (test for warnings, line 26) FAIL: objc.dg/method-6.m -fgnu-runtime (test for errors, line 31) FAIL: objc.dg/method-6.m -fgnu-runtime (test for excess errors) FAIL: objc.dg/method-7.m -fgnu-runtime (test for warnings, line 20) FAIL: objc.dg/method-7.m -fgnu-runtime (test for warnings, line 20) FAIL: objc.dg/method-7.m -fgnu-runtime (test for warnings, line 20) FAIL: objc.dg/method-7.m -fgnu-runtime (test for warnings, line 20) FAIL: objc.dg/method-7.m -fgnu-runtime (test for warnings, line 24) FAIL: objc.dg/method-7.m -fgnu-runtime (test for warnings, line 10) FAIL: objc.dg/method-7.m -fgnu-runtime (test for warnings, line 14) FAIL: objc.dg/method-7.m -fgnu-runtime (test for excess errors) FAIL: objc.dg/method-9.m -fgnu-runtime (test for warnings, line 35) FAIL: objc.dg/method-9.m -fgnu-runtime (test for warnings, line 11) FAIL: objc.dg/method-9.m -fgnu-runtime (test for warnings, line 19) FAIL: objc.dg/method-9.m -fgnu-runtime (test for warnings, line 15) FAIL: objc.dg/method-9.m -fgnu-runtime (test for warnings, line 35) FAIL: objc.dg/method-9.m -fgnu-runtime (test for excess errors) FAIL: objc.dg/missing-proto-3.m -fgnu-runtime (test for errors, line 12) FAIL: objc.dg/missing-proto-3.m -fgnu-runtime (test for warnings, line 21) FAIL: objc.dg/missing-proto-3.m -fgnu-runtime (test for warnings, line 21) FAIL: objc.dg/missing-proto-3.m -fgnu-runtime (test for warnings, line 21) FAIL: objc.dg/missing-proto-3.m -fgnu-runtime (test for excess errors) FAIL: objc.dg/objc-gc-4.m -fgnu-runtime (test for excess errors) FAIL: objc.dg/private-1.m -fgnu-runtime (test for errors, line 37) FAIL: objc.dg/private-1.m -fgnu-runtime (test for warnings, line 37) FAIL: objc.dg/private-1.m -fgnu-runtime (test for warnings, line 53) FAIL: objc.dg/private-1.m -fgnu-runtime (test for warnings, line 54) FAIL: objc.dg/private-1.m -fgnu-runtime (test for excess errors) FAIL: objc.dg/private-2.m -fgnu-runtime (test for warnings, line 30) FAIL: objc.dg/private-2.m -fgnu-runtime (test for warnings, line 31) FAIL: objc.dg/private-2.m -fgnu-runtime (test for warnings, line 32) FAIL: objc.dg/private-2.m -fgnu-runtime (test for warnings, line 51) FAIL: objc.dg/private-2.m -fgnu-runtime (test for warnings, line 52) FAIL: objc.dg/private-2.m -fgnu-runtime (test for excess errors) FAIL: objc.dg/proto-lossage-2.m -fgnu-runtime (test for excess errors) FAIL: objc.dg/proto-lossage-3.m -fgnu-runtime (test for excess errors) WARNING: objc.dg/proto-lossage-3.m -fgnu-runtime compilation failed to produce executable FAIL: objc.dg/proto-qual-1.m -fgnu-runtime (test for excess errors) WARNING: objc.dg/proto-qual-1.m -fgnu-runtime compilation failed to produce executable FAIL: objc.dg/selector-2.m -fgnu-runtime (test for warnings, line ) FAIL: objc.dg/selector-2.m -fgnu-runtime (test for excess errors) FAIL: objc.dg/sizeof-1.m -fgnu-runtime (test for excess errors) WARNING: objc.dg/sizeof-1.m -fgnu-runtime compilation failed to produce executable FAIL: objc.dg/stret-1.m -fgnu-runtime (test for excess errors) WARNING: objc.dg/stret-1.m -fgnu-runtime compilation failed to produce executable FAIL: objc.dg/super-class-3.m -fgnu-runtime (test for excess errors) WARNING: objc.dg/super-class-3.m -fgnu-runtime compilation failed to produce executable FAIL: objc.dg/super-class-4.m -fgnu-runtime (test for errors, line 21) FAIL: objc.dg/super-class-4.m -fgnu-runtime (test for errors, line 25) FAIL: objc.dg/super-class-4.m -fgnu-runtime (test for excess errors) FAIL: objc.dg/sync-1.m -fgnu-runtime (test for excess errors) FAIL: objc.dg/try-catch-1.m -fgnu-runtime (test for excess errors) FAIL: objc.dg/try-catch-10.m -fgnu-runtime (test for warnings, line 32) FAIL: objc.dg/try-catch-10.m -fgnu-runtime (test for excess errors) FAIL: objc.dg/try-catch-3.m -fgnu-runtime (test for excess errors) FAIL: objc.dg/try-catch-6.m -fgnu-runtime (test for excess errors) FAIL: objc.dg/try-catch-7.m -fgnu-runtime (test for excess errors) FAIL: objc.dg/type-size-2.m -fgnu-runtime (test for excess errors) WARNING: objc.dg/type-size-2.m -fgnu-runtime compilation failed to produce executable FAIL: objc.dg/type-stream-1.m -fgnu-runtime (test for excess errors) WARNING: objc.dg/type-stream-1.m -fgnu-runtime compilation failed to produce executable FAIL: objc.dg/typedef-alias-1.m -fgnu-runtime (test for excess errors) FAIL: objc.dg/undeclared-selector.m -fgnu-runtime (test for warnings, line 24) FAIL: objc.dg/undeclared-selector.m -fgnu-runtime (test for warnings, line 43) FAIL: objc.dg/undeclared-selector.m -fgnu-runtime (test for excess errors) FAIL: objc.dg/va-meth-1.m -fgnu-runtime (test for excess errors) WARNING: objc.dg/va-meth-1.m -fgnu-runtime compilation failed to produce executable FAIL: objc.dg-struct-layout-encoding-1/t001_main.m (test for excess errors) WARNING: objc.dg-struct-layout-encoding-1/t001_main.m compilation failed to produce executable FAIL: objc.dg-struct-layout-encoding-1/t002_main.m (test for excess errors) WARNING: objc.dg-struct-layout-encoding-1/t002_main.m compilation failed to produce executable FAIL: objc.dg-struct-layout-encoding-1/t003_main.m (test for excess errors) WARNING: objc.dg-struct-layout-encoding-1/t003_main.m compilation failed to produce executable FAIL: objc.dg-struct-layout-encoding-1/t004_main.m (test for excess errors) WARNING: objc.dg-struct-layout-encoding-1/t004_main.m compilation failed to produce executable FAIL: objc.dg-struct-layout-encoding-1/t005_main.m (test for excess errors) WARNING: objc.dg-struct-layout-encoding-1/t005_main.m compilation failed to produce executable FAIL: objc.dg-struct-layout-encoding-1/t006_main.m (test for excess errors) WARNING: objc.dg-struct-layout-encoding-1/t006_main.m compilation failed to produce executable FAIL: objc.dg-struct-layout-encoding-1/t007_main.m (test for excess errors) WARNING: objc.dg-struct-layout-encoding-1/t007_main.m compilation failed to produce executable FAIL: objc.dg-struct-layout-encoding-1/t008_main.m (test for excess errors) WARNING: objc.dg-struct-layout-encoding-1/t008_main.m compilation failed to produce executable FAIL: objc.dg-struct-layout-encoding-1/t009_main.m (test for excess errors) WARNING: objc.dg-struct-layout-encoding-1/t009_main.m compilation failed to produce executable FAIL: objc.dg-struct-layout-encoding-1/t010_main.m (test for excess errors) WARNING: objc.dg-struct-layout-encoding-1/t010_main.m compilation failed to produce executable FAIL: objc.dg-struct-layout-encoding-1/t011_main.m (test for excess errors) WARNING: objc.dg-struct-layout-encoding-1/t011_main.m compilation failed to produce executable FAIL: objc.dg-struct-layout-encoding-1/t012_main.m (test for excess errors) WARNING: objc.dg-struct-layout-encoding-1/t012_main.m compilation failed to produce executable FAIL: objc.dg-struct-layout-encoding-1/t013_main.m (test for excess errors) WARNING: objc.dg-struct-layout-encoding-1/t013_main.m compilation failed to produce executable FAIL: objc.dg-struct-layout-encoding-1/t014_main.m (test for excess errors) WARNING: objc.dg-struct-layout-encoding-1/t014_main.m compilation failed to produce executable FAIL: objc.dg-struct-layout-encoding-1/t015_main.m (test for excess errors) WARNING: objc.dg-struct-layout-encoding-1/t015_main.m compilation failed to produce executable FAIL: objc.dg-struct-layout-encoding-1/t016_main.m (test for excess errors) WARNING: objc.dg-struct-layout-encoding-1/t016_main.m compilation failed to produce executable FAIL: objc.dg-struct-layout-encoding-1/t017_main.m (test for excess errors) WARNING: objc.dg-struct-layout-encoding-1/t017_main.m compilation failed to produce executable FAIL: objc.dg-struct-layout-encoding-1/t018_main.m (test for excess errors) WARNING: objc.dg-struct-layout-encoding-1/t018_main.m compilation failed to produce executable FAIL: objc.dg-struct-layout-encoding-1/t019_main.m (test for excess errors) WARNING: objc.dg-struct-layout-encoding-1/t019_main.m compilation failed to produce executable FAIL: objc.dg-struct-layout-encoding-1/t020_main.m (test for excess errors) WARNING: objc.dg-struct-layout-encoding-1/t020_main.m compilation failed to produce executable FAIL: objc.dg-struct-layout-encoding-1/t021_main.m (test for excess errors) WARNING: objc.dg-struct-layout-encoding-1/t021_main.m compilation failed to produce executable FAIL: objc.dg-struct-layout-encoding-1/t022_main.m (test for excess errors) WARNING: objc.dg-struct-layout-encoding-1/t022_main.m compilation failed to produce executable FAIL: objc.dg-struct-layout-encoding-1/t023_main.m (test for excess errors) WARNING: objc.dg-struct-layout-encoding-1/t023_main.m compilation failed to produce executable FAIL: objc.dg-struct-layout-encoding-1/t024_main.m (test for excess errors) WARNING: objc.dg-struct-layout-encoding-1/t024_main.m compilation failed to produce executable FAIL: objc.dg-struct-layout-encoding-1/t025_main.m (test for excess errors) WARNING: objc.dg-struct-layout-encoding-1/t025_main.m compilation failed to produce executable FAIL: objc.dg-struct-layout-encoding-1/t026_main.m (test for excess errors) WARNING: objc.dg-struct-layout-encoding-1/t026_main.m compilation failed to produce executable FAIL: objc.dg-struct-layout-encoding-1/t027_main.m (test for excess errors) WARNING: objc.dg-struct-layout-encoding-1/t027_main.m compilation failed to produce executable FAIL: objc.dg-struct-layout-encoding-1/t028_main.m (test for excess errors) WARNING: objc.dg-struct-layout-encoding-1/t028_main.m compilation failed to produce executable FAIL: objc.dg-struct-layout-encoding-1/t029_main.m (test for excess errors) WARNING: objc.dg-struct-layout-encoding-1/t029_main.m compilation failed to produce executable FAIL: objc.dg-struct-layout-encoding-1/t030_main.m (test for excess errors) WARNING: objc.dg-struct-layout-encoding-1/t030_main.m compilation failed to produce executable FAIL: objc.dg-struct-layout-encoding-1/t031_main.m (test for excess errors) WARNING: objc.dg-struct-layout-encoding-1/t031_main.m compilation failed to produce executable FAIL: objc.dg/special/unclaimed-category-1.m unclaimed-category-1a.o (test for excess errors) WARNING: objc.dg/special/unclaimed-category-1.m unclaimed-category-1a.o compilation failed to produce executable === objc Summary === # of expected passes 228 # of unexpected failures 357 # of unsupported tests 20 /mnt/scratch/objdir45/gcc/xgcc version 4.5.2 20101202 (prerelease) (GCC) === libgomp tests === Running target unix FAIL: libgomp.c/autopar-1.c execution test FAIL: libgomp.c++/for-1.C -O3 -fomit-frame-pointer -funroll-loops execution test FAIL: libgomp.c++/for-1.C -O3 -fomit-frame-pointer -funroll-all-loops -finline-functions execution test FAIL: libgomp.c++/for-2.C -O3 -fomit-frame-pointer -funroll-loops execution test FAIL: libgomp.c++/for-2.C -O3 -fomit-frame-pointer -funroll-all-loops -finline-functions execution test FAIL: libgomp.c++/for-3.C -O3 -fomit-frame-pointer -funroll-loops execution test FAIL: libgomp.c++/for-3.C -O3 -fomit-frame-pointer -funroll-all-loops -finline-functions execution test FAIL: libgomp.c++/for-4.C -O3 -fomit-frame-pointer -funroll-loops execution test FAIL: libgomp.c++/for-4.C -O3 -fomit-frame-pointer -funroll-all-loops -finline-functions execution test FAIL: libgomp.c++/for-5.C -O3 -fomit-frame-pointer -funroll-loops execution test FAIL: libgomp.c++/for-5.C -O3 -fomit-frame-pointer -funroll-all-loops -finline-functions execution test FAIL: libgomp.c++/for-8.C -O3 -fomit-frame-pointer -funroll-loops execution test FAIL: libgomp.c++/for-8.C -O3 -fomit-frame-pointer -funroll-all-loops -finline-functions execution test FAIL: libgomp.fortran/appendix-a/a.16.1.f90 -O3 -fomit-frame-pointer -funroll-loops execution test FAIL: libgomp.fortran/appendix-a/a.16.1.f90 -O3 -fomit-frame-pointer -funroll-all-loops -finline-functions execution test FAIL: libgomp.fortran/collapse3.f90 -O3 -fomit-frame-pointer -funroll-loops execution test FAIL: libgomp.fortran/collapse3.f90 -O3 -fomit-frame-pointer -funroll-all-loops -finline-functions execution test FAIL: libgomp.fortran/do1.f90 -O3 -fomit-frame-pointer -funroll-loops execution test FAIL: libgomp.fortran/do1.f90 -O3 -fomit-frame-pointer -funroll-all-loops -finline-functions execution test FAIL: libgomp.fortran/do2.f90 -O3 -fomit-frame-pointer -funroll-loops execution test FAIL: libgomp.fortran/do2.f90 -O3 -fomit-frame-pointer -funroll-all-loops -finline-functions execution test WARNING: program timed out. FAIL: libgomp.fortran/strassen.f90 -O execution test FAIL: libgomp.fortran/threadprivate3.f90 -O1 (test for excess errors) WARNING: libgomp.fortran/threadprivate3.f90 -O1 compilation failed to produce executable FAIL: libgomp.fortran/threadprivate3.f90 -O2 (test for excess errors) WARNING: libgomp.fortran/threadprivate3.f90 -O2 compilation failed to produce executable FAIL: libgomp.fortran/threadprivate3.f90 -O3 -fomit-frame-pointer (test for excess errors) WARNING: libgomp.fortran/threadprivate3.f90 -O3 -fomit-frame-pointer compilation failed to produce executable FAIL: libgomp.fortran/threadprivate3.f90 -O3 -fomit-frame-pointer -funroll-loops (test for excess errors) WARNING: libgomp.fortran/threadprivate3.f90 -O3 -fomit-frame-pointer -funroll-loops compilation failed to produce executable FAIL: libgomp.fortran/threadprivate3.f90 -O3 -fomit-frame-pointer -funroll-all-loops -finline-functions (test for excess errors) WARNING: libgomp.fortran/threadprivate3.f90 -O3 -fomit-frame-pointer -funroll-all-loops -finline-functions compilation failed to produce executable FAIL: libgomp.fortran/threadprivate3.f90 -O3 -g (test for excess errors) WARNING: libgomp.fortran/threadprivate3.f90 -O3 -g compilation failed to produce executable FAIL: libgomp.fortran/threadprivate3.f90 -Os (test for excess errors) WARNING: libgomp.fortran/threadprivate3.f90 -Os compilation failed to produce executable FAIL: libgomp.fortran/vla5.f90 -O3 -fomit-frame-pointer -funroll-loops execution test FAIL: libgomp.fortran/vla5.f90 -O3 -fomit-frame-pointer -funroll-all-loops -finline-functions execution test FAIL: libgomp.fortran/vla8.f90 -O3 -fomit-frame-pointer execution test FAIL: libgomp.fortran/vla8.f90 -O3 -fomit-frame-pointer -funroll-loops execution test FAIL: libgomp.fortran/vla8.f90 -O3 -fomit-frame-pointer -funroll-all-loops -finline-functions execution test WARNING: program timed out. FAIL: libgomp.fortran/vla8.f90 -O3 -g (test for excess errors) WARNING: libgomp.fortran/vla8.f90 -O3 -g compilation failed to produce executable === libgomp Summary === # of expected passes 2437 # of unexpected failures 35 # of unsupported tests 7 === libstdc++ tests === Running target unix FAIL: 20_util/shared_ptr/thread/mutex_weaktoshared.cc execution test WARNING: program timed out. FAIL: 23_containers/list/pthread1.cc execution test WARNING: program timed out. FAIL: 23_containers/list/pthread5.cc execution test WARNING: program timed out. FAIL: 23_containers/map/pthread6.cc execution test FAIL: 26_numerics/complex/pow.cc execution test FAIL: 27_io/basic_ofstream/pthread2.cc execution test FAIL: 27_io/basic_ostringstream/pthread3.cc execution test FAIL: tr1/2_general_utilities/shared_ptr/thread/mutex_weaktoshared.cc execution test FAIL: tr1/5_numerical_facilities/special_functions/02_assoc_legendre/check_nan.cc execution test FAIL: tr1/5_numerical_facilities/special_functions/06_comp_ellint_3/check_nan.cc execution test FAIL: tr1/5_numerical_facilities/special_functions/12_ellint_1/check_nan.cc execution test FAIL: tr1/5_numerical_facilities/special_functions/13_ellint_2/check_nan.cc execution test FAIL: tr1/5_numerical_facilities/special_functions/14_ellint_3/check_nan.cc execution test FAIL: tr1/5_numerical_facilities/special_functions/19_legendre/check_nan.cc execution test === libstdc++ Summary === # of expected passes 6694 # of unexpected failures 14 # of expected failures 91 # of unsupported tests 429 Compiler version: 4.5.2 20101202 (prerelease) (GCC) Platform: m68k-unknown-linux-gnu configure flags: --enable-bootstrap --enable-shared --enable-threads=posix --enable-checking=release --with-system-zlib --enable-__cxa_atexit --disable-libunwind-exceptions --enable-languages=c,c++,objc,obj-c++,java,fortran --enable-java-awt=gtk --disable-dssi --with-java-home=/usr/lib/jvm/java-1.5.0-gcj-1.5.0.0/jre --enable-libgcj-multifile --disable-java-maintainer-mode --with-ecj-jar=/usr/share/java/eclipse-ecj.jar --disable-libjava-multilib --disable-sjlj-exceptions --disable-libmudflap --with-gmp=/home/mikpe/pkgs/linux-m68k/gmp-4.3.2 --with-mpfr=/home/mikpe/pkgs/linux-m68k/mpfr-2.4.2 --with-mpc=/home/mikpe/pkgs/linux-m68k/mpc-0.8.2 --disable-plugin --disable-lto BOOT_CFLAGS=-g -O2
Index Nav: | [Date Index] [Subject Index] [Author Index] [Thread Index] | |
---|---|---|
Message Nav: | [Date Prev] [Date Next] | [Thread Prev] [Thread Next] |