This is the mail archive of the
gcc-testresults@gcc.gnu.org
mailing list for the GCC project.
Results for 4.6.0 20101128 (experimental) [trunk revision 167225] (GCC) testsuite on i686-apple-darwin9
- From: dave at hiauly1 dot hia dot nrc dot ca (John David Anglin)
- To: dave at hiauly1 dot hia dot nrc dot ca, gcc-testresults at gcc dot gnu dot org
- Date: Sun, 28 Nov 2010 22:18:48 -0500 (EST)
- Subject: Results for 4.6.0 20101128 (experimental) [trunk revision 167225] (GCC) testsuite on i686-apple-darwin9
LAST_UPDATED: Sun Nov 28 23:11:39 UTC 2010 (revision 167225)
=== acats tests ===
=== acats Summary ===
# of expected passes 2321
# of unexpected failures 0
Native configuration is i686-apple-darwin9
=== g++ tests ===
Running target unix
WARNING: Could not compile g++.dg/compat/struct-layout-1 generator
WARNING: g++.dg/ext/label13.C compilation failed to produce executable
FAIL: g++.dg/torture/stackalign/eh-alloca-1.C -O3 -g execution test
FAIL: g++.dg/torture/stackalign/eh-vararg-1.C -O3 -g execution test
FAIL: g++.dg/torture/stackalign/eh-vararg-2.C -O3 -g execution test
FAIL: g++.dg/torture/stackalign/eh-alloca-1.C -O3 -g execution test
FAIL: g++.dg/torture/stackalign/eh-vararg-1.C -O3 -g execution test
FAIL: g++.dg/torture/stackalign/eh-vararg-2.C -O3 -g execution test
FAIL: g++.dg/tree-prof/indir-call-prof.C compilation, -g -fprofile-use
UNRESOLVED: g++.dg/tree-prof/indir-call-prof.C execution, -g -fprofile-use
FAIL: g++.dg/tree-prof/indir-call-prof.C compilation, -O0 -fprofile-use
UNRESOLVED: g++.dg/tree-prof/indir-call-prof.C execution, -O0 -fprofile-use
FAIL: g++.dg/tree-prof/indir-call-prof.C compilation, -O1 -fprofile-use
UNRESOLVED: g++.dg/tree-prof/indir-call-prof.C execution, -O1 -fprofile-use
FAIL: g++.dg/tree-prof/indir-call-prof.C compilation, -O2 -fprofile-use
UNRESOLVED: g++.dg/tree-prof/indir-call-prof.C execution, -O2 -fprofile-use
FAIL: g++.dg/tree-prof/indir-call-prof.C compilation, -O3 -fprofile-use
UNRESOLVED: g++.dg/tree-prof/indir-call-prof.C execution, -O3 -fprofile-use
FAIL: g++.dg/tree-prof/indir-call-prof.C compilation, -O3 -g -fprofile-use
UNRESOLVED: g++.dg/tree-prof/indir-call-prof.C execution, -O3 -g -fprofile-use
FAIL: g++.dg/tree-prof/indir-call-prof.C compilation, -Os -fprofile-use
UNRESOLVED: g++.dg/tree-prof/indir-call-prof.C execution, -Os -fprofile-use
FAIL: g++.dg/tree-prof/inline_mismatch_args.C compilation, -g -fprofile-use
UNRESOLVED: g++.dg/tree-prof/inline_mismatch_args.C execution, -g -fprofile-use
FAIL: g++.dg/tree-prof/inline_mismatch_args.C compilation, -O0 -fprofile-use
UNRESOLVED: g++.dg/tree-prof/inline_mismatch_args.C execution, -O0 -fprofile-use
FAIL: g++.dg/tree-prof/inline_mismatch_args.C compilation, -O1 -fprofile-use
UNRESOLVED: g++.dg/tree-prof/inline_mismatch_args.C execution, -O1 -fprofile-use
FAIL: g++.dg/tree-prof/inline_mismatch_args.C compilation, -O2 -fprofile-use
UNRESOLVED: g++.dg/tree-prof/inline_mismatch_args.C execution, -O2 -fprofile-use
FAIL: g++.dg/tree-prof/inline_mismatch_args.C compilation, -O3 -fprofile-use
UNRESOLVED: g++.dg/tree-prof/inline_mismatch_args.C execution, -O3 -fprofile-use
FAIL: g++.dg/tree-prof/inline_mismatch_args.C compilation, -O3 -g -fprofile-use
UNRESOLVED: g++.dg/tree-prof/inline_mismatch_args.C execution, -O3 -g -fprofile-use
FAIL: g++.dg/tree-prof/inline_mismatch_args.C compilation, -Os -fprofile-use
UNRESOLVED: g++.dg/tree-prof/inline_mismatch_args.C execution, -Os -fprofile-use
=== g++ Summary ===
# of expected passes 25141
# of unexpected failures 20
# of expected failures 157
# of unresolved testcases 14
# of unsupported tests 178
/Users/dave/gnu/gcc/objdir/gcc/testsuite/g++/../../g++ version 4.6.0 20101128 (experimental) [trunk revision 167225] (GCC)
=== gcc tests ===
Running target unix
WARNING: Could not compile gcc.dg/compat/struct-layout-1 generator
FAIL: gcc.dg/pr14963.c (internal compiler error)
FAIL: gcc.dg/pr14963.c (test for excess errors)
XPASS: gcc.dg/tree-ssa/20040204-1.c scan-tree-dump-times optimized "link_error" 0
FAIL: gcc.target/i386/combine-mul.c scan-assembler-not 12345
=== gcc Summary ===
# of expected passes 73215
# of unexpected failures 3
# of unexpected successes 1
# of expected failures 202
# of unsupported tests 1355
/Users/dave/gnu/gcc/objdir/gcc/xgcc version 4.6.0 20101128 (experimental) [trunk revision 167225] (GCC)
=== gfortran tests ===
Running target unix
XPASS: gfortran.dg/pr25923.f90 -O PR45505 (test for warnings, line 13)
XPASS: gfortran.dg/pr25923.f90 -O PR45505 (test for bogus messages, line 22)
=== gfortran Summary ===
# of expected passes 37129
# of unexpected successes 2
# of expected failures 48
# of unsupported tests 181
/Users/dave/gnu/gcc/objdir/gcc/testsuite/gfortran/../../gfortran version 4.6.0 20101128 (experimental) [trunk revision 167225] (GCC)
=== gnat tests ===
Running target unix
FAIL: gnat.dg/aliasing2.adb scan-tree-dump-not optimized "gnat_rcheck"
FAIL: gnat.dg/pack9.adb scan-tree-dump-not optimized "gnat_rcheck"
=== gnat Summary ===
# of expected passes 858
# of unexpected failures 2
# of expected failures 10
# of unsupported tests 2
=== obj-c++ tests ===
Running target unix
FAIL: obj-c++.dg/demangle-2.mm -fgnu-runtime execution test
WARNING: obj-c++.dg/try-catch-2.mm -fgnu-runtime compilation failed to produce executable
WARNING: obj-c++.dg/try-catch-9.mm -fgnu-runtime compilation failed to produce executable
FAIL: obj-c++.dg/demangle-2.mm -fnext-runtime execution test
FAIL: obj-c++.dg/strings-2.mm -fnext-runtime (test for excess errors)
WARNING: obj-c++.dg/strings-2.mm -fnext-runtime compilation failed to produce executable
FAIL: obj-c++.dg/try-catch-12.mm -fnext-runtime (internal compiler error)
FAIL: obj-c++.dg/try-catch-12.mm -fnext-runtime (test for excess errors)
FAIL: obj-c++.dg/try-catch-13.mm -fnext-runtime (internal compiler error)
FAIL: obj-c++.dg/try-catch-13.mm -fnext-runtime (test for errors, line 38)
FAIL: obj-c++.dg/try-catch-13.mm -fnext-runtime (test for errors, line 53)
FAIL: obj-c++.dg/try-catch-13.mm -fnext-runtime (test for excess errors)
FAIL: obj-c++.dg/try-catch-2.mm -fnext-runtime (internal compiler error)
FAIL: obj-c++.dg/try-catch-2.mm -fnext-runtime (test for excess errors)
WARNING: obj-c++.dg/try-catch-2.mm -fnext-runtime compilation failed to produce executable
FAIL: obj-c++.dg/try-catch-7.mm -fnext-runtime (internal compiler error)
FAIL: obj-c++.dg/try-catch-7.mm -fnext-runtime (test for excess errors)
FAIL: obj-c++.dg/try-catch-9.mm -fnext-runtime (internal compiler error)
WARNING: obj-c++.dg/try-catch-9.mm -fnext-runtime compilation failed to produce executable
=== obj-c++ Summary ===
# of expected passes 2569
# of unexpected failures 14
# of expected failures 2
# of unsupported tests 74
/Users/dave/gnu/gcc/objdir/gcc/testsuite/obj-c++/../../g++ version 4.6.0 20101128 (experimental) [trunk revision 167225] (GCC)
=== objc tests ===
Running target unix
FAIL: objc.dg/strings-2.m -fnext-runtime (test for excess errors)
WARNING: objc.dg/strings-2.m -fnext-runtime compilation failed to produce executable
WARNING: Could not compile objc.dg/gnu-encoding/struct-layout-encoding-1 generator
=== objc Summary ===
# of expected passes 5445
# of unexpected failures 1
# of unsupported tests 91
/Users/dave/gnu/gcc/objdir/gcc/xgcc version 4.6.0 20101128 (experimental) [trunk revision 167225] (GCC)
=== libffi tests ===
Running target unix
=== libffi Summary ===
# of expected passes 1634
# of expected failures 10
# of unsupported tests 15
=== libgomp tests ===
Running target unix
=== libgomp Summary ===
# of expected passes 2490
# of unsupported tests 2
=== libjava tests ===
Running target unix
=== libjava Summary ===
# of expected passes 2574
=== libstdc++ tests ===
Running target unix
FAIL: 20_util/unique_ptr/requirements/explicit_instantiation/explicit_instantiation.cc (test for excess errors)
FAIL: ext/mt_allocator/deallocate_global_thread-1.cc execution test
FAIL: ext/mt_allocator/deallocate_global_thread-3.cc execution test
=== libstdc++ Summary ===
# of expected passes 6953
# of unexpected failures 3
# of expected failures 83
# of unsupported tests 644
Compiler version: 4.6.0 20101128 (experimental) [trunk revision 167225] (GCC)
Platform: i686-apple-darwin9
configure flags: --build=i686-apple-darwin9 --host=i686-apple-darwin9 --target=i686-apple-darwin9 --with-tune=generic --prefix=/opt/gnu/gcc/gcc-4.6.0 --with-gmp=/opt/gnu/gcc/gcc-4.6.0 --enable-debug=no --disable-nls --enable-languages=c,c++,objc,fortran,obj-c++,java,ada --enable-threads=posix --enable-__cxa_atexit --enable-java-gc=boehm