This is the mail archive of the
gcc-testresults@gcc.gnu.org
mailing list for the GCC project.
Results for 4.6.0 20101118 (GCC) testsuite on sparc64-sun-solaris2.9
- From: botcazou at eu dot adacore dot com (Eric Botcazou)
- To: gcc-testresults at gcc dot gnu dot org
- Date: Fri, 19 Nov 2010 10:02:29 +0100 (CET)
- Subject: Results for 4.6.0 20101118 (GCC) testsuite on sparc64-sun-solaris2.9
=== acats tests ===
=== acats Summary ===
# of expected passes 2321
# of unexpected failures 0
Native configuration is sparc64-sun-solaris2.9
=== gcc tests ===
Running target unix
FAIL: gcc.dg/cpp/trad/include.c (internal compiler error)
FAIL: gcc.dg/cpp/trad/include.c (test for excess errors)
FAIL: gcc.dg/20020425-1.c (internal compiler error)
FAIL: gcc.dg/20020425-1.c (test for excess errors)
FAIL: gcc.dg/lto/20090210 c_lto_20090210_0.o-c_lto_20090210_1.o link, -O0 -flto -flto-partition=none
UNRESOLVED: gcc.dg/lto/20090210 c_lto_20090210_0.o-c_lto_20090210_1.o execute -O0 -flto -flto-partition=none
FAIL: gcc.dg/lto/20090210 c_lto_20090210_0.o-c_lto_20090210_1.o link, -O2 -flto -flto-partition=none
UNRESOLVED: gcc.dg/lto/20090210 c_lto_20090210_0.o-c_lto_20090210_1.o execute -O2 -flto -flto-partition=none
FAIL: gcc.dg/lto/20090210 c_lto_20090210_0.o-c_lto_20090210_1.o link, -O0 -flto -flto-partition=1to1
UNRESOLVED: gcc.dg/lto/20090210 c_lto_20090210_0.o-c_lto_20090210_1.o execute -O0 -flto -flto-partition=1to1
FAIL: gcc.dg/lto/20090210 c_lto_20090210_0.o-c_lto_20090210_1.o link, -O2 -flto -flto-partition=1to1
UNRESOLVED: gcc.dg/lto/20090210 c_lto_20090210_0.o-c_lto_20090210_1.o execute -O2 -flto -flto-partition=1to1
FAIL: gcc.dg/lto/20090210 c_lto_20090210_0.o-c_lto_20090210_1.o link, -O0 -flto
UNRESOLVED: gcc.dg/lto/20090210 c_lto_20090210_0.o-c_lto_20090210_1.o execute -O0 -flto
FAIL: gcc.dg/lto/20090210 c_lto_20090210_0.o-c_lto_20090210_1.o link, -O2 -flto
UNRESOLVED: gcc.dg/lto/20090210 c_lto_20090210_0.o-c_lto_20090210_1.o execute -O2 -flto
XPASS: gcc.dg/tree-ssa/20040204-1.c scan-tree-dump-times optimized "link_error" 0
FAIL: gcc.dg/tree-ssa/pr14814.c scan-tree-dump-times forwprop2 "&" 0
XPASS: gcc.dg/vect/pr33804.c scan-tree-dump-times vect "vectorized 1 loops" 1
XPASS: gcc.dg/vect/pr33804.c scan-tree-dump-times vect "vectorizing stmts using SLP" 1
FAIL: gcc.dg/vect/pr46009.c scan-tree-dump-times vect "vectorized 1 loops" 2
XPASS: gcc.dg/vect/vect-peel-1.c scan-tree-dump-times vect "vectorized 1 loops" 2
XPASS: gcc.dg/vect/vect-peel-1.c scan-tree-dump-times vect "Alignment of access forced using peeling" 1
XPASS: gcc.dg/vect/vect-peel-2.c scan-tree-dump-times vect "vectorized 1 loops" 2
FAIL: gcc.dg/vect/vect-peel-3.c scan-tree-dump-times vect "vectorized 1 loops" 2
XPASS: gcc.dg/vect/vect-vfa-slp.c scan-tree-dump-times vect "vectorized 1 loops" 1
XPASS: gcc.dg/vect/slp-23.c scan-tree-dump-times vect "vectorizing stmts using SLP" 1
XPASS: gcc.dg/vect/slp-24.c scan-tree-dump-times vect "vectorized 1 loops" 1
XPASS: gcc.dg/vect/slp-24.c scan-tree-dump-times vect "vectorizing stmts using SLP" 2
XPASS: gcc.dg/vect/slp-35.c scan-tree-dump-times vect "vectorized 1 loops" 1
XPASS: gcc.dg/vect/slp-35.c scan-tree-dump-times vect "vectorizing stmts using SLP" 1
FAIL: gcc.dg/vect/slp-reduc-3.c scan-tree-dump-times vect "vectorizing stmts using SLP" 1
FAIL: gcc.dg/vect/slp-reduc-6.c scan-tree-dump-times vect "vectorized 1 loops" 2
XPASS: gcc.dg/vect/no-tree-pre-slp-29.c scan-tree-dump-times vect "vectorized 1 loops" 2
XPASS: gcc.dg/vect/no-tree-pre-slp-29.c scan-tree-dump-times vect "vectorizing stmts using SLP" 2
=== gcc Summary ===
# of expected passes 68948
# of unexpected failures 15
# of unexpected successes 14
# of expected failures 218
# of unresolved testcases 6
# of unsupported tests 1162
/nfs/nile/nile.build/botcazou/gcc-head/sparc64-sun-solaris2.9/gcc/xgcc version 4.6.0 20101118 for GNAT Pro 6.5.0w (20101117) (GCC)
=== gfortran tests ===
Running target unix
FAIL: gfortran.dg/parameter_array_init_6.f90 -O (internal compiler error)
FAIL: gfortran.dg/parameter_array_init_6.f90 -O (test for errors, line 17)
FAIL: gfortran.dg/parameter_array_init_6.f90 -O (test for excess errors)
FAIL: gfortran.dg/quad_1.f90 -O (test for excess errors)
=== gfortran Summary ===
# of expected passes 36949
# of unexpected failures 4
# of expected failures 42
# of unsupported tests 247
=== g++ tests ===
Running target unix
FAIL: g++.dg/lto/20090303 cp_lto_20090303_0.o-cp_lto_20090303_0.o link, -flto -flto-partition=1to1
UNRESOLVED: g++.dg/lto/20090303 cp_lto_20090303_0.o-cp_lto_20090303_0.o execute -flto -flto-partition=1to1
=== g++ Summary ===
# of expected passes 25493
# of unexpected failures 1
# of expected failures 157
# of unresolved testcases 1
# of unsupported tests 419
/nfs/nile/nile.build/botcazou/gcc-head/sparc64-sun-solaris2.9/gcc/testsuite/g++/../../g++ version 4.6.0 20101118 for GNAT Pro 6.5.0w (20101117) (GCC)
=== gnat tests ===
Running target unix
=== gnat Summary ===
# of expected passes 853
# of expected failures 10
# of unsupported tests 5
=== obj-c++ tests ===
Running target unix
WARNING: obj-c++.dg/try-catch-2.mm -fgnu-runtime compilation failed to produce executable
WARNING: obj-c++.dg/try-catch-9.mm -fgnu-runtime compilation failed to produce executable
FAIL: obj-c++.dg/property/at-property-2.mm -fgnu-runtime (test for errors, line 12)
=== obj-c++ Summary ===
# of expected passes 1105
# of unexpected failures 1
# of expected failures 10
# of unsupported tests 86
/nfs/nile/nile.build/botcazou/gcc-head/sparc64-sun-solaris2.9/gcc/testsuite/obj-c++/../../g++ version 4.6.0 20101118 for GNAT Pro 6.5.0w (20101117) (GCC)
=== objc tests ===
Running target unix
XPASS: objc.dg-struct-layout-encoding-1/t025_main.m execution test
XPASS: objc.dg-struct-layout-encoding-1/t026_main.m execution test
XPASS: objc.dg-struct-layout-encoding-1/t027_main.m execution test
XPASS: objc.dg-struct-layout-encoding-1/t028_main.m execution test
XPASS: objc.dg-struct-layout-encoding-1/t029_main.m execution test
XPASS: objc.dg-struct-layout-encoding-1/t030_main.m execution test
XPASS: objc.dg-struct-layout-encoding-1/t031_main.m execution test
=== objc Summary ===
# of expected passes 2585
# of unexpected successes 7
# of expected failures 10
# of unsupported tests 98
/nfs/nile/nile.build/botcazou/gcc-head/sparc64-sun-solaris2.9/gcc/xgcc version 4.6.0 20101118 for GNAT Pro 6.5.0w (20101117) (GCC)
=== libgomp tests ===
Running target unix
=== libgomp Summary ===
# of expected passes 2490
# of unsupported tests 2
=== libstdc++ tests ===
Running target unix
FAIL: libstdc++-abi/abi_check
FAIL: 27_io/basic_filebuf/seekoff/wchar_t/4.cc (test for excess errors)
WARNING: 27_io/basic_filebuf/seekoff/wchar_t/4.cc compilation failed to produce executable
FAIL: 27_io/ios_base/types/fmtflags/bitmask_operators.cc (test for excess errors)
FAIL: 27_io/ios_base/types/iostate/bitmask_operators.cc (test for excess errors)
FAIL: 27_io/ios_base/types/openmode/bitmask_operators.cc (test for excess errors)
FAIL: abi/demangle/regression/cw-13.cc execution test
FAIL: tr1/6_containers/unordered_map/requirements/iterator_null_neg.cc (test for errors, line 26)
FAIL: tr1/6_containers/unordered_map/requirements/iterator_null_neg.cc (test for errors, line 27)
FAIL: tr1/6_containers/unordered_map/requirements/iterator_null_neg.cc (test for excess errors)
FAIL: tr1/6_containers/unordered_set/requirements/iterator_null_neg.cc (test for errors, line 26)
FAIL: tr1/6_containers/unordered_set/requirements/iterator_null_neg.cc (test for errors, line 27)
FAIL: tr1/6_containers/unordered_set/requirements/iterator_null_neg.cc (test for excess errors)
=== libstdc++ Summary ===
# of expected passes 6756
# of unexpected failures 12
# of expected failures 85
# of unsupported tests 721
Compiler version: 4.6.0 20101118 for GNAT Pro 6.5.0w (20101117) (GCC)
Platform: sparc64-sun-solaris2.9
configure flags: --build=sparc64-sun-solaris2.9 --prefix=/nile.build/botcazou/gcc-head/install_sparc64 --with-as=/nile.build/botcazou/gcc-head/install_sparc64/bin/as --with-gmp=/nile.build/botcazou/support/sparc --with-gmp-lib=/nile.build/botcazou/support/sparc/lib/sparcv9 --with-mpfr=/nile.build/botcazou/support/sparc --with-mpfr-lib=/nile.build/botcazou/support/sparc/lib/sparcv9 --with-mpc=/nile.build/botcazou/support/sparc --with-mpc-lib=/nile.build/botcazou/support/sparc/lib/sparcv9 --with-libelf=/nile.build/botcazou/support/sparc --with-libelf-lib=/nile.build/botcazou/support/sparc/lib/sparcv9 --enable-languages=c,c++,objc,obj-c++,fortran,ada --disable-libstdcxx-pch --disable-nls
BOOT_CFLAGS=-g -O2