This is the mail archive of the
gcc-testresults@gcc.gnu.org
mailing list for the GCC project.
Results for 4.6.0 20101029 (experimental) [trunk revision 166056] (GCC) testsuite on sh64-unknown-linux-gnu
- From: Kaz Kojima <kkojima at rr dot iij4u dot or dot jp>
- To: gcc-testresults at gcc dot gnu dot org
- Date: Sat, 30 Oct 2010 19:53:34 +0900
- Subject: Results for 4.6.0 20101029 (experimental) [trunk revision 166056] (GCC) testsuite on sh64-unknown-linux-gnu
Remote host: 2.4.23-pre3 sh64
GNU C Library version 2.2.5
LAST_UPDATED: Fri Oct 29 04:17:27 UTC 2010 (revision 166056)
Target is sh64-unknown-linux-gnu
Host is i686-pc-linux-gnu
=== g++ tests ===
Running target unix
WARNING: Assuming target board is the local machine (which is probably wrong).
FAIL: tmpdir-g++.dg-struct-layout-1/t024 cp_compat_x_tst.o-cp_compat_y_tst.o execute
FAIL: g++.dg/debug/dwarf2/icf.C scan-assembler \\\\.section.*.debug_dcall
FAIL: g++.dg/debug/dwarf2/icf.C scan-assembler New caller
FAIL: g++.dg/debug/dwarf2/icf.C scan-assembler Caller DIE offset
FAIL: g++.dg/debug/dwarf2/icf.C scan-assembler Callee DIE offset
FAIL: g++.dg/abi/bitfield5.C (test for warnings, line 11)
FAIL: g++.dg/eh/unwind2.C (internal compiler error)
FAIL: g++.dg/eh/unwind2.C (test for excess errors)
FAIL: g++.dg/ext/attrib21.C (test for excess errors)
FAIL: g++.dg/ext/bitfield2.C (test for excess errors)
FAIL: g++.dg/ext/bitfield3.C (test for excess errors)
FAIL: g++.dg/ext/bitfield4.C (test for excess errors)
FAIL: g++.dg/ext/bitfield5.C (test for excess errors)
FAIL: g++.dg/ipa/ivinline-1.C scan-ipa-dump inline "B::foo[^\\n]*inline copy in int main"
FAIL: g++.dg/ipa/ivinline-2.C scan-ipa-dump inline "B::foo[^\\n]*inline copy in int main"
FAIL: g++.dg/ipa/ivinline-3.C scan-ipa-dump inline "B::foo[^\\n]*inline copy in int main"
FAIL: g++.dg/ipa/ivinline-4.C scan-ipa-dump inline "B::foo[^\\n]*inline copy in int main"
FAIL: g++.dg/ipa/ivinline-5.C scan-ipa-dump inline "B::foo[^\\n]*inline copy in int main"
FAIL: g++.dg/ipa/ivinline-6.C scan-ipa-dump inline "B::foo[^\\n]*inline copy in int main"
FAIL: g++.dg/ipa/ivinline-8.C scan-ipa-dump inline "B::foo[^\\n]*inline copy in int main"
FAIL: g++.dg/ipa/ivinline-8.C scan-ipa-dump inline "B::bar[^\\n]*inline copy in int main"
FAIL: c-c++-common/pr44832.c (test for excess errors)
FAIL: g++.dg/torture/stackalign/eh-vararg-1.C -O0 execution test
FAIL: g++.dg/torture/stackalign/eh-vararg-1.C -O1 execution test
FAIL: g++.dg/torture/stackalign/eh-vararg-1.C -O2 execution test
FAIL: g++.dg/torture/stackalign/eh-vararg-1.C -O3 -fomit-frame-pointer execution test
FAIL: g++.dg/torture/stackalign/eh-vararg-1.C -O3 -g execution test
FAIL: g++.dg/torture/stackalign/eh-vararg-1.C -Os execution test
FAIL: g++.dg/torture/stackalign/eh-vararg-1.C -O2 -flto execution test
FAIL: g++.dg/torture/stackalign/eh-vararg-1.C -O2 -fwhopr execution test
FAIL: g++.dg/torture/stackalign/eh-vararg-2.C -O0 execution test
FAIL: g++.dg/torture/stackalign/eh-vararg-2.C -O1 execution test
FAIL: g++.dg/torture/stackalign/eh-vararg-2.C -O2 execution test
FAIL: g++.dg/torture/stackalign/eh-vararg-2.C -O3 -fomit-frame-pointer execution test
FAIL: g++.dg/torture/stackalign/eh-vararg-2.C -O3 -g execution test
FAIL: g++.dg/torture/stackalign/eh-vararg-2.C -Os execution test
FAIL: g++.dg/torture/stackalign/eh-vararg-2.C -O2 -flto execution test
FAIL: g++.dg/torture/stackalign/eh-vararg-2.C -O2 -fwhopr execution test
FAIL: g++.dg/torture/stackalign/eh-vararg-1.C -O0 execution test
FAIL: g++.dg/torture/stackalign/eh-vararg-1.C -O1 execution test
FAIL: g++.dg/torture/stackalign/eh-vararg-1.C -O2 execution test
FAIL: g++.dg/torture/stackalign/eh-vararg-1.C -O3 -fomit-frame-pointer execution test
FAIL: g++.dg/torture/stackalign/eh-vararg-1.C -O3 -g execution test
FAIL: g++.dg/torture/stackalign/eh-vararg-1.C -Os execution test
FAIL: g++.dg/torture/stackalign/eh-vararg-1.C -O2 -flto execution test
FAIL: g++.dg/torture/stackalign/eh-vararg-1.C -O2 -fwhopr execution test
FAIL: g++.dg/torture/stackalign/eh-vararg-2.C -O0 execution test
FAIL: g++.dg/torture/stackalign/eh-vararg-2.C -O1 execution test
FAIL: g++.dg/torture/stackalign/eh-vararg-2.C -O2 execution test
FAIL: g++.dg/torture/stackalign/eh-vararg-2.C -O3 -fomit-frame-pointer execution test
FAIL: g++.dg/torture/stackalign/eh-vararg-2.C -O3 -g execution test
FAIL: g++.dg/torture/stackalign/eh-vararg-2.C -Os execution test
FAIL: g++.dg/torture/stackalign/eh-vararg-2.C -O2 -flto execution test
FAIL: g++.dg/torture/stackalign/eh-vararg-2.C -O2 -fwhopr execution test
=== g++ Summary ===
# of expected passes 24289
# of unexpected failures 54
# of expected failures 150
# of unsupported tests 405
/ext3/suzaku/home/kkojima/xsh-gcc-orig/gcc/testsuite/g++/../../g++ version 4.6.0 20101029 (experimental) [trunk revision 166056] (GCC)
Host is i686-pc-linux-gnu
=== gcc tests ===
Running target unix
WARNING: Assuming target board is the local machine (which is probably wrong).
FAIL: gcc.c-torture/compile/20050721-1.c -O3 -g (test for excess errors)
WARNING: program timed out.
FAIL: gcc.c-torture/compile/limits-fndefn.c -O3 -g (test for excess errors)
FAIL: gcc.c-torture/compile/pr32349.c -O3 -g (test for excess errors)
FAIL: gcc.c-torture/execute/builtins/strcpy-2.c compilation, -O3 -g
UNRESOLVED: gcc.c-torture/execute/builtins/strcpy-2.c execution, -O3 -g
FAIL: gcc.c-torture/execute/20010518-2.c execution, -O2 -flto
FAIL: gcc.c-torture/execute/20010518-2.c execution, -O2 -fwhopr
FAIL: gcc.c-torture/execute/20040709-2.c execution, -O1
FAIL: gcc.c-torture/execute/20040709-2.c execution, -Os
FAIL: gcc.c-torture/execute/20050604-1.c execution, -O0
FAIL: gcc.c-torture/execute/20060420-1.c execution, -O0
FAIL: gcc.c-torture/execute/960312-1.c compilation, -O3 -g
UNRESOLVED: gcc.c-torture/execute/960312-1.c execution, -O3 -g
FAIL: gcc.dg/compat/vector-2 c_compat_x_tst.o-c_compat_y_tst.o execute
FAIL: gcc.dg/20021029-1.c scan-assembler-not .data.rel.ro.local
FAIL: gcc.dg/Wpadded.c (test for warnings, line 12)
FAIL: gcc.dg/bitfld-15.c (test for excess errors)
FAIL: gcc.dg/bitfld-16.c (test for excess errors)
FAIL: gcc.dg/bitfld-17.c (test for excess errors)
FAIL: gcc.dg/bitfld-18.c (test for excess errors)
FAIL: gcc.dg/c99-stdint-1.c (test for excess errors)
FAIL: gcc.dg/cproj-fails-with-broken-glibc.c execution test
FAIL: gcc.dg/lower-subreg-1.c scan-rtl-dump subreg1 "Splitting reg"
FAIL: gcc.dg/pack-test-5.c execution test
FAIL: gcc.dg/uninit-pred-7_a.c bogus warning (test for bogus messages, line 26)
FAIL: gcc.dg/uninit-pred-8_a.c bogus warning (test for bogus messages, line 26)
FAIL: c-c++-common/pr44832.c -Wc++-compat (test for excess errors)
FAIL: gcc.dg/lto/20090706-1 c_lto_20090706-1_0.o-c_lto_20090706-1_0.o execute -O0 -fwhopr
FAIL: gcc.dg/lto/20090706-1 c_lto_20090706-1_0.o-c_lto_20090706-1_0.o execute -O0 -flto
FAIL: gcc.dg/torture/pr24750-1.c -O3 -g (test for excess errors)
FAIL: gcc.dg/torture/pr27116.c -O1 execution test
FAIL: gcc.dg/torture/pr45678-1.c -O0 execution test
FAIL: gcc.dg/torture/pr45678-2.c -O0 execution test
FAIL: gcc.dg/tree-prof/inliner-1.c scan-tree-dump-not optimized "hot_function ..;"
XPASS: gcc.dg/tree-ssa/20040204-1.c scan-tree-dump-times optimized "link_error" 0
FAIL: gcc.dg/tree-ssa/gen-vect-11c.c scan-tree-dump-times vect "vectorized 0 loops" 1
FAIL: gcc.dg/tree-ssa/loop-1.c scan-assembler-times jsr|bsrf|blink\\ttr?,r18 5
FAIL: gcc.dg/tree-ssa/ssa-fre-3.c scan-tree-dump fre "Replaced \\(int\\) aa_.*with a_"
FAIL: gcc.dg/tree-ssa/vrp47.c scan-tree-dump-times vrp1 "[xy][^ ]* !=" 0
FAIL: gcc.dg/tree-ssa/vrp47.c scan-tree-dump-times dom1 "x[^ ]* & y" 1
FAIL: gcc.dg/tree-ssa/vrp47.c scan-tree-dump-times vrp1 "x[^ ]* [|] y" 1
FAIL: gcc.target/sh/mfmovd.c scan-assembler fmov.d
FAIL: gcc.target/sh/pr43417.c (test for excess errors)
=== gcc Summary ===
# of expected passes 66621
# of unexpected failures 40
# of unexpected successes 1
# of expected failures 121
# of unresolved testcases 2
# of unsupported tests 1000
/ext3/suzaku/home/kkojima/xsh-gcc-orig/gcc/xgcc version 4.6.0 20101029 (experimental) [trunk revision 166056] (GCC)
Host is sh64-unknown-linux-gnu
=== libmudflap tests ===
Running target unix
WARNING: Assuming target board is the local machine (which is probably wrong).
FAIL: libmudflap.c/pass47-frag.c execution test
FAIL: libmudflap.c/pass47-frag.c execution test
FAIL: libmudflap.c/pass49-frag.c execution test
FAIL: libmudflap.c/pass49-frag.c output pattern test
FAIL: libmudflap.c/pass49-frag.c execution test
FAIL: libmudflap.c/pass49-frag.c output pattern test
FAIL: libmudflap.c/pass47-frag.c (-static) execution test
FAIL: libmudflap.c/pass47-frag.c (-static) execution test
FAIL: libmudflap.c/pass49-frag.c (-static) execution test
FAIL: libmudflap.c/pass49-frag.c (-static) output pattern test
FAIL: libmudflap.c/pass49-frag.c (-static) execution test
FAIL: libmudflap.c/pass49-frag.c (-static) output pattern test
FAIL: libmudflap.c/pass47-frag.c (-O2) execution test
FAIL: libmudflap.c/pass47-frag.c (-O2) execution test
FAIL: libmudflap.c/pass49-frag.c (-O2) execution test
FAIL: libmudflap.c/pass49-frag.c (-O2) output pattern test
FAIL: libmudflap.c/pass49-frag.c (-O2) execution test
FAIL: libmudflap.c/pass49-frag.c (-O2) output pattern test
FAIL: libmudflap.c/pass47-frag.c (-O3) execution test
FAIL: libmudflap.c/pass47-frag.c (-O3) execution test
FAIL: libmudflap.c/pass49-frag.c (-O3) execution test
FAIL: libmudflap.c/pass49-frag.c (-O3) output pattern test
FAIL: libmudflap.c/pass49-frag.c (-O3) execution test
FAIL: libmudflap.c/pass49-frag.c (-O3) output pattern test
FAIL: libmudflap.c++/pass55-frag.cxx execution test
FAIL: libmudflap.c++/pass55-frag.cxx (-static) execution test
FAIL: libmudflap.c++/pass55-frag.cxx ( -O) execution test
FAIL: libmudflap.c++/pass55-frag.cxx (-O2) execution test
FAIL: libmudflap.c++/pass55-frag.cxx (-O3) execution test
=== libmudflap Summary ===
# of expected passes 1865
# of unexpected failures 29
Host is sh64-unknown-linux-gnu
=== libstdc++ tests ===
Running target unix
WARNING: Assuming target board is the local machine (which is probably wrong).
FAIL: 20_util/hash/chi2_quality.cc execution test
FAIL: 21_strings/basic_string/capacity/wchar_t/18654.cc execution test
FAIL: 21_strings/basic_string/inserters_extractors/char/28277.cc execution test
FAIL: 21_strings/basic_string/inserters_extractors/wchar_t/28277.cc execution test
FAIL: 22_locale/collate/transform/char/28277.cc execution test
FAIL: 22_locale/collate/transform/wchar_t/28277.cc execution test
FAIL: 23_containers/map/requirements/exception/basic.cc (test for excess errors)
FAIL: 23_containers/map/requirements/exception/propagation_consistent.cc (test for excess errors)
FAIL: 23_containers/multimap/requirements/exception/basic.cc (test for excess errors)
FAIL: 23_containers/multimap/requirements/exception/propagation_consistent.cc (test for excess errors)
FAIL: 23_containers/set/modifiers/16728.cc execution test
FAIL: 23_containers/unordered_map/requirements/exception/basic.cc (test for excess errors)
FAIL: 23_containers/unordered_map/requirements/exception/propagation_consistent.cc (test for excess errors)
FAIL: 23_containers/unordered_multimap/requirements/exception/basic.cc (test for excess errors)
FAIL: 23_containers/unordered_multimap/requirements/exception/propagation_consistent.cc (test for excess errors)
FAIL: 23_containers/vector/profile/vector.cc execution test
FAIL: 26_numerics/complex/13450.cc execution test
FAIL: 26_numerics/valarray/28277.cc execution test
FAIL: 27_io/basic_filebuf/close/char/4879.cc execution test
FAIL: 27_io/basic_filebuf/close/char/9964.cc execution test
FAIL: 27_io/basic_filebuf/seekoff/char/26777.cc execution test
FAIL: 27_io/basic_filebuf/underflow/char/10097.cc execution test
FAIL: 27_io/basic_ostream/inserters_character/char/28277-3.cc execution test
FAIL: 27_io/basic_ostream/inserters_character/char/28277-4.cc execution test
FAIL: 27_io/basic_ostream/inserters_character/wchar_t/28277-1.cc execution test
FAIL: 27_io/basic_ostream/inserters_character/wchar_t/28277-2.cc execution test
FAIL: 27_io/basic_ostream/inserters_character/wchar_t/28277-3.cc execution test
FAIL: 27_io/basic_ostream/inserters_character/wchar_t/28277-4.cc execution test
FAIL: 27_io/basic_stringbuf/overflow/char/1.cc execution test
FAIL: 27_io/basic_stringbuf/overflow/wchar_t/1.cc execution test
FAIL: 27_io/fpos/14775.cc execution test
FAIL: 27_io/objects/char/12048-4.cc (test for excess errors)
FAIL: 27_io/objects/char/3647.cc (test for excess errors)
FAIL: 27_io/objects/char/7.cc execution test
FAIL: 27_io/objects/char/9.cc (test for excess errors)
FAIL: 27_io/objects/char/9661-1.cc execution test
FAIL: 27_io/objects/wchar_t/12048-4.cc (test for excess errors)
FAIL: 27_io/objects/wchar_t/3647.cc (test for excess errors)
FAIL: 27_io/objects/wchar_t/7.cc execution test
FAIL: 27_io/objects/wchar_t/9661-1.cc execution test
FAIL: 30_threads/call_once/39909.cc (test for excess errors)
WARNING: 30_threads/call_once/39909.cc compilation failed to produce executable
FAIL: 30_threads/call_once/call_once1.cc (test for excess errors)
WARNING: 30_threads/call_once/call_once1.cc compilation failed to produce executable
FAIL: ext/bitmap_allocator/check_allocate_max_size.cc (test for excess errors)
FAIL: ext/bitmap_allocator/check_deallocate_null.cc (test for excess errors)
FAIL: ext/bitmap_allocator/check_delete.cc (test for excess errors)
FAIL: ext/bitmap_allocator/check_new.cc (test for excess errors)
FAIL: ext/bitmap_allocator/variadic_construct.cc (test for excess errors)
FAIL: ext/mt_allocator/tune-1.cc (test for excess errors)
FAIL: ext/mt_allocator/tune-2.cc (test for excess errors)
FAIL: ext/mt_allocator/tune-4.cc (test for excess errors)
FAIL: ext/pb_ds/regression/hash_data_map_rand.cc (test for excess errors)
FAIL: ext/pb_ds/regression/hash_no_data_map_rand.cc (test for excess errors)
FAIL: ext/pb_ds/regression/list_update_data_map_rand.cc (test for excess errors)
FAIL: ext/pb_ds/regression/list_update_no_data_map_rand.cc (test for excess errors)
FAIL: ext/pb_ds/regression/priority_queue_rand.cc (test for excess errors)
FAIL: ext/pb_ds/regression/tree_data_map_rand.cc (test for excess errors)
FAIL: ext/pb_ds/regression/tree_no_data_map_rand.cc (test for excess errors)
FAIL: ext/pb_ds/regression/trie_data_map_rand.cc (test for excess errors)
FAIL: ext/pb_ds/regression/trie_no_data_map_rand.cc (test for excess errors)
FAIL: ext/vstring/inserters_extractors/char/28277.cc execution test
FAIL: ext/vstring/inserters_extractors/wchar_t/28277.cc execution test
=== libstdc++ Summary ===
# of expected passes 6893
# of unexpected failures 61
# of expected failures 82
# of unsupported tests 525
Compiler version: 4.6.0 20101029 (experimental) [trunk revision 166056] (GCC)
Platform: sh64-unknown-linux-gnu
configure flags: --host=i686-pc-linux-gnu --target=sh64-unknown-linux-gnu --enable-shared --enable-threads --with-ld=/usr/local/bin/sh64-unknown-linux-gnu-ld --with-sysroot=/ext3/suzaku/ --disable-multilib --disable-libgomp --enable-languages=c,c++