This is the mail archive of the
gcc-testresults@gcc.gnu.org
mailing list for the GCC project.
Results for 4.6.0 20101022 (experimental) [trunk revision 165802] (GCC) testsuite on i386-pc-solaris2.9
- From: Rainer Orth <ro at CeBiTec dot Uni-Bielefeld dot DE>
- To: gcc-testresults at gcc dot gnu dot org
- Date: Thu, 28 Oct 2010 17:51:43 +0200 (MEST)
- Subject: Results for 4.6.0 20101022 (experimental) [trunk revision 165802] (GCC) testsuite on i386-pc-solaris2.9
LAST_UPDATED: Fri Oct 22 09:03:27 UTC 2010 (revision 165802)
=== acats tests ===
=== acats Summary ===
# of expected passes 2321
# of unexpected failures 0
Native configuration is i386-pc-solaris2.9
=== g++ tests ===
Running target unix
FAIL: g++.dg/ipa/ivinline-1.C scan-ipa-dump inline "B::foo[^\\n]*inline copy in int main"
FAIL: g++.dg/ipa/ivinline-2.C scan-ipa-dump inline "B::foo[^\\n]*inline copy in int main"
FAIL: g++.dg/ipa/ivinline-3.C scan-ipa-dump inline "B::foo[^\\n]*inline copy in int main"
FAIL: g++.dg/ipa/ivinline-4.C scan-ipa-dump inline "B::foo[^\\n]*inline copy in int main"
FAIL: g++.dg/ipa/ivinline-5.C scan-ipa-dump inline "B::foo[^\\n]*inline copy in int main"
FAIL: g++.dg/ipa/ivinline-6.C scan-ipa-dump inline "B::foo[^\\n]*inline copy in int main"
FAIL: g++.dg/ipa/ivinline-8.C scan-ipa-dump inline "B::foo[^\\n]*inline copy in int main"
FAIL: g++.dg/ipa/ivinline-8.C scan-ipa-dump inline "B::bar[^\\n]*inline copy in int main"
=== g++ Summary ===
# of expected passes 24593
# of unexpected failures 8
# of expected failures 151
# of unsupported tests 239
/var/gcc/regression/trunk/9-gcc/build/gcc/testsuite/g++/../../g++ version 4.6.0 20101022 (experimental) [trunk revision 165802] (GCC)
=== gcc tests ===
Running target unix
FAIL: gcc.dg/lto/20081201-2 c_lto_20081201-2_0.o-c_lto_20081201-2_1.o execute -O3 -fwhopr
FAIL: gcc.dg/lto/ipareference2 c_lto_ipareference2_0.o-c_lto_ipareference2_1.o execute -O1 -fwhopr -fwhole-program
FAIL: gcc.dg/tree-prof/inliner-1.c scan-tree-dump-not optimized "hot_function ..;"
XPASS: gcc.dg/tree-ssa/20040204-1.c scan-tree-dump-times optimized "link_error" 0
FAIL: gcc.dg/vect/pr43430-2.c scan-tree-dump-times vect "vectorized 1 loops" 1
FAIL: gcc.target/i386/pr38240.c -Wl,-M,/vol/gcc/src/hg/trunk/local/gcc/testsuite/gcc.target/i386/clearcap.map (internal compiler error)
FAIL: gcc.target/i386/pr38240.c -Wl,-M,/vol/gcc/src/hg/trunk/local/gcc/testsuite/gcc.target/i386/clearcap.map (test for excess errors)
=== gcc Summary ===
# of expected passes 72145
# of unexpected failures 6
# of unexpected successes 1
# of expected failures 203
# of unsupported tests 1404
/var/gcc/regression/trunk/9-gcc/build/gcc/xgcc version 4.6.0 20101022 (experimental) [trunk revision 165802] (GCC)
=== gfortran tests ===
Running target unix
=== gfortran Summary ===
# of expected passes 36471
# of expected failures 42
# of unsupported tests 334
/var/gcc/regression/trunk/9-gcc/build/gcc/testsuite/gfortran/../../gfortran version 4.6.0 20101022 (experimental) [trunk revision 165802] (GCC)
=== gnat tests ===
Running target unix
=== gnat Summary ===
# of expected passes 828
# of expected failures 10
# of unsupported tests 5
=== objc tests ===
Running target unix
XPASS: objc.dg-struct-layout-encoding-1/t026_main.m execution test
=== objc Summary ===
# of expected passes 2219
# of unexpected successes 1
# of expected failures 6
# of unsupported tests 28
/var/gcc/regression/trunk/9-gcc/build/gcc/xgcc version 4.6.0 20101022 (experimental) [trunk revision 165802] (GCC)
=== libffi tests ===
Running target unix
=== libffi Summary ===
# of expected passes 1634
# of expected failures 10
# of unsupported tests 15
=== libgomp tests ===
Running target unix
=== libgomp Summary ===
# of expected passes 2490
# of unsupported tests 2
=== libjava tests ===
Running target unix
FAIL: Divide_1 output - source compiled test
FAIL: Divide_1 -findirect-dispatch output - source compiled test
FAIL: Divide_1 -O3 output - source compiled test
FAIL: Divide_1 -O3 -findirect-dispatch output - source compiled test
FAIL: InvokeInterface execution - source compiled test
FAIL: InvokeInterface -O3 execution - source compiled test
=== libjava Summary ===
# of expected passes 2566
# of unexpected failures 6
# of untested testcases 2
=== libstdc++ tests ===
Running target unix
=== libstdc++ Summary ===
# of expected passes 6607
# of expected failures 86
# of unsupported tests 710
Compiler version: 4.6.0 20101022 (experimental) [trunk revision 165802] (GCC)
Platform: i386-pc-solaris2.9
configure flags: --prefix=/vol/gcc --target=i386-pc-solaris2.9 --with-gmp=/vol/gcc --with-mpfr=/vol/gcc --with-mpc=/vol/gcc --enable-languages=all,ada
BOOT_CFLAGS=-g -O2