This is the mail archive of the
gcc-testresults@gcc.gnu.org
mailing list for the GCC project.
Results for 4.6.0 20101013 (experimental) [trunk revision 165415] (GCC) testsuite on i386-pc-solaris2.10
- From: Rainer Orth <ro at CeBiTec dot Uni-Bielefeld dot DE>
- To: gcc-testresults at gcc dot gnu dot org
- Date: Thu, 14 Oct 2010 19:12:08 +0200 (MEST)
- Subject: Results for 4.6.0 20101013 (experimental) [trunk revision 165415] (GCC) testsuite on i386-pc-solaris2.10
LAST_UPDATED: Wed Oct 13 10:16:33 UTC 2010 (revision 165415)
=== acats tests ===
=== acats Summary ===
# of expected passes 2321
# of unexpected failures 0
Native configuration is i386-pc-solaris2.10
=== g++ tests ===
Running target unix
=== g++ Summary for unix ===
# of expected passes 24663
# of expected failures 150
# of unsupported tests 174
Running target unix/-m64
FAIL: g++.dg/tls/static-1.C execution test
=== g++ Summary for unix/-m64 ===
# of expected passes 24901
# of unexpected failures 1
# of expected failures 150
# of unsupported tests 369
=== g++ Summary ===
# of expected passes 49564
# of unexpected failures 1
# of expected failures 300
# of unsupported tests 543
/var/gcc/regression/trunk/10-gcc/build/gcc/testsuite/g++/../../g++ version 4.6.0 20101013 (experimental) [trunk revision 165415] (GCC)
=== gcc tests ===
Running target unix
FAIL: gcc.dg/pr27898.c (test for excess errors)
FAIL: gcc.dg/pr28706.c (test for excess errors)
FAIL: gcc.dg/pr28712.c (test for excess errors)
FAIL: gcc.dg/pr34989-1.c (test for excess errors)
FAIL: gcc.dg/lto/20081201-2 c_lto_20081201-2_0.o-c_lto_20081201-2_1.o execute -O3 -fwhopr
FAIL: gcc.dg/lto/ipareference2 c_lto_ipareference2_0.o-c_lto_ipareference2_1.o execute -O1 -fwhopr -fwhole-program
FAIL: gcc.dg/tls/pr45870.c (test for excess errors)
FAIL: gcc.dg/tree-prof/inliner-1.c scan-tree-dump-not optimized "hot_function ..;"
XPASS: gcc.dg/tree-ssa/20031106-3.c scan-tree-dump-times optimized "link_error" 0
XPASS: gcc.dg/tree-ssa/20040204-1.c scan-tree-dump-times optimized "link_error" 0
XPASS: gcc.dg/tree-ssa/fre-vce-1.c scan-tree-dump-times fre "sv.i" 2
FAIL: gcc.target/i386/avx-vpermilpd-2.c -Wl,-M,/vol/gcc/src/hg/trunk/local/gcc/testsuite/gcc.target/i386/clearcap.map (test for excess errors)
WARNING: gcc.target/i386/avx-vpermilpd-2.c -Wl,-M,/vol/gcc/src/hg/trunk/local/gcc/testsuite/gcc.target/i386/clearcap.map compilation failed to produce executable
FAIL: gcc.target/i386/avx-vpermilpd-256-2.c -Wl,-M,/vol/gcc/src/hg/trunk/local/gcc/testsuite/gcc.target/i386/clearcap.map (test for excess errors)
WARNING: gcc.target/i386/avx-vpermilpd-256-2.c -Wl,-M,/vol/gcc/src/hg/trunk/local/gcc/testsuite/gcc.target/i386/clearcap.map compilation failed to produce executable
XPASS: gcc.target/i386/push-1.c scan-assembler-not movups
=== gcc Summary for unix ===
# of expected passes 73292
# of unexpected failures 10
# of unexpected successes 4
# of expected failures 201
# of unsupported tests 765
Running target unix/-m64
UNRESOLVED: gcc.c-torture/execute/960321-1.c execution, -O1
UNRESOLVED: gcc.c-torture/execute/960321-1.c execution, -O2
UNRESOLVED: gcc.c-torture/execute/960321-1.c execution, -O3 -fomit-frame-pointer
UNRESOLVED: gcc.c-torture/execute/960321-1.c execution, -O3 -g
UNRESOLVED: gcc.c-torture/execute/960321-1.c execution, -Os
UNRESOLVED: gcc.c-torture/execute/960321-1.c execution, -O2 -flto
UNRESOLVED: gcc.c-torture/execute/960321-1.c execution, -O2 -fwhopr
FAIL: gcc.dg/cpp/trad/include.c (internal compiler error)
FAIL: gcc.dg/cpp/trad/include.c (test for excess errors)
FAIL: gcc.dg/pr27898.c (test for excess errors)
FAIL: gcc.dg/pr28706.c (test for excess errors)
FAIL: gcc.dg/pr28712.c (test for excess errors)
FAIL: gcc.dg/pr34989-1.c (test for excess errors)
FAIL: gcc.dg/lto/20081201-2 c_lto_20081201-2_0.o-c_lto_20081201-2_1.o execute -O3 -fwhopr
FAIL: gcc.dg/lto/ipareference2 c_lto_ipareference2_0.o-c_lto_ipareference2_1.o execute -O1 -fwhopr -fwhole-program
FAIL: gcc.dg/tls/pr45870.c (test for excess errors)
FAIL: gcc.dg/tree-prof/inliner-1.c scan-tree-dump-not optimized "hot_function ..;"
XPASS: gcc.dg/tree-ssa/20031106-3.c scan-tree-dump-times optimized "link_error" 0
XPASS: gcc.dg/tree-ssa/20040204-1.c scan-tree-dump-times optimized "link_error" 0
XPASS: gcc.dg/tree-ssa/fre-vce-1.c scan-tree-dump-times fre "sv.i" 2
FAIL: gcc.target/i386/avx-vcvtsd2si-2.c -Wl,-M,/vol/gcc/src/hg/trunk/local/gcc/testsuite/gcc.target/i386/clearcap.map (test for excess errors)
WARNING: gcc.target/i386/avx-vcvtsd2si-2.c -Wl,-M,/vol/gcc/src/hg/trunk/local/gcc/testsuite/gcc.target/i386/clearcap.map compilation failed to produce executable
FAIL: gcc.target/i386/avx-vcvtss2si-2.c -Wl,-M,/vol/gcc/src/hg/trunk/local/gcc/testsuite/gcc.target/i386/clearcap.map (test for excess errors)
WARNING: gcc.target/i386/avx-vcvtss2si-2.c -Wl,-M,/vol/gcc/src/hg/trunk/local/gcc/testsuite/gcc.target/i386/clearcap.map compilation failed to produce executable
FAIL: gcc.target/i386/avx-vcvttsd2si-2.c -Wl,-M,/vol/gcc/src/hg/trunk/local/gcc/testsuite/gcc.target/i386/clearcap.map (test for excess errors)
WARNING: gcc.target/i386/avx-vcvttsd2si-2.c -Wl,-M,/vol/gcc/src/hg/trunk/local/gcc/testsuite/gcc.target/i386/clearcap.map compilation failed to produce executable
FAIL: gcc.target/i386/avx-vcvttss2si-2.c -Wl,-M,/vol/gcc/src/hg/trunk/local/gcc/testsuite/gcc.target/i386/clearcap.map (test for excess errors)
WARNING: gcc.target/i386/avx-vcvttss2si-2.c -Wl,-M,/vol/gcc/src/hg/trunk/local/gcc/testsuite/gcc.target/i386/clearcap.map compilation failed to produce executable
FAIL: gcc.target/i386/avx-vpermilpd-2.c -Wl,-M,/vol/gcc/src/hg/trunk/local/gcc/testsuite/gcc.target/i386/clearcap.map (test for excess errors)
WARNING: gcc.target/i386/avx-vpermilpd-2.c -Wl,-M,/vol/gcc/src/hg/trunk/local/gcc/testsuite/gcc.target/i386/clearcap.map compilation failed to produce executable
FAIL: gcc.target/i386/avx-vpermilpd-256-2.c -Wl,-M,/vol/gcc/src/hg/trunk/local/gcc/testsuite/gcc.target/i386/clearcap.map (test for excess errors)
WARNING: gcc.target/i386/avx-vpermilpd-256-2.c -Wl,-M,/vol/gcc/src/hg/trunk/local/gcc/testsuite/gcc.target/i386/clearcap.map compilation failed to produce executable
=== gcc Summary for unix/-m64 ===
# of expected passes 73328
# of unexpected failures 16
# of unexpected successes 3
# of expected failures 208
# of unresolved testcases 7
# of unsupported tests 1190
=== gcc Summary ===
# of expected passes 146620
# of unexpected failures 26
# of unexpected successes 7
# of expected failures 409
# of unresolved testcases 7
# of unsupported tests 1955
/var/gcc/regression/trunk/10-gcc/build/gcc/xgcc version 4.6.0 20101013 (experimental) [trunk revision 165415] (GCC)
=== gfortran tests ===
Running target unix
WARNING: program timed out.
FAIL: gfortran.dg/vect/fast-math-pr38968.f90 execution test
=== gfortran Summary for unix ===
# of expected passes 36732
# of unexpected failures 1
# of expected failures 42
# of unsupported tests 196
Running target unix/-m64
=== gfortran Summary for unix/-m64 ===
# of expected passes 36984
# of expected failures 40
# of unsupported tests 80
=== gfortran Summary ===
# of expected passes 73716
# of unexpected failures 1
# of expected failures 82
# of unsupported tests 276
/var/gcc/regression/trunk/10-gcc/build/gcc/testsuite/gfortran/../../gfortran version 4.6.0 20101013 (experimental) [trunk revision 165415] (GCC)
=== gnat tests ===
Running target unix
=== gnat Summary for unix ===
# of expected passes 826
# of expected failures 10
# of unsupported tests 5
Running target unix/-m64
=== gnat Summary for unix/-m64 ===
# of expected passes 826
# of expected failures 10
# of unsupported tests 5
=== gnat Summary ===
# of expected passes 1652
# of expected failures 20
# of unsupported tests 10
=== objc tests ===
Running target unix
XPASS: objc.dg-struct-layout-encoding-1/t026_main.m execution test
=== objc Summary for unix ===
# of expected passes 2138
# of unexpected successes 1
# of expected failures 6
# of unsupported tests 26
Running target unix/-m64
XPASS: objc.dg-struct-layout-encoding-1/t026_main.m execution test
=== objc Summary for unix/-m64 ===
# of expected passes 2130
# of unexpected successes 1
# of expected failures 14
# of unsupported tests 26
=== objc Summary ===
# of expected passes 4268
# of unexpected successes 2
# of expected failures 20
# of unsupported tests 52
/var/gcc/regression/trunk/10-gcc/build/gcc/xgcc version 4.6.0 20101013 (experimental) [trunk revision 165415] (GCC)
=== libffi tests ===
Running target unix
=== libffi Summary for unix ===
# of expected passes 1634
# of expected failures 10
# of unsupported tests 15
Running target unix/-m64
=== libffi Summary for unix/-m64 ===
# of expected passes 1634
# of expected failures 10
# of unsupported tests 15
=== libffi Summary ===
# of expected passes 3268
# of expected failures 20
# of unsupported tests 30
=== libgomp tests ===
Running target unix
=== libgomp Summary for unix ===
# of expected passes 2490
# of unsupported tests 2
Running target unix/-m64
FAIL: libgomp.c/atomic-2.c (test for excess errors)
WARNING: libgomp.c/atomic-2.c compilation failed to produce executable
FAIL: libgomp.c/atomic-5.c (test for excess errors)
WARNING: libgomp.c/atomic-5.c compilation failed to produce executable
FAIL: libgomp.c/copyin-3.c execution test
FAIL: libgomp.c/nqueens-1.c execution test
FAIL: libgomp.c/pr24455.c execution test
FAIL: libgomp.c++/ctor-10.C -O0 execution test
FAIL: libgomp.c++/ctor-10.C -O1 execution test
FAIL: libgomp.c++/ctor-10.C -O2 execution test
FAIL: libgomp.c++/ctor-10.C -O3 -fomit-frame-pointer execution test
FAIL: libgomp.c++/ctor-10.C -O3 -fomit-frame-pointer -funroll-loops execution test
FAIL: libgomp.c++/ctor-10.C -O3 -fomit-frame-pointer -funroll-all-loops -finline-functions execution test
FAIL: libgomp.c++/ctor-10.C -O3 -g execution test
FAIL: libgomp.c++/ctor-10.C -Os execution test
FAIL: libgomp.c++/pr24455.C -O0 execution test
FAIL: libgomp.c++/pr24455.C -O1 execution test
FAIL: libgomp.c++/pr24455.C -O2 execution test
FAIL: libgomp.c++/pr24455.C -O3 -fomit-frame-pointer execution test
FAIL: libgomp.c++/pr24455.C -O3 -fomit-frame-pointer -funroll-loops execution test
FAIL: libgomp.c++/pr24455.C -O3 -fomit-frame-pointer -funroll-all-loops -finline-functions execution test
FAIL: libgomp.c++/pr24455.C -O3 -g execution test
FAIL: libgomp.c++/pr24455.C -Os execution test
=== libgomp Summary for unix/-m64 ===
# of expected passes 2467
# of unexpected failures 21
# of unsupported tests 2
=== libgomp Summary ===
# of expected passes 4957
# of unexpected failures 21
# of unsupported tests 4
=== libjava tests ===
Running target unix
=== libjava Summary for unix ===
# of expected passes 2574
Running target unix/-m64
FAIL: PR16923 run
=== libjava Summary for unix/-m64 ===
# of expected passes 2573
# of unexpected failures 1
# of untested testcases 1
=== libjava Summary ===
# of expected passes 5147
# of unexpected failures 1
# of untested testcases 1
=== libstdc++ tests ===
Running target unix
XPASS: 28_regex/07_traits/char/isctype.cc execution test
=== libstdc++ Summary for unix ===
# of expected passes 7076
# of unexpected successes 1
# of expected failures 83
# of unsupported tests 452
Running target unix/-m64
XPASS: 28_regex/07_traits/char/isctype.cc execution test
=== libstdc++ Summary for unix/-m64 ===
# of expected passes 7078
# of unexpected successes 1
# of expected failures 81
# of unsupported tests 452
=== libstdc++ Summary ===
# of expected passes 14154
# of unexpected successes 2
# of expected failures 164
# of unsupported tests 904
Compiler version: 4.6.0 20101013 (experimental) [trunk revision 165415] (GCC)
Platform: i386-pc-solaris2.10
configure flags: --prefix=/vol/gcc --target=i386-pc-solaris2.10 --with-gmp=/vol/gcc --with-mpfr=/vol/gcc --with-mpc=/vol/gcc --enable-languages=all,ada
BOOT_CFLAGS=-g -O2