This is the mail archive of the
gcc-testresults@gcc.gnu.org
mailing list for the GCC project.
Results for 4.6.0 20101010 (experimental) [trunk revision 165248] (GCC) testsuite on ia64-unknown-linux-gnu
- From: hjl at gnu-12 dot sc dot intel dot com (H.J. Lu (ia64))
- To: gcc-testresults at gcc dot gnu dot org
- Date: Sun, 10 Oct 2010 12:20:30 -0700 (PDT)
- Subject: Results for 4.6.0 20101010 (experimental) [trunk revision 165248] (GCC) testsuite on ia64-unknown-linux-gnu
LAST_UPDATED: Sun Oct 10 10:11:52 UTC 2010 (revision 165248)
Native configuration is ia64-unknown-linux-gnu
=== g++ tests ===
Running target unix
FAIL: tmpdir-g++.dg-struct-layout-1/t027 cp_compat_x_tst.o-cp_compat_y_tst.o execute
FAIL: g++.dg/inherit/covariant7.C scan-tree-dump class "48 .*c6::_ZTcv0_n32_v0_n24_NV2c62f2Ev"
FAIL: g++.dg/inherit/covariant7.C scan-tree-dump class "56 .*c6::f2"
FAIL: g++.dg/inherit/covariant7.C scan-tree-dump class "168 .*c6::_ZTv0_n32_NV2c62f2Ev"
FAIL: g++.dg/torture/stackalign/throw-1.C -O3 -fomit-frame-pointer -funroll-loops (test for excess errors)
WARNING: g++.dg/torture/stackalign/throw-1.C -O3 -fomit-frame-pointer -funroll-loops compilation failed to produce executable
FAIL: g++.dg/torture/stackalign/throw-1.C -O3 -fomit-frame-pointer -funroll-all-loops -finline-functions (test for excess errors)
WARNING: g++.dg/torture/stackalign/throw-1.C -O3 -fomit-frame-pointer -funroll-all-loops -finline-functions compilation failed to produce executable
FAIL: g++.dg/torture/stackalign/throw-1.C -O3 -fomit-frame-pointer -funroll-loops (test for excess errors)
WARNING: g++.dg/torture/stackalign/throw-1.C -O3 -fomit-frame-pointer -funroll-loops compilation failed to produce executable
FAIL: g++.dg/torture/stackalign/throw-1.C -O3 -fomit-frame-pointer -funroll-all-loops -finline-functions (test for excess errors)
WARNING: g++.dg/torture/stackalign/throw-1.C -O3 -fomit-frame-pointer -funroll-all-loops -finline-functions compilation failed to produce executable
=== g++ Summary ===
# of expected passes 23959
# of unexpected failures 8
# of expected failures 149
# of unsupported tests 374
/export/gnu/import/svn/gcc-test/bld/gcc/testsuite/g++/../../g++ version 4.6.0 20101010 (experimental) [trunk revision 165248] (GCC)
=== gcc tests ===
Running target unix
FAIL: gcc.c-torture/compile/limits-exprparen.c -O0 (internal compiler error)
FAIL: gcc.c-torture/compile/limits-exprparen.c -O0 (test for excess errors)
FAIL: gcc.c-torture/compile/limits-exprparen.c -O1 (internal compiler error)
FAIL: gcc.c-torture/compile/limits-exprparen.c -O1 (test for excess errors)
FAIL: gcc.c-torture/compile/limits-exprparen.c -O2 (internal compiler error)
FAIL: gcc.c-torture/compile/limits-exprparen.c -O2 (test for excess errors)
FAIL: gcc.c-torture/compile/limits-exprparen.c -O3 -fomit-frame-pointer (internal compiler error)
FAIL: gcc.c-torture/compile/limits-exprparen.c -O3 -fomit-frame-pointer (test for excess errors)
FAIL: gcc.c-torture/compile/limits-exprparen.c -O3 -g (internal compiler error)
FAIL: gcc.c-torture/compile/limits-exprparen.c -O3 -g (test for excess errors)
FAIL: gcc.c-torture/compile/limits-exprparen.c -Os (internal compiler error)
FAIL: gcc.c-torture/compile/limits-exprparen.c -Os (test for excess errors)
FAIL: gcc.c-torture/compile/limits-exprparen.c -O2 -flto (internal compiler error)
FAIL: gcc.c-torture/compile/limits-exprparen.c -O2 -flto (test for excess errors)
FAIL: gcc.c-torture/compile/limits-exprparen.c -O2 -fwhopr (internal compiler error)
FAIL: gcc.c-torture/compile/limits-exprparen.c -O2 -fwhopr (test for excess errors)
FAIL: gcc.c-torture/execute/20040709-2.c execution, -O1
FAIL: gcc.c-torture/execute/20040709-2.c execution, -Os
FAIL: gcc.c-torture/execute/cmpsf-1.c execution, -O0
FAIL: gcc.c-torture/execute/cmpsf-1.c execution, -O1
FAIL: gcc.c-torture/execute/cmpsf-1.c execution, -O2
FAIL: gcc.c-torture/execute/cmpsf-1.c execution, -O3 -fomit-frame-pointer
FAIL: gcc.c-torture/execute/cmpsf-1.c execution, -O3 -fomit-frame-pointer -funroll-loops
FAIL: gcc.c-torture/execute/cmpsf-1.c execution, -O3 -fomit-frame-pointer -funroll-all-loops -finline-functions
FAIL: gcc.c-torture/execute/cmpsf-1.c execution, -O3 -g
FAIL: gcc.c-torture/execute/cmpsf-1.c execution, -Os
FAIL: gcc.c-torture/execute/cmpsf-1.c execution, -O2 -flto
FAIL: gcc.c-torture/execute/cmpsf-1.c execution, -O2 -fwhopr
FAIL: gcc.c-torture/execute/cmpsi-2.c execution, -O0
FAIL: gcc.c-torture/execute/cmpsi-2.c execution, -O1
FAIL: gcc.c-torture/execute/cmpsi-2.c execution, -O2
FAIL: gcc.c-torture/execute/cmpsi-2.c execution, -O3 -fomit-frame-pointer
FAIL: gcc.c-torture/execute/cmpsi-2.c execution, -O3 -fomit-frame-pointer -funroll-loops
FAIL: gcc.c-torture/execute/cmpsi-2.c execution, -O3 -fomit-frame-pointer -funroll-all-loops -finline-functions
FAIL: gcc.c-torture/execute/cmpsi-2.c execution, -O3 -g
FAIL: gcc.c-torture/execute/cmpsi-2.c execution, -Os
FAIL: gcc.c-torture/execute/cmpsi-2.c execution, -O2 -flto
FAIL: gcc.c-torture/execute/cmpsi-2.c execution, -O2 -fwhopr
FAIL: gcc.c-torture/execute/vector-2.c execution, -O2
FAIL: gcc.c-torture/execute/vector-2.c execution, -O2 -flto
FAIL: gcc.c-torture/execute/vector-2.c execution, -O2 -fwhopr
FAIL: tmpdir-gcc.dg-struct-layout-1/t025 c_compat_x_tst.o-c_compat_y_tst.o execute
FAIL: tmpdir-gcc.dg-struct-layout-1/t027 c_compat_x_tst.o-c_compat_y_tst.o execute
FAIL: tmpdir-gcc.dg-struct-layout-1/t028 c_compat_x_tst.o-c_compat_y_tst.o execute
FAIL: gcc.dg/builtin-apply4.c execution test
FAIL: gcc.dg/cproj-fails-with-broken-glibc.c execution test
FAIL: gcc.dg/pr27898.c (test for excess errors)
FAIL: gcc.dg/pr28706.c (test for excess errors)
FAIL: gcc.dg/pr28712.c (test for excess errors)
FAIL: gcc.dg/pr34989-1.c (test for excess errors)
FAIL: gcc.dg/lto/20101009-1 c_lto_20101009-1_0.o assemble, -O0 -fwhopr
UNRESOLVED: gcc.dg/lto/20101009-1 c_lto_20101009-1_0.o-c_lto_20101009-1_0.o link -O0 -fwhopr
UNRESOLVED: gcc.dg/lto/20101009-1 c_lto_20101009-1_0.o-c_lto_20101009-1_0.o execute -O0 -fwhopr
FAIL: gcc.dg/lto/20101009-1 c_lto_20101009-1_0.o assemble, -O0 -flto
UNRESOLVED: gcc.dg/lto/20101009-1 c_lto_20101009-1_0.o-c_lto_20101009-1_0.o link -O0 -flto
UNRESOLVED: gcc.dg/lto/20101009-1 c_lto_20101009-1_0.o-c_lto_20101009-1_0.o execute -O0 -flto
FAIL: gcc.dg/torture/stackalign/builtin-apply-4.c -O0 execution test
FAIL: gcc.dg/torture/stackalign/builtin-apply-4.c -O1 execution test
FAIL: gcc.dg/torture/stackalign/builtin-apply-4.c -O2 execution test
FAIL: gcc.dg/torture/stackalign/builtin-apply-4.c -O3 -fomit-frame-pointer execution test
FAIL: gcc.dg/torture/stackalign/builtin-apply-4.c -O3 -g execution test
FAIL: gcc.dg/torture/stackalign/builtin-apply-4.c -Os execution test
FAIL: gcc.dg/torture/stackalign/builtin-apply-4.c -O2 -flto execution test
FAIL: gcc.dg/torture/stackalign/builtin-apply-4.c -O2 -fwhopr execution test
FAIL: gcc.dg/torture/stackalign/builtin-apply-4.c -O0 execution test
FAIL: gcc.dg/torture/stackalign/builtin-apply-4.c -O1 execution test
FAIL: gcc.dg/torture/stackalign/builtin-apply-4.c -O2 execution test
FAIL: gcc.dg/torture/stackalign/builtin-apply-4.c -O3 -fomit-frame-pointer execution test
FAIL: gcc.dg/torture/stackalign/builtin-apply-4.c -O3 -g execution test
FAIL: gcc.dg/torture/stackalign/builtin-apply-4.c -Os execution test
FAIL: gcc.dg/torture/stackalign/builtin-apply-4.c -O2 -flto execution test
FAIL: gcc.dg/torture/stackalign/builtin-apply-4.c -O2 -fwhopr execution test
FAIL: gcc.dg/tree-prof/inliner-1.c scan-tree-dump-not optimized "hot_function ..;"
XPASS: gcc.dg/tree-ssa/20031106-3.c scan-tree-dump-times optimized "link_error" 0
XPASS: gcc.dg/tree-ssa/20040204-1.c scan-tree-dump-times optimized "link_error" 0
XPASS: gcc.dg/tree-ssa/fre-vce-1.c scan-tree-dump-times fre "sv.i" 2
XPASS: gcc.dg/tree-ssa/loop-1.c scan-assembler-times foo 5
FAIL: gcc.dg/tree-ssa/pr14814.c scan-tree-dump-times forwprop2 "&" 0
XPASS: gcc.dg/vect/pr33804.c scan-tree-dump-times vect "vectorized 1 loops" 1
XPASS: gcc.dg/vect/pr33804.c scan-tree-dump-times vect "vectorizing stmts using SLP" 1
XPASS: gcc.dg/vect/pr33953.c scan-tree-dump-times vect "vectorized 1 loops" 1
XPASS: gcc.dg/vect/pr33953.c scan-tree-dump-times vect "vectorizing stmts using SLP" 1
FAIL: gcc.dg/vect/pr43430-2.c scan-tree-dump-times vect "vectorized 1 loops" 1
FAIL: gcc.dg/vect/vect-1.c scan-tree-dump-times vect "vectorized 5 loops" 1
XPASS: gcc.dg/vect/vect-peel-1.c scan-tree-dump-times vect "vectorized 1 loops" 2
XPASS: gcc.dg/vect/vect-peel-1.c scan-tree-dump-times vect "Alignment of access forced using peeling" 1
XPASS: gcc.dg/vect/vect-peel-2.c scan-tree-dump-times vect "vectorized 1 loops" 2
XPASS: gcc.dg/vect/vect-vfa-slp.c scan-tree-dump-times vect "vectorized 1 loops" 1
XPASS: gcc.dg/vect/slp-23.c scan-tree-dump-times vect "vectorizing stmts using SLP" 1
XPASS: gcc.dg/vect/slp-24.c scan-tree-dump-times vect "vectorized 1 loops" 1
XPASS: gcc.dg/vect/slp-24.c scan-tree-dump-times vect "vectorizing stmts using SLP" 2
XPASS: gcc.dg/vect/slp-35.c scan-tree-dump-times vect "vectorized 1 loops" 1
XPASS: gcc.dg/vect/slp-35.c scan-tree-dump-times vect "vectorizing stmts using SLP" 1
FAIL: gcc.dg/vect/slp-reduc-3.c scan-tree-dump-times vect "vectorized 1 loops" 2
FAIL: gcc.dg/vect/slp-reduc-3.c scan-tree-dump-times vect "vectorizing stmts using SLP" 1
FAIL: gcc.dg/vect/slp-reduc-6.c scan-tree-dump-times vect "vectorized 1 loops" 2
FAIL: gcc.dg/vect/no-section-anchors-vect-64.c scan-tree-dump-times vect "Alignment of access forced using peeling" 2
XPASS: gcc.dg/vect/no-tree-pre-slp-29.c scan-tree-dump-times vect "vectorized 1 loops" 2
XPASS: gcc.dg/vect/no-tree-pre-slp-29.c scan-tree-dump-times vect "vectorizing stmts using SLP" 2
=== gcc Summary ===
# of expected passes 67359
# of unexpected failures 76
# of unexpected successes 19
# of expected failures 238
# of unresolved testcases 4
# of unsupported tests 900
/export/gnu/import/svn/gcc-test/bld/gcc/xgcc version 4.6.0 20101010 (experimental) [trunk revision 165248] (GCC)
=== gfortran tests ===
Running target unix
FAIL: gfortran.dg/reduction.f90 -O3 -fomit-frame-pointer (test for excess errors)
FAIL: gfortran.dg/reduction.f90 -O3 -fomit-frame-pointer -funroll-loops (test for excess errors)
FAIL: gfortran.dg/reduction.f90 -O3 -fomit-frame-pointer -funroll-all-loops -finline-functions (test for excess errors)
FAIL: gfortran.dg/reduction.f90 -O3 -g (test for excess errors)
FAIL: gfortran.dg/vect/fast-math-vect-8.f90 scan-tree-dump-times vect "vectorized 1 loops" 1
=== gfortran Summary ===
# of expected passes 36932
# of unexpected failures 5
# of expected failures 47
# of unsupported tests 48
/export/gnu/import/svn/gcc-test/bld/gcc/testsuite/gfortran/../../gfortran version 4.6.0 20101010 (experimental) [trunk revision 165248] (GCC)
=== objc tests ===
Running target unix
FAIL: objc.dg/foreach-2.m -fgnu-runtime execution test
FAIL: objc.dg/foreach-4.m -fgnu-runtime execution test
FAIL: objc.dg/foreach-5.m -fgnu-runtime execution test
XPASS: objc.dg-struct-layout-encoding-1/t025_main.m execution test
XPASS: objc.dg-struct-layout-encoding-1/t026_main.m execution test
XPASS: objc.dg-struct-layout-encoding-1/t027_main.m execution test
XPASS: objc.dg-struct-layout-encoding-1/t028_main.m execution test
XPASS: objc.dg-struct-layout-encoding-1/t029_main.m execution test
XPASS: objc.dg-struct-layout-encoding-1/t030_main.m execution test
XPASS: objc.dg-struct-layout-encoding-1/t031_main.m execution test
=== objc Summary ===
# of expected passes 2120
# of unexpected failures 3
# of unexpected successes 7
# of expected failures 8
# of unsupported tests 27
/export/gnu/import/svn/gcc-test/bld/gcc/xgcc version 4.6.0 20101010 (experimental) [trunk revision 165248] (GCC)
=== libffi tests ===
Running target unix
=== libffi Summary ===
# of expected passes 1634
# of expected failures 10
# of unsupported tests 15
=== libgomp tests ===
Running target unix
=== libgomp Summary ===
# of expected passes 2494
=== libjava tests ===
Running target unix
FAIL: getlocalvartable output
FAIL: Throw_3 -O3 output - source compiled test
FAIL: Throw_3 -O3 -findirect-dispatch output - source compiled test
=== libjava Summary ===
# of expected passes 2571
# of unexpected failures 3
=== libmudflap tests ===
Running target unix
FAIL: libmudflap.c/pass49-frag.c execution test
FAIL: libmudflap.c/pass49-frag.c output pattern test
FAIL: libmudflap.c/pass49-frag.c execution test
FAIL: libmudflap.c/pass49-frag.c output pattern test
FAIL: libmudflap.c/pass49-frag.c (-static) execution test
FAIL: libmudflap.c/pass49-frag.c (-static) output pattern test
FAIL: libmudflap.c/pass49-frag.c (-static) execution test
FAIL: libmudflap.c/pass49-frag.c (-static) output pattern test
FAIL: libmudflap.c/pass49-frag.c (-O2) execution test
FAIL: libmudflap.c/pass49-frag.c (-O2) output pattern test
FAIL: libmudflap.c/pass49-frag.c (-O2) execution test
FAIL: libmudflap.c/pass49-frag.c (-O2) output pattern test
FAIL: libmudflap.c/pass49-frag.c (-O3) execution test
FAIL: libmudflap.c/pass49-frag.c (-O3) output pattern test
FAIL: libmudflap.c/pass49-frag.c (-O3) execution test
FAIL: libmudflap.c/pass49-frag.c (-O3) output pattern test
FAIL: libmudflap.c++/pass41-frag.cxx execution test
FAIL: libmudflap.c++/pass55-frag.cxx execution test
FAIL: libmudflap.c++/pass41-frag.cxx (-static) execution test
FAIL: libmudflap.c++/pass55-frag.cxx (-static) execution test
FAIL: libmudflap.c++/pass55-frag.cxx ( -O) execution test
FAIL: libmudflap.c++/pass41-frag.cxx (-O2) execution test
FAIL: libmudflap.c++/pass55-frag.cxx (-O2) execution test
FAIL: libmudflap.c++/pass41-frag.cxx (-O3) execution test
FAIL: libmudflap.c++/pass55-frag.cxx (-O3) execution test
=== libmudflap Summary ===
# of expected passes 1869
# of unexpected failures 25
=== libstdc++ tests ===
Running target unix
=== libstdc++ Summary ===
# of expected passes 7741
# of expected failures 81
# of unsupported tests 118
Compiler version: 4.6.0 20101010 (experimental) [trunk revision 165248] (GCC)
Platform: ia64-unknown-linux-gnu
configure flags: --enable-clocale=gnu --with-system-zlib --enable-shared --with-demangler-in-ld