This is the mail archive of the
gcc-testresults@gcc.gnu.org
mailing list for the GCC project.
Results for 4.6.0 20101002 (experimental) (GCC) testsuite on powerpc64-unknown-linux-gnu
- From: Mikael Pettersson <mikpe at it dot uu dot se>
- To: gcc-testresults at gcc dot gnu dot org
- Date: Wed, 6 Oct 2010 09:35:55 +0200
- Subject: Results for 4.6.0 20101002 (experimental) (GCC) testsuite on powerpc64-unknown-linux-gnu
LAST_UPDATED: Obtained from SVN: trunk revision 164908
Native configuration is powerpc64-unknown-linux-gnu
=== g++ tests ===
Running target unix
WARNING: program timed out.
FAIL: g++.dg/bprob/g++-bprob-2.C execution, -Os -fprofile-use
FAIL: g++.dg/template/char1.C (test for warnings, line 4)
=== g++ Summary ===
# of expected passes 23346
# of unexpected failures 2
# of expected failures 147
# of unsupported tests 173
/mnt/archive/objdir46/gcc/testsuite/g++/../../g++ version 4.6.0 20101002 (experimental) (GCC)
=== gcc tests ===
Running target unix
FAIL: gcc.c-torture/compile/limits-exprparen.c -O0 (internal compiler error)
FAIL: gcc.c-torture/compile/limits-exprparen.c -O0 (test for excess errors)
FAIL: gcc.c-torture/compile/limits-exprparen.c -O1 (internal compiler error)
FAIL: gcc.c-torture/compile/limits-exprparen.c -O1 (test for excess errors)
FAIL: gcc.c-torture/compile/limits-exprparen.c -O2 (internal compiler error)
FAIL: gcc.c-torture/compile/limits-exprparen.c -O2 (test for excess errors)
FAIL: gcc.c-torture/compile/limits-exprparen.c -O3 -fomit-frame-pointer (internal compiler error)
FAIL: gcc.c-torture/compile/limits-exprparen.c -O3 -fomit-frame-pointer (test for excess errors)
FAIL: gcc.c-torture/compile/limits-exprparen.c -O3 -g (internal compiler error)
FAIL: gcc.c-torture/compile/limits-exprparen.c -O3 -g (test for excess errors)
FAIL: gcc.c-torture/compile/limits-exprparen.c -Os (internal compiler error)
FAIL: gcc.c-torture/compile/limits-exprparen.c -Os (test for excess errors)
FAIL: gcc.c-torture/execute/cmpsf-1.c execution, -O0
FAIL: gcc.c-torture/execute/cmpsf-1.c execution, -O1
FAIL: gcc.c-torture/execute/cmpsf-1.c execution, -O2
FAIL: gcc.c-torture/execute/cmpsf-1.c execution, -O3 -fomit-frame-pointer
FAIL: gcc.c-torture/execute/cmpsf-1.c execution, -O3 -fomit-frame-pointer -funroll-loops
FAIL: gcc.c-torture/execute/cmpsf-1.c execution, -O3 -fomit-frame-pointer -funroll-all-loops -finline-functions
FAIL: gcc.c-torture/execute/cmpsf-1.c execution, -O3 -g
FAIL: gcc.c-torture/execute/cmpsf-1.c execution, -Os
FAIL: gcc.c-torture/execute/cmpsi-2.c execution, -O0
FAIL: gcc.c-torture/execute/cmpsi-2.c execution, -O1
FAIL: gcc.c-torture/execute/cmpsi-2.c execution, -O2
FAIL: gcc.c-torture/execute/cmpsi-2.c execution, -O3 -fomit-frame-pointer
FAIL: gcc.c-torture/execute/cmpsi-2.c execution, -O3 -fomit-frame-pointer -funroll-loops
FAIL: gcc.c-torture/execute/cmpsi-2.c execution, -O3 -fomit-frame-pointer -funroll-all-loops -finline-functions
FAIL: gcc.c-torture/execute/cmpsi-2.c execution, -O3 -g
FAIL: gcc.c-torture/execute/cmpsi-2.c execution, -Os
FAIL: gcc.c-torture/execute/va-arg-13.c compilation, -O0 (internal compiler error)
UNRESOLVED: gcc.c-torture/execute/va-arg-13.c execution, -O0
FAIL: gcc.c-torture/execute/va-arg-14.c compilation, -O0 (internal compiler error)
UNRESOLVED: gcc.c-torture/execute/va-arg-14.c execution, -O0
FAIL: gcc.c-torture/execute/va-arg-14.c compilation, -O1 (internal compiler error)
UNRESOLVED: gcc.c-torture/execute/va-arg-14.c execution, -O1
FAIL: gcc.c-torture/execute/va-arg-14.c compilation, -O2 (internal compiler error)
UNRESOLVED: gcc.c-torture/execute/va-arg-14.c execution, -O2
FAIL: gcc.c-torture/execute/va-arg-14.c compilation, -O3 -fomit-frame-pointer (internal compiler error)
UNRESOLVED: gcc.c-torture/execute/va-arg-14.c execution, -O3 -fomit-frame-pointer
FAIL: gcc.c-torture/execute/va-arg-14.c compilation, -O3 -g (internal compiler error)
UNRESOLVED: gcc.c-torture/execute/va-arg-14.c execution, -O3 -g
FAIL: gcc.c-torture/execute/va-arg-14.c compilation, -Os (internal compiler error)
UNRESOLVED: gcc.c-torture/execute/va-arg-14.c execution, -Os
FAIL: gcc.c-torture/execute/va-arg-21.c compilation, -O0 (internal compiler error)
UNRESOLVED: gcc.c-torture/execute/va-arg-21.c execution, -O0
FAIL: gcc.c-torture/execute/va-arg-21.c compilation, -O1 (internal compiler error)
UNRESOLVED: gcc.c-torture/execute/va-arg-21.c execution, -O1
FAIL: gcc.c-torture/execute/va-arg-21.c compilation, -O2 (internal compiler error)
UNRESOLVED: gcc.c-torture/execute/va-arg-21.c execution, -O2
FAIL: gcc.c-torture/execute/va-arg-21.c compilation, -O3 -fomit-frame-pointer (internal compiler error)
UNRESOLVED: gcc.c-torture/execute/va-arg-21.c execution, -O3 -fomit-frame-pointer
FAIL: gcc.c-torture/execute/va-arg-21.c compilation, -O3 -fomit-frame-pointer -funroll-loops (internal compiler error)
UNRESOLVED: gcc.c-torture/execute/va-arg-21.c execution, -O3 -fomit-frame-pointer -funroll-loops
FAIL: gcc.c-torture/execute/va-arg-21.c compilation, -O3 -fomit-frame-pointer -funroll-all-loops -finline-functions (internal compiler error)
UNRESOLVED: gcc.c-torture/execute/va-arg-21.c execution, -O3 -fomit-frame-pointer -funroll-all-loops -finline-functions
FAIL: gcc.c-torture/execute/va-arg-21.c compilation, -O3 -g (internal compiler error)
UNRESOLVED: gcc.c-torture/execute/va-arg-21.c execution, -O3 -g
FAIL: gcc.c-torture/execute/va-arg-21.c compilation, -Os (internal compiler error)
UNRESOLVED: gcc.c-torture/execute/va-arg-21.c execution, -Os
FAIL: gcc.dg/and-1.c scan-assembler-not nand
FAIL: gcc.dg/cproj-fails-with-broken-glibc.c execution test
FAIL: gcc.dg/sms-2.c scan-rtl-dump-times sms "SMS succeeded" 1
FAIL: gcc.dg/sms-4.c scan-rtl-dump-times sms "SMS succeeded" 1
FAIL: gcc.dg/sms-5.c scan-rtl-dump-times sms "SMS succeeded" 1
FAIL: gcc.dg/sms-6.c scan-rtl-dump-times sms "SMS succeeded" 3
FAIL: gcc.dg/sms-7.c scan-rtl-dump-times sms "SMS succeeded" 3
FAIL: gcc.dg/sms-8.c scan-rtl-dump-times sms "SMS succeeded" 1
XPASS: gcc.dg/tree-ssa/20031106-3.c scan-tree-dump-times optimized "link_error" 0
FAIL: gcc.dg/tree-ssa/foldconst-2.c scan-tree-dump-not optimized "fundamentals.0"
XPASS: gcc.dg/tree-ssa/fre-vce-1.c scan-tree-dump-times fre "sv.i" 2
FAIL: gcc.dg/tree-ssa/vrp47.c scan-tree-dump-times vrp1 "[xy][^ ]* !=" 0
FAIL: gcc.dg/tree-ssa/vrp47.c scan-tree-dump-times dom1 "x[^ ]* & y" 1
XPASS: gcc.dg/vect/costmodel/ppc/costmodel-vect-outer-fir.c scan-tree-dump-times vect "OUTER LOOP VECTORIZED" 2
FAIL: gcc.dg/vect/costmodel/ppc/costmodel-vect-outer-fir.c scan-tree-dump-times vect "OUTER LOOP VECTORIZED" 1
FAIL: gcc.dg/vect/pr43430-2.c scan-tree-dump-times vect "vectorized 1 loops" 1
FAIL: gcc.dg/vect/pr43432.c scan-tree-dump-times vect "vectorized 1 loops" 1
FAIL: gcc.dg/vect/vect-114.c scan-tree-dump-times vect "vectorized 1 loops" 1
FAIL: gcc.dg/vect/vect-15.c scan-tree-dump-times vect "vectorized 1 loops" 1
FAIL: gcc.target/powerpc/405-dlmzb-strlen-1.c scan-assembler dlmzb\\\\.
FAIL: gcc.target/powerpc/440-dlmzb-strlen-1.c scan-assembler dlmzb\\\\.
FAIL: gcc.target/powerpc/ppc-vector-memcpy.c scan-assembler lvx
=== gcc Summary ===
# of expected passes 59608
# of unexpected failures 62
# of unexpected successes 3
# of expected failures 181
# of unresolved testcases 15
# of unsupported tests 759
/mnt/archive/objdir46/gcc/xgcc version 4.6.0 20101002 (experimental) (GCC)
=== gfortran tests ===
Running target unix
XPASS: gfortran.dg/nint_2.f90 -O0 execution test
=== gfortran Summary ===
# of expected passes 36428
# of unexpected successes 1
# of expected failures 65
# of unsupported tests 210
/mnt/archive/objdir46/gcc/testsuite/gfortran/../../gfortran version 4.6.0 20101002 (experimental) (GCC)
=== obj-c++ tests ===
Running target unix
WARNING: obj-c++.dg/lookup-2.mm -fgnu-runtime compilation failed to produce executable
WARNING: obj-c++.dg/try-catch-2.mm -fgnu-runtime compilation failed to produce executable
WARNING: obj-c++.dg/try-catch-9.mm -fgnu-runtime compilation failed to produce executable
=== obj-c++ Summary ===
# of expected passes 593
# of expected failures 3
# of unsupported tests 17
/mnt/archive/objdir46/gcc/testsuite/obj-c++/../../g++ version 4.6.0 20101002 (experimental) (GCC)
=== objc tests ===
Running target unix
XPASS: objc.dg-struct-layout-encoding-1/t025_main.m execution test
XPASS: objc.dg-struct-layout-encoding-1/t026_main.m execution test
XPASS: objc.dg-struct-layout-encoding-1/t027_main.m execution test
XPASS: objc.dg-struct-layout-encoding-1/t028_main.m execution test
XPASS: objc.dg-struct-layout-encoding-1/t029_main.m execution test
XPASS: objc.dg-struct-layout-encoding-1/t030_main.m execution test
XPASS: objc.dg-struct-layout-encoding-1/t031_main.m execution test
=== objc Summary ===
# of expected passes 2060
# of unexpected successes 7
# of expected failures 8
# of unsupported tests 24
/mnt/archive/objdir46/gcc/xgcc version 4.6.0 20101002 (experimental) (GCC)
=== libffi tests ===
Running target unix
=== libffi Summary ===
# of expected passes 1634
# of expected failures 10
# of unsupported tests 15
=== libgomp tests ===
Running target unix
=== libgomp Summary ===
# of expected passes 2494
=== libjava tests ===
Running target unix
=== libjava Summary ===
# of expected passes 2574
=== libstdc++ tests ===
Running target unix
FAIL: libstdc++-abi/abi_check
=== libstdc++ Summary ===
# of expected passes 7959
# of unexpected failures 1
# of expected failures 85
# of unsupported tests 100
Compiler version: 4.6.0 20101002 (experimental) (GCC)
Platform: powerpc64-unknown-linux-gnu
configure flags: --with-gmp=/home/mikpe/pkgs/linux-ppc64/gmp-4.3.2 --with-mpfr=/home/mikpe/pkgs/linux-ppc64/mpfr-2.4.2 --with-mpc=/home/mikpe/pkgs/linux-ppc64/mpc-0.8.2 --disable-plugin --disable-lto --disable-nls --enable-multilib --enable-threads=posix --with-cpu=default32 --enable-checking=release --disable-libmudflap --enable-languages=c,c++,objc,obj-c++,java,fortran
BOOT_CFLAGS=-g -O2
** LOCAL PATCHES APPLIED **
gcc46-pr42889.patch: Proposed patch for PR debug/42889, which also fixes PR bootstrap/45801