This is the mail archive of the gcc-testresults@gcc.gnu.org mailing list for the GCC project.


Index Nav: [Date Index] [Subject Index] [Author Index] [Thread Index]
Message Nav: [Date Prev] [Date Next] [Thread Prev] [Thread Next]
Other format: [Raw text]

Results for 4.6.0 20100930 (experimental) (GCC) testsuite on x86_64-apple-darwin10.5.0


r164740

Native configuration is x86_64-apple-darwin10.5.0

		=== g++ tests ===


Running target unix/-m32
WARNING: g++.dg/ext/label13.C compilation failed to produce executable
FAIL: g++.dg/ext/visibility/anon6.C scan-assembler 1BIiE1cE
FAIL: g++.dg/pubtypes.C scan-assembler "A\\\\\\\\0"+[ \\t]+[#;@]+[ \\t]+external name
FAIL: g++.dg/lto/20100723-1 cp_lto_20100723-1_0.o-cp_lto_20100723-1_0.o link, -fcompare-debug -flto (internal compiler error)
UNRESOLVED: g++.dg/lto/20100723-1 cp_lto_20100723-1_0.o-cp_lto_20100723-1_0.o execute -fcompare-debug -flto
FAIL: g++.dg/lto/20100723-1 cp_lto_20100723-1_0.o-cp_lto_20100723-1_0.o link, -fcompare-debug -fwhopr (internal compiler error)
UNRESOLVED: g++.dg/lto/20100723-1 cp_lto_20100723-1_0.o-cp_lto_20100723-1_0.o execute -fcompare-debug -fwhopr
FAIL: g++.dg/torture/stackalign/eh-alloca-1.C  -O3 -g  execution test
FAIL: g++.dg/torture/stackalign/eh-vararg-1.C  -O3 -g  execution test
FAIL: g++.dg/torture/stackalign/eh-vararg-2.C  -O3 -g  execution test
FAIL: g++.dg/torture/stackalign/eh-alloca-1.C  -O3 -g  execution test
FAIL: g++.dg/torture/stackalign/eh-vararg-1.C  -O3 -g  execution test
FAIL: g++.dg/torture/stackalign/eh-vararg-2.C  -O3 -g  execution test

		=== g++ Summary for unix/-m32 ===

# of expected passes		24583
# of unexpected failures	10
# of expected failures		150
# of unresolved testcases	2
# of unsupported tests		175

Running target unix/-m64
WARNING: g++.dg/ext/label13.C compilation failed to produce executable
FAIL: g++.dg/ext/visibility/anon6.C scan-assembler 1BIiE1cE
FAIL: g++.dg/pubtypes.C scan-assembler "A\\\\\\\\0"+[ \\t]+[#;@]+[ \\t]+external name
FAIL: g++.dg/lto/20100723-1 cp_lto_20100723-1_0.o-cp_lto_20100723-1_0.o link, -fcompare-debug -flto (internal compiler error)
UNRESOLVED: g++.dg/lto/20100723-1 cp_lto_20100723-1_0.o-cp_lto_20100723-1_0.o execute -fcompare-debug -flto
FAIL: g++.dg/lto/20100723-1 cp_lto_20100723-1_0.o-cp_lto_20100723-1_0.o link, -fcompare-debug -fwhopr (internal compiler error)
UNRESOLVED: g++.dg/lto/20100723-1 cp_lto_20100723-1_0.o-cp_lto_20100723-1_0.o execute -fcompare-debug -fwhopr
FAIL: g++.dg/tree-prof/partition2.C compilation,  -O3 -g  -fprofile-use
UNRESOLVED: g++.dg/tree-prof/partition2.C execution,    -O3 -g  -fprofile-use

		=== g++ Summary for unix/-m64 ===

# of expected passes		24827
# of unexpected failures	5
# of expected failures		150
# of unresolved testcases	3
# of unsupported tests		369

		=== g++ Summary ===

# of expected passes		49410
# of unexpected failures	15
# of expected failures		300
# of unresolved testcases	5
# of unsupported tests		544
/sw/src/fink.build/gcc46-4.6.0-1000/darwin_objdir/gcc/testsuite/g++/../../g++  version 4.6.0 20100930 (experimental) (GCC) 

		=== gcc tests ===


Running target unix/-m32
FAIL: gcc.dg/framework-1.c (test for excess errors)
XPASS: gcc.dg/tree-ssa/20031106-3.c scan-tree-dump-times optimized "link_error" 0
XPASS: gcc.dg/tree-ssa/20040204-1.c scan-tree-dump-times optimized "link_error" 0
XPASS: gcc.dg/tree-ssa/fre-vce-1.c scan-tree-dump-times fre "sv.i" 2
FAIL: gcc.target/i386/combine-mul.c scan-assembler-not 12345

		=== gcc Summary for unix/-m32 ===

# of expected passes		72150
# of unexpected failures	2
# of unexpected successes	3
# of expected failures		211
# of unsupported tests		1311

Running target unix/-m64
FAIL: gcc.dg/framework-1.c (test for excess errors)
FAIL: gcc.dg/matrix/transpose-3.c execution,    -fprofile-use -fipa-matrix-reorg -fdump-ipa-matrix-reorg -O3 -fwhole-program
XPASS: gcc.dg/tree-ssa/20031106-3.c scan-tree-dump-times optimized "link_error" 0
XPASS: gcc.dg/tree-ssa/20040204-1.c scan-tree-dump-times optimized "link_error" 0
XPASS: gcc.dg/tree-ssa/fre-vce-1.c scan-tree-dump-times fre "sv.i" 2
FAIL: gcc.target/i386/combine-mul.c scan-assembler-not 12345

		=== gcc Summary for unix/-m64 ===

# of expected passes		72205
# of unexpected failures	3
# of unexpected successes	3
# of expected failures		212
# of unsupported tests		1702

		=== gcc Summary ===

# of expected passes		144355
# of unexpected failures	5
# of unexpected successes	6
# of expected failures		423
# of unsupported tests		3013
/sw/src/fink.build/gcc46-4.6.0-1000/darwin_objdir/gcc/xgcc  version 4.6.0 20100930 (experimental) (GCC) 

		=== gfortran tests ===


Running target unix/-m32
XPASS: gfortran.dg/pr25923.f90  -O  PR45505 (test for warnings, line 13)
XPASS: gfortran.dg/pr25923.f90  -O  PR45505 (test for bogus messages, line 22)

		=== gfortran Summary for unix/-m32 ===

# of expected passes		36626
# of unexpected successes	2
# of expected failures		50
# of unsupported tests		177

Running target unix/-m64

		=== gfortran Summary for unix/-m64 ===

# of expected passes		36867
# of expected failures		50
# of unsupported tests		63

		=== gfortran Summary ===

# of expected passes		73493
# of unexpected successes	2
# of expected failures		100
# of unsupported tests		240
/sw/src/fink.build/gcc46-4.6.0-1000/darwin_objdir/gcc/testsuite/gfortran/../../gfortran  version 4.6.0 20100930 (experimental) (GCC) 

		=== obj-c++ tests ===


Running target unix/-m32
WARNING: obj-c++.dg/lookup-2.mm -fgnu-runtime compilation failed to produce executable
WARNING: obj-c++.dg/try-catch-2.mm -fgnu-runtime compilation failed to produce executable
WARNING: obj-c++.dg/try-catch-9.mm -fgnu-runtime compilation failed to produce executable
FAIL: obj-c++.dg/const-str-12.mm -fnext-runtime (test for excess errors)
FAIL: obj-c++.dg/encode-3.mm -fnext-runtime execution test

		=== obj-c++ Summary for unix/-m32 ===

# of expected passes		1280
# of unexpected failures	2
# of expected failures		3
# of unsupported tests		18

Running target unix/-m64
WARNING: obj-c++.dg/lookup-2.mm -fgnu-runtime compilation failed to produce executable
WARNING: obj-c++.dg/try-catch-2.mm -fgnu-runtime compilation failed to produce executable
WARNING: obj-c++.dg/try-catch-9.mm -fgnu-runtime compilation failed to produce executable
FAIL: obj-c++.dg/const-str-12.mm -fnext-runtime (test for excess errors)
FAIL: obj-c++.dg/encode-3.mm -fnext-runtime execution test
FAIL: obj-c++.dg/method-22.mm -fnext-runtime (test for excess errors)
WARNING: obj-c++.dg/method-22.mm -fnext-runtime compilation failed to produce executable
FAIL: obj-c++.dg/method-23.mm -fnext-runtime (test for excess errors)
WARNING: obj-c++.dg/method-23.mm -fnext-runtime compilation failed to produce executable
FAIL: obj-c++.dg/threedotthree-abi-1.mm -fnext-runtime execution test
WARNING: obj-c++.dg/try-catch-2.mm -fnext-runtime compilation failed to produce executable
WARNING: obj-c++.dg/try-catch-9.mm -fnext-runtime compilation failed to produce executable

		=== obj-c++ Summary for unix/-m64 ===

# of expected passes		1183
# of unexpected failures	5
# of expected failures		61
# of unsupported tests		22

		=== obj-c++ Summary ===

# of expected passes		2463
# of unexpected failures	7
# of expected failures		64
# of unsupported tests		40
/sw/src/fink.build/gcc46-4.6.0-1000/darwin_objdir/gcc/testsuite/obj-c++/../../g++  version 4.6.0 20100930 (experimental) (GCC) 

		=== objc tests ===


Running target unix/-m32
FAIL: objc.dg/const-str-12b.m -fnext-runtime (test for excess errors)
FAIL: objc.dg/encode-3.m -fnext-runtime (test for excess errors)
FAIL: objc.dg/encode-7-next-64bit.m -fnext-runtime (test for excess errors)
FAIL: objc.dg/encode-7-next-64bit.m -fnext-runtime execution test
FAIL: objc.dg/encode-7-next.m -fnext-runtime (test for excess errors)
FAIL: objc.dg/encode-7-next.m -fnext-runtime execution test
FAIL: objc.dg/headers.m -fnext-runtime (test for excess errors)
FAIL: objc.dg/no-extra-load.m -fnext-runtime (test for excess errors)
ERROR: objc.dg/no-extra-load.m: error executing dg-final: couldn't open "no-extra-load.s": no such file or directory
UNRESOLVED: objc.dg/no-extra-load.m: error executing dg-final: couldn't open "no-extra-load.s": no such file or directory
FAIL: objc.dg/proto-qual-1.m -fnext-runtime execution test
FAIL: objc.dg/threedotthree-abi-1.m -fnext-runtime execution test
FAIL: objc.dg/type-size-2.m -fnext-runtime (test for excess errors)
XPASS: objc.dg-struct-layout-encoding-1/t026_main.m execution test

		=== objc Summary for unix/-m32 ===

# of expected passes		4170
# of unexpected failures	11
# of unexpected successes	1
# of expected failures		6
# of unresolved testcases	1
# of unsupported tests		31

Running target unix/-m64
FAIL: objc.dg/const-str-12b.m -fnext-runtime (test for excess errors)
FAIL: objc.dg/encode-3.m -fnext-runtime (test for excess errors)
FAIL: objc.dg/encode-7-next-64bit.m -fnext-runtime (test for excess errors)
WARNING: objc.dg/encode-7-next-64bit.m -fnext-runtime compilation failed to produce executable
FAIL: objc.dg/encode-7-next.m -fnext-runtime (test for excess errors)
WARNING: objc.dg/encode-7-next.m -fnext-runtime compilation failed to produce executable
FAIL: objc.dg/headers.m -fnext-runtime (test for excess errors)
FAIL: objc.dg/method-20b.m -fnext-runtime (test for excess errors)
WARNING: objc.dg/method-20b.m -fnext-runtime compilation failed to produce executable
FAIL: objc.dg/no-extra-load.m -fnext-runtime (test for excess errors)
ERROR: objc.dg/no-extra-load.m: error executing dg-final: couldn't open "no-extra-load.s": no such file or directory
UNRESOLVED: objc.dg/no-extra-load.m: error executing dg-final: couldn't open "no-extra-load.s": no such file or directory
FAIL: objc.dg/threedotthree-abi-1.m -fnext-runtime execution test
FAIL: objc.dg/type-size-2.m -fnext-runtime (test for excess errors)
XPASS: objc.dg-struct-layout-encoding-1/t026_main.m execution test

		=== objc Summary for unix/-m64 ===

# of expected passes		2850
# of unexpected failures	9
# of unexpected successes	1
# of expected failures		55
# of unresolved testcases	1
# of unsupported tests		36

		=== objc Summary ===

# of expected passes		7020
# of unexpected failures	20
# of unexpected successes	2
# of expected failures		61
# of unresolved testcases	2
# of unsupported tests		67
/sw/src/fink.build/gcc46-4.6.0-1000/darwin_objdir/gcc/xgcc  version 4.6.0 20100930 (experimental) (GCC) 

		=== libffi tests ===


Running target unix/-m32

		=== libffi Summary for unix/-m32 ===

# of expected passes		1624
# of expected failures		10
# of unsupported tests		15

Running target unix/-m64

		=== libffi Summary for unix/-m64 ===

# of expected passes		1624
# of expected failures		10
# of unsupported tests		15

		=== libffi Summary ===

# of expected passes		3248
# of expected failures		20
# of unsupported tests		30
		=== libgomp tests ===


Running target unix/-m32

		=== libgomp Summary for unix/-m32 ===

# of expected passes		2536
# of unsupported tests		2

Running target unix/-m64

		=== libgomp Summary for unix/-m64 ===

# of expected passes		2536
# of unsupported tests		2

		=== libgomp Summary ===

# of expected passes		5072
# of unsupported tests		4
		=== libjava tests ===


Running target unix/-m32
FAIL: PR16923.c compilation
WARNING: program timed out.
FAIL: Process_1 -findirect-dispatch execution - source compiled test

		=== libjava Summary for unix/-m32 ===

# of expected passes		2570
# of unexpected failures	2
# of untested testcases		1

Running target unix/-m64

		=== libjava Summary for unix/-m64 ===

# of expected passes		2574

		=== libjava Summary ===

# of expected passes		5144
# of unexpected failures	2
# of untested testcases		1
		=== libstdc++ tests ===


Running target unix/-m32
FAIL: ext/stdio_sync_filebuf/char/1.cc (test for excess errors)
WARNING: ext/stdio_sync_filebuf/char/1.cc compilation failed to produce executable
FAIL: ext/stdio_sync_filebuf/char/12048-3.cc (test for excess errors)
WARNING: ext/stdio_sync_filebuf/char/12048-3.cc compilation failed to produce executable
FAIL: ext/stdio_sync_filebuf/char/12048-4.cc (test for excess errors)
WARNING: ext/stdio_sync_filebuf/char/12048-4.cc compilation failed to produce executable
FAIL: ext/stdio_sync_filebuf/wchar_t/1.cc (test for excess errors)
WARNING: ext/stdio_sync_filebuf/wchar_t/1.cc compilation failed to produce executable
FAIL: ext/stdio_sync_filebuf/wchar_t/12948-3.cc (test for excess errors)
WARNING: ext/stdio_sync_filebuf/wchar_t/12948-3.cc compilation failed to produce executable
FAIL: ext/stdio_sync_filebuf/wchar_t/12948-4.cc (test for excess errors)
WARNING: ext/stdio_sync_filebuf/wchar_t/12948-4.cc compilation failed to produce executable

		=== libstdc++ Summary for unix/-m32 ===

# of expected passes		6699
# of unexpected failures	6
# of expected failures		81
# of unsupported tests		640

Running target unix/-m64
FAIL: ext/stdio_sync_filebuf/char/1.cc (test for excess errors)
WARNING: ext/stdio_sync_filebuf/char/1.cc compilation failed to produce executable
FAIL: ext/stdio_sync_filebuf/char/12048-3.cc (test for excess errors)
WARNING: ext/stdio_sync_filebuf/char/12048-3.cc compilation failed to produce executable
FAIL: ext/stdio_sync_filebuf/char/12048-4.cc (test for excess errors)
WARNING: ext/stdio_sync_filebuf/char/12048-4.cc compilation failed to produce executable
FAIL: ext/stdio_sync_filebuf/wchar_t/1.cc (test for excess errors)
WARNING: ext/stdio_sync_filebuf/wchar_t/1.cc compilation failed to produce executable
FAIL: ext/stdio_sync_filebuf/wchar_t/12948-3.cc (test for excess errors)
WARNING: ext/stdio_sync_filebuf/wchar_t/12948-3.cc compilation failed to produce executable
FAIL: ext/stdio_sync_filebuf/wchar_t/12948-4.cc (test for excess errors)
WARNING: ext/stdio_sync_filebuf/wchar_t/12948-4.cc compilation failed to produce executable

		=== libstdc++ Summary for unix/-m64 ===

# of expected passes		6697
# of unexpected failures	6
# of expected failures		81
# of unsupported tests		641

		=== libstdc++ Summary ===

# of expected passes		13396
# of unexpected failures	12
# of expected failures		162
# of unsupported tests		1281

Compiler version: 4.6.0 20100930 (experimental) (GCC) 
Platform: x86_64-apple-darwin10.5.0
configure flags: --prefix=/sw --prefix=/sw/lib/gcc4.6 --mandir=/sw/share/man --infodir=/sw/lib/gcc4.6/info --enable-languages=c,c++,fortran,objc,obj-c++,java --with-gmp=/sw --with-libiconv-prefix=/sw --with-ppl=/sw --with-cloog=/sw --with-mpc=/sw --with-system-zlib --x-includes=/usr/X11R6/include --x-libraries=/usr/X11R6/lib --program-suffix=-fsf-4.6 --enable-checking=yes


Index Nav: [Date Index] [Subject Index] [Author Index] [Thread Index]
Message Nav: [Date Prev] [Date Next] [Thread Prev] [Thread Next]