This is the mail archive of the gcc-testresults@gcc.gnu.org mailing list for the GCC project.


Index Nav: [Date Index] [Subject Index] [Author Index] [Thread Index]
Message Nav: [Date Prev] [Date Next] [Thread Prev] [Thread Next]
Other format: [Raw text]

Results for 4.6.0 20100926 (experimental) [trunk revision 164638] (GCC) testsuite on powerpc64-unknown-linux-gnu


LAST_UPDATED: Sun Sep 26 20:48:40 UTC 2010 (revision 164638)

		=== acats tests ===
FAIL:	c41207a

		=== acats Summary ===
# of expected passes		2320
# of unexpected failures	1
Native configuration is powerpc64-unknown-linux-gnu

		=== gcc tests ===


Running target unix
FAIL: gcc.c-torture/compile/limits-structnest.c  -O2  (test for excess errors)
FAIL: gcc.c-torture/compile/limits-structnest.c  -O3 -fomit-frame-pointer  (test for excess errors)
FAIL: gcc.c-torture/compile/limits-structnest.c  -O3 -g  (test for excess errors)
FAIL: gcc.c-torture/compile/limits-structnest.c  -Os  (test for excess errors)
FAIL: gcc.dg/and-1.c scan-assembler-not nand
FAIL: gcc.dg/cproj-fails-with-broken-glibc.c execution test
FAIL: gcc.dg/sms-2.c scan-rtl-dump-times sms "SMS succeeded" 1
FAIL: gcc.dg/sms-4.c scan-rtl-dump-times sms "SMS succeeded" 1
FAIL: gcc.dg/sms-5.c scan-rtl-dump-times sms "SMS succeeded" 1
FAIL: gcc.dg/sms-6.c scan-rtl-dump-times sms "SMS succeeded" 3
FAIL: gcc.dg/sms-7.c scan-rtl-dump-times sms "SMS succeeded" 3
FAIL: gcc.dg/sms-8.c scan-rtl-dump-times sms "SMS succeeded" 1
FAIL: gcc.dg/stack-usage-1.c scan-file foo\\t(256|264)\\tstatic
XPASS: gcc.dg/tree-ssa/20031106-3.c scan-tree-dump-times optimized "link_error" 0
FAIL: gcc.dg/tree-ssa/foldconst-2.c scan-tree-dump-not optimized "fundamentals.0"
XPASS: gcc.dg/tree-ssa/fre-vce-1.c scan-tree-dump-times fre "sv.i" 2
FAIL: gcc.dg/tree-ssa/vrp47.c scan-tree-dump-times vrp1 "[xy][^ ]* !=" 0
FAIL: gcc.dg/tree-ssa/vrp47.c scan-tree-dump-times dom1 "x[^ ]* & y" 1
XPASS: gcc.dg/vect/costmodel/ppc/costmodel-vect-outer-fir.c scan-tree-dump-times vect "OUTER LOOP VECTORIZED" 2
FAIL: gcc.dg/vect/costmodel/ppc/costmodel-vect-outer-fir.c scan-tree-dump-times vect "OUTER LOOP VECTORIZED" 1
FAIL: gcc.dg/vect/pr43430-2.c scan-tree-dump-times vect "vectorized 1 loops" 1
FAIL: gcc.dg/vect/pr43432.c scan-tree-dump-times vect "vectorized 1 loops" 1
FAIL: gcc.dg/vect/vect-114.c scan-tree-dump-times vect "vectorized 1 loops" 1
FAIL: gcc.dg/vect/vect-15.c scan-tree-dump-times vect "vectorized 1 loops" 1
FAIL: gcc.target/powerpc/optimize-bswapdi-3.c scan-assembler ldbrx
FAIL: gcc.target/powerpc/optimize-bswapdi-3.c scan-assembler stdbrx
FAIL: gcc.target/powerpc/popcount-3.c scan-assembler popcntd
FAIL: gcc.target/powerpc/ppc-vector-memcpy.c scan-assembler lvx
FAIL: gcc.target/powerpc/ppc64-abi-dfp-1.c execution test

		=== gcc Summary ===

# of expected passes		59974
# of unexpected failures	26
# of unexpected successes	3
# of expected failures		184
# of unsupported tests		829
/home/guerby/build/gcc/xgcc  version 4.6.0 20100926 (experimental) [trunk revision 164638] (GCC) 

		=== gfortran tests ===


Running target unix
FAIL: gfortran.dg/pr25923.f90  -O  PR45505 (test for warnings, line 13)
FAIL: gfortran.dg/pr25923.f90  -O  PR45505 (test for bogus messages, line 22)

		=== gfortran Summary ===

# of expected passes		36690
# of unexpected failures	2
# of expected failures		64
# of unsupported tests		73
/home/guerby/build/gcc/testsuite/gfortran/../../gfortran  version 4.6.0 20100926 (experimental) [trunk revision 164638] (GCC) 

		=== g++ tests ===


Running target unix
ERROR: tcl error sourcing /home/guerby/trunk/gcc/testsuite/g++.dg/dg.exp.
ERROR: error reading "file7": I/O error

		=== g++ Summary ===

# of expected passes		15250
# of expected failures		43
# of unsupported tests		83
/home/guerby/build/gcc/testsuite/g++/../../g++  version 4.6.0 20100926 (experimental) [trunk revision 164638] (GCC) 

		=== gnat tests ===


Running target unix

		=== gnat Summary ===

# of expected passes		827
# of expected failures		10
# of unsupported tests		4
		=== objc tests ===


Running target unix

		=== objc Summary ===

# of expected passes		2019
# of expected failures		15
# of unsupported tests		20
/home/guerby/build/gcc/xgcc  version 4.6.0 20100926 (experimental) [trunk revision 164638] (GCC) 

		=== libffi tests ===


Running target unix

		=== libffi Summary ===

# of expected passes		1624
# of expected failures		10
# of unsupported tests		15
		=== libgomp tests ===


Running target unix

		=== libgomp Summary ===

# of expected passes		2494
		=== libjava tests ===


Running target unix
FAIL: getlocalvartable output

		=== libjava Summary ===

# of expected passes		2573
# of unexpected failures	1
		=== libmudflap tests ===


Running target unix
FAIL: libmudflap.c/pass49-frag.c execution test
FAIL: libmudflap.c/pass49-frag.c output pattern test
FAIL: libmudflap.c/pass49-frag.c execution test
FAIL: libmudflap.c/pass49-frag.c output pattern test
FAIL: libmudflap.c/pass49-frag.c (-static) execution test
FAIL: libmudflap.c/pass49-frag.c (-static) output pattern test
FAIL: libmudflap.c/pass49-frag.c (-static) execution test
FAIL: libmudflap.c/pass49-frag.c (-static) output pattern test
FAIL: libmudflap.c/pass49-frag.c (-O2) execution test
FAIL: libmudflap.c/pass49-frag.c (-O2) output pattern test
FAIL: libmudflap.c/pass49-frag.c (-O2) execution test
FAIL: libmudflap.c/pass49-frag.c (-O2) output pattern test
FAIL: libmudflap.c/pass49-frag.c (-O3) execution test
FAIL: libmudflap.c/pass49-frag.c (-O3) output pattern test
FAIL: libmudflap.c/pass49-frag.c (-O3) execution test
FAIL: libmudflap.c/pass49-frag.c (-O3) output pattern test
FAIL: libmudflap.c++/pass41-frag.cxx execution test
FAIL: libmudflap.c++/pass41-frag.cxx (-static) execution test
FAIL: libmudflap.c++/pass41-frag.cxx (-O2) execution test
FAIL: libmudflap.c++/pass41-frag.cxx (-O3) execution test

		=== libmudflap Summary ===

# of expected passes		1874
# of unexpected failures	20
		=== libstdc++ tests ===


Running target unix

		=== libstdc++ Summary ===

# of expected passes		7330
# of expected failures		85
# of unsupported tests		395

Compiler version: 4.6.0 20100926 (experimental) [trunk revision 164638] (GCC) 
Platform: powerpc64-unknown-linux-gnu
configure flags: --disable-nls --enable-__cxa_atexit --enable-threads=posix --with-mpfr=/opt/cfarm/mpfr-2.4.1-64 --enable-languages=all,ada --prefix=/n/40/guerby/install-trunk --with-gmp=/opt/cfarm/gmp-4.2.4-64/ --disable-multilib --enable-stage1-checking=release --with-mpc=/opt/cfarm/mpc-0.8-64


Index Nav: [Date Index] [Subject Index] [Author Index] [Thread Index]
Message Nav: [Date Prev] [Date Next] [Thread Prev] [Thread Next]