This is the mail archive of the gcc-testresults@gcc.gnu.org mailing list for the GCC project.


Index Nav: [Date Index] [Subject Index] [Author Index] [Thread Index]
Message Nav: [Date Prev] [Date Next] [Thread Prev] [Thread Next]
Other format: [Raw text]

Results for 4.5.2 20100927 (prerelease) [gcc-4_5-branch revision 164670] (GCC) testsuite on hppa64-hp-hpux11.11


Native configuration is hppa64-hp-hpux11.11

		=== g++ tests ===


Running target unix

		=== g++ Summary ===

# of expected passes		20436
# of expected failures		151
# of unsupported tests		249
/mnt/gnu/gcc/objdir-test/gcc/testsuite/g++/../../g++  version 4.5.2 20100927 (prerelease) [gcc-4_5-branch revision 164670] (GCC) 

		=== gcc tests ===


Running target unix
WARNING: program timed out.
FAIL: gcc.c-torture/compile/limits-fndefn.c  -O3 -g  (test for excess errors)
FAIL: gcc.c-torture/compile/pr45728.c  -O1  (internal compiler error)
FAIL: gcc.c-torture/compile/pr45728.c  -O1  (test for excess errors)
FAIL: gcc.c-torture/compile/pr45728.c  -O2  (internal compiler error)
FAIL: gcc.c-torture/compile/pr45728.c  -O2  (test for excess errors)
FAIL: gcc.c-torture/compile/pr45728.c  -O3 -fomit-frame-pointer  (internal compiler error)
FAIL: gcc.c-torture/compile/pr45728.c  -O3 -fomit-frame-pointer  (test for excess errors)
FAIL: gcc.c-torture/compile/pr45728.c  -O3 -g  (internal compiler error)
FAIL: gcc.c-torture/compile/pr45728.c  -O3 -g  (test for excess errors)
FAIL: gcc.c-torture/compile/pr45728.c  -Os  (internal compiler error)
FAIL: gcc.c-torture/compile/pr45728.c  -Os  (test for excess errors)
XPASS: gcc.dg/funcorder.c scan-assembler-not link_error,%r
WARNING: program timed out.

		=== gcc Summary ===

# of expected passes		52516
# of unexpected failures	11
# of unexpected successes	1
# of expected failures		89
# of unsupported tests		700
/mnt/gnu/gcc/objdir-test/gcc/xgcc  version 4.5.2 20100927 (prerelease) [gcc-4_5-branch revision 164670] (GCC) 

		=== gfortran tests ===


Running target unix

		=== gfortran Summary ===

# of expected passes		33022
# of expected failures		20
# of unsupported tests		286
/mnt/gnu/gcc/objdir-test/gcc/testsuite/gfortran/../../gfortran  version 4.5.2 20100927 (prerelease) [gcc-4_5-branch revision 164670] (GCC) 

		=== obj-c++ tests ===


Running target unix
WARNING: obj-c++.dg/lookup-2.mm -fgnu-runtime compilation failed to produce executable
WARNING: obj-c++.dg/try-catch-2.mm -fgnu-runtime compilation failed to produce executable
WARNING: obj-c++.dg/try-catch-9.mm -fgnu-runtime compilation failed to produce executable

		=== obj-c++ Summary ===

# of expected passes		432
# of expected failures		11
# of unsupported tests		14
/mnt/gnu/gcc/objdir-test/gcc/testsuite/obj-c++/../../g++  version 4.5.2 20100927 (prerelease) [gcc-4_5-branch revision 164670] (GCC) 

		=== objc tests ===


Running target unix

		=== objc Summary ===

# of expected passes		1872
# of expected failures		15
# of unsupported tests		21
/mnt/gnu/gcc/objdir-test/gcc/xgcc  version 4.5.2 20100927 (prerelease) [gcc-4_5-branch revision 164670] (GCC) 

		=== libgomp tests ===


Running target unix

		=== libgomp Summary ===

# of expected passes		2476
# of unsupported tests		9
		=== libstdc++ tests ===


Running target unix

		=== libstdc++ Summary ===

# of expected passes		6334
# of expected failures		89
# of unsupported tests		616

Compiler version: 4.5.2 20100927 (prerelease) [gcc-4_5-branch revision 164670] (GCC) 
Platform: hppa64-hp-hpux11.11
configure flags:Test Run By dave on Tue Sep 28 07:00:49 2010


Index Nav: [Date Index] [Subject Index] [Author Index] [Thread Index]
Message Nav: [Date Prev] [Date Next] [Thread Prev] [Thread Next]