This is the mail archive of the
gcc-testresults@gcc.gnu.org
mailing list for the GCC project.
Results for 4.6.0 20100928 (experimental) [trunk revision 164675] (GCC) testsuite on powerpc64-unknown-linux-gnu
- From: Pat Haugen <pthaugen at us dot ibm dot com>
- To: gcc-testresults at gcc dot gnu dot org
- Date: Tue, 28 Sep 2010 09:24:27 -0700
- Subject: Results for 4.6.0 20100928 (experimental) [trunk revision 164675] (GCC) testsuite on powerpc64-unknown-linux-gnu
Linux 2.6.16.46-0.4-ppc64 ppc64
GNU C Library development release version 2.4 (20070330)
GNU ld (GNU Binutils) 2.20
GNU assembler (GNU Binutils) 2.20
GNU Make 3.80
DejaGnu:
Expect version is 5.43.0
Tcl version is 8.4
Framework version is 1.4.4
32-bit biarch default32
LAST_UPDATED: Tue Sep 28 04:54:35 UTC 2010 (revision 164675)
Native configuration is powerpc64-unknown-linux-gnu
=== gcc tests ===
Running target unix/-m32
FAIL: gcc.c-torture/execute/va-arg-13.c compilation, -O0 (internal compiler error)
UNRESOLVED: gcc.c-torture/execute/va-arg-13.c execution, -O0
FAIL: gcc.c-torture/execute/va-arg-14.c compilation, -O0 (internal compiler error)
UNRESOLVED: gcc.c-torture/execute/va-arg-14.c execution, -O0
FAIL: gcc.c-torture/execute/va-arg-14.c compilation, -O1 (internal compiler error)
UNRESOLVED: gcc.c-torture/execute/va-arg-14.c execution, -O1
FAIL: gcc.c-torture/execute/va-arg-14.c compilation, -O2 (internal compiler error)
UNRESOLVED: gcc.c-torture/execute/va-arg-14.c execution, -O2
FAIL: gcc.c-torture/execute/va-arg-14.c compilation, -O3 -fomit-frame-pointer (internal compiler error)
UNRESOLVED: gcc.c-torture/execute/va-arg-14.c execution, -O3 -fomit-frame-pointer
FAIL: gcc.c-torture/execute/va-arg-14.c compilation, -O3 -g (internal compiler error)
UNRESOLVED: gcc.c-torture/execute/va-arg-14.c execution, -O3 -g
FAIL: gcc.c-torture/execute/va-arg-14.c compilation, -Os (internal compiler error)
UNRESOLVED: gcc.c-torture/execute/va-arg-14.c execution, -Os
FAIL: gcc.c-torture/execute/va-arg-14.c compilation, -O2 -flto (internal compiler error)
UNRESOLVED: gcc.c-torture/execute/va-arg-14.c execution, -O2 -flto
FAIL: gcc.c-torture/execute/va-arg-14.c compilation, -O2 -fwhopr (internal compiler error)
UNRESOLVED: gcc.c-torture/execute/va-arg-14.c execution, -O2 -fwhopr
FAIL: gcc.c-torture/execute/va-arg-21.c compilation, -O0 (internal compiler error)
UNRESOLVED: gcc.c-torture/execute/va-arg-21.c execution, -O0
FAIL: gcc.c-torture/execute/va-arg-21.c compilation, -O1 (internal compiler error)
UNRESOLVED: gcc.c-torture/execute/va-arg-21.c execution, -O1
FAIL: gcc.c-torture/execute/va-arg-21.c compilation, -O2 (internal compiler error)
UNRESOLVED: gcc.c-torture/execute/va-arg-21.c execution, -O2
FAIL: gcc.c-torture/execute/va-arg-21.c compilation, -O3 -fomit-frame-pointer (internal compiler error)
UNRESOLVED: gcc.c-torture/execute/va-arg-21.c execution, -O3 -fomit-frame-pointer
FAIL: gcc.c-torture/execute/va-arg-21.c compilation, -O3 -fomit-frame-pointer -funroll-loops (internal compiler error)
UNRESOLVED: gcc.c-torture/execute/va-arg-21.c execution, -O3 -fomit-frame-pointer -funroll-loops
FAIL: gcc.c-torture/execute/va-arg-21.c compilation, -O3 -fomit-frame-pointer -funroll-all-loops -finline-functions (internal compiler error)
UNRESOLVED: gcc.c-torture/execute/va-arg-21.c execution, -O3 -fomit-frame-pointer -funroll-all-loops -finline-functions
FAIL: gcc.c-torture/execute/va-arg-21.c compilation, -O3 -g (internal compiler error)
UNRESOLVED: gcc.c-torture/execute/va-arg-21.c execution, -O3 -g
FAIL: gcc.c-torture/execute/va-arg-21.c compilation, -Os (internal compiler error)
UNRESOLVED: gcc.c-torture/execute/va-arg-21.c execution, -Os
FAIL: gcc.c-torture/execute/va-arg-21.c compilation, -O2 -flto (internal compiler error)
UNRESOLVED: gcc.c-torture/execute/va-arg-21.c execution, -O2 -flto
FAIL: gcc.c-torture/execute/va-arg-21.c compilation, -O2 -fwhopr (internal compiler error)
UNRESOLVED: gcc.c-torture/execute/va-arg-21.c execution, -O2 -fwhopr
FAIL: gcc.dg/O16384.c (test for excess errors)
FAIL: gcc.dg/and-1.c scan-assembler-not nand
FAIL: gcc.dg/attr-ifunc-1.c execution test
FAIL: gcc.dg/attr-ifunc-3.c execution test
FAIL: gcc.dg/attr-ifunc-4.c execution test
FAIL: gcc.dg/attr-ifunc-5.c execution test
FAIL: gcc.dg/cproj-fails-with-broken-glibc.c execution test
FAIL: gcc.dg/pr37106-1.c (test for excess errors)
FAIL: gcc.dg/pr37106-2.c (test for excess errors)
FAIL: gcc.dg/pr43562.c (test for excess errors)
FAIL: gcc.dg/pr43564.c (test for excess errors)
FAIL: gcc.dg/sms-2.c scan-rtl-dump-times sms "SMS succeeded" 1
FAIL: gcc.dg/sms-4.c scan-rtl-dump-times sms "SMS succeeded" 1
FAIL: gcc.dg/sms-5.c scan-rtl-dump-times sms "SMS succeeded" 1
FAIL: gcc.dg/sms-6.c scan-rtl-dump-times sms "SMS succeeded" 3
FAIL: gcc.dg/sms-7.c scan-rtl-dump-times sms "SMS succeeded" 3
FAIL: gcc.dg/sms-8.c scan-rtl-dump-times sms "SMS succeeded" 1
XPASS: gcc.dg/tree-ssa/20031106-3.c scan-tree-dump-times optimized "link_error" 0
FAIL: gcc.dg/tree-ssa/foldconst-2.c scan-tree-dump-not optimized "fundamentals.0"
XPASS: gcc.dg/tree-ssa/fre-vce-1.c scan-tree-dump-times fre "sv.i" 2
FAIL: gcc.dg/tree-ssa/vrp47.c scan-tree-dump-times vrp1 "[xy][^ ]* !=" 0
FAIL: gcc.dg/tree-ssa/vrp47.c scan-tree-dump-times dom1 "x[^ ]* & y" 1
XPASS: gcc.dg/vect/costmodel/ppc/costmodel-vect-outer-fir.c scan-tree-dump-times vect "OUTER LOOP VECTORIZED" 2
FAIL: gcc.dg/vect/costmodel/ppc/costmodel-vect-outer-fir.c scan-tree-dump-times vect "OUTER LOOP VECTORIZED" 1
FAIL: gcc.dg/vect/pr43430-2.c scan-tree-dump-times vect "vectorized 1 loops" 1
FAIL: gcc.dg/vect/pr43432.c scan-tree-dump-times vect "vectorized 1 loops" 1
FAIL: gcc.dg/vect/vect-114.c scan-tree-dump-times vect "vectorized 1 loops" 1
FAIL: gcc.dg/vect/vect-15.c scan-tree-dump-times vect "vectorized 1 loops" 1
FAIL: gcc.dg/vmx/1b-01.c -O2 -flto (test for excess errors)
WARNING: gcc.dg/vmx/1b-01.c -O2 -flto compilation failed to produce executable
FAIL: gcc.dg/vmx/1b-01.c -O2 -fwhopr (test for excess errors)
WARNING: gcc.dg/vmx/1b-01.c -O2 -fwhopr compilation failed to produce executable
FAIL: gcc.dg/vmx/1b-03.c -O2 -flto (test for excess errors)
WARNING: gcc.dg/vmx/1b-03.c -O2 -flto compilation failed to produce executable
FAIL: gcc.dg/vmx/1b-03.c -O2 -fwhopr (test for excess errors)
WARNING: gcc.dg/vmx/1b-03.c -O2 -fwhopr compilation failed to produce executable
FAIL: gcc.dg/vmx/1b-04.c -O2 -flto (test for excess errors)
WARNING: gcc.dg/vmx/1b-04.c -O2 -flto compilation failed to produce executable
FAIL: gcc.dg/vmx/1b-04.c -O2 -fwhopr (test for excess errors)
WARNING: gcc.dg/vmx/1b-04.c -O2 -fwhopr compilation failed to produce executable
FAIL: gcc.dg/vmx/1c-01.c -O2 -flto (test for excess errors)
WARNING: gcc.dg/vmx/1c-01.c -O2 -flto compilation failed to produce executable
FAIL: gcc.dg/vmx/1c-01.c -O2 -fwhopr (test for excess errors)
WARNING: gcc.dg/vmx/1c-01.c -O2 -fwhopr compilation failed to produce executable
FAIL: gcc.dg/vmx/1c-02.c -O2 -flto (test for excess errors)
WARNING: gcc.dg/vmx/1c-02.c -O2 -flto compilation failed to produce executable
FAIL: gcc.dg/vmx/1c-02.c -O2 -fwhopr (test for excess errors)
WARNING: gcc.dg/vmx/1c-02.c -O2 -fwhopr compilation failed to produce executable
FAIL: gcc.dg/vmx/3a-01.c -O2 -flto (test for excess errors)
WARNING: gcc.dg/vmx/3a-01.c -O2 -flto compilation failed to produce executable
FAIL: gcc.dg/vmx/3a-01.c -O2 -fwhopr (test for excess errors)
WARNING: gcc.dg/vmx/3a-01.c -O2 -fwhopr compilation failed to produce executable
FAIL: gcc.dg/vmx/3a-01a.c -O2 -flto (test for excess errors)
WARNING: gcc.dg/vmx/3a-01a.c -O2 -flto compilation failed to produce executable
FAIL: gcc.dg/vmx/3a-01a.c -O2 -fwhopr (test for excess errors)
WARNING: gcc.dg/vmx/3a-01a.c -O2 -fwhopr compilation failed to produce executable
FAIL: gcc.dg/vmx/3a-01m.c -O2 -flto (test for excess errors)
WARNING: gcc.dg/vmx/3a-01m.c -O2 -flto compilation failed to produce executable
FAIL: gcc.dg/vmx/3a-01m.c -O2 -fwhopr (test for excess errors)
WARNING: gcc.dg/vmx/3a-01m.c -O2 -fwhopr compilation failed to produce executable
FAIL: gcc.dg/vmx/3a-03.c -O2 -flto (test for excess errors)
WARNING: gcc.dg/vmx/3a-03.c -O2 -flto compilation failed to produce executable
FAIL: gcc.dg/vmx/3a-03.c -O2 -fwhopr (test for excess errors)
WARNING: gcc.dg/vmx/3a-03.c -O2 -fwhopr compilation failed to produce executable
FAIL: gcc.dg/vmx/3a-03m.c -O2 -flto (test for excess errors)
WARNING: gcc.dg/vmx/3a-03m.c -O2 -flto compilation failed to produce executable
FAIL: gcc.dg/vmx/3a-03m.c -O2 -fwhopr (test for excess errors)
WARNING: gcc.dg/vmx/3a-03m.c -O2 -fwhopr compilation failed to produce executable
FAIL: gcc.dg/vmx/3a-04.c -O2 -flto (test for excess errors)
WARNING: gcc.dg/vmx/3a-04.c -O2 -flto compilation failed to produce executable
FAIL: gcc.dg/vmx/3a-04.c -O2 -fwhopr (test for excess errors)
WARNING: gcc.dg/vmx/3a-04.c -O2 -fwhopr compilation failed to produce executable
FAIL: gcc.dg/vmx/3a-04m.c -O2 -flto (test for excess errors)
WARNING: gcc.dg/vmx/3a-04m.c -O2 -flto compilation failed to produce executable
FAIL: gcc.dg/vmx/3a-04m.c -O2 -fwhopr (test for excess errors)
WARNING: gcc.dg/vmx/3a-04m.c -O2 -fwhopr compilation failed to produce executable
FAIL: gcc.dg/vmx/3a-05.c -O2 -flto (test for excess errors)
WARNING: gcc.dg/vmx/3a-05.c -O2 -flto compilation failed to produce executable
FAIL: gcc.dg/vmx/3a-05.c -O2 -fwhopr (test for excess errors)
WARNING: gcc.dg/vmx/3a-05.c -O2 -fwhopr compilation failed to produce executable
FAIL: gcc.dg/vmx/3a-06.c -O2 -flto (test for excess errors)
WARNING: gcc.dg/vmx/3a-06.c -O2 -flto compilation failed to produce executable
FAIL: gcc.dg/vmx/3a-06.c -O2 -fwhopr (test for excess errors)
WARNING: gcc.dg/vmx/3a-06.c -O2 -fwhopr compilation failed to produce executable
FAIL: gcc.dg/vmx/3a-06m.c -O2 -flto (test for excess errors)
WARNING: gcc.dg/vmx/3a-06m.c -O2 -flto compilation failed to produce executable
FAIL: gcc.dg/vmx/3a-06m.c -O2 -fwhopr (test for excess errors)
WARNING: gcc.dg/vmx/3a-06m.c -O2 -fwhopr compilation failed to produce executable
FAIL: gcc.dg/vmx/3a-07.c -O2 -flto (test for excess errors)
WARNING: gcc.dg/vmx/3a-07.c -O2 -flto compilation failed to produce executable
FAIL: gcc.dg/vmx/3a-07.c -O2 -fwhopr (test for excess errors)
WARNING: gcc.dg/vmx/3a-07.c -O2 -fwhopr compilation failed to produce executable
FAIL: gcc.dg/vmx/3b-01.c -O2 -flto (test for excess errors)
WARNING: gcc.dg/vmx/3b-01.c -O2 -flto compilation failed to produce executable
FAIL: gcc.dg/vmx/3b-01.c -O2 -fwhopr (test for excess errors)
WARNING: gcc.dg/vmx/3b-01.c -O2 -fwhopr compilation failed to produce executable
FAIL: gcc.dg/vmx/3b-02.c -O2 -flto (test for excess errors)
WARNING: gcc.dg/vmx/3b-02.c -O2 -flto compilation failed to produce executable
FAIL: gcc.dg/vmx/3b-02.c -O2 -fwhopr (test for excess errors)
WARNING: gcc.dg/vmx/3b-02.c -O2 -fwhopr compilation failed to produce executable
FAIL: gcc.dg/vmx/3b-10.c -O2 -flto (test for excess errors)
WARNING: gcc.dg/vmx/3b-10.c -O2 -flto compilation failed to produce executable
FAIL: gcc.dg/vmx/3b-10.c -O2 -fwhopr (test for excess errors)
WARNING: gcc.dg/vmx/3b-10.c -O2 -fwhopr compilation failed to produce executable
FAIL: gcc.dg/vmx/3b-13.c -O2 -flto (test for excess errors)
WARNING: gcc.dg/vmx/3b-13.c -O2 -flto compilation failed to produce executable
FAIL: gcc.dg/vmx/3b-13.c -O2 -fwhopr (test for excess errors)
WARNING: gcc.dg/vmx/3b-13.c -O2 -fwhopr compilation failed to produce executable
FAIL: gcc.dg/vmx/3b-14.c -O2 -flto (test for excess errors)
WARNING: gcc.dg/vmx/3b-14.c -O2 -flto compilation failed to produce executable
FAIL: gcc.dg/vmx/3b-14.c -O2 -fwhopr (test for excess errors)
WARNING: gcc.dg/vmx/3b-14.c -O2 -fwhopr compilation failed to produce executable
FAIL: gcc.dg/vmx/3b-15.c -O2 -flto (test for excess errors)
WARNING: gcc.dg/vmx/3b-15.c -O2 -flto compilation failed to produce executable
FAIL: gcc.dg/vmx/3b-15.c -O2 -fwhopr (test for excess errors)
WARNING: gcc.dg/vmx/3b-15.c -O2 -fwhopr compilation failed to produce executable
FAIL: gcc.dg/vmx/3c-01.c -O2 -flto (test for excess errors)
WARNING: gcc.dg/vmx/3c-01.c -O2 -flto compilation failed to produce executable
FAIL: gcc.dg/vmx/3c-01.c -O2 -fwhopr (test for excess errors)
WARNING: gcc.dg/vmx/3c-01.c -O2 -fwhopr compilation failed to produce executable
FAIL: gcc.dg/vmx/3c-02.c -O2 -flto (test for excess errors)
WARNING: gcc.dg/vmx/3c-02.c -O2 -flto compilation failed to produce executable
FAIL: gcc.dg/vmx/3c-02.c -O2 -fwhopr (test for excess errors)
WARNING: gcc.dg/vmx/3c-02.c -O2 -fwhopr compilation failed to produce executable
FAIL: gcc.dg/vmx/3c-03.c -O2 -flto (test for excess errors)
WARNING: gcc.dg/vmx/3c-03.c -O2 -flto compilation failed to produce executable
FAIL: gcc.dg/vmx/3c-03.c -O2 -fwhopr (test for excess errors)
WARNING: gcc.dg/vmx/3c-03.c -O2 -fwhopr compilation failed to produce executable
FAIL: gcc.dg/vmx/8-02.c -O2 -flto (test for excess errors)
WARNING: gcc.dg/vmx/8-02.c -O2 -flto compilation failed to produce executable
FAIL: gcc.dg/vmx/8-02.c -O2 -fwhopr (test for excess errors)
WARNING: gcc.dg/vmx/8-02.c -O2 -fwhopr compilation failed to produce executable
FAIL: gcc.dg/vmx/8-02a.c -O2 -flto (test for excess errors)
WARNING: gcc.dg/vmx/8-02a.c -O2 -flto compilation failed to produce executable
FAIL: gcc.dg/vmx/8-02a.c -O2 -fwhopr (test for excess errors)
WARNING: gcc.dg/vmx/8-02a.c -O2 -fwhopr compilation failed to produce executable
FAIL: gcc.dg/vmx/brode-1.c -O2 -flto (test for excess errors)
WARNING: gcc.dg/vmx/brode-1.c -O2 -flto compilation failed to produce executable
FAIL: gcc.dg/vmx/brode-1.c -O2 -fwhopr (test for excess errors)
WARNING: gcc.dg/vmx/brode-1.c -O2 -fwhopr compilation failed to produce executable
FAIL: gcc.dg/vmx/bug-1.c -O2 -flto (test for excess errors)
WARNING: gcc.dg/vmx/bug-1.c -O2 -flto compilation failed to produce executable
FAIL: gcc.dg/vmx/bug-1.c -O2 -fwhopr (test for excess errors)
WARNING: gcc.dg/vmx/bug-1.c -O2 -fwhopr compilation failed to produce executable
FAIL: gcc.dg/vmx/bug-2.c -O2 -flto (test for excess errors)
WARNING: gcc.dg/vmx/bug-2.c -O2 -flto compilation failed to produce executable
FAIL: gcc.dg/vmx/bug-2.c -O2 -fwhopr (test for excess errors)
WARNING: gcc.dg/vmx/bug-2.c -O2 -fwhopr compilation failed to produce executable
FAIL: gcc.dg/vmx/bug-3.c -O2 -flto (test for excess errors)
WARNING: gcc.dg/vmx/bug-3.c -O2 -flto compilation failed to produce executable
FAIL: gcc.dg/vmx/bug-3.c -O2 -fwhopr (test for excess errors)
WARNING: gcc.dg/vmx/bug-3.c -O2 -fwhopr compilation failed to produce executable
FAIL: gcc.dg/vmx/cw-bug-1.c -O2 -flto (test for excess errors)
WARNING: gcc.dg/vmx/cw-bug-1.c -O2 -flto compilation failed to produce executable
FAIL: gcc.dg/vmx/cw-bug-1.c -O2 -fwhopr (test for excess errors)
WARNING: gcc.dg/vmx/cw-bug-1.c -O2 -fwhopr compilation failed to produce executable
FAIL: gcc.dg/vmx/debug-1.c -O2 -flto (test for excess errors)
WARNING: gcc.dg/vmx/debug-1.c -O2 -flto compilation failed to produce executable
FAIL: gcc.dg/vmx/debug-1.c -O2 -fwhopr (test for excess errors)
WARNING: gcc.dg/vmx/debug-1.c -O2 -fwhopr compilation failed to produce executable
FAIL: gcc.dg/vmx/debug-2.c -O2 -flto (test for excess errors)
WARNING: gcc.dg/vmx/debug-2.c -O2 -flto compilation failed to produce executable
FAIL: gcc.dg/vmx/debug-2.c -O2 -fwhopr (test for excess errors)
WARNING: gcc.dg/vmx/debug-2.c -O2 -fwhopr compilation failed to produce executable
FAIL: gcc.dg/vmx/debug-3.c -O2 -flto (test for excess errors)
WARNING: gcc.dg/vmx/debug-3.c -O2 -flto compilation failed to produce executable
FAIL: gcc.dg/vmx/debug-3.c -O2 -fwhopr (test for excess errors)
WARNING: gcc.dg/vmx/debug-3.c -O2 -fwhopr compilation failed to produce executable
FAIL: gcc.dg/vmx/debug-4.c -O2 -flto (test for excess errors)
WARNING: gcc.dg/vmx/debug-4.c -O2 -flto compilation failed to produce executable
FAIL: gcc.dg/vmx/debug-4.c -O2 -fwhopr (test for excess errors)
WARNING: gcc.dg/vmx/debug-4.c -O2 -fwhopr compilation failed to produce executable
FAIL: gcc.dg/vmx/dos-bug-1-gdb.c -O2 -flto (test for excess errors)
WARNING: gcc.dg/vmx/dos-bug-1-gdb.c -O2 -flto compilation failed to produce executable
FAIL: gcc.dg/vmx/dos-bug-1-gdb.c -O2 -fwhopr (test for excess errors)
WARNING: gcc.dg/vmx/dos-bug-1-gdb.c -O2 -fwhopr compilation failed to produce executable
FAIL: gcc.dg/vmx/dos-bug-2-gdb.c -O2 -flto (test for excess errors)
WARNING: gcc.dg/vmx/dos-bug-2-gdb.c -O2 -flto compilation failed to produce executable
FAIL: gcc.dg/vmx/dos-bug-2-gdb.c -O2 -fwhopr (test for excess errors)
WARNING: gcc.dg/vmx/dos-bug-2-gdb.c -O2 -fwhopr compilation failed to produce executable
FAIL: gcc.dg/vmx/eg-5.c -O2 -flto (test for excess errors)
WARNING: gcc.dg/vmx/eg-5.c -O2 -flto compilation failed to produce executable
FAIL: gcc.dg/vmx/eg-5.c -O2 -fwhopr (test for excess errors)
WARNING: gcc.dg/vmx/eg-5.c -O2 -fwhopr compilation failed to produce executable
FAIL: gcc.dg/vmx/gcc-bug-e.c -O2 -flto (test for excess errors)
WARNING: gcc.dg/vmx/gcc-bug-e.c -O2 -flto compilation failed to produce executable
FAIL: gcc.dg/vmx/gcc-bug-e.c -O2 -fwhopr (test for excess errors)
WARNING: gcc.dg/vmx/gcc-bug-e.c -O2 -fwhopr compilation failed to produce executable
FAIL: gcc.dg/vmx/gcc-bug-i.c -O2 -flto (test for excess errors)
WARNING: gcc.dg/vmx/gcc-bug-i.c -O2 -flto compilation failed to produce executable
FAIL: gcc.dg/vmx/gcc-bug-i.c -O2 -fwhopr (test for excess errors)
WARNING: gcc.dg/vmx/gcc-bug-i.c -O2 -fwhopr compilation failed to produce executable
FAIL: gcc.dg/vmx/ira1.c -O2 -flto (test for excess errors)
WARNING: gcc.dg/vmx/ira1.c -O2 -flto compilation failed to produce executable
FAIL: gcc.dg/vmx/ira1.c -O2 -fwhopr (test for excess errors)
WARNING: gcc.dg/vmx/ira1.c -O2 -fwhopr compilation failed to produce executable
FAIL: gcc.dg/vmx/ira2a.c -O2 -flto (test for excess errors)
WARNING: gcc.dg/vmx/ira2a.c -O2 -flto compilation failed to produce executable
FAIL: gcc.dg/vmx/ira2a.c -O2 -fwhopr (test for excess errors)
WARNING: gcc.dg/vmx/ira2a.c -O2 -fwhopr compilation failed to produce executable
FAIL: gcc.dg/vmx/ira2b.c -O2 -flto (test for excess errors)
WARNING: gcc.dg/vmx/ira2b.c -O2 -flto compilation failed to produce executable
FAIL: gcc.dg/vmx/ira2b.c -O2 -fwhopr (test for excess errors)
WARNING: gcc.dg/vmx/ira2b.c -O2 -fwhopr compilation failed to produce executable
FAIL: gcc.dg/vmx/pr27006.c -O2 -flto (test for excess errors)
WARNING: gcc.dg/vmx/pr27006.c -O2 -flto compilation failed to produce executable
FAIL: gcc.dg/vmx/pr27006.c -O2 -fwhopr (test for excess errors)
WARNING: gcc.dg/vmx/pr27006.c -O2 -fwhopr compilation failed to produce executable
FAIL: gcc.dg/vmx/pr27842.c -O2 -flto (test for excess errors)
WARNING: gcc.dg/vmx/pr27842.c -O2 -flto compilation failed to produce executable
FAIL: gcc.dg/vmx/pr27842.c -O2 -fwhopr (test for excess errors)
WARNING: gcc.dg/vmx/pr27842.c -O2 -fwhopr compilation failed to produce executable
FAIL: gcc.dg/vmx/sn7153.c -O2 -flto (test for excess errors)
WARNING: gcc.dg/vmx/sn7153.c -O2 -flto compilation failed to produce executable
FAIL: gcc.dg/vmx/sn7153.c -O2 -fwhopr (test for excess errors)
WARNING: gcc.dg/vmx/sn7153.c -O2 -fwhopr compilation failed to produce executable
FAIL: gcc.dg/vmx/spill.c -O2 -flto (test for excess errors)
WARNING: gcc.dg/vmx/spill.c -O2 -flto compilation failed to produce executable
FAIL: gcc.dg/vmx/spill.c -O2 -fwhopr (test for excess errors)
WARNING: gcc.dg/vmx/spill.c -O2 -fwhopr compilation failed to produce executable
FAIL: gcc.dg/vmx/spill2.c -O2 -flto (test for excess errors)
WARNING: gcc.dg/vmx/spill2.c -O2 -flto compilation failed to produce executable
FAIL: gcc.dg/vmx/spill2.c -O2 -fwhopr (test for excess errors)
WARNING: gcc.dg/vmx/spill2.c -O2 -fwhopr compilation failed to produce executable
FAIL: gcc.dg/vmx/spill3.c -O2 -flto (test for excess errors)
WARNING: gcc.dg/vmx/spill3.c -O2 -flto compilation failed to produce executable
FAIL: gcc.dg/vmx/spill3.c -O2 -fwhopr (test for excess errors)
WARNING: gcc.dg/vmx/spill3.c -O2 -fwhopr compilation failed to produce executable
FAIL: gcc.dg/vmx/varargs-1.c -O2 -flto (test for excess errors)
WARNING: gcc.dg/vmx/varargs-1.c -O2 -flto compilation failed to produce executable
FAIL: gcc.dg/vmx/varargs-1.c -O2 -fwhopr (test for excess errors)
WARNING: gcc.dg/vmx/varargs-1.c -O2 -fwhopr compilation failed to produce executable
FAIL: gcc.dg/vmx/varargs-2.c -O2 -flto (test for excess errors)
WARNING: gcc.dg/vmx/varargs-2.c -O2 -flto compilation failed to produce executable
FAIL: gcc.dg/vmx/varargs-2.c -O2 -fwhopr (test for excess errors)
WARNING: gcc.dg/vmx/varargs-2.c -O2 -fwhopr compilation failed to produce executable
FAIL: gcc.dg/vmx/varargs-3.c -O2 -flto (test for excess errors)
WARNING: gcc.dg/vmx/varargs-3.c -O2 -flto compilation failed to produce executable
FAIL: gcc.dg/vmx/varargs-3.c -O2 -fwhopr (test for excess errors)
WARNING: gcc.dg/vmx/varargs-3.c -O2 -fwhopr compilation failed to produce executable
FAIL: gcc.dg/vmx/varargs-4.c -O2 -flto (test for excess errors)
WARNING: gcc.dg/vmx/varargs-4.c -O2 -flto compilation failed to produce executable
FAIL: gcc.dg/vmx/varargs-4.c -O2 -fwhopr (test for excess errors)
WARNING: gcc.dg/vmx/varargs-4.c -O2 -fwhopr compilation failed to produce executable
FAIL: gcc.dg/vmx/varargs-5.c -O2 -flto (test for excess errors)
WARNING: gcc.dg/vmx/varargs-5.c -O2 -flto compilation failed to produce executable
FAIL: gcc.dg/vmx/varargs-5.c -O2 -fwhopr (test for excess errors)
WARNING: gcc.dg/vmx/varargs-5.c -O2 -fwhopr compilation failed to produce executable
FAIL: gcc.dg/vmx/varargs-6.c -O2 -flto (test for excess errors)
WARNING: gcc.dg/vmx/varargs-6.c -O2 -flto compilation failed to produce executable
FAIL: gcc.dg/vmx/varargs-6.c -O2 -fwhopr (test for excess errors)
WARNING: gcc.dg/vmx/varargs-6.c -O2 -fwhopr compilation failed to produce executable
FAIL: gcc.dg/vmx/varargs-7.c -O2 -flto (test for excess errors)
WARNING: gcc.dg/vmx/varargs-7.c -O2 -flto compilation failed to produce executable
FAIL: gcc.dg/vmx/varargs-7.c -O2 -fwhopr (test for excess errors)
WARNING: gcc.dg/vmx/varargs-7.c -O2 -fwhopr compilation failed to produce executable
FAIL: gcc.dg/vmx/x-01.c -O2 -flto (test for excess errors)
WARNING: gcc.dg/vmx/x-01.c -O2 -flto compilation failed to produce executable
FAIL: gcc.dg/vmx/x-01.c -O2 -fwhopr (test for excess errors)
WARNING: gcc.dg/vmx/x-01.c -O2 -fwhopr compilation failed to produce executable
FAIL: gcc.dg/vmx/x-02.c -O2 -flto (test for excess errors)
WARNING: gcc.dg/vmx/x-02.c -O2 -flto compilation failed to produce executable
FAIL: gcc.dg/vmx/x-02.c -O2 -fwhopr (test for excess errors)
WARNING: gcc.dg/vmx/x-02.c -O2 -fwhopr compilation failed to produce executable
FAIL: gcc.dg/vmx/x-03.c -O2 -flto (test for excess errors)
WARNING: gcc.dg/vmx/x-03.c -O2 -flto compilation failed to produce executable
FAIL: gcc.dg/vmx/x-03.c -O2 -fwhopr (test for excess errors)
WARNING: gcc.dg/vmx/x-03.c -O2 -fwhopr compilation failed to produce executable
FAIL: gcc.dg/vmx/x-04.c -O2 -flto (test for excess errors)
WARNING: gcc.dg/vmx/x-04.c -O2 -flto compilation failed to produce executable
FAIL: gcc.dg/vmx/x-04.c -O2 -fwhopr (test for excess errors)
WARNING: gcc.dg/vmx/x-04.c -O2 -fwhopr compilation failed to produce executable
FAIL: gcc.dg/vmx/x-05.c -O2 -flto (test for excess errors)
WARNING: gcc.dg/vmx/x-05.c -O2 -flto compilation failed to produce executable
FAIL: gcc.dg/vmx/x-05.c -O2 -fwhopr (test for excess errors)
WARNING: gcc.dg/vmx/x-05.c -O2 -fwhopr compilation failed to produce executable
FAIL: gcc.dg/vmx/yousufi-1.c -O2 -flto (test for excess errors)
WARNING: gcc.dg/vmx/yousufi-1.c -O2 -flto compilation failed to produce executable
FAIL: gcc.dg/vmx/yousufi-1.c -O2 -fwhopr (test for excess errors)
WARNING: gcc.dg/vmx/yousufi-1.c -O2 -fwhopr compilation failed to produce executable
FAIL: gcc.dg/vmx/zero-1.c -O2 -flto (test for excess errors)
WARNING: gcc.dg/vmx/zero-1.c -O2 -flto compilation failed to produce executable
FAIL: gcc.dg/vmx/zero-1.c -O2 -fwhopr (test for excess errors)
WARNING: gcc.dg/vmx/zero-1.c -O2 -fwhopr compilation failed to produce executable
FAIL: gcc.dg/vmx/zero.c -O2 -flto (test for excess errors)
WARNING: gcc.dg/vmx/zero.c -O2 -flto compilation failed to produce executable
FAIL: gcc.dg/vmx/zero.c -O2 -fwhopr (test for excess errors)
WARNING: gcc.dg/vmx/zero.c -O2 -fwhopr compilation failed to produce executable
FAIL: gcc.target/powerpc/405-dlmzb-strlen-1.c scan-assembler dlmzb\\\\.
FAIL: gcc.target/powerpc/440-dlmzb-strlen-1.c scan-assembler dlmzb\\\\.
FAIL: gcc.target/powerpc/ppc-vector-memcpy.c scan-assembler lvx
=== gcc Summary for unix/-m32 ===
# of expected passes 70021
# of unexpected failures 177
# of unexpected successes 3
# of expected failures 193
# of unresolved testcases 19
# of unsupported tests 811
Running target unix/-m64
FAIL: gcc.dg/O16384.c (test for excess errors)
FAIL: gcc.dg/and-1.c scan-assembler-not nand
FAIL: gcc.dg/attr-ifunc-1.c execution test
FAIL: gcc.dg/attr-ifunc-3.c execution test
FAIL: gcc.dg/attr-ifunc-4.c execution test
FAIL: gcc.dg/attr-ifunc-5.c execution test
FAIL: gcc.dg/cproj-fails-with-broken-glibc.c execution test
FAIL: gcc.dg/pr37106-1.c (test for excess errors)
FAIL: gcc.dg/pr37106-2.c (test for excess errors)
FAIL: gcc.dg/pr43562.c (test for excess errors)
FAIL: gcc.dg/pr43564.c (test for excess errors)
FAIL: gcc.dg/sms-2.c scan-rtl-dump-times sms "SMS succeeded" 1
FAIL: gcc.dg/sms-4.c scan-rtl-dump-times sms "SMS succeeded" 1
FAIL: gcc.dg/sms-5.c scan-rtl-dump-times sms "SMS succeeded" 1
FAIL: gcc.dg/sms-6.c scan-rtl-dump-times sms "SMS succeeded" 3
FAIL: gcc.dg/sms-7.c scan-rtl-dump-times sms "SMS succeeded" 3
FAIL: gcc.dg/sms-8.c scan-rtl-dump-times sms "SMS succeeded" 1
FAIL: gcc.dg/stack-usage-1.c scan-file foo\\t(256|264)\\tstatic
FAIL: gcc.dg/lto/20090116 c_lto_20090116_0.o-c_lto_20090116_0.o link, -O1 -fwhopr -fPIC (internal compiler error)
UNRESOLVED: gcc.dg/lto/20090116 c_lto_20090116_0.o-c_lto_20090116_0.o execute -O1 -fwhopr -fPIC
XPASS: gcc.dg/tree-ssa/20031106-3.c scan-tree-dump-times optimized "link_error" 0
FAIL: gcc.dg/tree-ssa/foldconst-2.c scan-tree-dump-not optimized "fundamentals.0"
XPASS: gcc.dg/tree-ssa/fre-vce-1.c scan-tree-dump-times fre "sv.i" 2
FAIL: gcc.dg/tree-ssa/vrp47.c scan-tree-dump-times vrp1 "[xy][^ ]* !=" 0
FAIL: gcc.dg/tree-ssa/vrp47.c scan-tree-dump-times dom1 "x[^ ]* & y" 1
XPASS: gcc.dg/vect/costmodel/ppc/costmodel-vect-outer-fir.c scan-tree-dump-times vect "OUTER LOOP VECTORIZED" 2
FAIL: gcc.dg/vect/costmodel/ppc/costmodel-vect-outer-fir.c scan-tree-dump-times vect "OUTER LOOP VECTORIZED" 1
FAIL: gcc.dg/vect/pr43430-2.c scan-tree-dump-times vect "vectorized 1 loops" 1
FAIL: gcc.dg/vect/pr43432.c scan-tree-dump-times vect "vectorized 1 loops" 1
FAIL: gcc.dg/vect/vect-114.c scan-tree-dump-times vect "vectorized 1 loops" 1
FAIL: gcc.dg/vect/vect-15.c scan-tree-dump-times vect "vectorized 1 loops" 1
FAIL: gcc.dg/vmx/1b-01.c -O2 -flto (test for excess errors)
WARNING: gcc.dg/vmx/1b-01.c -O2 -flto compilation failed to produce executable
FAIL: gcc.dg/vmx/1b-01.c -O2 -fwhopr (test for excess errors)
WARNING: gcc.dg/vmx/1b-01.c -O2 -fwhopr compilation failed to produce executable
FAIL: gcc.dg/vmx/1b-03.c -O2 -flto (test for excess errors)
WARNING: gcc.dg/vmx/1b-03.c -O2 -flto compilation failed to produce executable
FAIL: gcc.dg/vmx/1b-03.c -O2 -fwhopr (test for excess errors)
WARNING: gcc.dg/vmx/1b-03.c -O2 -fwhopr compilation failed to produce executable
FAIL: gcc.dg/vmx/1b-04.c -O2 -flto (test for excess errors)
WARNING: gcc.dg/vmx/1b-04.c -O2 -flto compilation failed to produce executable
FAIL: gcc.dg/vmx/1b-04.c -O2 -fwhopr (test for excess errors)
WARNING: gcc.dg/vmx/1b-04.c -O2 -fwhopr compilation failed to produce executable
FAIL: gcc.dg/vmx/1c-01.c -O2 -flto (test for excess errors)
WARNING: gcc.dg/vmx/1c-01.c -O2 -flto compilation failed to produce executable
FAIL: gcc.dg/vmx/1c-01.c -O2 -fwhopr (test for excess errors)
WARNING: gcc.dg/vmx/1c-01.c -O2 -fwhopr compilation failed to produce executable
FAIL: gcc.dg/vmx/1c-02.c -O2 -flto (test for excess errors)
WARNING: gcc.dg/vmx/1c-02.c -O2 -flto compilation failed to produce executable
FAIL: gcc.dg/vmx/1c-02.c -O2 -fwhopr (test for excess errors)
WARNING: gcc.dg/vmx/1c-02.c -O2 -fwhopr compilation failed to produce executable
FAIL: gcc.dg/vmx/3a-01.c -O2 -flto (test for excess errors)
WARNING: gcc.dg/vmx/3a-01.c -O2 -flto compilation failed to produce executable
FAIL: gcc.dg/vmx/3a-01.c -O2 -fwhopr (test for excess errors)
WARNING: gcc.dg/vmx/3a-01.c -O2 -fwhopr compilation failed to produce executable
FAIL: gcc.dg/vmx/3a-01a.c -O2 -flto (test for excess errors)
WARNING: gcc.dg/vmx/3a-01a.c -O2 -flto compilation failed to produce executable
FAIL: gcc.dg/vmx/3a-01a.c -O2 -fwhopr (test for excess errors)
WARNING: gcc.dg/vmx/3a-01a.c -O2 -fwhopr compilation failed to produce executable
FAIL: gcc.dg/vmx/3a-01m.c -O2 -flto (test for excess errors)
WARNING: gcc.dg/vmx/3a-01m.c -O2 -flto compilation failed to produce executable
FAIL: gcc.dg/vmx/3a-01m.c -O2 -fwhopr (test for excess errors)
WARNING: gcc.dg/vmx/3a-01m.c -O2 -fwhopr compilation failed to produce executable
FAIL: gcc.dg/vmx/3a-03.c -O2 -flto (test for excess errors)
WARNING: gcc.dg/vmx/3a-03.c -O2 -flto compilation failed to produce executable
FAIL: gcc.dg/vmx/3a-03.c -O2 -fwhopr (test for excess errors)
WARNING: gcc.dg/vmx/3a-03.c -O2 -fwhopr compilation failed to produce executable
FAIL: gcc.dg/vmx/3a-03m.c -O2 -flto (test for excess errors)
WARNING: gcc.dg/vmx/3a-03m.c -O2 -flto compilation failed to produce executable
FAIL: gcc.dg/vmx/3a-03m.c -O2 -fwhopr (test for excess errors)
WARNING: gcc.dg/vmx/3a-03m.c -O2 -fwhopr compilation failed to produce executable
FAIL: gcc.dg/vmx/3a-04.c -O2 -flto (test for excess errors)
WARNING: gcc.dg/vmx/3a-04.c -O2 -flto compilation failed to produce executable
FAIL: gcc.dg/vmx/3a-04.c -O2 -fwhopr (test for excess errors)
WARNING: gcc.dg/vmx/3a-04.c -O2 -fwhopr compilation failed to produce executable
FAIL: gcc.dg/vmx/3a-04m.c -O2 -flto (test for excess errors)
WARNING: gcc.dg/vmx/3a-04m.c -O2 -flto compilation failed to produce executable
FAIL: gcc.dg/vmx/3a-04m.c -O2 -fwhopr (test for excess errors)
WARNING: gcc.dg/vmx/3a-04m.c -O2 -fwhopr compilation failed to produce executable
FAIL: gcc.dg/vmx/3a-05.c -O2 -flto (test for excess errors)
WARNING: gcc.dg/vmx/3a-05.c -O2 -flto compilation failed to produce executable
FAIL: gcc.dg/vmx/3a-05.c -O2 -fwhopr (test for excess errors)
WARNING: gcc.dg/vmx/3a-05.c -O2 -fwhopr compilation failed to produce executable
FAIL: gcc.dg/vmx/3a-06.c -O2 -flto (test for excess errors)
WARNING: gcc.dg/vmx/3a-06.c -O2 -flto compilation failed to produce executable
FAIL: gcc.dg/vmx/3a-06.c -O2 -fwhopr (test for excess errors)
WARNING: gcc.dg/vmx/3a-06.c -O2 -fwhopr compilation failed to produce executable
FAIL: gcc.dg/vmx/3a-06m.c -O2 -flto (test for excess errors)
WARNING: gcc.dg/vmx/3a-06m.c -O2 -flto compilation failed to produce executable
FAIL: gcc.dg/vmx/3a-06m.c -O2 -fwhopr (test for excess errors)
WARNING: gcc.dg/vmx/3a-06m.c -O2 -fwhopr compilation failed to produce executable
FAIL: gcc.dg/vmx/3a-07.c -O2 -flto (test for excess errors)
WARNING: gcc.dg/vmx/3a-07.c -O2 -flto compilation failed to produce executable
FAIL: gcc.dg/vmx/3a-07.c -O2 -fwhopr (test for excess errors)
WARNING: gcc.dg/vmx/3a-07.c -O2 -fwhopr compilation failed to produce executable
FAIL: gcc.dg/vmx/3b-01.c -O2 -flto (test for excess errors)
WARNING: gcc.dg/vmx/3b-01.c -O2 -flto compilation failed to produce executable
FAIL: gcc.dg/vmx/3b-01.c -O2 -fwhopr (test for excess errors)
WARNING: gcc.dg/vmx/3b-01.c -O2 -fwhopr compilation failed to produce executable
FAIL: gcc.dg/vmx/3b-02.c -O2 -flto (test for excess errors)
WARNING: gcc.dg/vmx/3b-02.c -O2 -flto compilation failed to produce executable
FAIL: gcc.dg/vmx/3b-02.c -O2 -fwhopr (test for excess errors)
WARNING: gcc.dg/vmx/3b-02.c -O2 -fwhopr compilation failed to produce executable
FAIL: gcc.dg/vmx/3b-10.c -O2 -flto (test for excess errors)
WARNING: gcc.dg/vmx/3b-10.c -O2 -flto compilation failed to produce executable
FAIL: gcc.dg/vmx/3b-10.c -O2 -fwhopr (test for excess errors)
WARNING: gcc.dg/vmx/3b-10.c -O2 -fwhopr compilation failed to produce executable
FAIL: gcc.dg/vmx/3b-13.c -O2 -flto (test for excess errors)
WARNING: gcc.dg/vmx/3b-13.c -O2 -flto compilation failed to produce executable
FAIL: gcc.dg/vmx/3b-13.c -O2 -fwhopr (test for excess errors)
WARNING: gcc.dg/vmx/3b-13.c -O2 -fwhopr compilation failed to produce executable
FAIL: gcc.dg/vmx/3b-14.c -O2 -flto (test for excess errors)
WARNING: gcc.dg/vmx/3b-14.c -O2 -flto compilation failed to produce executable
FAIL: gcc.dg/vmx/3b-14.c -O2 -fwhopr (test for excess errors)
WARNING: gcc.dg/vmx/3b-14.c -O2 -fwhopr compilation failed to produce executable
FAIL: gcc.dg/vmx/3b-15.c -O2 -flto (test for excess errors)
WARNING: gcc.dg/vmx/3b-15.c -O2 -flto compilation failed to produce executable
FAIL: gcc.dg/vmx/3b-15.c -O2 -fwhopr (test for excess errors)
WARNING: gcc.dg/vmx/3b-15.c -O2 -fwhopr compilation failed to produce executable
FAIL: gcc.dg/vmx/3c-01.c -O2 -flto (test for excess errors)
WARNING: gcc.dg/vmx/3c-01.c -O2 -flto compilation failed to produce executable
FAIL: gcc.dg/vmx/3c-01.c -O2 -fwhopr (test for excess errors)
WARNING: gcc.dg/vmx/3c-01.c -O2 -fwhopr compilation failed to produce executable
FAIL: gcc.dg/vmx/3c-02.c -O2 -flto (test for excess errors)
WARNING: gcc.dg/vmx/3c-02.c -O2 -flto compilation failed to produce executable
FAIL: gcc.dg/vmx/3c-02.c -O2 -fwhopr (test for excess errors)
WARNING: gcc.dg/vmx/3c-02.c -O2 -fwhopr compilation failed to produce executable
FAIL: gcc.dg/vmx/3c-03.c -O2 -flto (test for excess errors)
WARNING: gcc.dg/vmx/3c-03.c -O2 -flto compilation failed to produce executable
FAIL: gcc.dg/vmx/3c-03.c -O2 -fwhopr (test for excess errors)
WARNING: gcc.dg/vmx/3c-03.c -O2 -fwhopr compilation failed to produce executable
FAIL: gcc.dg/vmx/8-02.c -O2 -flto (test for excess errors)
WARNING: gcc.dg/vmx/8-02.c -O2 -flto compilation failed to produce executable
FAIL: gcc.dg/vmx/8-02.c -O2 -fwhopr (test for excess errors)
WARNING: gcc.dg/vmx/8-02.c -O2 -fwhopr compilation failed to produce executable
FAIL: gcc.dg/vmx/8-02a.c -O2 -flto (test for excess errors)
WARNING: gcc.dg/vmx/8-02a.c -O2 -flto compilation failed to produce executable
FAIL: gcc.dg/vmx/8-02a.c -O2 -fwhopr (test for excess errors)
WARNING: gcc.dg/vmx/8-02a.c -O2 -fwhopr compilation failed to produce executable
FAIL: gcc.dg/vmx/brode-1.c -O2 -flto (test for excess errors)
WARNING: gcc.dg/vmx/brode-1.c -O2 -flto compilation failed to produce executable
FAIL: gcc.dg/vmx/brode-1.c -O2 -fwhopr (test for excess errors)
WARNING: gcc.dg/vmx/brode-1.c -O2 -fwhopr compilation failed to produce executable
FAIL: gcc.dg/vmx/bug-1.c -O2 -flto (test for excess errors)
WARNING: gcc.dg/vmx/bug-1.c -O2 -flto compilation failed to produce executable
FAIL: gcc.dg/vmx/bug-1.c -O2 -fwhopr (test for excess errors)
WARNING: gcc.dg/vmx/bug-1.c -O2 -fwhopr compilation failed to produce executable
FAIL: gcc.dg/vmx/bug-2.c -O2 -flto (test for excess errors)
WARNING: gcc.dg/vmx/bug-2.c -O2 -flto compilation failed to produce executable
FAIL: gcc.dg/vmx/bug-2.c -O2 -fwhopr (test for excess errors)
WARNING: gcc.dg/vmx/bug-2.c -O2 -fwhopr compilation failed to produce executable
FAIL: gcc.dg/vmx/bug-3.c -O2 -flto (test for excess errors)
WARNING: gcc.dg/vmx/bug-3.c -O2 -flto compilation failed to produce executable
FAIL: gcc.dg/vmx/bug-3.c -O2 -fwhopr (test for excess errors)
WARNING: gcc.dg/vmx/bug-3.c -O2 -fwhopr compilation failed to produce executable
FAIL: gcc.dg/vmx/cw-bug-1.c -O2 -flto (test for excess errors)
WARNING: gcc.dg/vmx/cw-bug-1.c -O2 -flto compilation failed to produce executable
FAIL: gcc.dg/vmx/cw-bug-1.c -O2 -fwhopr (test for excess errors)
WARNING: gcc.dg/vmx/cw-bug-1.c -O2 -fwhopr compilation failed to produce executable
FAIL: gcc.dg/vmx/debug-1.c -O2 -flto (test for excess errors)
WARNING: gcc.dg/vmx/debug-1.c -O2 -flto compilation failed to produce executable
FAIL: gcc.dg/vmx/debug-1.c -O2 -fwhopr (test for excess errors)
WARNING: gcc.dg/vmx/debug-1.c -O2 -fwhopr compilation failed to produce executable
FAIL: gcc.dg/vmx/debug-2.c -O2 -flto (test for excess errors)
WARNING: gcc.dg/vmx/debug-2.c -O2 -flto compilation failed to produce executable
FAIL: gcc.dg/vmx/debug-2.c -O2 -fwhopr (test for excess errors)
WARNING: gcc.dg/vmx/debug-2.c -O2 -fwhopr compilation failed to produce executable
FAIL: gcc.dg/vmx/debug-3.c -O2 -flto (test for excess errors)
WARNING: gcc.dg/vmx/debug-3.c -O2 -flto compilation failed to produce executable
FAIL: gcc.dg/vmx/debug-3.c -O2 -fwhopr (test for excess errors)
WARNING: gcc.dg/vmx/debug-3.c -O2 -fwhopr compilation failed to produce executable
FAIL: gcc.dg/vmx/debug-4.c -O2 -flto (test for excess errors)
WARNING: gcc.dg/vmx/debug-4.c -O2 -flto compilation failed to produce executable
FAIL: gcc.dg/vmx/debug-4.c -O2 -fwhopr (test for excess errors)
WARNING: gcc.dg/vmx/debug-4.c -O2 -fwhopr compilation failed to produce executable
FAIL: gcc.dg/vmx/dos-bug-1-gdb.c -O2 -flto (test for excess errors)
WARNING: gcc.dg/vmx/dos-bug-1-gdb.c -O2 -flto compilation failed to produce executable
FAIL: gcc.dg/vmx/dos-bug-1-gdb.c -O2 -fwhopr (test for excess errors)
WARNING: gcc.dg/vmx/dos-bug-1-gdb.c -O2 -fwhopr compilation failed to produce executable
FAIL: gcc.dg/vmx/dos-bug-2-gdb.c -O2 -flto (test for excess errors)
WARNING: gcc.dg/vmx/dos-bug-2-gdb.c -O2 -flto compilation failed to produce executable
FAIL: gcc.dg/vmx/dos-bug-2-gdb.c -O2 -fwhopr (test for excess errors)
WARNING: gcc.dg/vmx/dos-bug-2-gdb.c -O2 -fwhopr compilation failed to produce executable
FAIL: gcc.dg/vmx/eg-5.c -O2 -flto (test for excess errors)
WARNING: gcc.dg/vmx/eg-5.c -O2 -flto compilation failed to produce executable
FAIL: gcc.dg/vmx/eg-5.c -O2 -fwhopr (test for excess errors)
WARNING: gcc.dg/vmx/eg-5.c -O2 -fwhopr compilation failed to produce executable
FAIL: gcc.dg/vmx/gcc-bug-e.c -O2 -flto (test for excess errors)
WARNING: gcc.dg/vmx/gcc-bug-e.c -O2 -flto compilation failed to produce executable
FAIL: gcc.dg/vmx/gcc-bug-e.c -O2 -fwhopr (test for excess errors)
WARNING: gcc.dg/vmx/gcc-bug-e.c -O2 -fwhopr compilation failed to produce executable
FAIL: gcc.dg/vmx/gcc-bug-i.c -O2 -flto (test for excess errors)
WARNING: gcc.dg/vmx/gcc-bug-i.c -O2 -flto compilation failed to produce executable
FAIL: gcc.dg/vmx/gcc-bug-i.c -O2 -fwhopr (test for excess errors)
WARNING: gcc.dg/vmx/gcc-bug-i.c -O2 -fwhopr compilation failed to produce executable
FAIL: gcc.dg/vmx/ira1.c -O2 -flto (test for excess errors)
WARNING: gcc.dg/vmx/ira1.c -O2 -flto compilation failed to produce executable
FAIL: gcc.dg/vmx/ira1.c -O2 -fwhopr (test for excess errors)
WARNING: gcc.dg/vmx/ira1.c -O2 -fwhopr compilation failed to produce executable
FAIL: gcc.dg/vmx/ira2a.c -O2 -flto (test for excess errors)
WARNING: gcc.dg/vmx/ira2a.c -O2 -flto compilation failed to produce executable
FAIL: gcc.dg/vmx/ira2a.c -O2 -fwhopr (test for excess errors)
WARNING: gcc.dg/vmx/ira2a.c -O2 -fwhopr compilation failed to produce executable
FAIL: gcc.dg/vmx/ira2b.c -O2 -flto (test for excess errors)
WARNING: gcc.dg/vmx/ira2b.c -O2 -flto compilation failed to produce executable
FAIL: gcc.dg/vmx/ira2b.c -O2 -fwhopr (test for excess errors)
WARNING: gcc.dg/vmx/ira2b.c -O2 -fwhopr compilation failed to produce executable
FAIL: gcc.dg/vmx/pr27006.c -O2 -flto (test for excess errors)
WARNING: gcc.dg/vmx/pr27006.c -O2 -flto compilation failed to produce executable
FAIL: gcc.dg/vmx/pr27006.c -O2 -fwhopr (test for excess errors)
WARNING: gcc.dg/vmx/pr27006.c -O2 -fwhopr compilation failed to produce executable
FAIL: gcc.dg/vmx/pr27842.c -O2 -flto (test for excess errors)
WARNING: gcc.dg/vmx/pr27842.c -O2 -flto compilation failed to produce executable
FAIL: gcc.dg/vmx/pr27842.c -O2 -fwhopr (test for excess errors)
WARNING: gcc.dg/vmx/pr27842.c -O2 -fwhopr compilation failed to produce executable
FAIL: gcc.dg/vmx/sn7153.c -O2 -flto (test for excess errors)
WARNING: gcc.dg/vmx/sn7153.c -O2 -flto compilation failed to produce executable
FAIL: gcc.dg/vmx/sn7153.c -O2 -fwhopr (test for excess errors)
WARNING: gcc.dg/vmx/sn7153.c -O2 -fwhopr compilation failed to produce executable
FAIL: gcc.dg/vmx/spill.c -O2 -flto (test for excess errors)
WARNING: gcc.dg/vmx/spill.c -O2 -flto compilation failed to produce executable
FAIL: gcc.dg/vmx/spill.c -O2 -fwhopr (test for excess errors)
WARNING: gcc.dg/vmx/spill.c -O2 -fwhopr compilation failed to produce executable
FAIL: gcc.dg/vmx/spill2.c -O2 -flto (test for excess errors)
WARNING: gcc.dg/vmx/spill2.c -O2 -flto compilation failed to produce executable
FAIL: gcc.dg/vmx/spill2.c -O2 -fwhopr (test for excess errors)
WARNING: gcc.dg/vmx/spill2.c -O2 -fwhopr compilation failed to produce executable
FAIL: gcc.dg/vmx/spill3.c -O2 -flto (test for excess errors)
WARNING: gcc.dg/vmx/spill3.c -O2 -flto compilation failed to produce executable
FAIL: gcc.dg/vmx/spill3.c -O2 -fwhopr (test for excess errors)
WARNING: gcc.dg/vmx/spill3.c -O2 -fwhopr compilation failed to produce executable
FAIL: gcc.dg/vmx/varargs-1.c -O2 -flto (test for excess errors)
WARNING: gcc.dg/vmx/varargs-1.c -O2 -flto compilation failed to produce executable
FAIL: gcc.dg/vmx/varargs-1.c -O2 -fwhopr (test for excess errors)
WARNING: gcc.dg/vmx/varargs-1.c -O2 -fwhopr compilation failed to produce executable
FAIL: gcc.dg/vmx/varargs-2.c -O2 -flto (test for excess errors)
WARNING: gcc.dg/vmx/varargs-2.c -O2 -flto compilation failed to produce executable
FAIL: gcc.dg/vmx/varargs-2.c -O2 -fwhopr (test for excess errors)
WARNING: gcc.dg/vmx/varargs-2.c -O2 -fwhopr compilation failed to produce executable
FAIL: gcc.dg/vmx/varargs-3.c -O2 -flto (test for excess errors)
WARNING: gcc.dg/vmx/varargs-3.c -O2 -flto compilation failed to produce executable
FAIL: gcc.dg/vmx/varargs-3.c -O2 -fwhopr (test for excess errors)
WARNING: gcc.dg/vmx/varargs-3.c -O2 -fwhopr compilation failed to produce executable
FAIL: gcc.dg/vmx/varargs-4.c -O2 -flto (test for excess errors)
WARNING: gcc.dg/vmx/varargs-4.c -O2 -flto compilation failed to produce executable
FAIL: gcc.dg/vmx/varargs-4.c -O2 -fwhopr (test for excess errors)
WARNING: gcc.dg/vmx/varargs-4.c -O2 -fwhopr compilation failed to produce executable
FAIL: gcc.dg/vmx/varargs-5.c -O2 -flto (test for excess errors)
WARNING: gcc.dg/vmx/varargs-5.c -O2 -flto compilation failed to produce executable
FAIL: gcc.dg/vmx/varargs-5.c -O2 -fwhopr (test for excess errors)
WARNING: gcc.dg/vmx/varargs-5.c -O2 -fwhopr compilation failed to produce executable
FAIL: gcc.dg/vmx/varargs-6.c -O2 -flto (test for excess errors)
WARNING: gcc.dg/vmx/varargs-6.c -O2 -flto compilation failed to produce executable
FAIL: gcc.dg/vmx/varargs-6.c -O2 -fwhopr (test for excess errors)
WARNING: gcc.dg/vmx/varargs-6.c -O2 -fwhopr compilation failed to produce executable
FAIL: gcc.dg/vmx/varargs-7.c -O2 -flto (test for excess errors)
WARNING: gcc.dg/vmx/varargs-7.c -O2 -flto compilation failed to produce executable
FAIL: gcc.dg/vmx/varargs-7.c -O2 -fwhopr (test for excess errors)
WARNING: gcc.dg/vmx/varargs-7.c -O2 -fwhopr compilation failed to produce executable
FAIL: gcc.dg/vmx/x-01.c -O2 -flto (test for excess errors)
WARNING: gcc.dg/vmx/x-01.c -O2 -flto compilation failed to produce executable
FAIL: gcc.dg/vmx/x-01.c -O2 -fwhopr (test for excess errors)
WARNING: gcc.dg/vmx/x-01.c -O2 -fwhopr compilation failed to produce executable
FAIL: gcc.dg/vmx/x-02.c -O2 -flto (test for excess errors)
WARNING: gcc.dg/vmx/x-02.c -O2 -flto compilation failed to produce executable
FAIL: gcc.dg/vmx/x-02.c -O2 -fwhopr (test for excess errors)
WARNING: gcc.dg/vmx/x-02.c -O2 -fwhopr compilation failed to produce executable
FAIL: gcc.dg/vmx/x-03.c -O2 -flto (test for excess errors)
WARNING: gcc.dg/vmx/x-03.c -O2 -flto compilation failed to produce executable
FAIL: gcc.dg/vmx/x-03.c -O2 -fwhopr (test for excess errors)
WARNING: gcc.dg/vmx/x-03.c -O2 -fwhopr compilation failed to produce executable
FAIL: gcc.dg/vmx/x-04.c -O2 -flto (test for excess errors)
WARNING: gcc.dg/vmx/x-04.c -O2 -flto compilation failed to produce executable
FAIL: gcc.dg/vmx/x-04.c -O2 -fwhopr (test for excess errors)
WARNING: gcc.dg/vmx/x-04.c -O2 -fwhopr compilation failed to produce executable
FAIL: gcc.dg/vmx/x-05.c -O2 -flto (test for excess errors)
WARNING: gcc.dg/vmx/x-05.c -O2 -flto compilation failed to produce executable
FAIL: gcc.dg/vmx/x-05.c -O2 -fwhopr (test for excess errors)
WARNING: gcc.dg/vmx/x-05.c -O2 -fwhopr compilation failed to produce executable
FAIL: gcc.dg/vmx/yousufi-1.c -O2 -flto (test for excess errors)
WARNING: gcc.dg/vmx/yousufi-1.c -O2 -flto compilation failed to produce executable
FAIL: gcc.dg/vmx/yousufi-1.c -O2 -fwhopr (test for excess errors)
WARNING: gcc.dg/vmx/yousufi-1.c -O2 -fwhopr compilation failed to produce executable
FAIL: gcc.dg/vmx/zero-1.c -O2 -flto (test for excess errors)
WARNING: gcc.dg/vmx/zero-1.c -O2 -flto compilation failed to produce executable
FAIL: gcc.dg/vmx/zero-1.c -O2 -fwhopr (test for excess errors)
WARNING: gcc.dg/vmx/zero-1.c -O2 -fwhopr compilation failed to produce executable
FAIL: gcc.dg/vmx/zero.c -O2 -flto (test for excess errors)
WARNING: gcc.dg/vmx/zero.c -O2 -flto compilation failed to produce executable
FAIL: gcc.dg/vmx/zero.c -O2 -fwhopr (test for excess errors)
WARNING: gcc.dg/vmx/zero.c -O2 -fwhopr compilation failed to produce executable
FAIL: gcc.target/powerpc/ppc-vector-memcpy.c scan-assembler lvx
FAIL: gcc.target/powerpc/ppc64-abi-dfp-1.c execution test
=== gcc Summary for unix/-m64 ===
# of expected passes 70671
# of unexpected failures 159
# of unexpected successes 3
# of expected failures 204
# of unresolved testcases 1
# of unsupported tests 852
=== gcc Summary ===
# of expected passes 140692
# of unexpected failures 336
# of unexpected successes 6
# of expected failures 397
# of unresolved testcases 20
# of unsupported tests 1663
/home/gccbuild/build/nightly/build-gcc-trunk/gcc/xgcc version 4.6.0 20100928 (experimental) [trunk revision 164675] (GCC)
=== gfortran tests ===
Running target unix/-m32
XPASS: gfortran.dg/default_format_denormal_2.f90 -O0 execution test
XPASS: gfortran.dg/default_format_denormal_2.f90 -O1 execution test
XPASS: gfortran.dg/default_format_denormal_2.f90 -O2 execution test
XPASS: gfortran.dg/default_format_denormal_2.f90 -O3 -fomit-frame-pointer execution test
XPASS: gfortran.dg/default_format_denormal_2.f90 -O3 -fomit-frame-pointer -funroll-loops execution test
XPASS: gfortran.dg/default_format_denormal_2.f90 -O3 -fomit-frame-pointer -funroll-all-loops -finline-functions execution test
XPASS: gfortran.dg/default_format_denormal_2.f90 -O3 -g execution test
XPASS: gfortran.dg/default_format_denormal_2.f90 -Os execution test
=== gfortran Summary for unix/-m32 ===
# of expected passes 36610
# of unexpected successes 8
# of expected failures 69
# of unsupported tests 204
Running target unix/-m64
XPASS: gfortran.dg/default_format_denormal_2.f90 -O0 execution test
XPASS: gfortran.dg/default_format_denormal_2.f90 -O1 execution test
XPASS: gfortran.dg/default_format_denormal_2.f90 -O2 execution test
XPASS: gfortran.dg/default_format_denormal_2.f90 -O3 -fomit-frame-pointer execution test
XPASS: gfortran.dg/default_format_denormal_2.f90 -O3 -fomit-frame-pointer -funroll-loops execution test
XPASS: gfortran.dg/default_format_denormal_2.f90 -O3 -fomit-frame-pointer -funroll-all-loops -finline-functions execution test
XPASS: gfortran.dg/default_format_denormal_2.f90 -O3 -g execution test
XPASS: gfortran.dg/default_format_denormal_2.f90 -Os execution test
FAIL: gfortran.dg/pr25923.f90 -O PR45505 (test for warnings, line 13)
FAIL: gfortran.dg/pr25923.f90 -O PR45505 (test for bogus messages, line 22)
=== gfortran Summary for unix/-m64 ===
# of expected passes 36881
# of unexpected failures 2
# of unexpected successes 8
# of expected failures 67
# of unsupported tests 75
=== gfortran Summary ===
# of expected passes 73491
# of unexpected failures 2
# of unexpected successes 16
# of expected failures 136
# of unsupported tests 279
/home/gccbuild/build/nightly/build-gcc-trunk/gcc/testsuite/gfortran/../../gfortran version 4.6.0 20100928 (experimental) [trunk revision 164675] (GCC)
=== g++ tests ===
Running target unix/-m32
WARNING: program timed out.
FAIL: g++.dg/bprob/g++-bprob-2.C execution, -Os -fprofile-use
FAIL: g++.dg/ext/attr-ifunc-1.C execution test
FAIL: g++.dg/ext/attr-ifunc-2.C execution test
FAIL: g++.dg/ext/attr-ifunc-3.C execution test
FAIL: g++.dg/ext/attr-ifunc-4.C execution test
FAIL: g++.dg/template/char1.C (test for warnings, line 4)
FAIL: g++.dg/lto/20081109 cp_lto_20081109_0.o-cp_lto_20081109_1.o execute -O2 -fwhopr
=== g++ Summary for unix/-m32 ===
# of expected passes 24231
# of unexpected failures 7
# of expected failures 149
# of unsupported tests 171
Running target unix/-m64
FAIL: g++.dg/ext/attr-ifunc-1.C execution test
FAIL: g++.dg/ext/attr-ifunc-2.C execution test
FAIL: g++.dg/ext/attr-ifunc-3.C execution test
FAIL: g++.dg/ext/attr-ifunc-4.C execution test
FAIL: g++.dg/template/char1.C (test for warnings, line 4)
FAIL: g++.dg/lto/20081109 cp_lto_20081109_0.o-cp_lto_20081109_1.o execute -O2 -fwhopr
=== g++ Summary for unix/-m64 ===
# of expected passes 24843
# of unexpected failures 6
# of expected failures 149
# of unsupported tests 169
=== g++ Summary ===
# of expected passes 49074
# of unexpected failures 13
# of expected failures 298
# of unsupported tests 340
/home/gccbuild/build/nightly/build-gcc-trunk/gcc/testsuite/g++/../../g++ version 4.6.0 20100928 (experimental) [trunk revision 164675] (GCC)
=== obj-c++ tests ===
Running target unix/-m32
WARNING: obj-c++.dg/lookup-2.mm -fgnu-runtime compilation failed to produce executable
WARNING: obj-c++.dg/try-catch-2.mm -fgnu-runtime compilation failed to produce executable
WARNING: obj-c++.dg/try-catch-9.mm -fgnu-runtime compilation failed to produce executable
=== obj-c++ Summary for unix/-m32 ===
# of expected passes 583
# of expected failures 3
# of unsupported tests 17
Running target unix/-m64
WARNING: obj-c++.dg/lookup-2.mm -fgnu-runtime compilation failed to produce executable
WARNING: obj-c++.dg/try-catch-2.mm -fgnu-runtime compilation failed to produce executable
WARNING: obj-c++.dg/try-catch-9.mm -fgnu-runtime compilation failed to produce executable
=== obj-c++ Summary for unix/-m64 ===
# of expected passes 575
# of expected failures 11
# of unsupported tests 17
=== obj-c++ Summary ===
# of expected passes 1158
# of expected failures 14
# of unsupported tests 34
/home/gccbuild/build/nightly/build-gcc-trunk/gcc/testsuite/obj-c++/../../g++ version 4.6.0 20100928 (experimental) [trunk revision 164675] (GCC)
=== objc tests ===
Running target unix/-m32
XPASS: objc.dg-struct-layout-encoding-1/t025_main.m execution test
XPASS: objc.dg-struct-layout-encoding-1/t026_main.m execution test
XPASS: objc.dg-struct-layout-encoding-1/t027_main.m execution test
XPASS: objc.dg-struct-layout-encoding-1/t028_main.m execution test
XPASS: objc.dg-struct-layout-encoding-1/t029_main.m execution test
XPASS: objc.dg-struct-layout-encoding-1/t030_main.m execution test
XPASS: objc.dg-struct-layout-encoding-1/t031_main.m execution test
=== objc Summary for unix/-m32 ===
# of expected passes 2054
# of unexpected successes 7
# of expected failures 8
# of unsupported tests 24
Running target unix/-m64
XPASS: objc.dg-struct-layout-encoding-1/t025_main.m execution test
XPASS: objc.dg-struct-layout-encoding-1/t026_main.m execution test
XPASS: objc.dg-struct-layout-encoding-1/t027_main.m execution test
XPASS: objc.dg-struct-layout-encoding-1/t028_main.m execution test
XPASS: objc.dg-struct-layout-encoding-1/t029_main.m execution test
XPASS: objc.dg-struct-layout-encoding-1/t030_main.m execution test
XPASS: objc.dg-struct-layout-encoding-1/t031_main.m execution test
=== objc Summary for unix/-m64 ===
# of expected passes 2054
# of unexpected successes 7
# of expected failures 8
# of unsupported tests 24
=== objc Summary ===
# of expected passes 4108
# of unexpected successes 14
# of expected failures 16
# of unsupported tests 48
/home/gccbuild/build/nightly/build-gcc-trunk/gcc/xgcc version 4.6.0 20100928 (experimental) [trunk revision 164675] (GCC)
=== libgomp tests ===
Running target unix/-m32
FAIL: libgomp.graphite/force-parallel-1.c execution test
=== libgomp Summary for unix/-m32 ===
# of expected passes 2539
# of unexpected failures 1
Running target unix/-m64
FAIL: libgomp.c/icv-2.c execution test
FAIL: libgomp.c/lock-3.c execution test
FAIL: libgomp.fortran/omp_parse1.f90 -O1 execution test
FAIL: libgomp.fortran/omp_parse1.f90 -O2 execution test
FAIL: libgomp.fortran/omp_parse1.f90 -O3 -fomit-frame-pointer execution test
FAIL: libgomp.fortran/omp_parse1.f90 -O3 -fomit-frame-pointer -funroll-loops execution test
FAIL: libgomp.fortran/omp_parse1.f90 -O3 -g execution test
FAIL: libgomp.graphite/force-parallel-1.c execution test
=== libgomp Summary for unix/-m64 ===
# of expected passes 2532
# of unexpected failures 8
=== libgomp Summary ===
# of expected passes 5071
# of unexpected failures 9
=== libmudflap tests ===
Running target unix/-m32
FAIL: libmudflap.c/pass49-frag.c execution test
FAIL: libmudflap.c/pass49-frag.c output pattern test
FAIL: libmudflap.c/pass49-frag.c execution test
FAIL: libmudflap.c/pass49-frag.c output pattern test
FAIL: libmudflap.c/pass49-frag.c (-static) execution test
FAIL: libmudflap.c/pass49-frag.c (-static) output pattern test
FAIL: libmudflap.c/pass49-frag.c (-static) execution test
FAIL: libmudflap.c/pass49-frag.c (-static) output pattern test
FAIL: libmudflap.c/pass49-frag.c (-O2) execution test
FAIL: libmudflap.c/pass49-frag.c (-O2) output pattern test
FAIL: libmudflap.c/pass49-frag.c (-O2) execution test
FAIL: libmudflap.c/pass49-frag.c (-O2) output pattern test
FAIL: libmudflap.c/pass49-frag.c (-O3) execution test
FAIL: libmudflap.c/pass49-frag.c (-O3) output pattern test
FAIL: libmudflap.c/pass49-frag.c (-O3) execution test
FAIL: libmudflap.c/pass49-frag.c (-O3) output pattern test
FAIL: libmudflap.c++/pass41-frag.cxx execution test
FAIL: libmudflap.c++/pass28-frag.cxx (-static) (test for excess errors)
WARNING: libmudflap.c++/pass28-frag.cxx (-static) compilation failed to produce executable
WARNING: libmudflap.c++/pass41-frag.cxx (-static) compilation failed to produce executable
FAIL: libmudflap.c++/pass55-frag.cxx (-static) (test for excess errors)
WARNING: libmudflap.c++/pass55-frag.cxx (-static) compilation failed to produce executable
WARNING: libmudflap.c++/pass57-frag.cxx (-static) compilation failed to produce executable
FAIL: libmudflap.c++/pass41-frag.cxx (-O2) execution test
FAIL: libmudflap.c++/pass41-frag.cxx (-O3) execution test
=== libmudflap Summary for unix/-m32 ===
# of expected passes 1869
# of unexpected failures 21
Running target unix/-m64
FAIL: libmudflap.c/pass49-frag.c execution test
FAIL: libmudflap.c/pass49-frag.c output pattern test
FAIL: libmudflap.c/pass49-frag.c execution test
FAIL: libmudflap.c/pass49-frag.c output pattern test
FAIL: libmudflap.c/pass49-frag.c (-static) execution test
FAIL: libmudflap.c/pass49-frag.c (-static) output pattern test
FAIL: libmudflap.c/pass49-frag.c (-static) execution test
FAIL: libmudflap.c/pass49-frag.c (-static) output pattern test
FAIL: libmudflap.c/pass49-frag.c (-O2) execution test
FAIL: libmudflap.c/pass49-frag.c (-O2) output pattern test
FAIL: libmudflap.c/pass49-frag.c (-O2) execution test
FAIL: libmudflap.c/pass49-frag.c (-O2) output pattern test
FAIL: libmudflap.c/pass49-frag.c (-O3) execution test
FAIL: libmudflap.c/pass49-frag.c (-O3) output pattern test
FAIL: libmudflap.c/pass49-frag.c (-O3) execution test
FAIL: libmudflap.c/pass49-frag.c (-O3) output pattern test
FAIL: libmudflap.c++/pass41-frag.cxx execution test
FAIL: libmudflap.c++/pass41-frag.cxx (-static) execution test
FAIL: libmudflap.c++/pass41-frag.cxx (-O2) execution test
FAIL: libmudflap.c++/pass41-frag.cxx (-O3) execution test
=== libmudflap Summary for unix/-m64 ===
# of expected passes 1874
# of unexpected failures 20
=== libmudflap Summary ===
# of expected passes 3743
# of unexpected failures 41
=== libstdc++ tests ===
Running target unix/-m32
FAIL: libstdc++-abi/abi_check
=== libstdc++ Summary for unix/-m32 ===
# of expected passes 7943
# of unexpected failures 1
# of expected failures 85
# of unsupported tests 90
Running target unix/-m64
=== libstdc++ Summary for unix/-m64 ===
# of expected passes 7944
# of expected failures 85
# of unsupported tests 90
=== libstdc++ Summary ===
# of expected passes 15887
# of unexpected failures 1
# of expected failures 170
# of unsupported tests 180
Compiler version: 4.6.0 20100928 (experimental) [trunk revision 164675] (GCC)
Platform: powerpc64-unknown-linux-gnu
configure flags: --prefix=/opt/gcc-nightly/trunk-20100928 --build=powerpc64-linux --host=powerpc64-linux --target=powerpc64-linux --with-cpu=default32 --with-as=/opt/gcc-nightly/binutils-2.20/bin/as --with-ld=/opt/gcc-nightly/binutils-2.20/bin/ld --enable-threads=posix --enable-shared --enable-__cxa_atexit --enable-languages=c,c++,fortran,objc,obj-c++ --with-long-double-128 --enable-secureplt --enable-checking --disable-alsa --with-gmp=/opt/gcc-nightly/gcc-host-libs-32 --with-mpfr=/opt/gcc-nightly/gcc-host-libs-32 --with-ppl=/opt/gcc-nightly/gcc-host-libs-32 --with-cloog=/opt/gcc-nightly/gcc-host-libs-32 --with-mpc=/opt/gcc-nightly/gcc-host-libs-32 --with-libelf=/opt/gcc-nightly/gcc-host-libs-32 --with-host-libstdcxx=-Wl,-Bstatic,-L/opt/gcc-nightly/gcc-host-libs-32/lib,-lstdc++,-Bdynamic,-lm
=== Test Framework Summary ===
# of expected passes 2531