This is the mail archive of the gcc-testresults@gcc.gnu.org mailing list for the GCC project.


Index Nav: [Date Index] [Subject Index] [Author Index] [Thread Index]
Message Nav: [Date Prev] [Date Next] [Thread Prev] [Thread Next]
Other format: [Raw text]

Results for 4.6.0 20100926 (experimental) [trunk revision 164639] (GCC) testsuite on hppa2.0w-hp-hpux11.11


Native configuration is hppa2.0w-hp-hpux11.11

		=== g++ tests ===


Running target unix
UNRESOLVED: g++.dg/ext/attr-ifunc-1.C
UNRESOLVED: g++.dg/ext/attr-ifunc-2.C
UNRESOLVED: g++.dg/ext/attr-ifunc-3.C
UNRESOLVED: g++.dg/ext/attr-ifunc-4.C
WARNING: g++.dg/ext/label13.C compilation failed to produce executable
FAIL: g++.dg/init/copy3.C execution test
FAIL: g++.dg/init/dtor3.C execution test
FAIL: g++.dg/init/pm1.C execution test
WARNING: program timed out.
WARNING: program timed out.
FAIL: g++.dg/special/conpr-2.C (test for excess errors)
WARNING: g++.dg/special/conpr-2.C compilation failed to produce executable
WARNING: program timed out.
FAIL: g++.dg/special/initp1.C (test for excess errors)
WARNING: g++.dg/special/initp1.C compilation failed to produce executable
WARNING: program timed out.
FAIL: g++.dg/special/initpri1.C (test for excess errors)
WARNING: g++.dg/special/initpri1.C compilation failed to produce executable
FAIL: g++.old-deja/g++.law/array1.C execution test
FAIL: g++.old-deja/g++.mike/leak1.C execution test
FAIL: g++.old-deja/g++.mike/net17.C execution test
FAIL: g++.old-deja/g++.mike/p2736.C execution test
FAIL: g++.old-deja/g++.mike/p783b.C execution test
FAIL: g++.old-deja/g++.mike/p9732b.C execution test
FAIL: g++.old-deja/g++.mike/ref1.C execution test
FAIL: g++.old-deja/g++.other/init1.C execution test
FAIL: g++.old-deja/g++.pt/static8.C execution test

		=== g++ Summary ===

# of expected passes		21604
# of unexpected failures	15
# of expected failures		150
# of unresolved testcases	4
# of unsupported tests		297
/test/gnu/gcc/objdir/gcc/testsuite/g++/../../g++  version 4.6.0 20100926 (experimental) [trunk revision 164639] (GCC) 

		=== gcc tests ===


Running target unix
FAIL: gcc.c-torture/execute/20040709-2.c execution,  -O1 
FAIL: gcc.c-torture/execute/20040709-2.c execution,  -Os 
UNRESOLVED: gcc.dg/attr-ifunc-1.c
UNRESOLVED: gcc.dg/attr-ifunc-2.c
UNRESOLVED: gcc.dg/attr-ifunc-3.c
UNRESOLVED: gcc.dg/attr-ifunc-4.c
UNRESOLVED: gcc.dg/attr-ifunc-5.c
WARNING: program timed out.
FAIL: gcc.dg/initpri1.c (test for excess errors)
WARNING: gcc.dg/initpri1.c compilation failed to produce executable
WARNING: program timed out.
XPASS: gcc.dg/tree-ssa/20031106-3.c scan-tree-dump-times optimized "link_error" 0
XPASS: gcc.dg/tree-ssa/20040204-1.c scan-tree-dump-times optimized "link_error" 0
XPASS: gcc.dg/tree-ssa/fre-vce-1.c scan-tree-dump-times fre "sv.i" 2

		=== gcc Summary ===

# of expected passes		53790
# of unexpected failures	3
# of unexpected successes	3
# of expected failures		120
# of unresolved testcases	5
# of unsupported tests		813
/test/gnu/gcc/objdir/gcc/xgcc  version 4.6.0 20100926 (experimental) [trunk revision 164639] (GCC) 

		=== gfortran tests ===


Running target unix
XPASS: gfortran.dg/pr25923.f90  -O  PR45505 (test for warnings, line 13)
XPASS: gfortran.dg/pr25923.f90  -O  PR45505 (test for bogus messages, line 22)

		=== gfortran Summary ===

# of expected passes		35529
# of unexpected successes	2
# of expected failures		39
# of unsupported tests		357
/test/gnu/gcc/objdir/gcc/testsuite/gfortran/../../gfortran  version 4.6.0 20100926 (experimental) [trunk revision 164639] (GCC) 

		=== obj-c++ tests ===


Running target unix
FAIL: obj-c++.dg/basic.mm -fgnu-runtime execution test
FAIL: obj-c++.dg/bitfield-2.mm -fgnu-runtime execution test
FAIL: obj-c++.dg/cxx-ivars-1.mm -fgnu-runtime execution test
FAIL: obj-c++.dg/cxx-scope-1.mm -fgnu-runtime execution test
FAIL: obj-c++.dg/defs.mm -fgnu-runtime execution test
FAIL: obj-c++.dg/encode-4.mm -fgnu-runtime execution test
FAIL: obj-c++.dg/encode-5.mm -fgnu-runtime execution test
FAIL: obj-c++.dg/except-1.mm -fgnu-runtime execution test
FAIL: obj-c++.dg/gnu-runtime-3.mm -fgnu-runtime execution test
WARNING: obj-c++.dg/lookup-2.mm -fgnu-runtime compilation failed to produce executable
FAIL: obj-c++.dg/method-10.mm -fgnu-runtime execution test
FAIL: obj-c++.dg/method-17.mm -fgnu-runtime execution test
FAIL: obj-c++.dg/method-19.mm -fgnu-runtime execution test
FAIL: obj-c++.dg/proto-lossage-3.mm -fgnu-runtime execution test
FAIL: obj-c++.dg/proto-qual-1.mm -fgnu-runtime execution test
FAIL: obj-c++.dg/qual-types-1.mm -fgnu-runtime execution test
FAIL: obj-c++.dg/template-1.mm -fgnu-runtime execution test
FAIL: obj-c++.dg/template-3.mm -fgnu-runtime execution test
FAIL: obj-c++.dg/template-4.mm -fgnu-runtime execution test
WARNING: obj-c++.dg/try-catch-2.mm -fgnu-runtime compilation failed to produce executable
WARNING: obj-c++.dg/try-catch-9.mm -fgnu-runtime compilation failed to produce executable
FAIL: obj-c++.dg/va-meth-1.mm -fgnu-runtime execution test
FAIL: obj-c++.dg/torture/trivial.mm  -O0  execution test
FAIL: obj-c++.dg/torture/tls/thr-init-3.mm  -O0  execution test

		=== obj-c++ Summary ===

# of expected passes		523
# of unexpected failures	21
# of expected failures		3
# of unsupported tests		16
/test/gnu/gcc/objdir/gcc/testsuite/obj-c++/../../g++  version 4.6.0 20100926 (experimental) [trunk revision 164639] (GCC) 

		=== objc tests ===


Running target unix
FAIL: objc.dg/special/unclaimed-category-1.m unclaimed-category-1a.o (test for excess errors)
WARNING: objc.dg/special/unclaimed-category-1.m unclaimed-category-1a.o compilation failed to produce executable

		=== objc Summary ===

# of expected passes		2011
# of unexpected failures	1
# of expected failures		15
# of unsupported tests		23
/test/gnu/gcc/objdir/gcc/xgcc  version 4.6.0 20100926 (experimental) [trunk revision 164639] (GCC) 

		=== libffi tests ===


Running target unix

		=== libffi Summary ===

# of expected passes		1624
# of expected failures		10
# of unsupported tests		15
		=== libgomp tests ===


Running target unix

		=== libgomp Summary ===

# of expected passes		2476
# of unsupported tests		9
		=== libjava tests ===


Running target unix
FAIL: LargeFile execution - source compiled test
FAIL: LargeFile -findirect-dispatch execution - source compiled test
FAIL: LargeFile -O3 execution - source compiled test
FAIL: LargeFile -O3 -findirect-dispatch execution - source compiled test
FAIL: TestEarlyGC compilation from source
FAIL: TestLeak compilation from source
FAIL: TestMultiple compilation from source
FAIL: TestParent compilation from source

		=== libjava Summary ===

# of expected passes		2554
# of unexpected failures	8
# of untested testcases		8
		=== libstdc++ tests ===


Running target unix

		=== libstdc++ Summary ===

# of expected passes		6570
# of expected failures		81
# of unsupported tests		695

Compiler version: 4.6.0 20100926 (experimental) [trunk revision 164639] (GCC) 
Platform: hppa2.0w-hp-hpux11.11
configure flags:Test Run By dave on Mon Sep 27 08:49:13 2010


Index Nav: [Date Index] [Subject Index] [Author Index] [Thread Index]
Message Nav: [Date Prev] [Date Next] [Thread Prev] [Thread Next]