This is the mail archive of the gcc-testresults@gcc.gnu.org mailing list for the GCC project.


Index Nav: [Date Index] [Subject Index] [Author Index] [Thread Index]
Message Nav: [Date Prev] [Date Next] [Thread Prev] [Thread Next]
Other format: [Raw text]

Results for 4.6.0 20100924 (experimental) (GCC) testsuite on i386-unknown-freebsd8.1


Native configuration is i386-unknown-freebsd8.1

		=== g++ tests ===


Running target unix
FAIL: c-c++-common/Wconversion-real.c  (test for warnings, line 27)
FAIL: c-c++-common/Wconversion-real.c  (test for warnings, line 28)
UNRESOLVED: attribute_plugin.c compilation, -I. -I/usr/test/gcc/gcc/testsuite -I/usr/test/gcc/gcc/testsuite/../../gcc -I/usr/nabil-files/pfeifer/OBJ-0924-1935/gcc/testsuite/g++/../../../gcc  -I/usr/test/gcc/gcc/testsuite/../../include -I/usr/test/gcc/gcc/testsuite/../../libcpp/include  -I/usr/local/include  -I/usr/nabil-files/pfeifer/OBJ-0924-1935/gcc/testsuite/g++/../../../intl  -DIN_GCC -fPIC -shared
UNRESOLVED: pragma_plugin.c compilation, -I. -I/usr/test/gcc/gcc/testsuite -I/usr/test/gcc/gcc/testsuite/../../gcc -I/usr/nabil-files/pfeifer/OBJ-0924-1935/gcc/testsuite/g++/../../../gcc  -I/usr/test/gcc/gcc/testsuite/../../include -I/usr/test/gcc/gcc/testsuite/../../libcpp/include  -I/usr/local/include  -I/usr/nabil-files/pfeifer/OBJ-0924-1935/gcc/testsuite/g++/../../../intl  -DIN_GCC -fPIC -shared
UNRESOLVED: selfassign.c compilation, -I. -I/usr/test/gcc/gcc/testsuite -I/usr/test/gcc/gcc/testsuite/../../gcc -I/usr/nabil-files/pfeifer/OBJ-0924-1935/gcc/testsuite/g++/../../../gcc  -I/usr/test/gcc/gcc/testsuite/../../include -I/usr/test/gcc/gcc/testsuite/../../libcpp/include  -I/usr/local/include  -I/usr/nabil-files/pfeifer/OBJ-0924-1935/gcc/testsuite/g++/../../../intl -O -DIN_GCC -fPIC -shared
UNRESOLVED: dumb_plugin.c compilation, -I. -I/usr/test/gcc/gcc/testsuite -I/usr/test/gcc/gcc/testsuite/../../gcc -I/usr/nabil-files/pfeifer/OBJ-0924-1935/gcc/testsuite/g++/../../../gcc  -I/usr/test/gcc/gcc/testsuite/../../include -I/usr/test/gcc/gcc/testsuite/../../libcpp/include  -I/usr/local/include  -I/usr/nabil-files/pfeifer/OBJ-0924-1935/gcc/testsuite/g++/../../../intl  -DIN_GCC -fPIC -shared
UNRESOLVED: header_plugin.c compilation, -I. -I/usr/test/gcc/gcc/testsuite -I/usr/test/gcc/gcc/testsuite/../../gcc -I/usr/nabil-files/pfeifer/OBJ-0924-1935/gcc/testsuite/g++/../../../gcc  -I/usr/test/gcc/gcc/testsuite/../../include -I/usr/test/gcc/gcc/testsuite/../../libcpp/include  -I/usr/local/include  -I/usr/nabil-files/pfeifer/OBJ-0924-1935/gcc/testsuite/g++/../../../intl  -DIN_GCC -fPIC -shared
FAIL: g++.old-deja/g++.other/init18.C execution test
FAIL: g++.old-deja/g++.other/init19.C execution test

		=== g++ Summary ===

# of expected passes		24542
# of unexpected failures	4
# of expected failures		149
# of unresolved testcases	5
# of unsupported tests		161
/usr/nabil-files/pfeifer/OBJ-0924-1935/gcc/testsuite/g++/../../g++  version 4.6.0 20100924 (experimental) (GCC) 

		=== gcc tests ===


Running target unix
FAIL: gcc.c-torture/execute/conversion.c execution,  -O0 
FAIL: gcc.c-torture/execute/conversion.c execution,  -O1 
FAIL: gcc.c-torture/execute/ieee/copysign1.c execution,  -O1 
FAIL: gcc.c-torture/execute/ieee/copysign1.c execution,  -O2 
FAIL: gcc.c-torture/execute/ieee/copysign1.c execution,  -O3 -fomit-frame-pointer 
FAIL: gcc.c-torture/execute/ieee/copysign1.c execution,  -O3 -fomit-frame-pointer -funroll-loops 
FAIL: gcc.c-torture/execute/ieee/copysign1.c execution,  -O3 -fomit-frame-pointer -funroll-all-loops -finline-functions 
FAIL: gcc.c-torture/execute/ieee/copysign1.c execution,  -O3 -g 
FAIL: gcc.c-torture/execute/ieee/copysign1.c execution,  -O2 -flto 
FAIL: gcc.c-torture/execute/ieee/copysign1.c execution,  -O2 -fwhopr 
FAIL: gcc.c-torture/execute/ieee/copysign2.c execution,  -O1 
FAIL: gcc.dg/debug/pr41893-1.c -gdwarf-2 -g1 (test for excess errors)
FAIL: gcc.dg/debug/pr41893-1.c -gdwarf-2 -g1 -O (test for excess errors)
FAIL: gcc.dg/debug/pr41893-1.c -gdwarf-2 -g1 -O3 (test for excess errors)
FAIL: gcc.dg/debug/pr41893-1.c -gdwarf-2 (test for excess errors)
FAIL: gcc.dg/debug/pr41893-1.c -gdwarf-2 -O (test for excess errors)
FAIL: gcc.dg/debug/pr41893-1.c -gdwarf-2 -O3 (test for excess errors)
FAIL: gcc.dg/debug/pr41893-1.c -gdwarf-2 -g3 (test for excess errors)
FAIL: gcc.dg/debug/pr41893-1.c -gdwarf-2 -g3 -O (test for excess errors)
FAIL: gcc.dg/debug/pr41893-1.c -gdwarf-2 -g3 -O3 (test for excess errors)
FAIL: gcc.dg/debug/pr41893-1.c -gstabs1 (test for excess errors)
FAIL: gcc.dg/debug/pr41893-1.c -gstabs1 -O (test for excess errors)
FAIL: gcc.dg/debug/pr41893-1.c -gstabs1 -O3 (test for excess errors)
FAIL: gcc.dg/debug/pr41893-1.c -gstabs (test for excess errors)
FAIL: gcc.dg/debug/pr41893-1.c -gstabs -O (test for excess errors)
FAIL: gcc.dg/debug/pr41893-1.c -gstabs -O3 (test for excess errors)
FAIL: gcc.dg/debug/pr41893-1.c -gstabs3 (test for excess errors)
FAIL: gcc.dg/debug/pr41893-1.c -gstabs3 -O (test for excess errors)
FAIL: gcc.dg/debug/pr41893-1.c -gstabs3 -O3 (test for excess errors)
FAIL: gcc.dg/debug/pr41893-1.c -gstabs+1 (test for excess errors)
FAIL: gcc.dg/debug/pr41893-1.c -gstabs+1 -O (test for excess errors)
FAIL: gcc.dg/debug/pr41893-1.c -gstabs+1 -O3 (test for excess errors)
FAIL: gcc.dg/debug/pr41893-1.c -gstabs+ (test for excess errors)
FAIL: gcc.dg/debug/pr41893-1.c -gstabs+ -O (test for excess errors)
FAIL: gcc.dg/debug/pr41893-1.c -gstabs+ -O3 (test for excess errors)
FAIL: gcc.dg/debug/pr41893-1.c -gstabs+3 (test for excess errors)
FAIL: gcc.dg/debug/pr41893-1.c -gstabs+3 -O (test for excess errors)
FAIL: gcc.dg/debug/pr41893-1.c -gstabs+3 -O3 (test for excess errors)
FAIL: gcc.dg/nest.c execution test
FAIL: gcc.dg/nested-func-4.c execution test
FAIL: gcc.dg/pr27898.c (test for excess errors)
FAIL: gcc.dg/pr28706.c (test for excess errors)
FAIL: gcc.dg/pr28712.c (test for excess errors)
FAIL: gcc.dg/pr30762-1.c (test for excess errors)
FAIL: gcc.dg/pr31529-1.c (test for excess errors)
FAIL: gcc.dg/pr32450.c execution test
FAIL: gcc.dg/pr34457-1.c (test for excess errors)
FAIL: gcc.dg/pr34668-1.c (test for excess errors)
FAIL: gcc.dg/pr34989-1.c (test for excess errors)
FAIL: gcc.dg/pr43557-1.c (test for excess errors)
FAIL: gcc.dg/pr43643.c execution test
FAIL: gcc.dg/uninit-pred-7_a.c bogus warning (test for bogus messages, line 26)
FAIL: gcc.dg/uninit-pred-8_a.c bogus warning (test for bogus messages, line 26)
FAIL: gcc.dg/utf-array-short-wchar.c  (test for errors, line 39)
FAIL: gcc.dg/utf-array-short-wchar.c  (test for errors, line 41)
FAIL: gcc.dg/utf-array-short-wchar.c (test for excess errors)
FAIL: c-c++-common/Wconversion-real.c  -Wc++-compat   (test for warnings, line 27)
FAIL: c-c++-common/Wconversion-real.c  -Wc++-compat   (test for warnings, line 28)
UNRESOLVED: selfassign.c compilation, -I. -I/usr/test/gcc/gcc/testsuite -I/usr/test/gcc/gcc/testsuite/../../gcc -I/usr/nabil-files/pfeifer/OBJ-0924-1935/gcc/testsuite/gcc/../../../gcc  -I/usr/test/gcc/gcc/testsuite/../../include -I/usr/test/gcc/gcc/testsuite/../../libcpp/include  -I/usr/local/include  -I/usr/nabil-files/pfeifer/OBJ-0924-1935/gcc/testsuite/gcc/../../../intl -O -DIN_GCC -fPIC -shared
UNRESOLVED: ggcplug.c compilation, -I. -I/usr/test/gcc/gcc/testsuite -I/usr/test/gcc/gcc/testsuite/../../gcc -I/usr/nabil-files/pfeifer/OBJ-0924-1935/gcc/testsuite/gcc/../../../gcc  -I/usr/test/gcc/gcc/testsuite/../../include -I/usr/test/gcc/gcc/testsuite/../../libcpp/include  -I/usr/local/include  -I/usr/nabil-files/pfeifer/OBJ-0924-1935/gcc/testsuite/gcc/../../../intl -O -DIN_GCC -fPIC -shared
UNRESOLVED: one_time_plugin.c compilation, -I. -I/usr/test/gcc/gcc/testsuite -I/usr/test/gcc/gcc/testsuite/../../gcc -I/usr/nabil-files/pfeifer/OBJ-0924-1935/gcc/testsuite/gcc/../../../gcc  -I/usr/test/gcc/gcc/testsuite/../../include -I/usr/test/gcc/gcc/testsuite/../../libcpp/include  -I/usr/local/include  -I/usr/nabil-files/pfeifer/OBJ-0924-1935/gcc/testsuite/gcc/../../../intl  -DIN_GCC -fPIC -shared
UNRESOLVED: start_unit_plugin.c compilation, -I. -I/usr/test/gcc/gcc/testsuite -I/usr/test/gcc/gcc/testsuite/../../gcc -I/usr/nabil-files/pfeifer/OBJ-0924-1935/gcc/testsuite/gcc/../../../gcc  -I/usr/test/gcc/gcc/testsuite/../../include -I/usr/test/gcc/gcc/testsuite/../../libcpp/include  -I/usr/local/include  -I/usr/nabil-files/pfeifer/OBJ-0924-1935/gcc/testsuite/gcc/../../../intl  -DIN_GCC -fPIC -shared
UNRESOLVED: finish_unit_plugin.c compilation, -I. -I/usr/test/gcc/gcc/testsuite -I/usr/test/gcc/gcc/testsuite/../../gcc -I/usr/nabil-files/pfeifer/OBJ-0924-1935/gcc/testsuite/gcc/../../../gcc  -I/usr/test/gcc/gcc/testsuite/../../include -I/usr/test/gcc/gcc/testsuite/../../libcpp/include  -I/usr/local/include  -I/usr/nabil-files/pfeifer/OBJ-0924-1935/gcc/testsuite/gcc/../../../intl  -DIN_GCC -fPIC -shared
FAIL: gcc.dg/torture/fp-int-convert-float.c  -O0  execution test
FAIL: gcc.dg/torture/fp-int-convert-float.c  -O1  execution test
FAIL: gcc.dg/torture/fp-int-convert-float.c  -O2  execution test
FAIL: gcc.dg/torture/fp-int-convert-float.c  -O3 -fomit-frame-pointer  execution test
FAIL: gcc.dg/torture/fp-int-convert-float.c  -O3 -g  execution test
FAIL: gcc.dg/torture/fp-int-convert-float.c  -Os  execution test
FAIL: gcc.dg/torture/fp-int-convert-float.c  -O2 -flto  execution test
FAIL: gcc.dg/torture/fp-int-convert-float.c  -O2 -fwhopr  execution test
FAIL: gcc.dg/torture/fp-int-convert-float80.c  -O0  execution test
FAIL: gcc.dg/torture/fp-int-convert-float80.c  -O1  execution test
FAIL: gcc.dg/torture/fp-int-convert-float80.c  -O2  execution test
FAIL: gcc.dg/torture/fp-int-convert-float80.c  -O3 -fomit-frame-pointer  execution test
FAIL: gcc.dg/torture/fp-int-convert-float80.c  -O3 -g  execution test
FAIL: gcc.dg/torture/fp-int-convert-float80.c  -Os  execution test
FAIL: gcc.dg/torture/fp-int-convert-float80.c  -O2 -flto  execution test
FAIL: gcc.dg/torture/fp-int-convert-float80.c  -O2 -fwhopr  execution test
FAIL: gcc.dg/torture/fp-int-convert-long-double.c  -O0  execution test
FAIL: gcc.dg/torture/fp-int-convert-long-double.c  -O1  execution test
FAIL: gcc.dg/torture/fp-int-convert-long-double.c  -O2  execution test
FAIL: gcc.dg/torture/fp-int-convert-long-double.c  -O3 -fomit-frame-pointer  execution test
FAIL: gcc.dg/torture/fp-int-convert-long-double.c  -O3 -g  execution test
FAIL: gcc.dg/torture/fp-int-convert-long-double.c  -Os  execution test
FAIL: gcc.dg/torture/fp-int-convert-long-double.c  -O2 -flto  execution test
FAIL: gcc.dg/torture/fp-int-convert-long-double.c  -O2 -fwhopr  execution test
XPASS: gcc.dg/tree-ssa/20031106-3.c scan-tree-dump-times optimized "link_error" 0
XPASS: gcc.dg/tree-ssa/20040204-1.c scan-tree-dump-times optimized "link_error" 0
XPASS: gcc.dg/tree-ssa/fre-vce-1.c scan-tree-dump-times fre "sv.i" 2
FAIL: gcc.dg/vect/pr43430-2.c scan-tree-dump-times vect "vectorized 1 loops" 1
FAIL: gcc.target/i386/combine-mul.c scan-assembler-not 12345
FAIL: gcc.target/i386/excess-precision-1.c execution test
FAIL: gcc.target/i386/excess-precision-3.c execution test
FAIL: gcc.target/i386/pr36578-1.c execution test
FAIL: gcc.target/i386/pr36578-2.c execution test
FAIL: gcc.target/i386/pr38240.c (internal compiler error)
FAIL: gcc.target/i386/pr38240.c (test for excess errors)

		=== gcc Summary ===

# of expected passes		71813
# of unexpected failures	90
# of unexpected successes	3
# of expected failures		202
# of unresolved testcases	5
# of unsupported tests		1337
/usr/nabil-files/pfeifer/OBJ-0924-1935/gcc/xgcc  version 4.6.0 20100924 (experimental) (GCC) 

		=== gfortran tests ===


Running target unix
XPASS: gfortran.dg/pr25923.f90  -O  PR45505 (test for warnings, line 13)
XPASS: gfortran.dg/pr25923.f90  -O  PR45505 (test for bogus messages, line 22)

		=== gfortran Summary ===

# of expected passes		36293
# of unexpected successes	2
# of expected failures		39
# of unsupported tests		325
/usr/nabil-files/pfeifer/OBJ-0924-1935/gcc/testsuite/gfortran/../../gfortran  version 4.6.0 20100924 (experimental) (GCC) 

		=== objc tests ===


Running target unix

		=== objc Summary ===

# of expected passes		2059
# of expected failures		7
# of unsupported tests		20
/usr/nabil-files/pfeifer/OBJ-0924-1935/gcc/xgcc  version 4.6.0 20100924 (experimental) (GCC) 

		=== libgomp tests ===


Running target unix
WARNING: program timed out.
FAIL: libgomp.c/appendix-a/a.18.1.c execution test
WARNING: program timed out.
FAIL: libgomp.c/appendix-a/a.19.1.c execution test
WARNING: program timed out.
FAIL: libgomp.c/appendix-a/a.2.1.c execution test
WARNING: program timed out.
FAIL: libgomp.c/appendix-a/a.36.1.c execution test
WARNING: program timed out.
FAIL: libgomp.c/atomic-3.c execution test
WARNING: program timed out.
FAIL: libgomp.c/autopar-1.c execution test
WARNING: program timed out.
FAIL: libgomp.c/collapse-2.c execution test
WARNING: program timed out.
FAIL: libgomp.c/copyin-1.c execution test
WARNING: program timed out.
FAIL: libgomp.c/copyin-2.c execution test
WARNING: program timed out.
FAIL: libgomp.c/copyin-3.c execution test
WARNING: program timed out.
FAIL: libgomp.c/lib-1.c execution test
WARNING: program timed out.
FAIL: libgomp.c/loop-1.c execution test
WARNING: program timed out.
FAIL: libgomp.c/loop-2.c execution test
WARNING: program timed out.
FAIL: libgomp.c/loop-4.c execution test
WARNING: program timed out.
FAIL: libgomp.c/loop-8.c execution test
WARNING: program timed out.
FAIL: libgomp.c/nested-1.c execution test
WARNING: program timed out.
FAIL: libgomp.c/nested-2.c execution test
WARNING: program timed out.
FAIL: libgomp.c/nested-3.c execution test
WARNING: program timed out.
FAIL: libgomp.c/nestedfn-1.c execution test
WARNING: program timed out.
FAIL: libgomp.c/nestedfn-3.c execution test
WARNING: program timed out.
FAIL: libgomp.c/nestedfn-4.c execution test
WARNING: program timed out.
FAIL: libgomp.c/nestedfn-5.c execution test
WARNING: program timed out.
FAIL: libgomp.c/omp-loop03.c execution test
WARNING: program timed out.
FAIL: libgomp.c/omp-nested-1.c execution test
WARNING: program timed out.
FAIL: libgomp.c/omp-parallel-for.c execution test
WARNING: program timed out.
FAIL: libgomp.c/omp-parallel-if.c execution test
WARNING: program timed out.
FAIL: libgomp.c/ordered-1.c execution test
WARNING: program timed out.
FAIL: libgomp.c/ordered-2.c execution test
WARNING: program timed out.
FAIL: libgomp.c/ordered-3.c execution test
WARNING: program timed out.
FAIL: libgomp.c/parallel-1.c execution test
WARNING: program timed out.
FAIL: libgomp.c/pr24455.c execution test
WARNING: program timed out.
FAIL: libgomp.c/pr26943-1.c execution test
WARNING: program timed out.
FAIL: libgomp.c/pr26943-2.c execution test
WARNING: program timed out.
FAIL: libgomp.c/pr26943-3.c execution test
WARNING: program timed out.
FAIL: libgomp.c/pr26943-4.c execution test
WARNING: program timed out.
FAIL: libgomp.c/pr30494.c execution test
WARNING: program timed out.
FAIL: libgomp.c/pr32362-1.c execution test
WARNING: program timed out.
FAIL: libgomp.c/pr32362-2.c execution test
WARNING: program timed out.
FAIL: libgomp.c/pr32362-3.c execution test
WARNING: program timed out.
FAIL: libgomp.c/pr32468.c execution test
WARNING: program timed out.
FAIL: libgomp.c/pr33880.c execution test
WARNING: program timed out.
FAIL: libgomp.c/pr34513.c execution test
WARNING: program timed out.
FAIL: libgomp.c/pr35196.c execution test
WARNING: program timed out.
FAIL: libgomp.c/pr35549.c execution test
WARNING: program timed out.
FAIL: libgomp.c/pr36802-2.c execution test
WARNING: program timed out.
FAIL: libgomp.c/pr36802-3.c execution test
WARNING: program timed out.
FAIL: libgomp.c/pr42942.c execution test
WARNING: program timed out.
FAIL: libgomp.c/reduction-1.c execution test
WARNING: program timed out.
FAIL: libgomp.c/reduction-2.c execution test
WARNING: program timed out.
FAIL: libgomp.c/reduction-3.c execution test
WARNING: program timed out.
FAIL: libgomp.c/reduction-4.c execution test
WARNING: program timed out.
FAIL: libgomp.c/sections-1.c execution test
WARNING: program timed out.
FAIL: libgomp.c/shared-1.c execution test
WARNING: program timed out.
FAIL: libgomp.c/shared-2.c execution test
WARNING: program timed out.
FAIL: libgomp.c/single-1.c execution test
WARNING: program timed out.
FAIL: libgomp.c/task-1.c execution test
WARNING: program timed out.
FAIL: libgomp.c/task-2.c execution test
WARNING: program timed out.
FAIL: libgomp.c/task-3.c execution test
WARNING: program timed out.
FAIL: libgomp.c/task-4.c execution test
WARNING: program timed out.
FAIL: libgomp.c/vla-1.c execution test
WARNING: program timed out.
FAIL: libgomp.c++/collapse-2.C  -O0  execution test
WARNING: program timed out.
FAIL: libgomp.c++/collapse-2.C  -O1  execution test
WARNING: program timed out.
FAIL: libgomp.c++/collapse-2.C  -O2  execution test
WARNING: program timed out.
FAIL: libgomp.c++/collapse-2.C  -O3 -fomit-frame-pointer  execution test
WARNING: program timed out.
FAIL: libgomp.c++/collapse-2.C  -O3 -fomit-frame-pointer -funroll-loops  execution test
WARNING: program timed out.
FAIL: libgomp.c++/collapse-2.C  -O3 -fomit-frame-pointer -funroll-all-loops -finline-functions  execution test
WARNING: program timed out.
FAIL: libgomp.c++/collapse-2.C  -O3 -g  execution test
WARNING: program timed out.
FAIL: libgomp.c++/collapse-2.C  -Os  execution test
WARNING: program timed out.
FAIL: libgomp.c++/copyin-1.C  -O0  execution test
WARNING: program timed out.
FAIL: libgomp.c++/copyin-1.C  -O1  execution test
WARNING: program timed out.
FAIL: libgomp.c++/copyin-1.C  -O2  execution test
WARNING: program timed out.
FAIL: libgomp.c++/copyin-1.C  -O3 -fomit-frame-pointer  execution test
WARNING: program timed out.
FAIL: libgomp.c++/copyin-1.C  -O3 -fomit-frame-pointer -funroll-loops  execution test
WARNING: program timed out.
FAIL: libgomp.c++/copyin-1.C  -O3 -fomit-frame-pointer -funroll-all-loops -finline-functions  execution test
WARNING: program timed out.
FAIL: libgomp.c++/copyin-1.C  -O3 -g  execution test
WARNING: program timed out.
FAIL: libgomp.c++/copyin-1.C  -Os  execution test
WARNING: program timed out.
FAIL: libgomp.c++/copyin-2.C  -O0  execution test
WARNING: program timed out.
FAIL: libgomp.c++/copyin-2.C  -O1  execution test
WARNING: program timed out.
FAIL: libgomp.c++/copyin-2.C  -O2  execution test
WARNING: program timed out.
FAIL: libgomp.c++/copyin-2.C  -O3 -fomit-frame-pointer  execution test
WARNING: program timed out.
FAIL: libgomp.c++/copyin-2.C  -O3 -fomit-frame-pointer -funroll-loops  execution test
WARNING: program timed out.
FAIL: libgomp.c++/copyin-2.C  -O3 -fomit-frame-pointer -funroll-all-loops -finline-functions  execution test
WARNING: program timed out.
FAIL: libgomp.c++/copyin-2.C  -O3 -g  execution test
WARNING: program timed out.
FAIL: libgomp.c++/copyin-2.C  -Os  execution test
WARNING: program timed out.
FAIL: libgomp.c++/ctor-1.C  -O0  execution test
WARNING: program timed out.
FAIL: libgomp.c++/ctor-1.C  -O1  execution test
WARNING: program timed out.
FAIL: libgomp.c++/ctor-1.C  -O2  execution test
WARNING: program timed out.
FAIL: libgomp.c++/ctor-1.C  -O3 -fomit-frame-pointer  execution test
WARNING: program timed out.
FAIL: libgomp.c++/ctor-1.C  -O3 -fomit-frame-pointer -funroll-loops  execution test
WARNING: program timed out.
FAIL: libgomp.c++/ctor-1.C  -O3 -fomit-frame-pointer -funroll-all-loops -finline-functions  execution test
WARNING: program timed out.
FAIL: libgomp.c++/ctor-1.C  -O3 -g  execution test
WARNING: program timed out.
FAIL: libgomp.c++/ctor-1.C  -Os  execution test
WARNING: program timed out.
FAIL: libgomp.c++/ctor-10.C  -O0  execution test
WARNING: program timed out.
FAIL: libgomp.c++/ctor-10.C  -O1  execution test
WARNING: program timed out.
FAIL: libgomp.c++/ctor-10.C  -O2  execution test
WARNING: program timed out.
FAIL: libgomp.c++/ctor-10.C  -O3 -fomit-frame-pointer  execution test
WARNING: program timed out.
FAIL: libgomp.c++/ctor-10.C  -O3 -fomit-frame-pointer -funroll-loops  execution test
WARNING: program timed out.
FAIL: libgomp.c++/ctor-10.C  -O3 -fomit-frame-pointer -funroll-all-loops -finline-functions  execution test
WARNING: program timed out.
FAIL: libgomp.c++/ctor-10.C  -O3 -g  execution test
WARNING: program timed out.
FAIL: libgomp.c++/ctor-10.C  -Os  execution test
WARNING: program timed out.
FAIL: libgomp.c++/ctor-11.C  -O0  execution test
WARNING: program timed out.
FAIL: libgomp.c++/ctor-11.C  -O1  execution test
WARNING: program timed out.
FAIL: libgomp.c++/ctor-11.C  -O2  execution test
WARNING: program timed out.
FAIL: libgomp.c++/ctor-11.C  -O3 -fomit-frame-pointer  execution test
WARNING: program timed out.
FAIL: libgomp.c++/ctor-11.C  -O3 -fomit-frame-pointer -funroll-loops  execution test
WARNING: program timed out.
FAIL: libgomp.c++/ctor-11.C  -O3 -fomit-frame-pointer -funroll-all-loops -finline-functions  execution test
WARNING: program timed out.
FAIL: libgomp.c++/ctor-11.C  -O3 -g  execution test
WARNING: program timed out.
FAIL: libgomp.c++/ctor-11.C  -Os  execution test
WARNING: program timed out.
FAIL: libgomp.c++/ctor-2.C  -O0  execution test
WARNING: program timed out.
FAIL: libgomp.c++/ctor-2.C  -O1  execution test
WARNING: program timed out.
FAIL: libgomp.c++/ctor-2.C  -O2  execution test
WARNING: program timed out.
FAIL: libgomp.c++/ctor-2.C  -O3 -fomit-frame-pointer  execution test
WARNING: program timed out.
FAIL: libgomp.c++/ctor-2.C  -O3 -fomit-frame-pointer -funroll-loops  execution test
WARNING: program timed out.
FAIL: libgomp.c++/ctor-2.C  -O3 -fomit-frame-pointer -funroll-all-loops -finline-functions  execution test
WARNING: program timed out.
FAIL: libgomp.c++/ctor-2.C  -O3 -g  execution test
WARNING: program timed out.
FAIL: libgomp.c++/ctor-2.C  -Os  execution test
WARNING: program timed out.
FAIL: libgomp.c++/ctor-3.C  -O0  execution test
WARNING: program timed out.
FAIL: libgomp.c++/ctor-3.C  -O1  execution test
WARNING: program timed out.
FAIL: libgomp.c++/ctor-3.C  -O2  execution test
WARNING: program timed out.
FAIL: libgomp.c++/ctor-3.C  -O3 -fomit-frame-pointer  execution test
WARNING: program timed out.
FAIL: libgomp.c++/ctor-3.C  -O3 -fomit-frame-pointer -funroll-loops  execution test
WARNING: program timed out.
FAIL: libgomp.c++/ctor-3.C  -O3 -fomit-frame-pointer -funroll-all-loops -finline-functions  execution test
WARNING: program timed out.
FAIL: libgomp.c++/ctor-3.C  -O3 -g  execution test
WARNING: program timed out.
FAIL: libgomp.c++/ctor-3.C  -Os  execution test
WARNING: program timed out.
FAIL: libgomp.c++/ctor-4.C  -O0  execution test
WARNING: program timed out.
FAIL: libgomp.c++/ctor-4.C  -O1  execution test
WARNING: program timed out.
FAIL: libgomp.c++/ctor-4.C  -O2  execution test
WARNING: program timed out.
FAIL: libgomp.c++/ctor-4.C  -O3 -fomit-frame-pointer  execution test
WARNING: program timed out.
FAIL: libgomp.c++/ctor-4.C  -O3 -fomit-frame-pointer -funroll-loops  execution test
WARNING: program timed out.
FAIL: libgomp.c++/ctor-4.C  -O3 -fomit-frame-pointer -funroll-all-loops -finline-functions  execution test
WARNING: program timed out.
FAIL: libgomp.c++/ctor-4.C  -O3 -g  execution test
WARNING: program timed out.
FAIL: libgomp.c++/ctor-4.C  -Os  execution test
WARNING: program timed out.
FAIL: libgomp.c++/ctor-5.C  -O0  execution test
WARNING: program timed out.
FAIL: libgomp.c++/ctor-5.C  -O1  execution test
WARNING: program timed out.
FAIL: libgomp.c++/ctor-5.C  -O2  execution test
WARNING: program timed out.
FAIL: libgomp.c++/ctor-5.C  -O3 -fomit-frame-pointer  execution test
WARNING: program timed out.
FAIL: libgomp.c++/ctor-5.C  -O3 -fomit-frame-pointer -funroll-loops  execution test
WARNING: program timed out.
FAIL: libgomp.c++/ctor-5.C  -O3 -fomit-frame-pointer -funroll-all-loops -finline-functions  execution test
WARNING: program timed out.
FAIL: libgomp.c++/ctor-5.C  -O3 -g  execution test
WARNING: program timed out.
FAIL: libgomp.c++/ctor-5.C  -Os  execution test
WARNING: program timed out.
FAIL: libgomp.c++/ctor-6.C  -O0  execution test
WARNING: program timed out.
FAIL: libgomp.c++/ctor-6.C  -O1  execution test
WARNING: program timed out.
FAIL: libgomp.c++/ctor-6.C  -O2  execution test
WARNING: program timed out.
FAIL: libgomp.c++/ctor-6.C  -O3 -fomit-frame-pointer  execution test
WARNING: program timed out.
FAIL: libgomp.c++/ctor-6.C  -O3 -fomit-frame-pointer -funroll-loops  execution test
WARNING: program timed out.
FAIL: libgomp.c++/ctor-6.C  -O3 -fomit-frame-pointer -funroll-all-loops -finline-functions  execution test
WARNING: program timed out.
FAIL: libgomp.c++/ctor-6.C  -O3 -g  execution test
WARNING: program timed out.
FAIL: libgomp.c++/ctor-6.C  -Os  execution test
WARNING: program timed out.
FAIL: libgomp.c++/ctor-7.C  -O0  execution test
WARNING: program timed out.
FAIL: libgomp.c++/ctor-7.C  -O1  execution test
WARNING: program timed out.
FAIL: libgomp.c++/ctor-7.C  -O2  execution test
WARNING: program timed out.
FAIL: libgomp.c++/ctor-7.C  -O3 -fomit-frame-pointer  execution test
WARNING: program timed out.
FAIL: libgomp.c++/ctor-7.C  -O3 -fomit-frame-pointer -funroll-loops  execution test
WARNING: program timed out.
FAIL: libgomp.c++/ctor-7.C  -O3 -fomit-frame-pointer -funroll-all-loops -finline-functions  execution test
WARNING: program timed out.
FAIL: libgomp.c++/ctor-7.C  -O3 -g  execution test
WARNING: program timed out.
FAIL: libgomp.c++/ctor-7.C  -Os  execution test
WARNING: program timed out.
FAIL: libgomp.c++/ctor-8.C  -O0  execution test
WARNING: program timed out.
FAIL: libgomp.c++/ctor-8.C  -O1  execution test
WARNING: program timed out.
FAIL: libgomp.c++/ctor-8.C  -O2  execution test
WARNING: program timed out.
FAIL: libgomp.c++/ctor-8.C  -O3 -fomit-frame-pointer  execution test
WARNING: program timed out.
FAIL: libgomp.c++/ctor-8.C  -O3 -fomit-frame-pointer -funroll-loops  execution test
WARNING: program timed out.
FAIL: libgomp.c++/ctor-8.C  -O3 -fomit-frame-pointer -funroll-all-loops -finline-functions  execution test
WARNING: program timed out.
FAIL: libgomp.c++/ctor-8.C  -O3 -g  execution test
WARNING: program timed out.
FAIL: libgomp.c++/ctor-8.C  -Os  execution test
WARNING: program timed out.
FAIL: libgomp.c++/ctor-9.C  -O0  execution test
WARNING: program timed out.
FAIL: libgomp.c++/ctor-9.C  -O1  execution test
WARNING: program timed out.
FAIL: libgomp.c++/ctor-9.C  -O2  execution test
WARNING: program timed out.
FAIL: libgomp.c++/ctor-9.C  -O3 -fomit-frame-pointer  execution test
WARNING: program timed out.
FAIL: libgomp.c++/ctor-9.C  -O3 -fomit-frame-pointer -funroll-loops  execution test
WARNING: program timed out.
FAIL: libgomp.c++/ctor-9.C  -O3 -fomit-frame-pointer -funroll-all-loops -finline-functions  execution test
WARNING: program timed out.
FAIL: libgomp.c++/ctor-9.C  -O3 -g  execution test
WARNING: program timed out.
FAIL: libgomp.c++/ctor-9.C  -Os  execution test
WARNING: program timed out.
FAIL: libgomp.c++/loop-3.C  -O  execution test
WARNING: program timed out.
FAIL: libgomp.c++/loop-4.C  -O  execution test
WARNING: program timed out.
FAIL: libgomp.c++/nested-1.C  -O0  execution test
WARNING: program timed out.
FAIL: libgomp.c++/nested-1.C  -O1  execution test
WARNING: program timed out.
FAIL: libgomp.c++/nested-1.C  -O2  execution test
WARNING: program timed out.
FAIL: libgomp.c++/nested-1.C  -O3 -fomit-frame-pointer  execution test
WARNING: program timed out.
FAIL: libgomp.c++/nested-1.C  -O3 -fomit-frame-pointer -funroll-loops  execution test
WARNING: program timed out.
FAIL: libgomp.c++/nested-1.C  -O3 -fomit-frame-pointer -funroll-all-loops -finline-functions  execution test
WARNING: program timed out.
FAIL: libgomp.c++/nested-1.C  -O3 -g  execution test
WARNING: program timed out.
FAIL: libgomp.c++/nested-1.C  -Os  execution test
WARNING: program timed out.
FAIL: libgomp.c++/parallel-1.C  -O  execution test
WARNING: program timed out.
FAIL: libgomp.c++/pr24455.C  -O0  execution test
WARNING: program timed out.
FAIL: libgomp.c++/pr24455.C  -O1  execution test
WARNING: program timed out.
FAIL: libgomp.c++/pr24455.C  -O2  execution test
WARNING: program timed out.
FAIL: libgomp.c++/pr24455.C  -O3 -fomit-frame-pointer  execution test
WARNING: program timed out.
FAIL: libgomp.c++/pr24455.C  -O3 -fomit-frame-pointer -funroll-loops  execution test
WARNING: program timed out.
FAIL: libgomp.c++/pr24455.C  -O3 -fomit-frame-pointer -funroll-all-loops -finline-functions  execution test
WARNING: program timed out.
FAIL: libgomp.c++/pr24455.C  -O3 -g  execution test
WARNING: program timed out.
FAIL: libgomp.c++/pr24455.C  -Os  execution test
WARNING: program timed out.
FAIL: libgomp.c++/pr27337.C  -O0  execution test
WARNING: program timed out.
FAIL: libgomp.c++/pr27337.C  -O1  execution test
WARNING: program timed out.
FAIL: libgomp.c++/pr27337.C  -O2  execution test
WARNING: program timed out.
FAIL: libgomp.c++/pr27337.C  -O3 -fomit-frame-pointer  execution test
WARNING: program timed out.
FAIL: libgomp.c++/pr27337.C  -O3 -fomit-frame-pointer -funroll-loops  execution test
WARNING: program timed out.
FAIL: libgomp.c++/pr27337.C  -O3 -fomit-frame-pointer -funroll-all-loops -finline-functions  execution test
WARNING: program timed out.
FAIL: libgomp.c++/pr27337.C  -O3 -g  execution test
WARNING: program timed out.
FAIL: libgomp.c++/pr27337.C  -Os  execution test
WARNING: program timed out.
FAIL: libgomp.c++/pr30703.C  -O0  execution test
WARNING: program timed out.
FAIL: libgomp.c++/pr30703.C  -O1  execution test
WARNING: program timed out.
FAIL: libgomp.c++/pr30703.C  -O2  execution test
WARNING: program timed out.
FAIL: libgomp.c++/pr30703.C  -O3 -fomit-frame-pointer  execution test
WARNING: program timed out.
FAIL: libgomp.c++/pr30703.C  -O3 -fomit-frame-pointer -funroll-loops  execution test
WARNING: program timed out.
FAIL: libgomp.c++/pr30703.C  -O3 -fomit-frame-pointer -funroll-all-loops -finline-functions  execution test
WARNING: program timed out.
FAIL: libgomp.c++/pr30703.C  -O3 -g  execution test
WARNING: program timed out.
FAIL: libgomp.c++/pr30703.C  -Os  execution test
WARNING: program timed out.
FAIL: libgomp.c++/pr34513.C  -O0  execution test
WARNING: program timed out.
FAIL: libgomp.c++/pr34513.C  -O1  execution test
WARNING: program timed out.
FAIL: libgomp.c++/pr34513.C  -O2  execution test
WARNING: program timed out.
FAIL: libgomp.c++/pr34513.C  -O3 -fomit-frame-pointer  execution test
WARNING: program timed out.
FAIL: libgomp.c++/pr34513.C  -O3 -fomit-frame-pointer -funroll-loops  execution test
WARNING: program timed out.
FAIL: libgomp.c++/pr34513.C  -O3 -fomit-frame-pointer -funroll-all-loops -finline-functions  execution test
WARNING: program timed out.
FAIL: libgomp.c++/pr34513.C  -O3 -g  execution test
WARNING: program timed out.
FAIL: libgomp.c++/pr34513.C  -Os  execution test
WARNING: program timed out.
FAIL: libgomp.c++/reduction-1.C  -O  execution test
WARNING: program timed out.
FAIL: libgomp.c++/reduction-2.C  -O  execution test
WARNING: program timed out.
FAIL: libgomp.c++/reduction-3.C  -O  execution test
WARNING: program timed out.
FAIL: libgomp.c++/shared-1.C  -O  execution test
WARNING: program timed out.
FAIL: libgomp.c++/shared-2.C  -O  execution test
WARNING: program timed out.
FAIL: libgomp.c++/task-1.C  -O  execution test
WARNING: program timed out.
FAIL: libgomp.c++/task-2.C  -O0  execution test
WARNING: program timed out.
FAIL: libgomp.c++/task-2.C  -O1  execution test
WARNING: program timed out.
FAIL: libgomp.c++/task-2.C  -O2  execution test
WARNING: program timed out.
FAIL: libgomp.c++/task-2.C  -O3 -fomit-frame-pointer  execution test
WARNING: program timed out.
FAIL: libgomp.c++/task-2.C  -O3 -fomit-frame-pointer -funroll-loops  execution test
WARNING: program timed out.
FAIL: libgomp.c++/task-2.C  -O3 -fomit-frame-pointer -funroll-all-loops -finline-functions  execution test
WARNING: program timed out.
FAIL: libgomp.c++/task-2.C  -O3 -g  execution test
WARNING: program timed out.
FAIL: libgomp.c++/task-2.C  -Os  execution test
WARNING: program timed out.
FAIL: libgomp.c++/task-3.C  -O0  execution test
WARNING: program timed out.
FAIL: libgomp.c++/task-3.C  -O1  execution test
WARNING: program timed out.
FAIL: libgomp.c++/task-3.C  -O2  execution test
WARNING: program timed out.
FAIL: libgomp.c++/task-3.C  -O3 -fomit-frame-pointer  execution test
WARNING: program timed out.
FAIL: libgomp.c++/task-3.C  -O3 -fomit-frame-pointer -funroll-loops  execution test
WARNING: program timed out.
FAIL: libgomp.c++/task-3.C  -O3 -fomit-frame-pointer -funroll-all-loops -finline-functions  execution test
WARNING: program timed out.
FAIL: libgomp.c++/task-3.C  -O3 -g  execution test
WARNING: program timed out.
FAIL: libgomp.c++/task-3.C  -Os  execution test
WARNING: program timed out.
FAIL: libgomp.c++/task-4.C  -O  execution test
WARNING: program timed out.
FAIL: libgomp.c++/task-5.C  -O0  execution test
WARNING: program timed out.
FAIL: libgomp.c++/task-5.C  -O1  execution test
WARNING: program timed out.
FAIL: libgomp.c++/task-5.C  -O2  execution test
WARNING: program timed out.
FAIL: libgomp.c++/task-5.C  -O3 -fomit-frame-pointer  execution test
WARNING: program timed out.
FAIL: libgomp.c++/task-5.C  -O3 -fomit-frame-pointer -funroll-loops  execution test
WARNING: program timed out.
FAIL: libgomp.c++/task-5.C  -O3 -fomit-frame-pointer -funroll-all-loops -finline-functions  execution test
WARNING: program timed out.
FAIL: libgomp.c++/task-5.C  -O3 -g  execution test
WARNING: program timed out.
FAIL: libgomp.c++/task-5.C  -Os  execution test
WARNING: program timed out.
FAIL: libgomp.c++/task-6.C  -O  execution test
WARNING: program timed out.
FAIL: libgomp.fortran/allocatable1.f90  -O0  execution test
WARNING: program timed out.
FAIL: libgomp.fortran/allocatable1.f90  -O1  execution test
WARNING: program timed out.
FAIL: libgomp.fortran/allocatable1.f90  -O2  execution test
WARNING: program timed out.
FAIL: libgomp.fortran/allocatable1.f90  -O3 -fomit-frame-pointer  execution test
WARNING: program timed out.
FAIL: libgomp.fortran/allocatable1.f90  -O3 -fomit-frame-pointer -funroll-loops  execution test
WARNING: program timed out.
FAIL: libgomp.fortran/allocatable1.f90  -O3 -fomit-frame-pointer -funroll-all-loops -finline-functions  execution test
WARNING: program timed out.
FAIL: libgomp.fortran/allocatable1.f90  -O3 -g  execution test
WARNING: program timed out.
FAIL: libgomp.fortran/allocatable1.f90  -Os  execution test
WARNING: program timed out.
FAIL: libgomp.fortran/allocatable2.f90  -O0  execution test
WARNING: program timed out.
FAIL: libgomp.fortran/allocatable2.f90  -O1  execution test
WARNING: program timed out.
FAIL: libgomp.fortran/allocatable2.f90  -O2  execution test
WARNING: program timed out.
FAIL: libgomp.fortran/allocatable2.f90  -O3 -fomit-frame-pointer  execution test
WARNING: program timed out.
FAIL: libgomp.fortran/allocatable2.f90  -O3 -fomit-frame-pointer -funroll-loops  execution test
WARNING: program timed out.
FAIL: libgomp.fortran/allocatable2.f90  -O3 -fomit-frame-pointer -funroll-all-loops -finline-functions  execution test
WARNING: program timed out.
FAIL: libgomp.fortran/allocatable2.f90  -O3 -g  execution test
WARNING: program timed out.
FAIL: libgomp.fortran/allocatable2.f90  -Os  execution test
WARNING: program timed out.
FAIL: libgomp.fortran/appendix-a/a.18.1.f90  -O0  execution test
WARNING: program timed out.
FAIL: libgomp.fortran/appendix-a/a.18.1.f90  -O1  execution test
WARNING: program timed out.
FAIL: libgomp.fortran/appendix-a/a.18.1.f90  -O2  execution test
WARNING: program timed out.
FAIL: libgomp.fortran/appendix-a/a.18.1.f90  -O3 -fomit-frame-pointer  execution test
WARNING: program timed out.
FAIL: libgomp.fortran/appendix-a/a.18.1.f90  -O3 -fomit-frame-pointer -funroll-loops  execution test
WARNING: program timed out.
FAIL: libgomp.fortran/appendix-a/a.18.1.f90  -O3 -fomit-frame-pointer -funroll-all-loops -finline-functions  execution test
WARNING: program timed out.
FAIL: libgomp.fortran/appendix-a/a.18.1.f90  -O3 -g  execution test
WARNING: program timed out.
FAIL: libgomp.fortran/appendix-a/a.18.1.f90  -Os  execution test
WARNING: program timed out.
FAIL: libgomp.fortran/appendix-a/a.19.1.f90  -O0  execution test
WARNING: program timed out.
FAIL: libgomp.fortran/appendix-a/a.19.1.f90  -O1  execution test
WARNING: program timed out.
FAIL: libgomp.fortran/appendix-a/a.19.1.f90  -O2  execution test
WARNING: program timed out.
FAIL: libgomp.fortran/appendix-a/a.19.1.f90  -O3 -fomit-frame-pointer  execution test
WARNING: program timed out.
FAIL: libgomp.fortran/appendix-a/a.19.1.f90  -O3 -fomit-frame-pointer -funroll-loops  execution test
WARNING: program timed out.
FAIL: libgomp.fortran/appendix-a/a.19.1.f90  -O3 -fomit-frame-pointer -funroll-all-loops -finline-functions  execution test
WARNING: program timed out.
FAIL: libgomp.fortran/appendix-a/a.19.1.f90  -O3 -g  execution test
WARNING: program timed out.
FAIL: libgomp.fortran/appendix-a/a.19.1.f90  -Os  execution test
WARNING: program timed out.
FAIL: libgomp.fortran/appendix-a/a.2.1.f90  -O0  execution test
WARNING: program timed out.
FAIL: libgomp.fortran/appendix-a/a.2.1.f90  -O1  execution test
WARNING: program timed out.
FAIL: libgomp.fortran/appendix-a/a.2.1.f90  -O2  execution test
WARNING: program timed out.
FAIL: libgomp.fortran/appendix-a/a.2.1.f90  -O3 -fomit-frame-pointer  execution test
WARNING: program timed out.
FAIL: libgomp.fortran/appendix-a/a.2.1.f90  -O3 -fomit-frame-pointer -funroll-loops  execution test
WARNING: program timed out.
FAIL: libgomp.fortran/appendix-a/a.2.1.f90  -O3 -fomit-frame-pointer -funroll-all-loops -finline-functions  execution test
WARNING: program timed out.
FAIL: libgomp.fortran/appendix-a/a.2.1.f90  -O3 -g  execution test
WARNING: program timed out.
FAIL: libgomp.fortran/appendix-a/a.2.1.f90  -Os  execution test
WARNING: program timed out.
FAIL: libgomp.fortran/character1.f90  -O0  execution test
WARNING: program timed out.
FAIL: libgomp.fortran/character1.f90  -O1  execution test
WARNING: program timed out.
FAIL: libgomp.fortran/character1.f90  -O2  execution test
WARNING: program timed out.
FAIL: libgomp.fortran/character1.f90  -O3 -fomit-frame-pointer  execution test
WARNING: program timed out.
FAIL: libgomp.fortran/character1.f90  -O3 -fomit-frame-pointer -funroll-loops  execution test
WARNING: program timed out.
FAIL: libgomp.fortran/character1.f90  -O3 -fomit-frame-pointer -funroll-all-loops -finline-functions  execution test
WARNING: program timed out.
FAIL: libgomp.fortran/character1.f90  -O3 -g  execution test
WARNING: program timed out.
FAIL: libgomp.fortran/character1.f90  -Os  execution test
WARNING: program timed out.
FAIL: libgomp.fortran/character2.f90  -O0  execution test
WARNING: program timed out.
FAIL: libgomp.fortran/character2.f90  -O1  execution test
WARNING: program timed out.
FAIL: libgomp.fortran/character2.f90  -O2  execution test
WARNING: program timed out.
FAIL: libgomp.fortran/character2.f90  -O3 -fomit-frame-pointer  execution test
WARNING: program timed out.
FAIL: libgomp.fortran/character2.f90  -O3 -fomit-frame-pointer -funroll-loops  execution test
WARNING: program timed out.
FAIL: libgomp.fortran/character2.f90  -O3 -fomit-frame-pointer -funroll-all-loops -finline-functions  execution test
WARNING: program timed out.
FAIL: libgomp.fortran/character2.f90  -O3 -g  execution test
WARNING: program timed out.
FAIL: libgomp.fortran/character2.f90  -Os  execution test
WARNING: program timed out.
FAIL: libgomp.fortran/crayptr1.f90  -O0  execution test
WARNING: program timed out.
FAIL: libgomp.fortran/crayptr1.f90  -O1  execution test
WARNING: program timed out.
FAIL: libgomp.fortran/crayptr1.f90  -O2  execution test
WARNING: program timed out.
FAIL: libgomp.fortran/crayptr1.f90  -O3 -fomit-frame-pointer  execution test
WARNING: program timed out.
FAIL: libgomp.fortran/crayptr1.f90  -O3 -fomit-frame-pointer -funroll-loops  execution test
WARNING: program timed out.
FAIL: libgomp.fortran/crayptr1.f90  -O3 -fomit-frame-pointer -funroll-all-loops -finline-functions  execution test
WARNING: program timed out.
FAIL: libgomp.fortran/crayptr1.f90  -O3 -g  execution test
WARNING: program timed out.
FAIL: libgomp.fortran/crayptr1.f90  -Os  execution test
WARNING: program timed out.
FAIL: libgomp.fortran/crayptr2.f90  -O0  execution test
WARNING: program timed out.
FAIL: libgomp.fortran/crayptr2.f90  -O1  execution test
WARNING: program timed out.
FAIL: libgomp.fortran/crayptr2.f90  -O2  execution test
WARNING: program timed out.
FAIL: libgomp.fortran/crayptr2.f90  -O3 -fomit-frame-pointer  execution test
WARNING: program timed out.
FAIL: libgomp.fortran/crayptr2.f90  -O3 -fomit-frame-pointer -funroll-loops  execution test
WARNING: program timed out.
FAIL: libgomp.fortran/crayptr2.f90  -O3 -fomit-frame-pointer -funroll-all-loops -finline-functions  execution test
WARNING: program timed out.
FAIL: libgomp.fortran/crayptr2.f90  -O3 -g  execution test
WARNING: program timed out.
FAIL: libgomp.fortran/crayptr2.f90  -Os  execution test
WARNING: program timed out.
FAIL: libgomp.fortran/do1.f90  -O0  execution test
WARNING: program timed out.
FAIL: libgomp.fortran/do1.f90  -O1  execution test
WARNING: program timed out.
FAIL: libgomp.fortran/do1.f90  -O2  execution test
WARNING: program timed out.
FAIL: libgomp.fortran/do1.f90  -O3 -fomit-frame-pointer  execution test
WARNING: program timed out.
FAIL: libgomp.fortran/do1.f90  -O3 -fomit-frame-pointer -funroll-loops  execution test
WARNING: program timed out.
FAIL: libgomp.fortran/do1.f90  -O3 -fomit-frame-pointer -funroll-all-loops -finline-functions  execution test
WARNING: program timed out.
FAIL: libgomp.fortran/do1.f90  -O3 -g  execution test
WARNING: program timed out.
FAIL: libgomp.fortran/do1.f90  -Os  execution test
WARNING: program timed out.
FAIL: libgomp.fortran/do2.f90  -O0  execution test
WARNING: program timed out.
FAIL: libgomp.fortran/do2.f90  -O1  execution test
WARNING: program timed out.
FAIL: libgomp.fortran/do2.f90  -O2  execution test
WARNING: program timed out.
FAIL: libgomp.fortran/do2.f90  -O3 -fomit-frame-pointer  execution test
WARNING: program timed out.
FAIL: libgomp.fortran/do2.f90  -O3 -fomit-frame-pointer -funroll-loops  execution test
WARNING: program timed out.
FAIL: libgomp.fortran/do2.f90  -O3 -fomit-frame-pointer -funroll-all-loops -finline-functions  execution test
WARNING: program timed out.
FAIL: libgomp.fortran/do2.f90  -O3 -g  execution test
WARNING: program timed out.
FAIL: libgomp.fortran/do2.f90  -Os  execution test
WARNING: program timed out.
FAIL: libgomp.fortran/jacobi.f  -O0  execution test
WARNING: program timed out.
FAIL: libgomp.fortran/jacobi.f  -O1  execution test
WARNING: program timed out.
FAIL: libgomp.fortran/jacobi.f  -O2  execution test
WARNING: program timed out.
FAIL: libgomp.fortran/jacobi.f  -O3 -fomit-frame-pointer  execution test
WARNING: program timed out.
FAIL: libgomp.fortran/jacobi.f  -O3 -fomit-frame-pointer -funroll-loops  execution test
WARNING: program timed out.
FAIL: libgomp.fortran/jacobi.f  -O3 -fomit-frame-pointer -funroll-all-loops -finline-functions  execution test
WARNING: program timed out.
FAIL: libgomp.fortran/jacobi.f  -O3 -g  execution test
WARNING: program timed out.
FAIL: libgomp.fortran/jacobi.f  -Os  execution test
WARNING: program timed out.
FAIL: libgomp.fortran/lastprivate1.f90  -O  execution test
WARNING: program timed out.
FAIL: libgomp.fortran/lastprivate2.f90  -O  execution test
WARNING: program timed out.
FAIL: libgomp.fortran/lib1.f90  -O0  execution test
WARNING: program timed out.
FAIL: libgomp.fortran/lib1.f90  -O1  execution test
WARNING: program timed out.
FAIL: libgomp.fortran/lib1.f90  -O2  execution test
WARNING: program timed out.
FAIL: libgomp.fortran/lib1.f90  -O3 -fomit-frame-pointer  execution test
WARNING: program timed out.
FAIL: libgomp.fortran/lib1.f90  -O3 -fomit-frame-pointer -funroll-loops  execution test
WARNING: program timed out.
FAIL: libgomp.fortran/lib1.f90  -O3 -fomit-frame-pointer -funroll-all-loops -finline-functions  execution test
WARNING: program timed out.
FAIL: libgomp.fortran/lib1.f90  -O3 -g  execution test
WARNING: program timed out.
FAIL: libgomp.fortran/lib1.f90  -Os  execution test
WARNING: program timed out.
FAIL: libgomp.fortran/lib2.f  -O0  execution test
WARNING: program timed out.
FAIL: libgomp.fortran/lib2.f  -O1  execution test
WARNING: program timed out.
FAIL: libgomp.fortran/lib2.f  -O2  execution test
WARNING: program timed out.
FAIL: libgomp.fortran/lib2.f  -O3 -fomit-frame-pointer  execution test
WARNING: program timed out.
FAIL: libgomp.fortran/lib2.f  -O3 -fomit-frame-pointer -funroll-loops  execution test
WARNING: program timed out.
FAIL: libgomp.fortran/lib2.f  -O3 -fomit-frame-pointer -funroll-all-loops -finline-functions  execution test
WARNING: program timed out.
FAIL: libgomp.fortran/lib2.f  -O3 -g  execution test
WARNING: program timed out.
FAIL: libgomp.fortran/lib2.f  -Os  execution test
WARNING: program timed out.
FAIL: libgomp.fortran/lib3.f  -O0  execution test
WARNING: program timed out.
FAIL: libgomp.fortran/lib3.f  -O1  execution test
WARNING: program timed out.
FAIL: libgomp.fortran/lib3.f  -O2  execution test
WARNING: program timed out.
FAIL: libgomp.fortran/lib3.f  -O3 -fomit-frame-pointer  execution test
WARNING: program timed out.
FAIL: libgomp.fortran/lib3.f  -O3 -fomit-frame-pointer -funroll-loops  execution test
WARNING: program timed out.
FAIL: libgomp.fortran/lib3.f  -O3 -fomit-frame-pointer -funroll-all-loops -finline-functions  execution test
WARNING: program timed out.
FAIL: libgomp.fortran/lib3.f  -O3 -g  execution test
WARNING: program timed out.
FAIL: libgomp.fortran/lib3.f  -Os  execution test
WARNING: program timed out.
FAIL: libgomp.fortran/nested1.f90  -O0  execution test
WARNING: program timed out.
FAIL: libgomp.fortran/nested1.f90  -O1  execution test
WARNING: program timed out.
FAIL: libgomp.fortran/nested1.f90  -O2  execution test
WARNING: program timed out.
FAIL: libgomp.fortran/nested1.f90  -O3 -fomit-frame-pointer  execution test
WARNING: program timed out.
FAIL: libgomp.fortran/nested1.f90  -O3 -fomit-frame-pointer -funroll-loops  execution test
WARNING: program timed out.
FAIL: libgomp.fortran/nested1.f90  -O3 -fomit-frame-pointer -funroll-all-loops -finline-functions  execution test
WARNING: program timed out.
FAIL: libgomp.fortran/nested1.f90  -O3 -g  execution test
WARNING: program timed out.
FAIL: libgomp.fortran/nested1.f90  -Os  execution test
WARNING: program timed out.
FAIL: libgomp.fortran/nestedfn1.f90  -O0  execution test
WARNING: program timed out.
FAIL: libgomp.fortran/nestedfn1.f90  -O1  execution test
WARNING: program timed out.
FAIL: libgomp.fortran/nestedfn1.f90  -O2  execution test
WARNING: program timed out.
FAIL: libgomp.fortran/nestedfn1.f90  -O3 -fomit-frame-pointer  execution test
WARNING: program timed out.
FAIL: libgomp.fortran/nestedfn1.f90  -O3 -fomit-frame-pointer -funroll-loops  execution test
WARNING: program timed out.
FAIL: libgomp.fortran/nestedfn1.f90  -O3 -fomit-frame-pointer -funroll-all-loops -finline-functions  execution test
WARNING: program timed out.
FAIL: libgomp.fortran/nestedfn1.f90  -O3 -g  execution test
WARNING: program timed out.
FAIL: libgomp.fortran/nestedfn1.f90  -Os  execution test
WARNING: program timed out.
FAIL: libgomp.fortran/nestedfn2.f90  -O0  execution test
WARNING: program timed out.
FAIL: libgomp.fortran/nestedfn2.f90  -O1  execution test
WARNING: program timed out.
FAIL: libgomp.fortran/nestedfn2.f90  -O2  execution test
WARNING: program timed out.
FAIL: libgomp.fortran/nestedfn2.f90  -O3 -fomit-frame-pointer  execution test
WARNING: program timed out.
FAIL: libgomp.fortran/nestedfn2.f90  -O3 -fomit-frame-pointer -funroll-loops  execution test
WARNING: program timed out.
FAIL: libgomp.fortran/nestedfn2.f90  -O3 -fomit-frame-pointer -funroll-all-loops -finline-functions  execution test
WARNING: program timed out.
FAIL: libgomp.fortran/nestedfn2.f90  -O3 -g  execution test
WARNING: program timed out.
FAIL: libgomp.fortran/nestedfn2.f90  -Os  execution test
WARNING: program timed out.
FAIL: libgomp.fortran/nestedfn3.f90  -O0  execution test
WARNING: program timed out.
FAIL: libgomp.fortran/nestedfn3.f90  -O1  execution test
WARNING: program timed out.
FAIL: libgomp.fortran/nestedfn3.f90  -O2  execution test
WARNING: program timed out.
FAIL: libgomp.fortran/nestedfn3.f90  -O3 -fomit-frame-pointer  execution test
WARNING: program timed out.
FAIL: libgomp.fortran/nestedfn3.f90  -O3 -fomit-frame-pointer -funroll-loops  execution test
WARNING: program timed out.
FAIL: libgomp.fortran/nestedfn3.f90  -O3 -fomit-frame-pointer -funroll-all-loops -finline-functions  execution test
WARNING: program timed out.
FAIL: libgomp.fortran/nestedfn3.f90  -O3 -g  execution test
WARNING: program timed out.
FAIL: libgomp.fortran/nestedfn3.f90  -Os  execution test
WARNING: program timed out.
FAIL: libgomp.fortran/omp_parse1.f90  -O0  execution test
WARNING: program timed out.
FAIL: libgomp.fortran/omp_parse1.f90  -O1  execution test
WARNING: program timed out.
FAIL: libgomp.fortran/omp_parse1.f90  -O2  execution test
WARNING: program timed out.
FAIL: libgomp.fortran/omp_parse1.f90  -O3 -fomit-frame-pointer  execution test
WARNING: program timed out.
FAIL: libgomp.fortran/omp_parse1.f90  -O3 -fomit-frame-pointer -funroll-loops  execution test
WARNING: program timed out.
FAIL: libgomp.fortran/omp_parse1.f90  -O3 -fomit-frame-pointer -funroll-all-loops -finline-functions  execution test
WARNING: program timed out.
FAIL: libgomp.fortran/omp_parse1.f90  -O3 -g  execution test
WARNING: program timed out.
FAIL: libgomp.fortran/omp_parse1.f90  -Os  execution test
WARNING: program timed out.
FAIL: libgomp.fortran/omp_parse2.f90  -O0  execution test
WARNING: program timed out.
FAIL: libgomp.fortran/omp_parse2.f90  -O1  execution test
WARNING: program timed out.
FAIL: libgomp.fortran/omp_parse2.f90  -O2  execution test
WARNING: program timed out.
FAIL: libgomp.fortran/omp_parse2.f90  -O3 -fomit-frame-pointer  execution test
WARNING: program timed out.
FAIL: libgomp.fortran/omp_parse2.f90  -O3 -fomit-frame-pointer -funroll-loops  execution test
WARNING: program timed out.
FAIL: libgomp.fortran/omp_parse2.f90  -O3 -fomit-frame-pointer -funroll-all-loops -finline-functions  execution test
WARNING: program timed out.
FAIL: libgomp.fortran/omp_parse2.f90  -O3 -g  execution test
WARNING: program timed out.
FAIL: libgomp.fortran/omp_parse2.f90  -Os  execution test
WARNING: program timed out.
FAIL: libgomp.fortran/omp_parse3.f90  -O0  execution test
WARNING: program timed out.
FAIL: libgomp.fortran/omp_parse3.f90  -O1  execution test
WARNING: program timed out.
FAIL: libgomp.fortran/omp_parse3.f90  -O2  execution test
WARNING: program timed out.
FAIL: libgomp.fortran/omp_parse3.f90  -O3 -fomit-frame-pointer  execution test
WARNING: program timed out.
FAIL: libgomp.fortran/omp_parse3.f90  -O3 -fomit-frame-pointer -funroll-loops  execution test
WARNING: program timed out.
FAIL: libgomp.fortran/omp_parse3.f90  -O3 -fomit-frame-pointer -funroll-all-loops -finline-functions  execution test
WARNING: program timed out.
FAIL: libgomp.fortran/omp_parse3.f90  -O3 -g  execution test
WARNING: program timed out.
FAIL: libgomp.fortran/omp_parse3.f90  -Os  execution test
WARNING: program timed out.
FAIL: libgomp.fortran/omp_parse4.f90  -O0  execution test
WARNING: program timed out.
FAIL: libgomp.fortran/omp_parse4.f90  -O1  execution test
WARNING: program timed out.
FAIL: libgomp.fortran/omp_parse4.f90  -O2  execution test
WARNING: program timed out.
FAIL: libgomp.fortran/omp_parse4.f90  -O3 -fomit-frame-pointer  execution test
WARNING: program timed out.
FAIL: libgomp.fortran/omp_parse4.f90  -O3 -fomit-frame-pointer -funroll-loops  execution test
WARNING: program timed out.
FAIL: libgomp.fortran/omp_parse4.f90  -O3 -fomit-frame-pointer -funroll-all-loops -finline-functions  execution test
WARNING: program timed out.
FAIL: libgomp.fortran/omp_parse4.f90  -O3 -g  execution test
WARNING: program timed out.
FAIL: libgomp.fortran/omp_parse4.f90  -Os  execution test
WARNING: program timed out.
FAIL: libgomp.fortran/pr25162.f  -O0  execution test
WARNING: program timed out.
FAIL: libgomp.fortran/pr25162.f  -O1  execution test
WARNING: program timed out.
FAIL: libgomp.fortran/pr25162.f  -O2  execution test
WARNING: program timed out.
FAIL: libgomp.fortran/pr25162.f  -O3 -fomit-frame-pointer  execution test
WARNING: program timed out.
FAIL: libgomp.fortran/pr25162.f  -O3 -fomit-frame-pointer -funroll-loops  execution test
WARNING: program timed out.
FAIL: libgomp.fortran/pr25162.f  -O3 -fomit-frame-pointer -funroll-all-loops -finline-functions  execution test
WARNING: program timed out.
FAIL: libgomp.fortran/pr25162.f  -O3 -g  execution test
WARNING: program timed out.
FAIL: libgomp.fortran/pr25162.f  -Os  execution test
WARNING: program timed out.
FAIL: libgomp.fortran/pr27395-1.f90  -O0  execution test
WARNING: program timed out.
FAIL: libgomp.fortran/pr27395-1.f90  -O1  execution test
WARNING: program timed out.
FAIL: libgomp.fortran/pr27395-1.f90  -O2  execution test
WARNING: program timed out.
FAIL: libgomp.fortran/pr27395-1.f90  -O3 -fomit-frame-pointer  execution test
WARNING: program timed out.
FAIL: libgomp.fortran/pr27395-1.f90  -O3 -fomit-frame-pointer -funroll-loops  execution test
WARNING: program timed out.
FAIL: libgomp.fortran/pr27395-1.f90  -O3 -fomit-frame-pointer -funroll-all-loops -finline-functions  execution test
WARNING: program timed out.
FAIL: libgomp.fortran/pr27395-1.f90  -O3 -g  execution test
WARNING: program timed out.
FAIL: libgomp.fortran/pr27395-1.f90  -Os  execution test
WARNING: program timed out.
FAIL: libgomp.fortran/pr27395-2.f90  -O0  execution test
WARNING: program timed out.
FAIL: libgomp.fortran/pr27395-2.f90  -O1  execution test
WARNING: program timed out.
FAIL: libgomp.fortran/pr27395-2.f90  -O2  execution test
WARNING: program timed out.
FAIL: libgomp.fortran/pr27395-2.f90  -O3 -fomit-frame-pointer  execution test
WARNING: program timed out.
FAIL: libgomp.fortran/pr27395-2.f90  -O3 -fomit-frame-pointer -funroll-loops  execution test
WARNING: program timed out.
FAIL: libgomp.fortran/pr27395-2.f90  -O3 -fomit-frame-pointer -funroll-all-loops -finline-functions  execution test
WARNING: program timed out.
FAIL: libgomp.fortran/pr27395-2.f90  -O3 -g  execution test
WARNING: program timed out.
FAIL: libgomp.fortran/pr27395-2.f90  -Os  execution test
WARNING: program timed out.
FAIL: libgomp.fortran/pr27416-1.f90  -O0  execution test
WARNING: program timed out.
FAIL: libgomp.fortran/pr27416-1.f90  -O1  execution test
WARNING: program timed out.
FAIL: libgomp.fortran/pr27416-1.f90  -O2  execution test
WARNING: program timed out.
FAIL: libgomp.fortran/pr27416-1.f90  -O3 -fomit-frame-pointer  execution test
WARNING: program timed out.
FAIL: libgomp.fortran/pr27416-1.f90  -O3 -fomit-frame-pointer -funroll-loops  execution test
WARNING: program timed out.
FAIL: libgomp.fortran/pr27416-1.f90  -O3 -fomit-frame-pointer -funroll-all-loops -finline-functions  execution test
WARNING: program timed out.
FAIL: libgomp.fortran/pr27416-1.f90  -O3 -g  execution test
WARNING: program timed out.
FAIL: libgomp.fortran/pr27416-1.f90  -Os  execution test
WARNING: program timed out.
FAIL: libgomp.fortran/pr27916-1.f90  -O0  execution test
WARNING: program timed out.
FAIL: libgomp.fortran/pr27916-1.f90  -O1  execution test
WARNING: program timed out.
FAIL: libgomp.fortran/pr27916-1.f90  -O2  execution test
WARNING: program timed out.
FAIL: libgomp.fortran/pr27916-1.f90  -O3 -fomit-frame-pointer  execution test
WARNING: program timed out.
FAIL: libgomp.fortran/pr27916-1.f90  -O3 -fomit-frame-pointer -funroll-loops  execution test
WARNING: program timed out.
FAIL: libgomp.fortran/pr27916-1.f90  -O3 -fomit-frame-pointer -funroll-all-loops -finline-functions  execution test
WARNING: program timed out.
FAIL: libgomp.fortran/pr27916-1.f90  -O3 -g  execution test
WARNING: program timed out.
FAIL: libgomp.fortran/pr27916-1.f90  -Os  execution test
WARNING: program timed out.
FAIL: libgomp.fortran/pr27916-2.f90  -O0  execution test
WARNING: program timed out.
FAIL: libgomp.fortran/pr27916-2.f90  -O1  execution test
WARNING: program timed out.
FAIL: libgomp.fortran/pr27916-2.f90  -O2  execution test
WARNING: program timed out.
FAIL: libgomp.fortran/pr27916-2.f90  -O3 -fomit-frame-pointer  execution test
WARNING: program timed out.
FAIL: libgomp.fortran/pr27916-2.f90  -O3 -fomit-frame-pointer -funroll-loops  execution test
WARNING: program timed out.
FAIL: libgomp.fortran/pr27916-2.f90  -O3 -fomit-frame-pointer -funroll-all-loops -finline-functions  execution test
WARNING: program timed out.
FAIL: libgomp.fortran/pr27916-2.f90  -O3 -g  execution test
WARNING: program timed out.
FAIL: libgomp.fortran/pr27916-2.f90  -Os  execution test
WARNING: program timed out.
FAIL: libgomp.fortran/pr29629.f90  -O0  execution test
WARNING: program timed out.
FAIL: libgomp.fortran/pr29629.f90  -O1  execution test
WARNING: program timed out.
FAIL: libgomp.fortran/pr29629.f90  -O2  execution test
WARNING: program timed out.
FAIL: libgomp.fortran/pr29629.f90  -O3 -fomit-frame-pointer  execution test
WARNING: program timed out.
FAIL: libgomp.fortran/pr29629.f90  -O3 -fomit-frame-pointer -funroll-loops  execution test
WARNING: program timed out.
FAIL: libgomp.fortran/pr29629.f90  -O3 -fomit-frame-pointer -funroll-all-loops -finline-functions  execution test
WARNING: program timed out.
FAIL: libgomp.fortran/pr29629.f90  -O3 -g  execution test
WARNING: program timed out.
FAIL: libgomp.fortran/pr29629.f90  -Os  execution test
WARNING: program timed out.
FAIL: libgomp.fortran/pr34020.f90  -O0  execution test
WARNING: program timed out.
FAIL: libgomp.fortran/pr34020.f90  -O1  execution test
WARNING: program timed out.
FAIL: libgomp.fortran/pr34020.f90  -O2  execution test
WARNING: program timed out.
FAIL: libgomp.fortran/pr34020.f90  -O3 -fomit-frame-pointer  execution test
WARNING: program timed out.
FAIL: libgomp.fortran/pr34020.f90  -O3 -fomit-frame-pointer -funroll-loops  execution test
WARNING: program timed out.
FAIL: libgomp.fortran/pr34020.f90  -O3 -fomit-frame-pointer -funroll-all-loops -finline-functions  execution test
WARNING: program timed out.
FAIL: libgomp.fortran/pr34020.f90  -O3 -g  execution test
WARNING: program timed out.
FAIL: libgomp.fortran/pr34020.f90  -Os  execution test
WARNING: program timed out.
FAIL: libgomp.fortran/pr42162.f90  -O0  execution test
WARNING: program timed out.
FAIL: libgomp.fortran/pr42162.f90  -O1  execution test
WARNING: program timed out.
FAIL: libgomp.fortran/pr42162.f90  -O2  execution test
WARNING: program timed out.
FAIL: libgomp.fortran/pr42162.f90  -O3 -fomit-frame-pointer  execution test
WARNING: program timed out.
FAIL: libgomp.fortran/pr42162.f90  -O3 -fomit-frame-pointer -funroll-loops  execution test
WARNING: program timed out.
FAIL: libgomp.fortran/pr42162.f90  -O3 -fomit-frame-pointer -funroll-all-loops -finline-functions  execution test
WARNING: program timed out.
FAIL: libgomp.fortran/pr42162.f90  -O3 -g  execution test
WARNING: program timed out.
FAIL: libgomp.fortran/pr42162.f90  -Os  execution test
WARNING: program timed out.
FAIL: libgomp.fortran/reduction1.f90  -O0  execution test
WARNING: program timed out.
FAIL: libgomp.fortran/reduction1.f90  -O1  execution test
WARNING: program timed out.
FAIL: libgomp.fortran/reduction1.f90  -O2  execution test
WARNING: program timed out.
FAIL: libgomp.fortran/reduction1.f90  -O3 -fomit-frame-pointer  execution test
WARNING: program timed out.
FAIL: libgomp.fortran/reduction1.f90  -O3 -fomit-frame-pointer -funroll-loops  execution test
WARNING: program timed out.
FAIL: libgomp.fortran/reduction1.f90  -O3 -fomit-frame-pointer -funroll-all-loops -finline-functions  execution test
WARNING: program timed out.
FAIL: libgomp.fortran/reduction1.f90  -O3 -g  execution test
WARNING: program timed out.
FAIL: libgomp.fortran/reduction1.f90  -Os  execution test
WARNING: program timed out.
FAIL: libgomp.fortran/reduction2.f90  -O0  execution test
WARNING: program timed out.
FAIL: libgomp.fortran/reduction2.f90  -O1  execution test
WARNING: program timed out.
FAIL: libgomp.fortran/reduction2.f90  -O2  execution test
WARNING: program timed out.
FAIL: libgomp.fortran/reduction2.f90  -O3 -fomit-frame-pointer  execution test
WARNING: program timed out.
FAIL: libgomp.fortran/reduction2.f90  -O3 -fomit-frame-pointer -funroll-loops  execution test
WARNING: program timed out.
FAIL: libgomp.fortran/reduction2.f90  -O3 -fomit-frame-pointer -funroll-all-loops -finline-functions  execution test
WARNING: program timed out.
FAIL: libgomp.fortran/reduction2.f90  -O3 -g  execution test
WARNING: program timed out.
FAIL: libgomp.fortran/reduction2.f90  -Os  execution test
WARNING: program timed out.
FAIL: libgomp.fortran/reduction3.f90  -O0  execution test
WARNING: program timed out.
FAIL: libgomp.fortran/reduction3.f90  -O1  execution test
WARNING: program timed out.
FAIL: libgomp.fortran/reduction3.f90  -O2  execution test
WARNING: program timed out.
FAIL: libgomp.fortran/reduction3.f90  -O3 -fomit-frame-pointer  execution test
WARNING: program timed out.
FAIL: libgomp.fortran/reduction3.f90  -O3 -fomit-frame-pointer -funroll-loops  execution test
WARNING: program timed out.
FAIL: libgomp.fortran/reduction3.f90  -O3 -fomit-frame-pointer -funroll-all-loops -finline-functions  execution test
WARNING: program timed out.
FAIL: libgomp.fortran/reduction3.f90  -O3 -g  execution test
WARNING: program timed out.
FAIL: libgomp.fortran/reduction3.f90  -Os  execution test
WARNING: program timed out.
FAIL: libgomp.fortran/reduction4.f90  -O0  execution test
WARNING: program timed out.
FAIL: libgomp.fortran/reduction4.f90  -O1  execution test
WARNING: program timed out.
FAIL: libgomp.fortran/reduction4.f90  -O2  execution test
WARNING: program timed out.
FAIL: libgomp.fortran/reduction4.f90  -O3 -fomit-frame-pointer  execution test
WARNING: program timed out.
FAIL: libgomp.fortran/reduction4.f90  -O3 -fomit-frame-pointer -funroll-loops  execution test
WARNING: program timed out.
FAIL: libgomp.fortran/reduction4.f90  -O3 -fomit-frame-pointer -funroll-all-loops -finline-functions  execution test
WARNING: program timed out.
FAIL: libgomp.fortran/reduction4.f90  -O3 -g  execution test
WARNING: program timed out.
FAIL: libgomp.fortran/reduction4.f90  -Os  execution test
WARNING: program timed out.
FAIL: libgomp.fortran/reduction5.f90  -O0  execution test
WARNING: program timed out.
FAIL: libgomp.fortran/reduction5.f90  -O1  execution test
WARNING: program timed out.
FAIL: libgomp.fortran/reduction5.f90  -O2  execution test
WARNING: program timed out.
FAIL: libgomp.fortran/reduction5.f90  -O3 -fomit-frame-pointer  execution test
WARNING: program timed out.
FAIL: libgomp.fortran/reduction5.f90  -O3 -fomit-frame-pointer -funroll-loops  execution test
WARNING: program timed out.
FAIL: libgomp.fortran/reduction5.f90  -O3 -fomit-frame-pointer -funroll-all-loops -finline-functions  execution test
WARNING: program timed out.
FAIL: libgomp.fortran/reduction5.f90  -O3 -g  execution test
WARNING: program timed out.
FAIL: libgomp.fortran/reduction5.f90  -Os  execution test
WARNING: program timed out.
FAIL: libgomp.fortran/reduction6.f90  -O0  execution test
WARNING: program timed out.
FAIL: libgomp.fortran/reduction6.f90  -O1  execution test
WARNING: program timed out.
FAIL: libgomp.fortran/reduction6.f90  -O2  execution test
WARNING: program timed out.
FAIL: libgomp.fortran/reduction6.f90  -O3 -fomit-frame-pointer  execution test
WARNING: program timed out.
FAIL: libgomp.fortran/reduction6.f90  -O3 -fomit-frame-pointer -funroll-loops  execution test
WARNING: program timed out.
FAIL: libgomp.fortran/reduction6.f90  -O3 -fomit-frame-pointer -funroll-all-loops -finline-functions  execution test
WARNING: program timed out.
FAIL: libgomp.fortran/reduction6.f90  -O3 -g  execution test
WARNING: program timed out.
FAIL: libgomp.fortran/reduction6.f90  -Os  execution test
WARNING: program timed out.
FAIL: libgomp.fortran/reference1.f90  -O0  execution test
WARNING: program timed out.
FAIL: libgomp.fortran/reference1.f90  -O1  execution test
WARNING: program timed out.
FAIL: libgomp.fortran/reference1.f90  -O2  execution test
WARNING: program timed out.
FAIL: libgomp.fortran/reference1.f90  -O3 -fomit-frame-pointer  execution test
WARNING: program timed out.
FAIL: libgomp.fortran/reference1.f90  -O3 -fomit-frame-pointer -funroll-loops  execution test
WARNING: program timed out.
FAIL: libgomp.fortran/reference1.f90  -O3 -fomit-frame-pointer -funroll-all-loops -finline-functions  execution test
WARNING: program timed out.
FAIL: libgomp.fortran/reference1.f90  -O3 -g  execution test
WARNING: program timed out.
FAIL: libgomp.fortran/reference1.f90  -Os  execution test
WARNING: program timed out.
FAIL: libgomp.fortran/retval1.f90  -O0  execution test
WARNING: program timed out.
FAIL: libgomp.fortran/retval1.f90  -O1  execution test
WARNING: program timed out.
FAIL: libgomp.fortran/retval1.f90  -O2  execution test
WARNING: program timed out.
FAIL: libgomp.fortran/retval1.f90  -O3 -fomit-frame-pointer  execution test
WARNING: program timed out.
FAIL: libgomp.fortran/retval1.f90  -O3 -fomit-frame-pointer -funroll-loops  execution test
WARNING: program timed out.
FAIL: libgomp.fortran/retval1.f90  -O3 -fomit-frame-pointer -funroll-all-loops -finline-functions  execution test
WARNING: program timed out.
FAIL: libgomp.fortran/retval1.f90  -O3 -g  execution test
WARNING: program timed out.
FAIL: libgomp.fortran/retval1.f90  -Os  execution test
WARNING: program timed out.
FAIL: libgomp.fortran/retval2.f90  -O0  execution test
WARNING: program timed out.
FAIL: libgomp.fortran/retval2.f90  -O1  execution test
WARNING: program timed out.
FAIL: libgomp.fortran/retval2.f90  -O2  execution test
WARNING: program timed out.
FAIL: libgomp.fortran/retval2.f90  -O3 -fomit-frame-pointer  execution test
WARNING: program timed out.
FAIL: libgomp.fortran/retval2.f90  -O3 -fomit-frame-pointer -funroll-loops  execution test
WARNING: program timed out.
FAIL: libgomp.fortran/retval2.f90  -O3 -fomit-frame-pointer -funroll-all-loops -finline-functions  execution test
WARNING: program timed out.
FAIL: libgomp.fortran/retval2.f90  -O3 -g  execution test
WARNING: program timed out.
FAIL: libgomp.fortran/retval2.f90  -Os  execution test
WARNING: program timed out.
FAIL: libgomp.fortran/sharing1.f90  -O0  execution test
WARNING: program timed out.
FAIL: libgomp.fortran/sharing1.f90  -O1  execution test
WARNING: program timed out.
FAIL: libgomp.fortran/sharing1.f90  -O2  execution test
WARNING: program timed out.
FAIL: libgomp.fortran/sharing1.f90  -O3 -fomit-frame-pointer  execution test
WARNING: program timed out.
FAIL: libgomp.fortran/sharing1.f90  -O3 -fomit-frame-pointer -funroll-loops  execution test
WARNING: program timed out.
FAIL: libgomp.fortran/sharing1.f90  -O3 -fomit-frame-pointer -funroll-all-loops -finline-functions  execution test
WARNING: program timed out.
FAIL: libgomp.fortran/sharing1.f90  -O3 -g  execution test
WARNING: program timed out.
FAIL: libgomp.fortran/sharing1.f90  -Os  execution test
WARNING: program timed out.
FAIL: libgomp.fortran/sharing2.f90  -O0  execution test
WARNING: program timed out.
FAIL: libgomp.fortran/sharing2.f90  -O1  execution test
WARNING: program timed out.
FAIL: libgomp.fortran/sharing2.f90  -O2  execution test
WARNING: program timed out.
FAIL: libgomp.fortran/sharing2.f90  -O3 -fomit-frame-pointer  execution test
WARNING: program timed out.
FAIL: libgomp.fortran/sharing2.f90  -O3 -fomit-frame-pointer -funroll-loops  execution test
WARNING: program timed out.
FAIL: libgomp.fortran/sharing2.f90  -O3 -fomit-frame-pointer -funroll-all-loops -finline-functions  execution test
WARNING: program timed out.
FAIL: libgomp.fortran/sharing2.f90  -O3 -g  execution test
WARNING: program timed out.
FAIL: libgomp.fortran/sharing2.f90  -Os  execution test
WARNING: program timed out.
FAIL: libgomp.fortran/stack.f90  -O0  execution test
WARNING: program timed out.
FAIL: libgomp.fortran/stack.f90  -O1  execution test
WARNING: program timed out.
FAIL: libgomp.fortran/stack.f90  -O2  execution test
WARNING: program timed out.
FAIL: libgomp.fortran/stack.f90  -O3 -fomit-frame-pointer  execution test
WARNING: program timed out.
FAIL: libgomp.fortran/stack.f90  -O3 -fomit-frame-pointer -funroll-loops  execution test
WARNING: program timed out.
FAIL: libgomp.fortran/stack.f90  -O3 -fomit-frame-pointer -funroll-all-loops -finline-functions  execution test
WARNING: program timed out.
FAIL: libgomp.fortran/stack.f90  -O3 -g  execution test
WARNING: program timed out.
FAIL: libgomp.fortran/stack.f90  -Os  execution test
WARNING: program timed out.
FAIL: libgomp.fortran/task2.f90  -O  execution test
WARNING: program timed out.
FAIL: libgomp.fortran/threadprivate1.f90  -O0  execution test
WARNING: program timed out.
FAIL: libgomp.fortran/threadprivate1.f90  -O1  execution test
WARNING: program timed out.
FAIL: libgomp.fortran/threadprivate1.f90  -O2  execution test
WARNING: program timed out.
FAIL: libgomp.fortran/threadprivate1.f90  -O3 -fomit-frame-pointer  execution test
WARNING: program timed out.
FAIL: libgomp.fortran/threadprivate1.f90  -O3 -fomit-frame-pointer -funroll-loops  execution test
WARNING: program timed out.
FAIL: libgomp.fortran/threadprivate1.f90  -O3 -fomit-frame-pointer -funroll-all-loops -finline-functions  execution test
WARNING: program timed out.
FAIL: libgomp.fortran/threadprivate1.f90  -O3 -g  execution test
WARNING: program timed out.
FAIL: libgomp.fortran/threadprivate1.f90  -Os  execution test
WARNING: program timed out.
FAIL: libgomp.fortran/threadprivate2.f90  -O0  execution test
WARNING: program timed out.
FAIL: libgomp.fortran/threadprivate2.f90  -O1  execution test
WARNING: program timed out.
FAIL: libgomp.fortran/threadprivate2.f90  -O2  execution test
WARNING: program timed out.
FAIL: libgomp.fortran/threadprivate2.f90  -O3 -fomit-frame-pointer  execution test
WARNING: program timed out.
FAIL: libgomp.fortran/threadprivate2.f90  -O3 -fomit-frame-pointer -funroll-loops  execution test
WARNING: program timed out.
FAIL: libgomp.fortran/threadprivate2.f90  -O3 -fomit-frame-pointer -funroll-all-loops -finline-functions  execution test
WARNING: program timed out.
FAIL: libgomp.fortran/threadprivate2.f90  -O3 -g  execution test
WARNING: program timed out.
FAIL: libgomp.fortran/threadprivate2.f90  -Os  execution test
WARNING: program timed out.
FAIL: libgomp.fortran/threadprivate3.f90  -O0  execution test
WARNING: program timed out.
FAIL: libgomp.fortran/threadprivate3.f90  -O1  execution test
WARNING: program timed out.
FAIL: libgomp.fortran/threadprivate3.f90  -O2  execution test
WARNING: program timed out.
FAIL: libgomp.fortran/threadprivate3.f90  -O3 -fomit-frame-pointer  execution test
WARNING: program timed out.
FAIL: libgomp.fortran/threadprivate3.f90  -O3 -fomit-frame-pointer -funroll-loops  execution test
WARNING: program timed out.
FAIL: libgomp.fortran/threadprivate3.f90  -O3 -fomit-frame-pointer -funroll-all-loops -finline-functions  execution test
WARNING: program timed out.
FAIL: libgomp.fortran/threadprivate3.f90  -O3 -g  execution test
WARNING: program timed out.
FAIL: libgomp.fortran/threadprivate3.f90  -Os  execution test
WARNING: program timed out.
FAIL: libgomp.fortran/vla1.f90  -O0  execution test
WARNING: program timed out.
FAIL: libgomp.fortran/vla1.f90  -O1  execution test
WARNING: program timed out.
FAIL: libgomp.fortran/vla1.f90  -O2  execution test
WARNING: program timed out.
FAIL: libgomp.fortran/vla1.f90  -O3 -fomit-frame-pointer  execution test
WARNING: program timed out.
FAIL: libgomp.fortran/vla1.f90  -O3 -fomit-frame-pointer -funroll-loops  execution test
WARNING: program timed out.
FAIL: libgomp.fortran/vla1.f90  -O3 -fomit-frame-pointer -funroll-all-loops -finline-functions  execution test
WARNING: program timed out.
FAIL: libgomp.fortran/vla1.f90  -O3 -g  execution test
WARNING: program timed out.
FAIL: libgomp.fortran/vla1.f90  -Os  execution test
WARNING: program timed out.
FAIL: libgomp.fortran/vla2.f90  -O0  execution test
WARNING: program timed out.
FAIL: libgomp.fortran/vla2.f90  -O1  execution test
WARNING: program timed out.
FAIL: libgomp.fortran/vla2.f90  -O2  execution test
WARNING: program timed out.
FAIL: libgomp.fortran/vla2.f90  -O3 -fomit-frame-pointer  execution test
WARNING: program timed out.
FAIL: libgomp.fortran/vla2.f90  -O3 -fomit-frame-pointer -funroll-loops  execution test
WARNING: program timed out.
FAIL: libgomp.fortran/vla2.f90  -O3 -fomit-frame-pointer -funroll-all-loops -finline-functions  execution test
WARNING: program timed out.
FAIL: libgomp.fortran/vla2.f90  -O3 -g  execution test
WARNING: program timed out.
FAIL: libgomp.fortran/vla2.f90  -Os  execution test
WARNING: program timed out.
FAIL: libgomp.fortran/vla3.f90  -O0  execution test
WARNING: program timed out.
FAIL: libgomp.fortran/vla3.f90  -O1  execution test
WARNING: program timed out.
FAIL: libgomp.fortran/vla3.f90  -O2  execution test
WARNING: program timed out.
FAIL: libgomp.fortran/vla3.f90  -O3 -fomit-frame-pointer  execution test
WARNING: program timed out.
FAIL: libgomp.fortran/vla3.f90  -O3 -fomit-frame-pointer -funroll-loops  execution test
WARNING: program timed out.
FAIL: libgomp.fortran/vla3.f90  -O3 -fomit-frame-pointer -funroll-all-loops -finline-functions  execution test
WARNING: program timed out.
FAIL: libgomp.fortran/vla3.f90  -O3 -g  execution test
WARNING: program timed out.
FAIL: libgomp.fortran/vla3.f90  -Os  execution test
WARNING: program timed out.
FAIL: libgomp.fortran/vla4.f90  -O0  execution test
WARNING: program timed out.
FAIL: libgomp.fortran/vla4.f90  -O1  execution test
WARNING: program timed out.
FAIL: libgomp.fortran/vla4.f90  -O2  execution test
WARNING: program timed out.
FAIL: libgomp.fortran/vla4.f90  -O3 -fomit-frame-pointer  execution test
WARNING: program timed out.
FAIL: libgomp.fortran/vla4.f90  -O3 -fomit-frame-pointer -funroll-loops  execution test
WARNING: program timed out.
FAIL: libgomp.fortran/vla4.f90  -O3 -fomit-frame-pointer -funroll-all-loops -finline-functions  execution test
WARNING: program timed out.
FAIL: libgomp.fortran/vla4.f90  -O3 -g  execution test
WARNING: program timed out.
FAIL: libgomp.fortran/vla4.f90  -Os  execution test
WARNING: program timed out.
FAIL: libgomp.fortran/vla5.f90  -O0  execution test
WARNING: program timed out.
FAIL: libgomp.fortran/vla5.f90  -O1  execution test
WARNING: program timed out.
FAIL: libgomp.fortran/vla5.f90  -O2  execution test
WARNING: program timed out.
FAIL: libgomp.fortran/vla5.f90  -O3 -fomit-frame-pointer  execution test
WARNING: program timed out.
FAIL: libgomp.fortran/vla5.f90  -O3 -fomit-frame-pointer -funroll-loops  execution test
WARNING: program timed out.
FAIL: libgomp.fortran/vla5.f90  -O3 -fomit-frame-pointer -funroll-all-loops -finline-functions  execution test
WARNING: program timed out.
FAIL: libgomp.fortran/vla5.f90  -O3 -g  execution test
WARNING: program timed out.
FAIL: libgomp.fortran/vla5.f90  -Os  execution test
WARNING: program timed out.
FAIL: libgomp.fortran/vla6.f90  -O0  execution test
WARNING: program timed out.
FAIL: libgomp.fortran/vla6.f90  -O1  execution test
WARNING: program timed out.
FAIL: libgomp.fortran/vla6.f90  -O2  execution test
WARNING: program timed out.
FAIL: libgomp.fortran/vla6.f90  -O3 -fomit-frame-pointer  execution test
WARNING: program timed out.
FAIL: libgomp.fortran/vla6.f90  -O3 -fomit-frame-pointer -funroll-loops  execution test
WARNING: program timed out.
FAIL: libgomp.fortran/vla6.f90  -O3 -fomit-frame-pointer -funroll-all-loops -finline-functions  execution test
WARNING: program timed out.
FAIL: libgomp.fortran/vla6.f90  -O3 -g  execution test
WARNING: program timed out.
FAIL: libgomp.fortran/vla6.f90  -Os  execution test
WARNING: program timed out.
FAIL: libgomp.fortran/vla7.f90  -O0  execution test
WARNING: program timed out.
FAIL: libgomp.fortran/vla7.f90  -O1  execution test
WARNING: program timed out.
FAIL: libgomp.fortran/vla7.f90  -O2  execution test
WARNING: program timed out.
FAIL: libgomp.fortran/vla7.f90  -O3 -fomit-frame-pointer  execution test
WARNING: program timed out.
FAIL: libgomp.fortran/vla7.f90  -O3 -fomit-frame-pointer -funroll-loops  execution test
WARNING: program timed out.
FAIL: libgomp.fortran/vla7.f90  -O3 -fomit-frame-pointer -funroll-all-loops -finline-functions  execution test
WARNING: program timed out.
FAIL: libgomp.fortran/vla7.f90  -O3 -g  execution test
WARNING: program timed out.
FAIL: libgomp.fortran/vla7.f90  -Os  execution test
WARNING: program timed out.
FAIL: libgomp.fortran/vla8.f90  -O0  execution test
WARNING: program timed out.
FAIL: libgomp.fortran/vla8.f90  -O1  execution test
WARNING: program timed out.
FAIL: libgomp.fortran/vla8.f90  -O2  execution test
WARNING: program timed out.
FAIL: libgomp.fortran/vla8.f90  -O3 -fomit-frame-pointer  execution test
WARNING: program timed out.
FAIL: libgomp.fortran/vla8.f90  -O3 -fomit-frame-pointer -funroll-loops  execution test
WARNING: program timed out.
FAIL: libgomp.fortran/vla8.f90  -O3 -fomit-frame-pointer -funroll-all-loops -finline-functions  execution test
WARNING: program timed out.
FAIL: libgomp.fortran/vla8.f90  -O3 -g  execution test
WARNING: program timed out.
FAIL: libgomp.fortran/vla8.f90  -Os  execution test
WARNING: program timed out.
FAIL: libgomp.fortran/workshare1.f90  -O  execution test

		=== libgomp Summary ===

# of expected passes		1799
# of unexpected failures	691
# of unsupported tests		2
		=== libmudflap tests ===


Running target unix
FAIL: libmudflap.c/pass49-frag.c execution test
FAIL: libmudflap.c/pass49-frag.c output pattern test
FAIL: libmudflap.c/pass49-frag.c execution test
FAIL: libmudflap.c/pass49-frag.c output pattern test
FAIL: libmudflap.c/pass49-frag.c (-static) execution test
FAIL: libmudflap.c/pass49-frag.c (-static) output pattern test
FAIL: libmudflap.c/pass49-frag.c (-static) execution test
FAIL: libmudflap.c/pass49-frag.c (-static) output pattern test
FAIL: libmudflap.c/pass49-frag.c (-O2) execution test
FAIL: libmudflap.c/pass49-frag.c (-O2) output pattern test
FAIL: libmudflap.c/pass49-frag.c (-O2) execution test
FAIL: libmudflap.c/pass49-frag.c (-O2) output pattern test
FAIL: libmudflap.c/pass49-frag.c (-O3) execution test
FAIL: libmudflap.c/pass49-frag.c (-O3) output pattern test
FAIL: libmudflap.c/pass49-frag.c (-O3) execution test
FAIL: libmudflap.c/pass49-frag.c (-O3) output pattern test
FAIL: libmudflap.c++/pass41-frag.cxx execution test
FAIL: libmudflap.c++/pass55-frag.cxx execution test
FAIL: libmudflap.c++/pass41-frag.cxx (-static) execution test
FAIL: libmudflap.c++/pass55-frag.cxx (-static) execution test
FAIL: libmudflap.c++/pass55-frag.cxx ( -O) execution test
FAIL: libmudflap.c++/pass41-frag.cxx (-O2) execution test
FAIL: libmudflap.c++/pass55-frag.cxx (-O2) execution test
FAIL: libmudflap.c++/pass41-frag.cxx (-O3) execution test
FAIL: libmudflap.c++/pass55-frag.cxx (-O3) execution test
FAIL: libmudflap.cth/pass37-frag.c execution test
FAIL: libmudflap.cth/pass37-frag.c output pattern test
FAIL: libmudflap.cth/pass37-frag.c (rerun 1) execution test
FAIL: libmudflap.cth/pass37-frag.c (rerun 1) output pattern test
FAIL: libmudflap.cth/pass37-frag.c (rerun 2) execution test
FAIL: libmudflap.cth/pass37-frag.c (rerun 2) output pattern test
FAIL: libmudflap.cth/pass37-frag.c (rerun 3) execution test
FAIL: libmudflap.cth/pass37-frag.c (rerun 3) output pattern test
FAIL: libmudflap.cth/pass37-frag.c (rerun 4) execution test
FAIL: libmudflap.cth/pass37-frag.c (rerun 4) output pattern test
FAIL: libmudflap.cth/pass37-frag.c (rerun 5) execution test
FAIL: libmudflap.cth/pass37-frag.c (rerun 5) output pattern test
FAIL: libmudflap.cth/pass37-frag.c (rerun 6) execution test
FAIL: libmudflap.cth/pass37-frag.c (rerun 6) output pattern test
FAIL: libmudflap.cth/pass37-frag.c (rerun 7) execution test
FAIL: libmudflap.cth/pass37-frag.c (rerun 7) output pattern test
FAIL: libmudflap.cth/pass37-frag.c (rerun 8) execution test
FAIL: libmudflap.cth/pass37-frag.c (rerun 8) output pattern test
FAIL: libmudflap.cth/pass37-frag.c (rerun 9) execution test
FAIL: libmudflap.cth/pass37-frag.c (rerun 9) output pattern test
FAIL: libmudflap.cth/pass37-frag.c (rerun 10) execution test
FAIL: libmudflap.cth/pass37-frag.c (rerun 10) output pattern test
FAIL: libmudflap.cth/pass37-frag.c (rerun 11) execution test
FAIL: libmudflap.cth/pass37-frag.c (rerun 11) output pattern test
FAIL: libmudflap.cth/pass37-frag.c (rerun 12) execution test
FAIL: libmudflap.cth/pass37-frag.c (rerun 12) output pattern test
FAIL: libmudflap.cth/pass37-frag.c (rerun 13) execution test
FAIL: libmudflap.cth/pass37-frag.c (rerun 13) output pattern test
FAIL: libmudflap.cth/pass37-frag.c (rerun 14) execution test
FAIL: libmudflap.cth/pass37-frag.c (rerun 14) output pattern test
FAIL: libmudflap.cth/pass37-frag.c (rerun 15) execution test
FAIL: libmudflap.cth/pass37-frag.c (rerun 15) output pattern test
FAIL: libmudflap.cth/pass37-frag.c (rerun 16) execution test
FAIL: libmudflap.cth/pass37-frag.c (rerun 16) output pattern test
FAIL: libmudflap.cth/pass37-frag.c (rerun 17) execution test
FAIL: libmudflap.cth/pass37-frag.c (rerun 17) output pattern test
FAIL: libmudflap.cth/pass37-frag.c (rerun 18) execution test
FAIL: libmudflap.cth/pass37-frag.c (rerun 18) output pattern test
FAIL: libmudflap.cth/pass37-frag.c (rerun 19) execution test
FAIL: libmudflap.cth/pass37-frag.c (rerun 19) output pattern test
FAIL: libmudflap.cth/pass39-frag.c execution test
FAIL: libmudflap.cth/pass39-frag.c output pattern test
FAIL: libmudflap.cth/pass39-frag.c (rerun 1) execution test
FAIL: libmudflap.cth/pass39-frag.c (rerun 1) output pattern test
FAIL: libmudflap.cth/pass39-frag.c (rerun 2) execution test
FAIL: libmudflap.cth/pass39-frag.c (rerun 2) output pattern test
FAIL: libmudflap.cth/pass39-frag.c (rerun 3) execution test
FAIL: libmudflap.cth/pass39-frag.c (rerun 3) output pattern test
FAIL: libmudflap.cth/pass39-frag.c (rerun 4) execution test
FAIL: libmudflap.cth/pass39-frag.c (rerun 4) output pattern test
FAIL: libmudflap.cth/pass39-frag.c (rerun 5) execution test
FAIL: libmudflap.cth/pass39-frag.c (rerun 5) output pattern test
FAIL: libmudflap.cth/pass39-frag.c (rerun 6) execution test
FAIL: libmudflap.cth/pass39-frag.c (rerun 6) output pattern test
FAIL: libmudflap.cth/pass39-frag.c (rerun 7) execution test
FAIL: libmudflap.cth/pass39-frag.c (rerun 7) output pattern test
FAIL: libmudflap.cth/pass39-frag.c (rerun 8) execution test
FAIL: libmudflap.cth/pass39-frag.c (rerun 8) output pattern test
FAIL: libmudflap.cth/pass39-frag.c (rerun 9) execution test
FAIL: libmudflap.cth/pass39-frag.c (rerun 9) output pattern test
FAIL: libmudflap.cth/pass39-frag.c (rerun 10) execution test
FAIL: libmudflap.cth/pass39-frag.c (rerun 10) output pattern test
FAIL: libmudflap.cth/pass39-frag.c (rerun 11) execution test
FAIL: libmudflap.cth/pass39-frag.c (rerun 11) output pattern test
FAIL: libmudflap.cth/pass39-frag.c (rerun 12) execution test
FAIL: libmudflap.cth/pass39-frag.c (rerun 12) output pattern test
FAIL: libmudflap.cth/pass39-frag.c (rerun 13) execution test
FAIL: libmudflap.cth/pass39-frag.c (rerun 13) output pattern test
FAIL: libmudflap.cth/pass39-frag.c (rerun 14) execution test
FAIL: libmudflap.cth/pass39-frag.c (rerun 14) output pattern test
FAIL: libmudflap.cth/pass39-frag.c (rerun 15) execution test
FAIL: libmudflap.cth/pass39-frag.c (rerun 15) output pattern test
FAIL: libmudflap.cth/pass39-frag.c (rerun 16) execution test
FAIL: libmudflap.cth/pass39-frag.c (rerun 16) output pattern test
FAIL: libmudflap.cth/pass39-frag.c (rerun 17) execution test
FAIL: libmudflap.cth/pass39-frag.c (rerun 17) output pattern test
FAIL: libmudflap.cth/pass39-frag.c (rerun 18) execution test
FAIL: libmudflap.cth/pass39-frag.c (rerun 18) output pattern test
FAIL: libmudflap.cth/pass39-frag.c (rerun 19) execution test
FAIL: libmudflap.cth/pass39-frag.c (rerun 19) output pattern test
FAIL: libmudflap.cth/pass59-frag.c execution test
FAIL: libmudflap.cth/pass59-frag.c output pattern test
FAIL: libmudflap.cth/pass37-frag.c (-O2) execution test
FAIL: libmudflap.cth/pass37-frag.c (-O2) output pattern test
FAIL: libmudflap.cth/pass37-frag.c (-O2) (rerun 1) execution test
FAIL: libmudflap.cth/pass37-frag.c (-O2) (rerun 1) output pattern test
FAIL: libmudflap.cth/pass37-frag.c (-O2) (rerun 2) execution test
FAIL: libmudflap.cth/pass37-frag.c (-O2) (rerun 2) output pattern test
FAIL: libmudflap.cth/pass37-frag.c (-O2) (rerun 3) execution test
FAIL: libmudflap.cth/pass37-frag.c (-O2) (rerun 3) output pattern test
FAIL: libmudflap.cth/pass37-frag.c (-O2) (rerun 4) execution test
FAIL: libmudflap.cth/pass37-frag.c (-O2) (rerun 4) output pattern test
FAIL: libmudflap.cth/pass37-frag.c (-O2) (rerun 5) execution test
FAIL: libmudflap.cth/pass37-frag.c (-O2) (rerun 5) output pattern test
FAIL: libmudflap.cth/pass37-frag.c (-O2) (rerun 6) execution test
FAIL: libmudflap.cth/pass37-frag.c (-O2) (rerun 6) output pattern test
FAIL: libmudflap.cth/pass37-frag.c (-O2) (rerun 7) execution test
FAIL: libmudflap.cth/pass37-frag.c (-O2) (rerun 7) output pattern test
FAIL: libmudflap.cth/pass37-frag.c (-O2) (rerun 8) execution test
FAIL: libmudflap.cth/pass37-frag.c (-O2) (rerun 8) output pattern test
FAIL: libmudflap.cth/pass37-frag.c (-O2) (rerun 9) execution test
FAIL: libmudflap.cth/pass37-frag.c (-O2) (rerun 9) output pattern test
FAIL: libmudflap.cth/pass37-frag.c (-O2) (rerun 10) execution test
FAIL: libmudflap.cth/pass37-frag.c (-O2) (rerun 10) output pattern test
FAIL: libmudflap.cth/pass37-frag.c (-O2) (rerun 11) execution test
FAIL: libmudflap.cth/pass37-frag.c (-O2) (rerun 11) output pattern test
FAIL: libmudflap.cth/pass37-frag.c (-O2) (rerun 12) execution test
FAIL: libmudflap.cth/pass37-frag.c (-O2) (rerun 12) output pattern test
FAIL: libmudflap.cth/pass37-frag.c (-O2) (rerun 13) execution test
FAIL: libmudflap.cth/pass37-frag.c (-O2) (rerun 13) output pattern test
FAIL: libmudflap.cth/pass37-frag.c (-O2) (rerun 14) execution test
FAIL: libmudflap.cth/pass37-frag.c (-O2) (rerun 14) output pattern test
FAIL: libmudflap.cth/pass37-frag.c (-O2) (rerun 15) execution test
FAIL: libmudflap.cth/pass37-frag.c (-O2) (rerun 15) output pattern test
FAIL: libmudflap.cth/pass37-frag.c (-O2) (rerun 16) execution test
FAIL: libmudflap.cth/pass37-frag.c (-O2) (rerun 16) output pattern test
FAIL: libmudflap.cth/pass37-frag.c (-O2) (rerun 17) execution test
FAIL: libmudflap.cth/pass37-frag.c (-O2) (rerun 17) output pattern test
FAIL: libmudflap.cth/pass37-frag.c (-O2) (rerun 18) execution test
FAIL: libmudflap.cth/pass37-frag.c (-O2) (rerun 18) output pattern test
FAIL: libmudflap.cth/pass37-frag.c (-O2) (rerun 19) execution test
FAIL: libmudflap.cth/pass37-frag.c (-O2) (rerun 19) output pattern test
FAIL: libmudflap.cth/pass39-frag.c (-O2) execution test
FAIL: libmudflap.cth/pass39-frag.c (-O2) output pattern test
FAIL: libmudflap.cth/pass39-frag.c (-O2) (rerun 1) execution test
FAIL: libmudflap.cth/pass39-frag.c (-O2) (rerun 1) output pattern test
FAIL: libmudflap.cth/pass39-frag.c (-O2) (rerun 2) execution test
FAIL: libmudflap.cth/pass39-frag.c (-O2) (rerun 2) output pattern test
FAIL: libmudflap.cth/pass39-frag.c (-O2) (rerun 3) execution test
FAIL: libmudflap.cth/pass39-frag.c (-O2) (rerun 3) output pattern test
FAIL: libmudflap.cth/pass39-frag.c (-O2) (rerun 4) execution test
FAIL: libmudflap.cth/pass39-frag.c (-O2) (rerun 4) output pattern test
FAIL: libmudflap.cth/pass39-frag.c (-O2) (rerun 5) execution test
FAIL: libmudflap.cth/pass39-frag.c (-O2) (rerun 5) output pattern test
FAIL: libmudflap.cth/pass39-frag.c (-O2) (rerun 6) execution test
FAIL: libmudflap.cth/pass39-frag.c (-O2) (rerun 6) output pattern test
FAIL: libmudflap.cth/pass39-frag.c (-O2) (rerun 7) execution test
FAIL: libmudflap.cth/pass39-frag.c (-O2) (rerun 7) output pattern test
FAIL: libmudflap.cth/pass39-frag.c (-O2) (rerun 8) execution test
FAIL: libmudflap.cth/pass39-frag.c (-O2) (rerun 8) output pattern test
FAIL: libmudflap.cth/pass39-frag.c (-O2) (rerun 9) execution test
FAIL: libmudflap.cth/pass39-frag.c (-O2) (rerun 9) output pattern test
FAIL: libmudflap.cth/pass39-frag.c (-O2) (rerun 10) execution test
FAIL: libmudflap.cth/pass39-frag.c (-O2) (rerun 10) output pattern test
FAIL: libmudflap.cth/pass39-frag.c (-O2) (rerun 11) execution test
FAIL: libmudflap.cth/pass39-frag.c (-O2) (rerun 11) output pattern test
FAIL: libmudflap.cth/pass39-frag.c (-O2) (rerun 12) execution test
FAIL: libmudflap.cth/pass39-frag.c (-O2) (rerun 12) output pattern test
FAIL: libmudflap.cth/pass39-frag.c (-O2) (rerun 13) execution test
FAIL: libmudflap.cth/pass39-frag.c (-O2) (rerun 13) output pattern test
FAIL: libmudflap.cth/pass39-frag.c (-O2) (rerun 14) execution test
FAIL: libmudflap.cth/pass39-frag.c (-O2) (rerun 14) output pattern test
FAIL: libmudflap.cth/pass39-frag.c (-O2) (rerun 15) execution test
FAIL: libmudflap.cth/pass39-frag.c (-O2) (rerun 15) output pattern test
FAIL: libmudflap.cth/pass39-frag.c (-O2) (rerun 16) execution test
FAIL: libmudflap.cth/pass39-frag.c (-O2) (rerun 16) output pattern test
FAIL: libmudflap.cth/pass39-frag.c (-O2) (rerun 17) execution test
FAIL: libmudflap.cth/pass39-frag.c (-O2) (rerun 17) output pattern test
FAIL: libmudflap.cth/pass39-frag.c (-O2) (rerun 18) execution test
FAIL: libmudflap.cth/pass39-frag.c (-O2) (rerun 18) output pattern test
FAIL: libmudflap.cth/pass39-frag.c (-O2) (rerun 19) execution test
FAIL: libmudflap.cth/pass39-frag.c (-O2) (rerun 19) output pattern test
FAIL: libmudflap.cth/pass59-frag.c (-O2) execution test
FAIL: libmudflap.cth/pass59-frag.c (-O2) output pattern test
FAIL: libmudflap.cth/pass37-frag.c (-O3) execution test
FAIL: libmudflap.cth/pass37-frag.c (-O3) output pattern test
FAIL: libmudflap.cth/pass37-frag.c (-O3) (rerun 1) execution test
FAIL: libmudflap.cth/pass37-frag.c (-O3) (rerun 1) output pattern test
FAIL: libmudflap.cth/pass37-frag.c (-O3) (rerun 2) execution test
FAIL: libmudflap.cth/pass37-frag.c (-O3) (rerun 2) output pattern test
FAIL: libmudflap.cth/pass37-frag.c (-O3) (rerun 3) execution test
FAIL: libmudflap.cth/pass37-frag.c (-O3) (rerun 3) output pattern test
FAIL: libmudflap.cth/pass37-frag.c (-O3) (rerun 4) execution test
FAIL: libmudflap.cth/pass37-frag.c (-O3) (rerun 4) output pattern test
FAIL: libmudflap.cth/pass37-frag.c (-O3) (rerun 5) execution test
FAIL: libmudflap.cth/pass37-frag.c (-O3) (rerun 5) output pattern test
FAIL: libmudflap.cth/pass37-frag.c (-O3) (rerun 6) execution test
FAIL: libmudflap.cth/pass37-frag.c (-O3) (rerun 6) output pattern test
FAIL: libmudflap.cth/pass37-frag.c (-O3) (rerun 7) execution test
FAIL: libmudflap.cth/pass37-frag.c (-O3) (rerun 7) output pattern test
FAIL: libmudflap.cth/pass37-frag.c (-O3) (rerun 8) execution test
FAIL: libmudflap.cth/pass37-frag.c (-O3) (rerun 8) output pattern test
FAIL: libmudflap.cth/pass37-frag.c (-O3) (rerun 9) execution test
FAIL: libmudflap.cth/pass37-frag.c (-O3) (rerun 9) output pattern test
FAIL: libmudflap.cth/pass37-frag.c (-O3) (rerun 10) execution test
FAIL: libmudflap.cth/pass37-frag.c (-O3) (rerun 10) output pattern test
FAIL: libmudflap.cth/pass37-frag.c (-O3) (rerun 11) execution test
FAIL: libmudflap.cth/pass37-frag.c (-O3) (rerun 11) output pattern test
FAIL: libmudflap.cth/pass37-frag.c (-O3) (rerun 12) execution test
FAIL: libmudflap.cth/pass37-frag.c (-O3) (rerun 12) output pattern test
FAIL: libmudflap.cth/pass37-frag.c (-O3) (rerun 13) execution test
FAIL: libmudflap.cth/pass37-frag.c (-O3) (rerun 13) output pattern test
FAIL: libmudflap.cth/pass37-frag.c (-O3) (rerun 14) execution test
FAIL: libmudflap.cth/pass37-frag.c (-O3) (rerun 14) output pattern test
FAIL: libmudflap.cth/pass37-frag.c (-O3) (rerun 15) execution test
FAIL: libmudflap.cth/pass37-frag.c (-O3) (rerun 15) output pattern test
FAIL: libmudflap.cth/pass37-frag.c (-O3) (rerun 16) execution test
FAIL: libmudflap.cth/pass37-frag.c (-O3) (rerun 16) output pattern test
FAIL: libmudflap.cth/pass37-frag.c (-O3) (rerun 17) execution test
FAIL: libmudflap.cth/pass37-frag.c (-O3) (rerun 17) output pattern test
FAIL: libmudflap.cth/pass37-frag.c (-O3) (rerun 18) execution test
FAIL: libmudflap.cth/pass37-frag.c (-O3) (rerun 18) output pattern test
FAIL: libmudflap.cth/pass37-frag.c (-O3) (rerun 19) execution test
FAIL: libmudflap.cth/pass37-frag.c (-O3) (rerun 19) output pattern test
FAIL: libmudflap.cth/pass39-frag.c (-O3) execution test
FAIL: libmudflap.cth/pass39-frag.c (-O3) output pattern test
FAIL: libmudflap.cth/pass39-frag.c (-O3) (rerun 1) execution test
FAIL: libmudflap.cth/pass39-frag.c (-O3) (rerun 1) output pattern test
FAIL: libmudflap.cth/pass39-frag.c (-O3) (rerun 2) execution test
FAIL: libmudflap.cth/pass39-frag.c (-O3) (rerun 2) output pattern test
FAIL: libmudflap.cth/pass39-frag.c (-O3) (rerun 3) execution test
FAIL: libmudflap.cth/pass39-frag.c (-O3) (rerun 3) output pattern test
FAIL: libmudflap.cth/pass39-frag.c (-O3) (rerun 4) execution test
FAIL: libmudflap.cth/pass39-frag.c (-O3) (rerun 4) output pattern test
FAIL: libmudflap.cth/pass39-frag.c (-O3) (rerun 5) execution test
FAIL: libmudflap.cth/pass39-frag.c (-O3) (rerun 5) output pattern test
FAIL: libmudflap.cth/pass39-frag.c (-O3) (rerun 6) execution test
FAIL: libmudflap.cth/pass39-frag.c (-O3) (rerun 6) output pattern test
FAIL: libmudflap.cth/pass39-frag.c (-O3) (rerun 7) execution test
FAIL: libmudflap.cth/pass39-frag.c (-O3) (rerun 7) output pattern test
FAIL: libmudflap.cth/pass39-frag.c (-O3) (rerun 8) execution test
FAIL: libmudflap.cth/pass39-frag.c (-O3) (rerun 8) output pattern test
FAIL: libmudflap.cth/pass39-frag.c (-O3) (rerun 9) execution test
FAIL: libmudflap.cth/pass39-frag.c (-O3) (rerun 9) output pattern test
FAIL: libmudflap.cth/pass39-frag.c (-O3) (rerun 10) execution test
FAIL: libmudflap.cth/pass39-frag.c (-O3) (rerun 10) output pattern test
FAIL: libmudflap.cth/pass39-frag.c (-O3) (rerun 11) execution test
FAIL: libmudflap.cth/pass39-frag.c (-O3) (rerun 11) output pattern test
FAIL: libmudflap.cth/pass39-frag.c (-O3) (rerun 12) execution test
FAIL: libmudflap.cth/pass39-frag.c (-O3) (rerun 12) output pattern test
FAIL: libmudflap.cth/pass39-frag.c (-O3) (rerun 13) execution test
FAIL: libmudflap.cth/pass39-frag.c (-O3) (rerun 13) output pattern test
FAIL: libmudflap.cth/pass39-frag.c (-O3) (rerun 14) execution test
FAIL: libmudflap.cth/pass39-frag.c (-O3) (rerun 14) output pattern test
FAIL: libmudflap.cth/pass39-frag.c (-O3) (rerun 15) execution test
FAIL: libmudflap.cth/pass39-frag.c (-O3) (rerun 15) output pattern test
FAIL: libmudflap.cth/pass39-frag.c (-O3) (rerun 16) execution test
FAIL: libmudflap.cth/pass39-frag.c (-O3) (rerun 16) output pattern test
FAIL: libmudflap.cth/pass39-frag.c (-O3) (rerun 17) execution test
FAIL: libmudflap.cth/pass39-frag.c (-O3) (rerun 17) output pattern test
FAIL: libmudflap.cth/pass39-frag.c (-O3) (rerun 18) execution test
FAIL: libmudflap.cth/pass39-frag.c (-O3) (rerun 18) output pattern test
FAIL: libmudflap.cth/pass39-frag.c (-O3) (rerun 19) execution test
FAIL: libmudflap.cth/pass39-frag.c (-O3) (rerun 19) output pattern test
FAIL: libmudflap.cth/pass59-frag.c (-O3) execution test
FAIL: libmudflap.cth/pass59-frag.c (-O3) output pattern test

		=== libmudflap Summary ===

# of expected passes		1623
# of unexpected failures	271
		=== libstdc++ tests ===


Running target unix
FAIL: 26_numerics/headers/cmath/c99_classification_macros_c.cc (test for excess errors)
FAIL: 27_io/basic_istream/extractors_arithmetic/char/12.cc execution test
FAIL: 27_io/basic_istream/extractors_arithmetic/wchar_t/12.cc execution test
FAIL: 27_io/objects/wchar_t/9662.cc execution test
FAIL: 30_threads/call_once/39909.cc execution test
FAIL: 30_threads/call_once/call_once1.cc execution test
FAIL: 30_threads/condition_variable/members/1.cc execution test
FAIL: 30_threads/condition_variable/members/2.cc execution test
FAIL: 30_threads/condition_variable_any/members/1.cc execution test
FAIL: 30_threads/condition_variable_any/members/2.cc execution test
FAIL: 30_threads/mutex/try_lock/2.cc execution test
FAIL: 30_threads/this_thread/1.cc execution test
FAIL: 30_threads/thread/cons/2.cc execution test
FAIL: 30_threads/thread/cons/3.cc execution test
FAIL: 30_threads/thread/cons/4.cc execution test
FAIL: 30_threads/thread/cons/5.cc execution test
FAIL: 30_threads/thread/cons/6.cc execution test
FAIL: 30_threads/thread/cons/7.cc execution test
FAIL: 30_threads/thread/cons/8.cc execution test
FAIL: 30_threads/thread/cons/9.cc execution test
FAIL: 30_threads/thread/cons/moveable.cc execution test
FAIL: 30_threads/thread/members/1.cc execution test
FAIL: 30_threads/thread/members/2.cc execution test
FAIL: 30_threads/thread/members/3.cc execution test
FAIL: 30_threads/thread/swap/1.cc execution test
FAIL: 30_threads/timed_mutex/try_lock/2.cc execution test
FAIL: 30_threads/timed_mutex/try_lock_for/3.cc execution test
FAIL: 30_threads/timed_mutex/try_lock_until/2.cc execution test
FAIL: 30_threads/try_lock/2.cc execution test

		=== libstdc++ Summary ===

# of expected passes		6802
# of unexpected failures	29
# of expected failures		80
# of unsupported tests		555

Compiler version: 4.6.0 20100924 (experimental) (GCC) 
Platform: i386-unknown-freebsd8.1
configure flags: --prefix=/files/pfeifer/gcc --disable-libgcj --with-libelf=/usr/local


Index Nav: [Date Index] [Subject Index] [Author Index] [Thread Index]
Message Nav: [Date Prev] [Date Next] [Thread Prev] [Thread Next]