This is the mail archive of the gcc-testresults@gcc.gnu.org mailing list for the GCC project.


Index Nav: [Date Index] [Subject Index] [Author Index] [Thread Index]
Message Nav: [Date Prev] [Date Next] [Thread Prev] [Thread Next]
Other format: [Raw text]

Results for 4.4.5 20100921 (prerelease) [ix86/gcc-4_4-branch revision 164522] (GCC) testsuite on i686-pc-linux-gnu


LAST_UPDATED: Wed Sep 22 13:53:55 UTC 2010 (revision 164522)

Native configuration is i686-pc-linux-gnu

		=== gcc tests ===


Running target unix
FAIL: gcc.dg/tree-prof/bb-reorg.c compilation,  -fprofile-use -D_PROFILE_USE
UNRESOLVED: gcc.dg/tree-prof/bb-reorg.c execution,    -fprofile-use -D_PROFILE_USE
FAIL: gcc.dg/tree-prof/pr34999.c compilation,  -fprofile-use -D_PROFILE_USE
UNRESOLVED: gcc.dg/tree-prof/pr34999.c execution,    -fprofile-use -D_PROFILE_USE

		=== gcc Summary ===

# of expected passes		58383
# of unexpected failures	2
# of expected failures		191
# of unresolved testcases	2
# of unsupported tests		461
/export/build/gnu/gcc-4.4-ix86/build-i686-linux/gcc/xgcc  version 4.4.5 20100921 (prerelease) [ix86/gcc-4_4-branch revision 164522] (GCC) 

		=== gfortran tests ===


Running target unix

		=== gfortran Summary ===

# of expected passes		30280
# of expected failures		9
# of unsupported tests		108
/export/build/gnu/gcc-4.4-ix86/build-i686-linux/gcc/testsuite/gfortran/../../gfortran  version 4.4.5 20100921 (prerelease) [ix86/gcc-4_4-branch revision 164522] (GCC) 

		=== g++ tests ===


Running target unix

		=== g++ Summary ===

# of expected passes		20281
# of expected failures		157
# of unsupported tests		102
/export/build/gnu/gcc-4.4-ix86/build-i686-linux/gcc/testsuite/g++/../../g++  version 4.4.5 20100921 (prerelease) [ix86/gcc-4_4-branch revision 164522] (GCC) 

		=== objc tests ===


Running target unix

		=== objc Summary ===

# of expected passes		1874
# of expected failures		7
# of unsupported tests		24
/export/build/gnu/gcc-4.4-ix86/build-i686-linux/gcc/xgcc  version 4.4.5 20100921 (prerelease) [ix86/gcc-4_4-branch revision 164522] (GCC) 

		=== libffi tests ===


Running target unix

		=== libffi Summary ===

# of expected passes		1389
# of unsupported tests		10
		=== libgomp tests ===


Running target unix

		=== libgomp Summary ===

# of expected passes		2476
		=== libjava tests ===


Running target unix

		=== libjava Summary ===

# of expected passes		2574
		=== libmudflap tests ===


Running target unix
FAIL: libmudflap.c++/pass41-frag.cxx execution test
FAIL: libmudflap.c++/pass41-frag.cxx (-static) execution test
FAIL: libmudflap.c++/pass41-frag.cxx ( -O) execution test
FAIL: libmudflap.c++/pass41-frag.cxx (-O2) execution test
FAIL: libmudflap.c++/pass41-frag.cxx (-O3) execution test

		=== libmudflap Summary ===

# of expected passes		1889
# of unexpected failures	5
		=== libstdc++ tests ===


Running target unix

		=== libstdc++ Summary ===

# of expected passes		6498
# of expected failures		80
# of unsupported tests		20

Compiler version: 4.4.5 20100921 (prerelease) [ix86/gcc-4_4-branch revision 164522] (GCC) 
Platform: i686-pc-linux-gnu
configure flags: --enable-clocale=gnu --with-system-zlib --enable-checking=assert --with-demangler-in-ld --enable-shared --enable-threads=posix --enable-haifa --prefix=/usr/gcc-4.4-ix86 --with-local-prefix=/usr/local


Index Nav: [Date Index] [Subject Index] [Author Index] [Thread Index]
Message Nav: [Date Prev] [Date Next] [Thread Prev] [Thread Next]