This is the mail archive of the gcc-testresults@gcc.gnu.org mailing list for the GCC project.


Index Nav: [Date Index] [Subject Index] [Author Index] [Thread Index]
Message Nav: [Date Prev] [Date Next] [Thread Prev] [Thread Next]
Other format: [Raw text]

Results for 4.6.0 20100918 (experimental) [trunk revision 164391] (Debian 20100918-1) testsuite on arm-unknown-linux-gnueabi


LAST_UPDATED: Sat Sep 18 12:09:30 UTC 2010 (revision 164391)

Native configuration is arm-unknown-linux-gnueabi

		=== libgomp tests ===


Running target unix
FAIL: libgomp.c++/ctor-3.C  -O0  execution test
FAIL: libgomp.c++/ctor-3.C  -O1  execution test
FAIL: libgomp.c++/ctor-3.C  -O2  execution test
FAIL: libgomp.c++/ctor-3.C  -O3 -fomit-frame-pointer  execution test
FAIL: libgomp.c++/ctor-3.C  -O3 -fomit-frame-pointer -funroll-loops  execution test
FAIL: libgomp.c++/ctor-3.C  -O3 -fomit-frame-pointer -funroll-all-loops -finline-functions  execution test
FAIL: libgomp.c++/ctor-3.C  -O3 -g  execution test
FAIL: libgomp.c++/ctor-3.C  -Os  execution test
WARNING: program timed out.
FAIL: libgomp.fortran/strassen.f90  -O  execution test

		=== libgomp Summary ===

# of expected passes		2531
# of unexpected failures	9
		=== libmudflap tests ===


Running target unix
FAIL: libmudflap.c/pass49-frag.c execution test
FAIL: libmudflap.c/pass49-frag.c output pattern test
FAIL: libmudflap.c/pass49-frag.c execution test
FAIL: libmudflap.c/pass49-frag.c output pattern test
FAIL: libmudflap.c/pass49-frag.c (-static) execution test
FAIL: libmudflap.c/pass49-frag.c (-static) output pattern test
FAIL: libmudflap.c/pass49-frag.c (-static) execution test
FAIL: libmudflap.c/pass49-frag.c (-static) output pattern test
FAIL: libmudflap.c/pass49-frag.c (-O2) execution test
FAIL: libmudflap.c/pass49-frag.c (-O2) output pattern test
FAIL: libmudflap.c/pass49-frag.c (-O2) execution test
FAIL: libmudflap.c/pass49-frag.c (-O2) output pattern test
FAIL: libmudflap.c/pass49-frag.c (-O3) execution test
FAIL: libmudflap.c/pass49-frag.c (-O3) output pattern test
FAIL: libmudflap.c/pass49-frag.c (-O3) execution test
FAIL: libmudflap.c/pass49-frag.c (-O3) output pattern test
FAIL: libmudflap.c++/pass41-frag.cxx execution test
FAIL: libmudflap.c++/pass55-frag.cxx execution test
FAIL: libmudflap.c++/pass41-frag.cxx (-static) execution test
FAIL: libmudflap.c++/pass55-frag.cxx (-static) execution test
FAIL: libmudflap.c++/pass55-frag.cxx ( -O) execution test
FAIL: libmudflap.c++/pass41-frag.cxx (-O2) execution test
FAIL: libmudflap.c++/pass55-frag.cxx (-O2) execution test
FAIL: libmudflap.c++/pass41-frag.cxx (-O3) execution test
FAIL: libmudflap.c++/pass55-frag.cxx (-O3) execution test

		=== libmudflap Summary ===

# of expected passes		1869
# of unexpected failures	25
Target: arm-linux-gnueabi
gcc version 4.6.0 20100918 (experimental) [trunk revision 164391] (Debian 20100918-1) 

		=== acats tests ===
FAIL:	c41207a
FAIL:	c62002a
FAIL:	cc1220a
FAIL:	cd2a31a
FAIL:	cxb4006

		=== acats Summary ===
# of expected passes		2316
# of unexpected failures	5

		=== g++ tests ===


Running target unix
FAIL: g++.dg/debug/dwarf2/lineno-simple1.C scan-assembler _ZN1CC[12]Ev:[^\\\\t]*(\\\\t.(frame|mask|file)[^\\\\t]*)*\\\\t[^:]+:4\\\\n
FAIL: g++.dg/debug/dwarf2/lineno-simple1.C scan-assembler _ZN1C3fooEv:[^\\\\t]*(\\\\t.(frame|mask|file)[^\\\\t]*)*\\\\t[^:]+:6\\\\n
FAIL: g++.dg/debug/dwarf2/lineno-simple1.C scan-assembler main:[^\\\\t]*(\\\\t.(frame|mask|file)[^\\\\t]*)*\\\\t[^:]+:12\\\\n
FAIL: g++.dg/debug/dwarf2/nested-2.C scan-assembler [^\\n\\r]*\\\\(DIE[^\\n\\r]*DW_TAG_structure_type\\\\)[\\n\\r]+[^\\n\\r]*"S\\\\\\\\0"[ \\t]+(#|!|//?)[ \\t]+DW_AT_name[\\n\\r]+(.*)?\\\\(DIE[^\\n\\r]*DW_TAG_structure_type\\\\)[\\n\\r]+[^\\n\\r]*"T<int>\\\\\\\\0"[ \\t]+(.*)?\\\\(DIE[^\\n\\r]*DW_TAG_template_type_param\\\\)[\\n\\r]+[^\\n\\r]*[\\n\\r]+[^\\n\\r]*[\\n\\r]+[^\\n\\r]*(#|!|//?)[ \\t]+end of children of DIE[^\\n\\r]*[\\n\\r]+[^\\n\\r]*end of children of DIE[^\\n\\r]*
FAIL: g++.dg/debug/dwarf2/pr44641.C scan-assembler _ZN12MisplacedDbgI4FullEC[12]Ev:[^\\\\t]*(\\\\t.(frame|mask|file)[^\\\\t]*)*\\\\t[^:]+:21\\\\n
FAIL: g++.dg/debug/dwarf2/pr44641.C scan-assembler _ZN12MisplacedDbgI4FullED0Ev:[^\\\\t]*(\\\\t.(frame|mask|file)[^\\\\t]*)*\\\\t[^:]+:21\\\\n
FAIL: g++.dg/debug/dwarf2/pr44641.C scan-assembler _ZN12MisplacedDbgIP3ArgEC[12]Ev:[^\\\\t]*(\\\\t.(frame|mask|file)[^\\\\t]*)*\\\\t[^:]+:28\\\\n
FAIL: g++.dg/debug/dwarf2/pr44641.C scan-assembler _ZN12MisplacedDbgIP3ArgED0Ev:[^\\\\t]*(\\\\t.(frame|mask|file)[^\\\\t]*)*\\\\t[^:]+:28\\\\n
FAIL: g++.dg/debug/dwarf2/pr44641.C scan-assembler _ZN12MisplacedDbgI3ArgEC[12]Ev:[^\\\\t]*(\\\\t.(frame|mask|file)[^\\\\t]*)*\\\\t[^:]+:34\\\\n
FAIL: g++.dg/debug/dwarf2/pr44641.C scan-assembler _ZN12MisplacedDbgI3ArgED0Ev:[^\\\\t]*(\\\\t.(frame|mask|file)[^\\\\t]*)*\\\\t[^:]+:34\\\\n
FAIL: g++.dg/abi/local1.C execution test
FAIL: g++.dg/abi/packed1.C (test for excess errors)
FAIL: g++.dg/opt/pr30965.C scan-tree-dump-times optimized "variable_..D. = v_..D." 2
XPASS: g++.dg/other/packed1.C execution test
FAIL: g++.dg/template/char1.C  (test for warnings, line 4)
FAIL: g++.dg/template/cond5.C (internal compiler error)
FAIL: g++.dg/template/cond5.C (test for excess errors)
FAIL: g++.dg/warn/Wunused-parm-3.C (test for excess errors)
FAIL: 23:is 1:should be 2
FAIL: g++.dg/gcov/gcov-2.C gcov: 1 failures in line counts, 0 in branch percentages, 0 in return percentages
FAIL: g++.dg/gomp/clause-2.C  (test for errors, line 32)
FAIL: g++.dg/lto/20081109 cp_lto_20081109_0.o-cp_lto_20081109_1.o execute -O2 -fwhopr
UNRESOLVED: attribute_plugin.c compilation, -I. -I/build/buildd-gcc-snapshot_20100918-1-armel-UkDV8o/gcc-snapshot-20100918/src/gcc/testsuite -I/build/buildd-gcc-snapshot_20100918-1-armel-UkDV8o/gcc-snapshot-20100918/src/gcc/testsuite/../../gcc -I/build/buildd-gcc-snapshot_20100918-1-armel-UkDV8o/gcc-snapshot-20100918/build/gcc/testsuite/g++/../../../gcc  -I/build/buildd-gcc-snapshot_20100918-1-armel-UkDV8o/gcc-snapshot-20100918/src/gcc/testsuite/../../include -I/build/buildd-gcc-snapshot_20100918-1-armel-UkDV8o/gcc-snapshot-20100918/src/gcc/testsuite/../../libcpp/include   -I/build/buildd-gcc-snapshot_20100918-1-armel-UkDV8o/gcc-snapshot-20100918/build/gcc/testsuite/g++/../../../intl  -DIN_GCC -fPIC -shared
UNRESOLVED: pragma_plugin.c compilation, -I. -I/build/buildd-gcc-snapshot_20100918-1-armel-UkDV8o/gcc-snapshot-20100918/src/gcc/testsuite -I/build/buildd-gcc-snapshot_20100918-1-armel-UkDV8o/gcc-snapshot-20100918/src/gcc/testsuite/../../gcc -I/build/buildd-gcc-snapshot_20100918-1-armel-UkDV8o/gcc-snapshot-20100918/build/gcc/testsuite/g++/../../../gcc  -I/build/buildd-gcc-snapshot_20100918-1-armel-UkDV8o/gcc-snapshot-20100918/src/gcc/testsuite/../../include -I/build/buildd-gcc-snapshot_20100918-1-armel-UkDV8o/gcc-snapshot-20100918/src/gcc/testsuite/../../libcpp/include   -I/build/buildd-gcc-snapshot_20100918-1-armel-UkDV8o/gcc-snapshot-20100918/build/gcc/testsuite/g++/../../../intl  -DIN_GCC -fPIC -shared
UNRESOLVED: selfassign.c compilation, -I. -I/build/buildd-gcc-snapshot_20100918-1-armel-UkDV8o/gcc-snapshot-20100918/src/gcc/testsuite -I/build/buildd-gcc-snapshot_20100918-1-armel-UkDV8o/gcc-snapshot-20100918/src/gcc/testsuite/../../gcc -I/build/buildd-gcc-snapshot_20100918-1-armel-UkDV8o/gcc-snapshot-20100918/build/gcc/testsuite/g++/../../../gcc  -I/build/buildd-gcc-snapshot_20100918-1-armel-UkDV8o/gcc-snapshot-20100918/src/gcc/testsuite/../../include -I/build/buildd-gcc-snapshot_20100918-1-armel-UkDV8o/gcc-snapshot-20100918/src/gcc/testsuite/../../libcpp/include   -I/build/buildd-gcc-snapshot_20100918-1-armel-UkDV8o/gcc-snapshot-20100918/build/gcc/testsuite/g++/../../../intl -O -DIN_GCC -fPIC -shared
UNRESOLVED: dumb_plugin.c compilation, -I. -I/build/buildd-gcc-snapshot_20100918-1-armel-UkDV8o/gcc-snapshot-20100918/src/gcc/testsuite -I/build/buildd-gcc-snapshot_20100918-1-armel-UkDV8o/gcc-snapshot-20100918/src/gcc/testsuite/../../gcc -I/build/buildd-gcc-snapshot_20100918-1-armel-UkDV8o/gcc-snapshot-20100918/build/gcc/testsuite/g++/../../../gcc  -I/build/buildd-gcc-snapshot_20100918-1-armel-UkDV8o/gcc-snapshot-20100918/src/gcc/testsuite/../../include -I/build/buildd-gcc-snapshot_20100918-1-armel-UkDV8o/gcc-snapshot-20100918/src/gcc/testsuite/../../libcpp/include   -I/build/buildd-gcc-snapshot_20100918-1-armel-UkDV8o/gcc-snapshot-20100918/build/gcc/testsuite/g++/../../../intl  -DIN_GCC -fPIC -shared
UNRESOLVED: header_plugin.c compilation, -I. -I/build/buildd-gcc-snapshot_20100918-1-armel-UkDV8o/gcc-snapshot-20100918/src/gcc/testsuite -I/build/buildd-gcc-snapshot_20100918-1-armel-UkDV8o/gcc-snapshot-20100918/src/gcc/testsuite/../../gcc -I/build/buildd-gcc-snapshot_20100918-1-armel-UkDV8o/gcc-snapshot-20100918/build/gcc/testsuite/g++/../../../gcc  -I/build/buildd-gcc-snapshot_20100918-1-armel-UkDV8o/gcc-snapshot-20100918/src/gcc/testsuite/../../include -I/build/buildd-gcc-snapshot_20100918-1-armel-UkDV8o/gcc-snapshot-20100918/src/gcc/testsuite/../../libcpp/include   -I/build/buildd-gcc-snapshot_20100918-1-armel-UkDV8o/gcc-snapshot-20100918/build/gcc/testsuite/g++/../../../intl  -DIN_GCC -fPIC -shared

		=== g++ Summary ===

# of expected passes		23777
# of unexpected failures	21
# of unexpected successes	1
# of expected failures		149
# of unresolved testcases	5
# of unsupported tests		193
/build/buildd-gcc-snapshot_20100918-1-armel-UkDV8o/gcc-snapshot-20100918/build/gcc/testsuite/g++/../../g++  version 4.6.0 20100918 (experimental) [trunk revision 164391] (Debian 20100918-1) 

		=== gcc tests ===


Running target unix
FAIL: gcc.c-torture/execute/20040709-2.c execution,  -O1 
FAIL: gcc.c-torture/execute/20040709-2.c execution,  -Os 
FAIL: gcc.dg/debug/pr41893-1.c -gdwarf-2 -g1 (test for excess errors)
FAIL: gcc.dg/debug/pr41893-1.c -gdwarf-2 -g1 -O (test for excess errors)
FAIL: gcc.dg/debug/pr41893-1.c -gdwarf-2 -g1 -O3 (test for excess errors)
FAIL: gcc.dg/debug/pr41893-1.c -gdwarf-2 (test for excess errors)
FAIL: gcc.dg/debug/pr41893-1.c -gdwarf-2 -O (test for excess errors)
FAIL: gcc.dg/debug/pr41893-1.c -gdwarf-2 -O3 (test for excess errors)
FAIL: gcc.dg/debug/pr41893-1.c -gdwarf-2 -g3 (test for excess errors)
FAIL: gcc.dg/debug/pr41893-1.c -gdwarf-2 -g3 -O (test for excess errors)
FAIL: gcc.dg/debug/pr41893-1.c -gdwarf-2 -g3 -O3 (test for excess errors)
FAIL: gcc.dg/debug/pr41893-1.c -gstabs1 (test for excess errors)
FAIL: gcc.dg/debug/pr41893-1.c -gstabs1 -O (test for excess errors)
FAIL: gcc.dg/debug/pr41893-1.c -gstabs1 -O3 (test for excess errors)
FAIL: gcc.dg/debug/pr41893-1.c -gstabs (test for excess errors)
FAIL: gcc.dg/debug/pr41893-1.c -gstabs -O (test for excess errors)
FAIL: gcc.dg/debug/pr41893-1.c -gstabs -O3 (test for excess errors)
FAIL: gcc.dg/debug/pr41893-1.c -gstabs3 (test for excess errors)
FAIL: gcc.dg/debug/pr41893-1.c -gstabs3 -O (test for excess errors)
FAIL: gcc.dg/debug/pr41893-1.c -gstabs3 -O3 (test for excess errors)
FAIL: gcc.dg/debug/pr41893-1.c -gstabs+1 (test for excess errors)
FAIL: gcc.dg/debug/pr41893-1.c -gstabs+1 -O (test for excess errors)
FAIL: gcc.dg/debug/pr41893-1.c -gstabs+1 -O3 (test for excess errors)
FAIL: gcc.dg/debug/pr41893-1.c -gstabs+ (test for excess errors)
FAIL: gcc.dg/debug/pr41893-1.c -gstabs+ -O (test for excess errors)
FAIL: gcc.dg/debug/pr41893-1.c -gstabs+ -O3 (test for excess errors)
FAIL: gcc.dg/debug/pr41893-1.c -gstabs+3 (test for excess errors)
FAIL: gcc.dg/debug/pr41893-1.c -gstabs+3 -O (test for excess errors)
FAIL: gcc.dg/debug/pr41893-1.c -gstabs+3 -O3 (test for excess errors)
FAIL: gcc.dg/c99-stdint-1.c (test for excess errors)
FAIL: gcc.dg/c99-stdint-7.c (test for excess errors)
FAIL: gcc.dg/cproj-fails-with-broken-glibc.c execution test
FAIL: gcc.dg/pr27898.c (test for excess errors)
FAIL: gcc.dg/pr28706.c (test for excess errors)
FAIL: gcc.dg/pr28712.c (test for excess errors)
FAIL: gcc.dg/pr30762-1.c (test for excess errors)
FAIL: gcc.dg/pr31529-1.c (test for excess errors)
FAIL: gcc.dg/pr34457-1.c (test for excess errors)
FAIL: gcc.dg/pr34668-1.c (test for excess errors)
FAIL: gcc.dg/pr34989-1.c (test for excess errors)
FAIL: gcc.dg/pr43557-1.c (test for excess errors)
FAIL: gcc.dg/stack-usage-1.c (test for excess errors)
FAIL: gcc.dg/stack-usage-1.c scan-file foo\\t(256|264)\\tstatic
FAIL: gcc.dg/uninit-13.c unconditional (test for warnings, line 8)
FAIL: gcc.dg/uninit-13.c (test for excess errors)
UNRESOLVED: selfassign.c compilation, -I. -I/build/buildd-gcc-snapshot_20100918-1-armel-UkDV8o/gcc-snapshot-20100918/src/gcc/testsuite -I/build/buildd-gcc-snapshot_20100918-1-armel-UkDV8o/gcc-snapshot-20100918/src/gcc/testsuite/../../gcc -I/build/buildd-gcc-snapshot_20100918-1-armel-UkDV8o/gcc-snapshot-20100918/build/gcc/testsuite/gcc/../../../gcc  -I/build/buildd-gcc-snapshot_20100918-1-armel-UkDV8o/gcc-snapshot-20100918/src/gcc/testsuite/../../include -I/build/buildd-gcc-snapshot_20100918-1-armel-UkDV8o/gcc-snapshot-20100918/src/gcc/testsuite/../../libcpp/include   -I/build/buildd-gcc-snapshot_20100918-1-armel-UkDV8o/gcc-snapshot-20100918/build/gcc/testsuite/gcc/../../../intl -O -DIN_GCC -fPIC -shared
UNRESOLVED: ggcplug.c compilation, -I. -I/build/buildd-gcc-snapshot_20100918-1-armel-UkDV8o/gcc-snapshot-20100918/src/gcc/testsuite -I/build/buildd-gcc-snapshot_20100918-1-armel-UkDV8o/gcc-snapshot-20100918/src/gcc/testsuite/../../gcc -I/build/buildd-gcc-snapshot_20100918-1-armel-UkDV8o/gcc-snapshot-20100918/build/gcc/testsuite/gcc/../../../gcc  -I/build/buildd-gcc-snapshot_20100918-1-armel-UkDV8o/gcc-snapshot-20100918/src/gcc/testsuite/../../include -I/build/buildd-gcc-snapshot_20100918-1-armel-UkDV8o/gcc-snapshot-20100918/src/gcc/testsuite/../../libcpp/include   -I/build/buildd-gcc-snapshot_20100918-1-armel-UkDV8o/gcc-snapshot-20100918/build/gcc/testsuite/gcc/../../../intl -O -DIN_GCC -fPIC -shared
UNRESOLVED: one_time_plugin.c compilation, -I. -I/build/buildd-gcc-snapshot_20100918-1-armel-UkDV8o/gcc-snapshot-20100918/src/gcc/testsuite -I/build/buildd-gcc-snapshot_20100918-1-armel-UkDV8o/gcc-snapshot-20100918/src/gcc/testsuite/../../gcc -I/build/buildd-gcc-snapshot_20100918-1-armel-UkDV8o/gcc-snapshot-20100918/build/gcc/testsuite/gcc/../../../gcc  -I/build/buildd-gcc-snapshot_20100918-1-armel-UkDV8o/gcc-snapshot-20100918/src/gcc/testsuite/../../include -I/build/buildd-gcc-snapshot_20100918-1-armel-UkDV8o/gcc-snapshot-20100918/src/gcc/testsuite/../../libcpp/include   -I/build/buildd-gcc-snapshot_20100918-1-armel-UkDV8o/gcc-snapshot-20100918/build/gcc/testsuite/gcc/../../../intl  -DIN_GCC -fPIC -shared
UNRESOLVED: start_unit_plugin.c compilation, -I. -I/build/buildd-gcc-snapshot_20100918-1-armel-UkDV8o/gcc-snapshot-20100918/src/gcc/testsuite -I/build/buildd-gcc-snapshot_20100918-1-armel-UkDV8o/gcc-snapshot-20100918/src/gcc/testsuite/../../gcc -I/build/buildd-gcc-snapshot_20100918-1-armel-UkDV8o/gcc-snapshot-20100918/build/gcc/testsuite/gcc/../../../gcc  -I/build/buildd-gcc-snapshot_20100918-1-armel-UkDV8o/gcc-snapshot-20100918/src/gcc/testsuite/../../include -I/build/buildd-gcc-snapshot_20100918-1-armel-UkDV8o/gcc-snapshot-20100918/src/gcc/testsuite/../../libcpp/include   -I/build/buildd-gcc-snapshot_20100918-1-armel-UkDV8o/gcc-snapshot-20100918/build/gcc/testsuite/gcc/../../../intl  -DIN_GCC -fPIC -shared
UNRESOLVED: finish_unit_plugin.c compilation, -I. -I/build/buildd-gcc-snapshot_20100918-1-armel-UkDV8o/gcc-snapshot-20100918/src/gcc/testsuite -I/build/buildd-gcc-snapshot_20100918-1-armel-UkDV8o/gcc-snapshot-20100918/src/gcc/testsuite/../../gcc -I/build/buildd-gcc-snapshot_20100918-1-armel-UkDV8o/gcc-snapshot-20100918/build/gcc/testsuite/gcc/../../../gcc  -I/build/buildd-gcc-snapshot_20100918-1-armel-UkDV8o/gcc-snapshot-20100918/src/gcc/testsuite/../../include -I/build/buildd-gcc-snapshot_20100918-1-armel-UkDV8o/gcc-snapshot-20100918/src/gcc/testsuite/../../libcpp/include   -I/build/buildd-gcc-snapshot_20100918-1-armel-UkDV8o/gcc-snapshot-20100918/build/gcc/testsuite/gcc/../../../intl  -DIN_GCC -fPIC -shared
XPASS: gcc.dg/tree-ssa/20031106-3.c scan-tree-dump-times optimized "link_error" 0
XPASS: gcc.dg/tree-ssa/20040204-1.c scan-tree-dump-times optimized "link_error" 0
XPASS: gcc.dg/tree-ssa/fre-vce-1.c scan-tree-dump-times fre "sv.i" 2
XPASS: gcc.dg/vect/pr33804.c scan-tree-dump-times vect "vectorized 1 loops" 1
XPASS: gcc.dg/vect/pr33804.c scan-tree-dump-times vect "vectorizing stmts using SLP" 1
XPASS: gcc.dg/vect/pr33953.c scan-tree-dump-times vect "vectorized 1 loops" 1
XPASS: gcc.dg/vect/pr33953.c scan-tree-dump-times vect "vectorizing stmts using SLP" 1
XPASS: gcc.dg/vect/vect-16.c scan-tree-dump-times vect "vectorized 1 loops" 1
FAIL: gcc.dg/vect/vect-multitypes-11.c scan-tree-dump-times vect "vectorized 1 loops" 1
FAIL: gcc.dg/vect/vect-multitypes-12.c scan-tree-dump-times vect "vectorized 1 loops" 1
XPASS: gcc.dg/vect/vect-peel-1.c scan-tree-dump-times vect "vectorized 1 loops" 2
XPASS: gcc.dg/vect/vect-peel-1.c scan-tree-dump-times vect "Alignment of access forced using peeling" 1
XPASS: gcc.dg/vect/vect-peel-2.c scan-tree-dump-times vect "vectorized 1 loops" 2
FAIL: gcc.dg/vect/vect-reduc-dot-s16b.c scan-tree-dump-times vect "vectorized 1 loops" 0
FAIL: gcc.dg/vect/vect-reduc-pattern-1a.c scan-tree-dump-times vect "vectorized 1 loops" 0
FAIL: gcc.dg/vect/vect-reduc-pattern-1b.c scan-tree-dump-times vect "vectorized 1 loops" 0
FAIL: gcc.dg/vect/vect-reduc-pattern-1c.c scan-tree-dump-times vect "vectorized 1 loops" 0
FAIL: gcc.dg/vect/vect-reduc-pattern-2a.c scan-tree-dump-times vect "vectorized 1 loops" 0
FAIL: gcc.dg/vect/vect-reduc-pattern-2b.c scan-tree-dump-times vect "vectorized 1 loops" 0
XPASS: gcc.dg/vect/vect-vfa-slp.c scan-tree-dump-times vect "vectorized 1 loops" 1
XPASS: gcc.dg/vect/slp-23.c scan-tree-dump-times vect "vectorizing stmts using SLP" 1
XPASS: gcc.dg/vect/slp-24.c scan-tree-dump-times vect "vectorized 1 loops" 1
XPASS: gcc.dg/vect/slp-24.c scan-tree-dump-times vect "vectorizing stmts using SLP" 2
XPASS: gcc.dg/vect/slp-35.c scan-tree-dump-times vect "vectorized 1 loops" 1
XPASS: gcc.dg/vect/slp-35.c scan-tree-dump-times vect "vectorizing stmts using SLP" 1
FAIL: gcc.dg/vect/slp-reduc-6.c scan-tree-dump-times vect "vectorized 1 loops" 2
FAIL: gcc.dg/vect/wrapv-vect-reduc-pattern-2c.c scan-tree-dump-times vect "vectorized 1 loops" 0
FAIL: gcc.dg/vect/no-section-anchors-vect-64.c scan-tree-dump-times vect "Alignment of access forced using peeling" 2
XPASS: gcc.dg/vect/no-scevccp-outer-16.c scan-tree-dump-times vect "OUTER LOOP VECTORIZED." 1
XPASS: gcc.dg/vect/no-scevccp-outer-17.c scan-tree-dump-times vect "OUTER LOOP VECTORIZED." 1
XPASS: gcc.dg/vect/no-scevccp-outer-19.c scan-tree-dump-times vect "OUTER LOOP VECTORIZED." 1
XPASS: gcc.dg/vect/no-scevccp-outer-21.c scan-tree-dump-times vect "OUTER LOOP VECTORIZED." 1
XPASS: gcc.dg/vect/no-tree-pre-slp-29.c scan-tree-dump-times vect "vectorized 1 loops" 2
XPASS: gcc.dg/vect/no-tree-pre-slp-29.c scan-tree-dump-times vect "vectorizing stmts using SLP" 2
FAIL: gcc.target/arm/pr42575.c scan-assembler-not mov
FAIL: gcc.target/arm/sync-1.c execution test

		=== gcc Summary ===

# of expected passes		70550
# of unexpected failures	58
# of unexpected successes	23
# of expected failures		239
# of unresolved testcases	5
# of unsupported tests		773
/build/buildd-gcc-snapshot_20100918-1-armel-UkDV8o/gcc-snapshot-20100918/build/gcc/xgcc  version 4.6.0 20100918 (experimental) [trunk revision 164391] (Debian 20100918-1) 

		=== gfortran tests ===


Running target unix
XPASS: gfortran.dg/pr25923.f90  -O  PR45505 (test for warnings, line 13)
XPASS: gfortran.dg/pr25923.f90  -O  PR45505 (test for bogus messages, line 22)
FAIL: gfortran.dg/select_type_4.f90  -O2  execution test
FAIL: gfortran.dg/select_type_4.f90  -O3 -fomit-frame-pointer  execution test
FAIL: gfortran.dg/select_type_4.f90  -O3 -fomit-frame-pointer -funroll-loops  execution test
FAIL: gfortran.dg/select_type_4.f90  -O3 -fomit-frame-pointer -funroll-all-loops -finline-functions  execution test
FAIL: gfortran.dg/select_type_4.f90  -O3 -g  execution test
FAIL: gfortran.dg/vect/vect-1.f90  -O  scan-tree-dump-times vect "vectorized 3 loops" 1
FAIL: gfortran.dg/vect/vect-2.f90  -O  scan-tree-dump-times vect "vectorized 3 loops" 1
FAIL: gfortran.dg/vect/vect-4.f90  -O  scan-tree-dump-times vect "vectorized 1 loops" 1
FAIL: gfortran.dg/vect/pr32377.f90  -O  scan-tree-dump-times vect "vectorized 2 loops" 1
FAIL: gfortran.dg/vect/fast-math-pr38968.f90 scan-tree-dump vect "vectorized 1 loops"
FAIL: gfortran.dg/vect/fast-math-vect-8.f90 scan-tree-dump-times vect "vectorized 1 loops" 1
FAIL: gfortran.dg/vect/no-vfa-pr32377.f90 scan-tree-dump-times vect "vectorized 2 loops" 1

		=== gfortran Summary ===

# of expected passes		35708
# of unexpected failures	12
# of unexpected successes	2
# of expected failures		58
# of unsupported tests		359
/build/buildd-gcc-snapshot_20100918-1-armel-UkDV8o/gcc-snapshot-20100918/build/gcc/testsuite/gfortran/../../gfortran  version 4.6.0 20100918 (experimental) [trunk revision 164391] (Debian 20100918-1) 

		=== gnat tests ===


Running target unix
FAIL: gnat.dg/lto1.adb (internal compiler error)
FAIL: gnat.dg/lto1.adb (test for excess errors)
UNRESOLVED: gnat.dg/lto1.adb compilation failed to produce executable

		=== gnat Summary ===

# of expected passes		813
# of unexpected failures	2
# of expected failures		11
# of unresolved testcases	1
# of unsupported tests		6
		=== obj-c++ tests ===


Running target unix
UNRESOLVED: obj-c++.dg/lookup-2.mm -fgnu-runtime compilation failed to produce executable
UNRESOLVED: obj-c++.dg/try-catch-2.mm -fgnu-runtime compilation failed to produce executable
UNRESOLVED: obj-c++.dg/try-catch-9.mm -fgnu-runtime compilation failed to produce executable

		=== obj-c++ Summary ===

# of expected passes		569
# of expected failures		3
# of unresolved testcases	3
# of unsupported tests		15
/build/buildd-gcc-snapshot_20100918-1-armel-UkDV8o/gcc-snapshot-20100918/build/gcc/testsuite/obj-c++/../../g++  version 4.6.0 20100918 (experimental) [trunk revision 164391] (Debian 20100918-1) 

		=== objc tests ===


Running target unix
FAIL: objc/execute/forward-1.m execution,  -O0 -fgnu-runtime
FAIL: objc/execute/forward-1.m execution,  -O1 -fgnu-runtime
FAIL: objc/execute/forward-1.m execution,  -O2 -fgnu-runtime
FAIL: objc/execute/forward-1.m execution,  -O3 -fomit-frame-pointer -fgnu-runtime
FAIL: objc/execute/forward-1.m execution,  -O3 -fomit-frame-pointer -funroll-loops -fgnu-runtime
FAIL: objc/execute/forward-1.m execution,  -O3 -fomit-frame-pointer -funroll-all-loops -finline-functions -fgnu-runtime
FAIL: objc/execute/forward-1.m execution,  -O3 -g -fgnu-runtime
FAIL: objc/execute/forward-1.m execution,  -Os -fgnu-runtime

		=== objc Summary ===

# of expected passes		2035
# of unexpected failures	8
# of expected failures		7
# of unsupported tests		20
/build/buildd-gcc-snapshot_20100918-1-armel-UkDV8o/gcc-snapshot-20100918/build/gcc/xgcc  version 4.6.0 20100918 (experimental) [trunk revision 164391] (Debian 20100918-1) 


Compiler version: 4.6.0 20100918 (experimental) [trunk revision 164391] (Debian 20100918-1) 
Platform: arm-unknown-linux-gnueabi
configure flags: -v --with-pkgversion='Debian 20100918-1' --with-bugurl=file:///usr/share/doc/gcc-snapshot/README.Bugs --enable-languages=c,ada,c++,fortran,objc,obj-c++ --prefix=/usr/lib/gcc-snapshot --enable-shared --enable-multiarch --enable-linker-build-id --with-system-zlib --disable-nls --enable-clocale=gnu --enable-libstdcxx-debug --enable-libstdcxx-time=yes --enable-plugin --enable-objc-gc --disable-sjlj-exceptions --disable-werror --enable-checking=yes --build=arm-linux-gnueabi --host=arm-linux-gnueabi --target=arm-linux-gnueabi
BOOT_CFLAGS=


Build Dependencies:
Desired=Unknown/Install/Remove/Purge/Hold
| Status=Not/Inst/Conf-files/Unpacked/halF-conf/Half-inst/trig-aWait/Trig-pend
|/ Err?=(none)/Reinst-required (Status,Err: uppercase=bad)
||/ Name                            Version                Description
+++-===============================-======================-========================================================================
ii  binutils                        2.20.1-14              The GNU assembler, linker and binary utilities
ii  g++-4.4                         4.4.4-13               The GNU C++ compiler
ii  libc6                           2.11.2-6               Embedded GNU C Library: Shared libraries
pi  libcloog-ppl-dev                0.15.9-2               the Chunky Loop Generator (development files)
pi  libgmp3-dev                     2:4.3.2+dfsg-1         Multiprecision arithmetic library developers tools
pi  libmpc-dev                      0.8.2-1+b1             multiple precision complex floating-point library development package
pi  libmpfr-dev                     3.0.0-2                multiple precision floating-point computation developers tools
pi  libppl0.10-dev                  0.10.2-8               Parma Polyhedra Library (development)


gcc-ice-hack-trunk:
  Retry the build on an ice, save the calling options and preprocessed
  source when the ice is reproducible.

gcc-ice-apport-trunk:
  Report an ICE to apport (if apport is available
  and the environment variable GCC_NOAPPORT is not set)

libjava-disable-static:
  Disable building the static libjava.

libjava-fixed-symlinks:
  Remove unneed '..' elements from symlinks in JAVA_HOME

libstdc++-arm-wno-abi:
  Temporary work around:
  On arm-linux-gnueabi run the libstdc++v3 testsuite with -Wno-abi

libstdc++-no-testsuite:
  Don't run the libstdc++ testsuite on hppa and mipsel (timeouts on the buildds)

ada-mips:
  Improve support for mips.

arm-unbreak-eabi-armv4t:
  Fix armv4t build on ARM

gcc-multiarch-trunk:

mips-triarch:
  Build a tri-arch compiler on mips-linux-gnu.
  http://gcc.gnu.org/ml/gcc-patches/2009-03/msg01047.html

libjava-nobiarch-check:
  For biarch builds, disable the testsuite for the non-default architecture
  for runtime libraries, which are not built by default (libjava).

config-ml:
  disable some biarch libraries for biarch builds

s390-biarch:
  Build a bi-arch compiler on s390-linux-gnu.
  http://gcc.gnu.org/ml/gcc-patches/2009-03/msg01044.html

gcc-powerpc-nof:
  Don't build nof multlib on powerpc.

gcc-no-add-needed:
  On linux targets pass --no-add-needed to the linker.

mips-fix-loongson2f-nop:
  On mips, pass -mfix-loongson2f-nop to as, if -mno-fix-loongson2f-nop
  is not passed.

pr40521-sequel-trunk:
  Sequel to PR40521 -- -g causes GCC to generate .eh_frame

pr40521-sequel-doc-trunk:
  Sequel to PR40521 -- -g causes GCC to generate .eh_frame (documentation)

Counting all warnings,
there are 0 warnings in stage3 of this bootstrap.

Number of warnings per file:

Number of warning types:


Index Nav: [Date Index] [Subject Index] [Author Index] [Thread Index]
Message Nav: [Date Prev] [Date Next] [Thread Prev] [Thread Next]