This is the mail archive of the gcc-testresults@gcc.gnu.org mailing list for the GCC project.


Index Nav: [Date Index] [Subject Index] [Author Index] [Thread Index]
Message Nav: [Date Prev] [Date Next] [Thread Prev] [Thread Next]
Other format: [Raw text]

Results for 4.6.0 20100918 (experimental) [trunk revision 164391] (Debian 20100918-1) testsuite on ia64-unknown-linux-gnu


LAST_UPDATED: Sat Sep 18 12:09:30 UTC 2010 (revision 164391)

Target: ia64-linux-gnu
gcc version 4.6.0 20100918 (experimental) [trunk revision 164391] (Debian 20100918-1) 

		=== acats tests ===
FAIL:	c390002
FAIL:	c392002
FAIL:	c392003
FAIL:	c392013
FAIL:	c393008
FAIL:	c393009
FAIL:	c760013
FAIL:	cb1010a
FAIL:	cb1010c
FAIL:	cb1010d
FAIL:	cd72a02
FAIL:	cdd2a01
FAIL:	cdd2a03

		=== acats Summary ===
# of expected passes		2308
# of unexpected failures	13
Native configuration is ia64-unknown-linux-gnu

		=== g++ tests ===


Running target unix
FAIL: g++.dg/ext/attr-ifunc-1.C execution test
FAIL: g++.dg/ext/attr-ifunc-2.C execution test
FAIL: g++.dg/ext/attr-ifunc-3.C execution test
FAIL: g++.dg/ext/attr-ifunc-4.C execution test
FAIL: g++.dg/inherit/covariant7.C scan-tree-dump class "48    .*c6::_ZTcv0_n32_v0_n24_NV2c62f2Ev"
FAIL: g++.dg/inherit/covariant7.C scan-tree-dump class "56    .*c6::f2"
FAIL: g++.dg/inherit/covariant7.C scan-tree-dump class "168   .*c6::_ZTv0_n32_NV2c62f2Ev"
UNRESOLVED: attribute_plugin.c compilation, -I. -I/build/buildd-gcc-snapshot_20100918-1-ia64-rXbmgJ/gcc-snapshot-20100918/src/gcc/testsuite -I/build/buildd-gcc-snapshot_20100918-1-ia64-rXbmgJ/gcc-snapshot-20100918/src/gcc/testsuite/../../gcc -I/build/buildd-gcc-snapshot_20100918-1-ia64-rXbmgJ/gcc-snapshot-20100918/build/gcc/testsuite/g++/../../../gcc  -I/build/buildd-gcc-snapshot_20100918-1-ia64-rXbmgJ/gcc-snapshot-20100918/src/gcc/testsuite/../../include -I/build/buildd-gcc-snapshot_20100918-1-ia64-rXbmgJ/gcc-snapshot-20100918/src/gcc/testsuite/../../libcpp/include   -I/build/buildd-gcc-snapshot_20100918-1-ia64-rXbmgJ/gcc-snapshot-20100918/build/gcc/testsuite/g++/../../../intl  -DIN_GCC -fPIC -shared
UNRESOLVED: pragma_plugin.c compilation, -I. -I/build/buildd-gcc-snapshot_20100918-1-ia64-rXbmgJ/gcc-snapshot-20100918/src/gcc/testsuite -I/build/buildd-gcc-snapshot_20100918-1-ia64-rXbmgJ/gcc-snapshot-20100918/src/gcc/testsuite/../../gcc -I/build/buildd-gcc-snapshot_20100918-1-ia64-rXbmgJ/gcc-snapshot-20100918/build/gcc/testsuite/g++/../../../gcc  -I/build/buildd-gcc-snapshot_20100918-1-ia64-rXbmgJ/gcc-snapshot-20100918/src/gcc/testsuite/../../include -I/build/buildd-gcc-snapshot_20100918-1-ia64-rXbmgJ/gcc-snapshot-20100918/src/gcc/testsuite/../../libcpp/include   -I/build/buildd-gcc-snapshot_20100918-1-ia64-rXbmgJ/gcc-snapshot-20100918/build/gcc/testsuite/g++/../../../intl  -DIN_GCC -fPIC -shared
UNRESOLVED: selfassign.c compilation, -I. -I/build/buildd-gcc-snapshot_20100918-1-ia64-rXbmgJ/gcc-snapshot-20100918/src/gcc/testsuite -I/build/buildd-gcc-snapshot_20100918-1-ia64-rXbmgJ/gcc-snapshot-20100918/src/gcc/testsuite/../../gcc -I/build/buildd-gcc-snapshot_20100918-1-ia64-rXbmgJ/gcc-snapshot-20100918/build/gcc/testsuite/g++/../../../gcc  -I/build/buildd-gcc-snapshot_20100918-1-ia64-rXbmgJ/gcc-snapshot-20100918/src/gcc/testsuite/../../include -I/build/buildd-gcc-snapshot_20100918-1-ia64-rXbmgJ/gcc-snapshot-20100918/src/gcc/testsuite/../../libcpp/include   -I/build/buildd-gcc-snapshot_20100918-1-ia64-rXbmgJ/gcc-snapshot-20100918/build/gcc/testsuite/g++/../../../intl -O -DIN_GCC -fPIC -shared
UNRESOLVED: dumb_plugin.c compilation, -I. -I/build/buildd-gcc-snapshot_20100918-1-ia64-rXbmgJ/gcc-snapshot-20100918/src/gcc/testsuite -I/build/buildd-gcc-snapshot_20100918-1-ia64-rXbmgJ/gcc-snapshot-20100918/src/gcc/testsuite/../../gcc -I/build/buildd-gcc-snapshot_20100918-1-ia64-rXbmgJ/gcc-snapshot-20100918/build/gcc/testsuite/g++/../../../gcc  -I/build/buildd-gcc-snapshot_20100918-1-ia64-rXbmgJ/gcc-snapshot-20100918/src/gcc/testsuite/../../include -I/build/buildd-gcc-snapshot_20100918-1-ia64-rXbmgJ/gcc-snapshot-20100918/src/gcc/testsuite/../../libcpp/include   -I/build/buildd-gcc-snapshot_20100918-1-ia64-rXbmgJ/gcc-snapshot-20100918/build/gcc/testsuite/g++/../../../intl  -DIN_GCC -fPIC -shared
UNRESOLVED: header_plugin.c compilation, -I. -I/build/buildd-gcc-snapshot_20100918-1-ia64-rXbmgJ/gcc-snapshot-20100918/src/gcc/testsuite -I/build/buildd-gcc-snapshot_20100918-1-ia64-rXbmgJ/gcc-snapshot-20100918/src/gcc/testsuite/../../gcc -I/build/buildd-gcc-snapshot_20100918-1-ia64-rXbmgJ/gcc-snapshot-20100918/build/gcc/testsuite/g++/../../../gcc  -I/build/buildd-gcc-snapshot_20100918-1-ia64-rXbmgJ/gcc-snapshot-20100918/src/gcc/testsuite/../../include -I/build/buildd-gcc-snapshot_20100918-1-ia64-rXbmgJ/gcc-snapshot-20100918/src/gcc/testsuite/../../libcpp/include   -I/build/buildd-gcc-snapshot_20100918-1-ia64-rXbmgJ/gcc-snapshot-20100918/build/gcc/testsuite/g++/../../../intl  -DIN_GCC -fPIC -shared

		=== g++ Summary ===

# of expected passes		23499
# of unexpected failures	7
# of expected failures		149
# of unresolved testcases	5
# of unsupported tests		201
/build/buildd-gcc-snapshot_20100918-1-ia64-rXbmgJ/gcc-snapshot-20100918/build/gcc/testsuite/g++/../../g++  version 4.6.0 20100918 (experimental) [trunk revision 164391] (Debian 20100918-1) 

		=== gcc tests ===


Running target unix
FAIL: gcc.dg/debug/pr41893-1.c -gdwarf-2 -g1 (test for excess errors)
FAIL: gcc.dg/debug/pr41893-1.c -gdwarf-2 -g1 -O (test for excess errors)
FAIL: gcc.dg/debug/pr41893-1.c -gdwarf-2 -g1 -O3 (test for excess errors)
FAIL: gcc.dg/debug/pr41893-1.c -gdwarf-2 (test for excess errors)
FAIL: gcc.dg/debug/pr41893-1.c -gdwarf-2 -O (test for excess errors)
FAIL: gcc.dg/debug/pr41893-1.c -gdwarf-2 -O3 (test for excess errors)
FAIL: gcc.dg/debug/pr41893-1.c -gdwarf-2 -g3 (test for excess errors)
FAIL: gcc.dg/debug/pr41893-1.c -gdwarf-2 -g3 -O (test for excess errors)
FAIL: gcc.dg/debug/pr41893-1.c -gdwarf-2 -g3 -O3 (test for excess errors)
FAIL: gcc.dg/attr-ifunc-1.c execution test
FAIL: gcc.dg/attr-ifunc-3.c execution test
FAIL: gcc.dg/attr-ifunc-4.c execution test
FAIL: gcc.dg/attr-ifunc-5.c execution test
FAIL: gcc.dg/builtin-apply4.c execution test
FAIL: gcc.dg/cproj-fails-with-broken-glibc.c execution test
FAIL: gcc.dg/pr27898.c (test for excess errors)
FAIL: gcc.dg/pr28706.c (test for excess errors)
FAIL: gcc.dg/pr28712.c (test for excess errors)
FAIL: gcc.dg/pr30762-1.c (test for excess errors)
FAIL: gcc.dg/pr31529-1.c (test for excess errors)
FAIL: gcc.dg/pr34457-1.c (test for excess errors)
FAIL: gcc.dg/pr34668-1.c (test for excess errors)
FAIL: gcc.dg/pr34989-1.c (test for excess errors)
FAIL: gcc.dg/pr43557-1.c (test for excess errors)
UNRESOLVED: selfassign.c compilation, -I. -I/build/buildd-gcc-snapshot_20100918-1-ia64-rXbmgJ/gcc-snapshot-20100918/src/gcc/testsuite -I/build/buildd-gcc-snapshot_20100918-1-ia64-rXbmgJ/gcc-snapshot-20100918/src/gcc/testsuite/../../gcc -I/build/buildd-gcc-snapshot_20100918-1-ia64-rXbmgJ/gcc-snapshot-20100918/build/gcc/testsuite/gcc/../../../gcc  -I/build/buildd-gcc-snapshot_20100918-1-ia64-rXbmgJ/gcc-snapshot-20100918/src/gcc/testsuite/../../include -I/build/buildd-gcc-snapshot_20100918-1-ia64-rXbmgJ/gcc-snapshot-20100918/src/gcc/testsuite/../../libcpp/include   -I/build/buildd-gcc-snapshot_20100918-1-ia64-rXbmgJ/gcc-snapshot-20100918/build/gcc/testsuite/gcc/../../../intl -O -DIN_GCC -fPIC -shared
UNRESOLVED: ggcplug.c compilation, -I. -I/build/buildd-gcc-snapshot_20100918-1-ia64-rXbmgJ/gcc-snapshot-20100918/src/gcc/testsuite -I/build/buildd-gcc-snapshot_20100918-1-ia64-rXbmgJ/gcc-snapshot-20100918/src/gcc/testsuite/../../gcc -I/build/buildd-gcc-snapshot_20100918-1-ia64-rXbmgJ/gcc-snapshot-20100918/build/gcc/testsuite/gcc/../../../gcc  -I/build/buildd-gcc-snapshot_20100918-1-ia64-rXbmgJ/gcc-snapshot-20100918/src/gcc/testsuite/../../include -I/build/buildd-gcc-snapshot_20100918-1-ia64-rXbmgJ/gcc-snapshot-20100918/src/gcc/testsuite/../../libcpp/include   -I/build/buildd-gcc-snapshot_20100918-1-ia64-rXbmgJ/gcc-snapshot-20100918/build/gcc/testsuite/gcc/../../../intl -O -DIN_GCC -fPIC -shared
UNRESOLVED: one_time_plugin.c compilation, -I. -I/build/buildd-gcc-snapshot_20100918-1-ia64-rXbmgJ/gcc-snapshot-20100918/src/gcc/testsuite -I/build/buildd-gcc-snapshot_20100918-1-ia64-rXbmgJ/gcc-snapshot-20100918/src/gcc/testsuite/../../gcc -I/build/buildd-gcc-snapshot_20100918-1-ia64-rXbmgJ/gcc-snapshot-20100918/build/gcc/testsuite/gcc/../../../gcc  -I/build/buildd-gcc-snapshot_20100918-1-ia64-rXbmgJ/gcc-snapshot-20100918/src/gcc/testsuite/../../include -I/build/buildd-gcc-snapshot_20100918-1-ia64-rXbmgJ/gcc-snapshot-20100918/src/gcc/testsuite/../../libcpp/include   -I/build/buildd-gcc-snapshot_20100918-1-ia64-rXbmgJ/gcc-snapshot-20100918/build/gcc/testsuite/gcc/../../../intl  -DIN_GCC -fPIC -shared
UNRESOLVED: start_unit_plugin.c compilation, -I. -I/build/buildd-gcc-snapshot_20100918-1-ia64-rXbmgJ/gcc-snapshot-20100918/src/gcc/testsuite -I/build/buildd-gcc-snapshot_20100918-1-ia64-rXbmgJ/gcc-snapshot-20100918/src/gcc/testsuite/../../gcc -I/build/buildd-gcc-snapshot_20100918-1-ia64-rXbmgJ/gcc-snapshot-20100918/build/gcc/testsuite/gcc/../../../gcc  -I/build/buildd-gcc-snapshot_20100918-1-ia64-rXbmgJ/gcc-snapshot-20100918/src/gcc/testsuite/../../include -I/build/buildd-gcc-snapshot_20100918-1-ia64-rXbmgJ/gcc-snapshot-20100918/src/gcc/testsuite/../../libcpp/include   -I/build/buildd-gcc-snapshot_20100918-1-ia64-rXbmgJ/gcc-snapshot-20100918/build/gcc/testsuite/gcc/../../../intl  -DIN_GCC -fPIC -shared
UNRESOLVED: finish_unit_plugin.c compilation, -I. -I/build/buildd-gcc-snapshot_20100918-1-ia64-rXbmgJ/gcc-snapshot-20100918/src/gcc/testsuite -I/build/buildd-gcc-snapshot_20100918-1-ia64-rXbmgJ/gcc-snapshot-20100918/src/gcc/testsuite/../../gcc -I/build/buildd-gcc-snapshot_20100918-1-ia64-rXbmgJ/gcc-snapshot-20100918/build/gcc/testsuite/gcc/../../../gcc  -I/build/buildd-gcc-snapshot_20100918-1-ia64-rXbmgJ/gcc-snapshot-20100918/src/gcc/testsuite/../../include -I/build/buildd-gcc-snapshot_20100918-1-ia64-rXbmgJ/gcc-snapshot-20100918/src/gcc/testsuite/../../libcpp/include   -I/build/buildd-gcc-snapshot_20100918-1-ia64-rXbmgJ/gcc-snapshot-20100918/build/gcc/testsuite/gcc/../../../intl  -DIN_GCC -fPIC -shared
XPASS: gcc.dg/tree-ssa/20031106-3.c scan-tree-dump-times optimized "link_error" 0
XPASS: gcc.dg/tree-ssa/20040204-1.c scan-tree-dump-times optimized "link_error" 0
XPASS: gcc.dg/tree-ssa/fre-vce-1.c scan-tree-dump-times fre "sv.i" 2
XPASS: gcc.dg/tree-ssa/loop-1.c scan-assembler-times foo 5
FAIL: gcc.dg/tree-ssa/pr14814.c scan-tree-dump-times forwprop2 "&" 0
XPASS: gcc.dg/vect/pr33804.c scan-tree-dump-times vect "vectorized 1 loops" 1
XPASS: gcc.dg/vect/pr33804.c scan-tree-dump-times vect "vectorizing stmts using SLP" 1
XPASS: gcc.dg/vect/pr33953.c scan-tree-dump-times vect "vectorized 1 loops" 1
XPASS: gcc.dg/vect/pr33953.c scan-tree-dump-times vect "vectorizing stmts using SLP" 1
FAIL: gcc.dg/vect/pr43430-2.c scan-tree-dump-times vect "vectorized 1 loops" 1
FAIL: gcc.dg/vect/vect-1.c scan-tree-dump-times vect "vectorized 5 loops" 1
XPASS: gcc.dg/vect/vect-peel-1.c scan-tree-dump-times vect "vectorized 1 loops" 2
XPASS: gcc.dg/vect/vect-peel-1.c scan-tree-dump-times vect "Alignment of access forced using peeling" 1
XPASS: gcc.dg/vect/vect-peel-2.c scan-tree-dump-times vect "vectorized 1 loops" 2
XPASS: gcc.dg/vect/vect-vfa-slp.c scan-tree-dump-times vect "vectorized 1 loops" 1
XPASS: gcc.dg/vect/slp-23.c scan-tree-dump-times vect "vectorizing stmts using SLP" 1
XPASS: gcc.dg/vect/slp-24.c scan-tree-dump-times vect "vectorized 1 loops" 1
XPASS: gcc.dg/vect/slp-24.c scan-tree-dump-times vect "vectorizing stmts using SLP" 2
XPASS: gcc.dg/vect/slp-35.c scan-tree-dump-times vect "vectorized 1 loops" 1
XPASS: gcc.dg/vect/slp-35.c scan-tree-dump-times vect "vectorizing stmts using SLP" 1
FAIL: gcc.dg/vect/slp-reduc-3.c scan-tree-dump-times vect "vectorized 1 loops" 2
FAIL: gcc.dg/vect/slp-reduc-3.c scan-tree-dump-times vect "vectorizing stmts using SLP" 1
FAIL: gcc.dg/vect/slp-reduc-6.c scan-tree-dump-times vect "vectorized 1 loops" 2
FAIL: gcc.dg/vect/no-section-anchors-vect-64.c scan-tree-dump-times vect "Alignment of access forced using peeling" 2
XPASS: gcc.dg/vect/no-tree-pre-slp-29.c scan-tree-dump-times vect "vectorized 1 loops" 2
XPASS: gcc.dg/vect/no-tree-pre-slp-29.c scan-tree-dump-times vect "vectorizing stmts using SLP" 2

		=== gcc Summary ===

# of expected passes		66346
# of unexpected failures	31
# of unexpected successes	19
# of expected failures		250
# of unresolved testcases	5
# of unsupported tests		711
/build/buildd-gcc-snapshot_20100918-1-ia64-rXbmgJ/gcc-snapshot-20100918/build/gcc/xgcc  version 4.6.0 20100918 (experimental) [trunk revision 164391] (Debian 20100918-1) 

		=== gfortran tests ===


Running target unix
FAIL: gfortran.dg/maxlocval_3.f90  -O3 -fomit-frame-pointer -funroll-loops  (test for excess errors)
FAIL: gfortran.dg/maxlocval_3.f90  -O3 -fomit-frame-pointer -funroll-all-loops -finline-functions  (test for excess errors)
FAIL: gfortran.dg/vect/fast-math-vect-8.f90 scan-tree-dump-times vect "vectorized 1 loops" 1

		=== gfortran Summary ===

# of expected passes		36792
# of unexpected failures	3
# of expected failures		58
# of unsupported tests		58
/build/buildd-gcc-snapshot_20100918-1-ia64-rXbmgJ/gcc-snapshot-20100918/build/gcc/testsuite/gfortran/../../gfortran  version 4.6.0 20100918 (experimental) [trunk revision 164391] (Debian 20100918-1) 

		=== gnat tests ===


Running target unix
FAIL: gnat.dg/lto1.adb (internal compiler error)
FAIL: gnat.dg/lto1.adb (test for excess errors)
UNRESOLVED: gnat.dg/lto1.adb compilation failed to produce executable
FAIL: gnat.dg/stack_check1.adb execution test
FAIL: gnat.dg/stack_check2.adb execution test

		=== gnat Summary ===

# of expected passes		818
# of unexpected failures	4
# of expected failures		10
# of unresolved testcases	1
# of unsupported tests		4
		=== obj-c++ tests ===


Running target unix
UNRESOLVED: obj-c++.dg/lookup-2.mm -fgnu-runtime compilation failed to produce executable
UNRESOLVED: obj-c++.dg/try-catch-2.mm -fgnu-runtime compilation failed to produce executable
UNRESOLVED: obj-c++.dg/try-catch-9.mm -fgnu-runtime compilation failed to produce executable

		=== obj-c++ Summary ===

# of expected passes		561
# of expected failures		11
# of unresolved testcases	3
# of unsupported tests		15
/build/buildd-gcc-snapshot_20100918-1-ia64-rXbmgJ/gcc-snapshot-20100918/build/gcc/testsuite/obj-c++/../../g++  version 4.6.0 20100918 (experimental) [trunk revision 164391] (Debian 20100918-1) 

		=== objc tests ===


Running target unix

		=== objc Summary ===

# of expected passes		2033
# of expected failures		15
# of unsupported tests		21
/build/buildd-gcc-snapshot_20100918-1-ia64-rXbmgJ/gcc-snapshot-20100918/build/gcc/xgcc  version 4.6.0 20100918 (experimental) [trunk revision 164391] (Debian 20100918-1) 

		=== libgomp tests ===


Running target unix

		=== libgomp Summary ===

# of expected passes		2540
		=== libmudflap tests ===


Running target unix
FAIL: libmudflap.c/pass49-frag.c execution test
FAIL: libmudflap.c/pass49-frag.c output pattern test
FAIL: libmudflap.c/pass49-frag.c execution test
FAIL: libmudflap.c/pass49-frag.c output pattern test
FAIL: libmudflap.c/pass49-frag.c (-static) execution test
FAIL: libmudflap.c/pass49-frag.c (-static) output pattern test
FAIL: libmudflap.c/pass49-frag.c (-static) execution test
FAIL: libmudflap.c/pass49-frag.c (-static) output pattern test
FAIL: libmudflap.c/pass49-frag.c (-O2) execution test
FAIL: libmudflap.c/pass49-frag.c (-O2) output pattern test
FAIL: libmudflap.c/pass49-frag.c (-O2) execution test
FAIL: libmudflap.c/pass49-frag.c (-O2) output pattern test
FAIL: libmudflap.c/pass49-frag.c (-O3) execution test
FAIL: libmudflap.c/pass49-frag.c (-O3) output pattern test
FAIL: libmudflap.c/pass49-frag.c (-O3) execution test
FAIL: libmudflap.c/pass49-frag.c (-O3) output pattern test
FAIL: libmudflap.c++/pass41-frag.cxx execution test
FAIL: libmudflap.c++/pass55-frag.cxx execution test
FAIL: libmudflap.c++/pass41-frag.cxx (-static) execution test
FAIL: libmudflap.c++/pass55-frag.cxx (-static) execution test
FAIL: libmudflap.c++/pass55-frag.cxx ( -O) execution test
FAIL: libmudflap.c++/pass41-frag.cxx (-O2) execution test
FAIL: libmudflap.c++/pass55-frag.cxx (-O2) execution test
FAIL: libmudflap.c++/pass41-frag.cxx (-O3) execution test
FAIL: libmudflap.c++/pass55-frag.cxx (-O3) execution test

		=== libmudflap Summary ===

# of expected passes		1869
# of unexpected failures	25
		=== libstdc++ tests ===


Running target unix
FAIL: 22_locale/time_get/get_date/wchar_t/4.cc execution test

		=== libstdc++ Summary ===

# of expected passes		7715
# of unexpected failures	1
# of expected failures		83
# of unsupported tests		105

Compiler version: 4.6.0 20100918 (experimental) [trunk revision 164391] (Debian 20100918-1) 
Platform: ia64-unknown-linux-gnu
configure flags: -v --with-pkgversion='Debian 20100918-1' --with-bugurl=file:///usr/share/doc/gcc-snapshot/README.Bugs --enable-languages=c,ada,c++,fortran,objc,obj-c++ --prefix=/usr/lib/gcc-snapshot --enable-shared --enable-multiarch --enable-linker-build-id --with-system-zlib --disable-nls --enable-clocale=gnu --enable-libstdcxx-debug --enable-libstdcxx-time=yes --disable-libssp --enable-plugin --enable-objc-gc --with-system-libunwind --disable-werror --enable-checking=yes --build=ia64-linux-gnu --host=ia64-linux-gnu --target=ia64-linux-gnu
BOOT_CFLAGS=


Build Dependencies:
Desired=Unknown/Install/Remove/Purge/Hold
| Status=Not/Inst/Conf-files/Unpacked/halF-conf/Half-inst/trig-aWait/Trig-pend
|/ Err?=(none)/Reinst-required (Status,Err: uppercase=bad)
||/ Name                            Version                  Description
+++-===============================-========================-========================================================================
ii  binutils                        2.20.1-15                The GNU assembler, linker and binary utilities
ii  g++-4.4                         4.4.4-8                  The GNU C++ compiler
ii  libc6.1                         2.11.2-6                 Embedded GNU C Library: Shared libraries
pi  libcloog-ppl-dev                0.15.9-2                 the Chunky Loop Generator (development files)
pi  libgmp3-dev                     2:4.3.2+dfsg-1           Multiprecision arithmetic library developers tools
pi  libmpc-dev                      0.8.2-1+b1               multiple precision complex floating-point library development package
pi  libmpfr-dev                     3.0.0-2                  multiple precision floating-point computation developers tools
pi  libppl0.10-dev                  0.10.2-8                 Parma Polyhedra Library (development)


gcc-ice-hack-trunk:
  Retry the build on an ice, save the calling options and preprocessed
  source when the ice is reproducible.

gcc-ice-apport-trunk:
  Report an ICE to apport (if apport is available
  and the environment variable GCC_NOAPPORT is not set)

libjava-disable-static:
  Disable building the static libjava.

libjava-fixed-symlinks:
  Remove unneed '..' elements from symlinks in JAVA_HOME

libstdc++-arm-wno-abi:
  Temporary work around:
  On arm-linux-gnueabi run the libstdc++v3 testsuite with -Wno-abi

libstdc++-no-testsuite:
  Don't run the libstdc++ testsuite on hppa and mipsel (timeouts on the buildds)

ada-mips:
  Improve support for mips.

arm-unbreak-eabi-armv4t:
  Fix armv4t build on ARM

gcc-multiarch-trunk:

mips-triarch:
  Build a tri-arch compiler on mips-linux-gnu.
  http://gcc.gnu.org/ml/gcc-patches/2009-03/msg01047.html

libjava-nobiarch-check:
  For biarch builds, disable the testsuite for the non-default architecture
  for runtime libraries, which are not built by default (libjava).

config-ml:
  disable some biarch libraries for biarch builds

s390-biarch:
  Build a bi-arch compiler on s390-linux-gnu.
  http://gcc.gnu.org/ml/gcc-patches/2009-03/msg01044.html

gcc-powerpc-nof:
  Don't build nof multlib on powerpc.

gcc-no-add-needed:
  On linux targets pass --no-add-needed to the linker.

mips-fix-loongson2f-nop:
  On mips, pass -mfix-loongson2f-nop to as, if -mno-fix-loongson2f-nop
  is not passed.

pr40521-sequel-trunk:
  Sequel to PR40521 -- -g causes GCC to generate .eh_frame

pr40521-sequel-doc-trunk:
  Sequel to PR40521 -- -g causes GCC to generate .eh_frame (documentation)

Counting all warnings,
there are 0 warnings in stage3 of this bootstrap.

Number of warnings per file:

Number of warning types:


Index Nav: [Date Index] [Subject Index] [Author Index] [Thread Index]
Message Nav: [Date Prev] [Date Next] [Thread Prev] [Thread Next]