This is the mail archive of the
gcc-testresults@gcc.gnu.org
mailing list for the GCC project.
Results for 4.6.0 20100915 (experimental) [trunk revision 164294] (GCC) testsuite on hppa64-hp-hpux11.11
- From: John David Anglin <dave at hiauly3 dot hia dot nrc dot ca>
- To: dave at hiauly3 dot hia dot nrc dot ca, gcc-testresults at gcc dot gnu dot org
- Date: Thu, 16 Sep 2010 10:54:05 -0400 (EDT)
- Subject: Results for 4.6.0 20100915 (experimental) [trunk revision 164294] (GCC) testsuite on hppa64-hp-hpux11.11
Native configuration is hppa64-hp-hpux11.11
=== g++ tests ===
Running target unix
FAIL: g++.dg/debug/dwarf2/lineno-simple1.C scan-assembler _ZN1CC[12]Ev:[^\\\\t]*(\\\\t.(frame|mask|file)[^\\\\t]*)*\\\\t[^:]+:4\\\\n
FAIL: g++.dg/debug/dwarf2/lineno-simple1.C scan-assembler _ZN1C3fooEv:[^\\\\t]*(\\\\t.(frame|mask|file)[^\\\\t]*)*\\\\t[^:]+:6\\\\n
FAIL: g++.dg/debug/dwarf2/lineno-simple1.C scan-assembler main:[^\\\\t]*(\\\\t.(frame|mask|file)[^\\\\t]*)*\\\\t[^:]+:12\\\\n
FAIL: g++.dg/debug/dwarf2/nested-2.C scan-assembler [^\\n\\r]*\\\\(DIE[^\\n\\r]*DW_TAG_structure_type\\\\)[\\n\\r]+[^\\n\\r]*"S\\\\\\\\0"[ \\t]+(#|!|//?)[ \\t]+DW_AT_name[\\n\\r]+(.*)?\\\\(DIE[^\\n\\r]*DW_TAG_structure_type\\\\)[\\n\\r]+[^\\n\\r]*"T<int>\\\\\\\\0"[ \\t]+(.*)?\\\\(DIE[^\\n\\r]*DW_TAG_template_type_param\\\\)[\\n\\r]+[^\\n\\r]*[\\n\\r]+[^\\n\\r]*[\\n\\r]+[^\\n\\r]*(#|!|//?)[ \\t]+end of children of DIE[^\\n\\r]*[\\n\\r]+[^\\n\\r]*end of children of DIE[^\\n\\r]*
FAIL: g++.dg/debug/dwarf2/pr44641.C scan-assembler _ZN12MisplacedDbgI4FullEC[12]Ev:[^\\\\t]*(\\\\t.(frame|mask|file)[^\\\\t]*)*\\\\t[^:]+:21\\\\n
FAIL: g++.dg/debug/dwarf2/pr44641.C scan-assembler _ZN12MisplacedDbgI4FullED0Ev:[^\\\\t]*(\\\\t.(frame|mask|file)[^\\\\t]*)*\\\\t[^:]+:21\\\\n
FAIL: g++.dg/debug/dwarf2/pr44641.C scan-assembler _ZN12MisplacedDbgIP3ArgEC[12]Ev:[^\\\\t]*(\\\\t.(frame|mask|file)[^\\\\t]*)*\\\\t[^:]+:28\\\\n
FAIL: g++.dg/debug/dwarf2/pr44641.C scan-assembler _ZN12MisplacedDbgIP3ArgED0Ev:[^\\\\t]*(\\\\t.(frame|mask|file)[^\\\\t]*)*\\\\t[^:]+:28\\\\n
FAIL: g++.dg/debug/dwarf2/pr44641.C scan-assembler _ZN12MisplacedDbgI3ArgEC[12]Ev:[^\\\\t]*(\\\\t.(frame|mask|file)[^\\\\t]*)*\\\\t[^:]+:34\\\\n
FAIL: g++.dg/debug/dwarf2/pr44641.C scan-assembler _ZN12MisplacedDbgI3ArgED0Ev:[^\\\\t]*(\\\\t.(frame|mask|file)[^\\\\t]*)*\\\\t[^:]+:34\\\\n
WARNING: program timed out.
FAIL: g++.dg/lto/20081109 cp_lto_20081109_0.o-cp_lto_20081109_1.o execute -O2 -fwhopr
FAIL: g++.dg/torture/pr33819.C -O2 execution test
FAIL: g++.dg/torture/pr33819.C -O3 -fomit-frame-pointer execution test
FAIL: g++.dg/torture/pr33819.C -O3 -g execution test
FAIL: g++.dg/torture/pr33819.C -Os execution test
FAIL: g++.dg/torture/pr33819.C -O2 -flto execution test
FAIL: g++.dg/torture/pr33819.C -O2 -fwhopr execution test
FAIL: g++.dg/torture/pr44972.C -O0 (test for excess errors)
FAIL: g++.dg/torture/pr44972.C -O1 (test for excess errors)
FAIL: g++.dg/torture/pr44972.C -O2 (test for excess errors)
FAIL: g++.dg/torture/pr44972.C -O3 -fomit-frame-pointer (test for excess errors)
FAIL: g++.dg/torture/pr44972.C -O3 -g (test for excess errors)
FAIL: g++.dg/torture/pr44972.C -Os (test for excess errors)
FAIL: g++.dg/torture/pr44972.C -O2 -flto (test for excess errors)
FAIL: g++.dg/torture/pr44972.C -O2 -fwhopr (test for excess errors)
=== g++ Summary ===
# of expected passes 22692
# of unexpected failures 25
# of expected failures 151
# of unsupported tests 244
/test/gnu/gcc/objdir/gcc/testsuite/g++/../../g++ version 4.6.0 20100915 (experimental) [trunk revision 164294] (GCC)
=== gcc tests ===
Running target unix
FAIL: gcc.c-torture/execute/20040709-2.c execution, -O1
FAIL: gcc.c-torture/execute/20040709-2.c execution, -Os
XPASS: gcc.dg/funcorder.c scan-assembler-not link_error,%r
WARNING: program timed out.
FAIL: gcc.dg/lto/20090116 c_lto_20090116_0.o-c_lto_20090116_0.o link, -O1 -fwhopr -fPIC (internal compiler error)
UNRESOLVED: gcc.dg/lto/20090116 c_lto_20090116_0.o-c_lto_20090116_0.o execute -O1 -fwhopr -fPIC
XPASS: gcc.dg/tree-ssa/20031106-3.c scan-tree-dump-times optimized "link_error" 0
XPASS: gcc.dg/tree-ssa/20040204-1.c scan-tree-dump-times optimized "link_error" 0
XPASS: gcc.dg/tree-ssa/fre-vce-1.c scan-tree-dump-times fre "sv.i" 2
=== gcc Summary ===
# of expected passes 63715
# of unexpected failures 3
# of unexpected successes 4
# of expected failures 122
# of unresolved testcases 1
# of unsupported tests 812
/test/gnu/gcc/objdir/gcc/xgcc version 4.6.0 20100915 (experimental) [trunk revision 164294] (GCC)
=== gfortran tests ===
Running target unix
=== gfortran Summary ===
# of expected passes 35573
# of expected failures 39
# of unsupported tests 337
/test/gnu/gcc/objdir/gcc/testsuite/gfortran/../../gfortran version 4.6.0 20100915 (experimental) [trunk revision 164294] (GCC)
=== obj-c++ tests ===
Running target unix
WARNING: obj-c++.dg/lookup-2.mm -fgnu-runtime compilation failed to produce executable
WARNING: obj-c++.dg/try-catch-2.mm -fgnu-runtime compilation failed to produce executable
WARNING: obj-c++.dg/try-catch-9.mm -fgnu-runtime compilation failed to produce executable
=== obj-c++ Summary ===
# of expected passes 561
# of expected failures 11
# of unsupported tests 15
/test/gnu/gcc/objdir/gcc/testsuite/obj-c++/../../g++ version 4.6.0 20100915 (experimental) [trunk revision 164294] (GCC)
=== objc tests ===
Running target unix
=== objc Summary ===
# of expected passes 2033
# of expected failures 15
# of unsupported tests 21
/test/gnu/gcc/objdir/gcc/xgcc version 4.6.0 20100915 (experimental) [trunk revision 164294] (GCC)
=== libgomp tests ===
Running target unix
=== libgomp Summary ===
# of expected passes 2476
# of unsupported tests 9
=== libstdc++ tests ===
Running target unix
=== libstdc++ Summary ===
# of expected passes 6553
# of expected failures 81
# of unsupported tests 698
Compiler version: 4.6.0 20100915 (experimental) [trunk revision 164294] (GCC)
Platform: hppa64-hp-hpux11.11
configure flags:Test Run By dave on Wed Sep 15 13:02:36 2010