This is the mail archive of the gcc-testresults@gcc.gnu.org mailing list for the GCC project.


Index Nav: [Date Index] [Subject Index] [Author Index] [Thread Index]
Message Nav: [Date Prev] [Date Next] [Thread Prev] [Thread Next]
Other format: [Raw text]

Results for 4.6.0 20100912 (experimental) (GCC) gcc testsuite on picochip-unknown-none


Target is picochip-unknown-none
Host   is i686-pc-linux-gnu

=== gcc tests ===


Running target pico
FAIL: gcc.c-torture/compile/20000804-1.c -O0 (internal compiler error)
FAIL: gcc.c-torture/compile/20000804-1.c -O0 (test for excess errors)
FAIL: gcc.c-torture/compile/20000923-1.c -O0 (internal compiler error)
FAIL: gcc.c-torture/compile/20000923-1.c -O0 (test for excess errors)
FAIL: gcc.c-torture/compile/20001221-1.c -O0 (internal compiler error)
FAIL: gcc.c-torture/compile/20001221-1.c -O0 (test for excess errors)
FAIL: gcc.c-torture/compile/20010226-1.c -O0 (test for excess errors)
FAIL: gcc.c-torture/compile/20010226-1.c -O1 (test for excess errors)
FAIL: gcc.c-torture/compile/20010226-1.c -O2 (test for excess errors)
FAIL: gcc.c-torture/compile/20010226-1.c -O3 -fomit-frame-pointer (test for excess errors)
FAIL: gcc.c-torture/compile/20010226-1.c -O3 -g (test for excess errors)
FAIL: gcc.c-torture/compile/20010226-1.c -Os (test for excess errors)
FAIL: gcc.c-torture/compile/20010327-1.c -O0 (test for excess errors)
FAIL: gcc.c-torture/compile/20010327-1.c -O1 (test for excess errors)
FAIL: gcc.c-torture/compile/20010327-1.c -O2 (test for excess errors)
FAIL: gcc.c-torture/compile/20010327-1.c -O3 -fomit-frame-pointer (test for excess errors)
FAIL: gcc.c-torture/compile/20010327-1.c -O3 -g (test for excess errors)
FAIL: gcc.c-torture/compile/20010327-1.c -Os (test for excess errors)
UNRESOLVED: gcc.c-torture/compile/20011119-1.c -O0
UNRESOLVED: gcc.c-torture/compile/20011119-1.c -O1
UNRESOLVED: gcc.c-torture/compile/20011119-1.c -O2
UNRESOLVED: gcc.c-torture/compile/20011119-1.c -O3 -fomit-frame-pointer
UNRESOLVED: gcc.c-torture/compile/20011119-1.c -O3 -g
UNRESOLVED: gcc.c-torture/compile/20011119-1.c -Os
UNRESOLVED: gcc.c-torture/compile/20011119-2.c -O0
UNRESOLVED: gcc.c-torture/compile/20011119-2.c -O1
UNRESOLVED: gcc.c-torture/compile/20011119-2.c -O2
UNRESOLVED: gcc.c-torture/compile/20011119-2.c -O3 -fomit-frame-pointer
UNRESOLVED: gcc.c-torture/compile/20011119-2.c -O3 -g
UNRESOLVED: gcc.c-torture/compile/20011119-2.c -Os
FAIL: gcc.c-torture/compile/20020604-1.c -O0 (test for excess errors)
FAIL: gcc.c-torture/compile/20020604-1.c -O1 (test for excess errors)
FAIL: gcc.c-torture/compile/20020604-1.c -O2 (test for excess errors)
FAIL: gcc.c-torture/compile/20020604-1.c -O3 -fomit-frame-pointer (test for excess errors)
FAIL: gcc.c-torture/compile/20020604-1.c -O3 -fomit-frame-pointer -funroll-loops (test for excess errors)
FAIL: gcc.c-torture/compile/20020604-1.c -O3 -fomit-frame-pointer -funroll-all-loops -finline-functions (test for excess errors)
FAIL: gcc.c-torture/compile/20020604-1.c -O3 -g (test for excess errors)
FAIL: gcc.c-torture/compile/20020604-1.c -Os (test for excess errors)
FAIL: gcc.c-torture/compile/20020807-1.c -O0 (internal compiler error)
FAIL: gcc.c-torture/compile/20020807-1.c -O0 (test for excess errors)
FAIL: gcc.c-torture/compile/20020807-1.c -O2 (internal compiler error)
FAIL: gcc.c-torture/compile/20020807-1.c -O2 (test for excess errors)
FAIL: gcc.c-torture/compile/20020807-1.c -O3 -fomit-frame-pointer (internal compiler error)
FAIL: gcc.c-torture/compile/20020807-1.c -O3 -fomit-frame-pointer (test for excess errors)
FAIL: gcc.c-torture/compile/20020807-1.c -O3 -g (internal compiler error)
FAIL: gcc.c-torture/compile/20020807-1.c -O3 -g (test for excess errors)
FAIL: gcc.c-torture/compile/20020807-1.c -Os (internal compiler error)
FAIL: gcc.c-torture/compile/20020807-1.c -Os (test for excess errors)
FAIL: gcc.c-torture/compile/20030224-1.c -O0 (internal compiler error)
FAIL: gcc.c-torture/compile/20030224-1.c -O0 (test for excess errors)
FAIL: gcc.c-torture/compile/20050122-2.c -O0 (internal compiler error)
FAIL: gcc.c-torture/compile/20050122-2.c -O0 (test for excess errors)
FAIL: gcc.c-torture/compile/20050122-2.c -O1 (internal compiler error)
FAIL: gcc.c-torture/compile/20050122-2.c -O1 (test for excess errors)
FAIL: gcc.c-torture/compile/20050122-2.c -O2 (internal compiler error)
FAIL: gcc.c-torture/compile/20050122-2.c -O2 (test for excess errors)
FAIL: gcc.c-torture/compile/20050122-2.c -O3 -fomit-frame-pointer (internal compiler error)
FAIL: gcc.c-torture/compile/20050122-2.c -O3 -fomit-frame-pointer (test for excess errors)
FAIL: gcc.c-torture/compile/20050122-2.c -O3 -g (internal compiler error)
FAIL: gcc.c-torture/compile/20050122-2.c -O3 -g (test for excess errors)
FAIL: gcc.c-torture/compile/20050122-2.c -Os (internal compiler error)
FAIL: gcc.c-torture/compile/20050122-2.c -Os (test for excess errors)
FAIL: gcc.c-torture/compile/20050801-2.c -O0 (internal compiler error)
FAIL: gcc.c-torture/compile/20050801-2.c -O0 (test for excess errors)
FAIL: gcc.c-torture/compile/20071108-1.c -O0 (internal compiler error)
FAIL: gcc.c-torture/compile/20071108-1.c -O0 (test for excess errors)
FAIL: gcc.c-torture/compile/20071108-1.c -O3 -fomit-frame-pointer -funroll-loops (internal compiler error)
FAIL: gcc.c-torture/compile/20071108-1.c -O3 -fomit-frame-pointer -funroll-loops (test for excess errors)
FAIL: gcc.c-torture/compile/20071108-1.c -O3 -fomit-frame-pointer -funroll-all-loops -finline-functions (internal compiler error)
FAIL: gcc.c-torture/compile/20071108-1.c -O3 -fomit-frame-pointer -funroll-all-loops -finline-functions (test for excess errors)
FAIL: gcc.c-torture/compile/20071117-1.c -O0 (internal compiler error)
FAIL: gcc.c-torture/compile/20071117-1.c -O0 (test for excess errors)
FAIL: gcc.c-torture/compile/20071117-1.c -O2 (internal compiler error)
FAIL: gcc.c-torture/compile/20071117-1.c -O2 (test for excess errors)
FAIL: gcc.c-torture/compile/20071117-1.c -O3 -fomit-frame-pointer (internal compiler error)
FAIL: gcc.c-torture/compile/20071117-1.c -O3 -fomit-frame-pointer (test for excess errors)
FAIL: gcc.c-torture/compile/20071117-1.c -O3 -g (internal compiler error)
FAIL: gcc.c-torture/compile/20071117-1.c -O3 -g (test for excess errors)
FAIL: gcc.c-torture/compile/20071117-1.c -Os (internal compiler error)
FAIL: gcc.c-torture/compile/20071117-1.c -Os (test for excess errors)
FAIL: gcc.c-torture/compile/20080625-1.c -O0 (test for excess errors)
FAIL: gcc.c-torture/compile/20080625-1.c -O1 (test for excess errors)
FAIL: gcc.c-torture/compile/20080625-1.c -O2 (test for excess errors)
FAIL: gcc.c-torture/compile/20080625-1.c -O3 -fomit-frame-pointer (test for excess errors)
FAIL: gcc.c-torture/compile/20080625-1.c -O3 -g (test for excess errors)
FAIL: gcc.c-torture/compile/20080625-1.c -Os (test for excess errors)
FAIL: gcc.c-torture/compile/900313-1.c -O2 (internal compiler error)
FAIL: gcc.c-torture/compile/900313-1.c -O2 (test for excess errors)
FAIL: gcc.c-torture/compile/900313-1.c -O3 -fomit-frame-pointer (internal compiler error)
FAIL: gcc.c-torture/compile/900313-1.c -O3 -fomit-frame-pointer (test for excess errors)
FAIL: gcc.c-torture/compile/900313-1.c -O3 -g (internal compiler error)
FAIL: gcc.c-torture/compile/900313-1.c -O3 -g (test for excess errors)
FAIL: gcc.c-torture/compile/900313-1.c -Os (internal compiler error)
FAIL: gcc.c-torture/compile/900313-1.c -Os (test for excess errors)
FAIL: gcc.c-torture/compile/920428-4.c -O0 (internal compiler error)
FAIL: gcc.c-torture/compile/920428-4.c -O0 (test for excess errors)
FAIL: gcc.c-torture/compile/930623-1.c -O0 (internal compiler error)
FAIL: gcc.c-torture/compile/930623-1.c -O0 (test for excess errors)
FAIL: gcc.c-torture/compile/930623-1.c -O1 (internal compiler error)
FAIL: gcc.c-torture/compile/930623-1.c -O1 (test for excess errors)
FAIL: gcc.c-torture/compile/930623-1.c -O2 (internal compiler error)
FAIL: gcc.c-torture/compile/930623-1.c -O2 (test for excess errors)
FAIL: gcc.c-torture/compile/930623-1.c -O3 -fomit-frame-pointer (internal compiler error)
FAIL: gcc.c-torture/compile/930623-1.c -O3 -fomit-frame-pointer (test for excess errors)
FAIL: gcc.c-torture/compile/930623-1.c -O3 -g (internal compiler error)
FAIL: gcc.c-torture/compile/930623-1.c -O3 -g (test for excess errors)
FAIL: gcc.c-torture/compile/930623-1.c -Os (internal compiler error)
FAIL: gcc.c-torture/compile/930623-1.c -Os (test for excess errors)
UNRESOLVED: gcc.c-torture/compile/981001-2.c -O0
UNRESOLVED: gcc.c-torture/compile/981001-2.c -O1
UNRESOLVED: gcc.c-torture/compile/981001-2.c -O2
UNRESOLVED: gcc.c-torture/compile/981001-2.c -O3 -fomit-frame-pointer
UNRESOLVED: gcc.c-torture/compile/981001-2.c -O3 -g
UNRESOLVED: gcc.c-torture/compile/981001-2.c -Os
FAIL: gcc.c-torture/compile/debugvlafunction-1.c -O0 (internal compiler error)
FAIL: gcc.c-torture/compile/debugvlafunction-1.c -O0 (test for excess errors)
FAIL: gcc.c-torture/compile/limits-exprparen.c -O0 (internal compiler error)
FAIL: gcc.c-torture/compile/limits-exprparen.c -O0 (test for excess errors)
FAIL: gcc.c-torture/compile/limits-exprparen.c -O1 (internal compiler error)
FAIL: gcc.c-torture/compile/limits-exprparen.c -O1 (test for excess errors)
FAIL: gcc.c-torture/compile/limits-exprparen.c -O2 (internal compiler error)
FAIL: gcc.c-torture/compile/limits-exprparen.c -O2 (test for excess errors)
FAIL: gcc.c-torture/compile/limits-exprparen.c -O3 -fomit-frame-pointer (internal compiler error)
FAIL: gcc.c-torture/compile/limits-exprparen.c -O3 -fomit-frame-pointer (test for excess errors)
FAIL: gcc.c-torture/compile/limits-exprparen.c -O3 -g (internal compiler error)
FAIL: gcc.c-torture/compile/limits-exprparen.c -O3 -g (test for excess errors)
FAIL: gcc.c-torture/compile/limits-exprparen.c -Os (internal compiler error)
FAIL: gcc.c-torture/compile/limits-exprparen.c -Os (test for excess errors)
FAIL: gcc.c-torture/compile/nested-1.c -O0 (test for excess errors)
FAIL: gcc.c-torture/compile/nested-1.c -O1 (test for excess errors)
FAIL: gcc.c-torture/compile/nested-1.c -O2 (test for excess errors)
FAIL: gcc.c-torture/compile/nested-1.c -O3 -fomit-frame-pointer (test for excess errors)
FAIL: gcc.c-torture/compile/nested-1.c -O3 -g (test for excess errors)
FAIL: gcc.c-torture/compile/nested-1.c -Os (test for excess errors)
FAIL: gcc.c-torture/compile/pr17397.c -O0 (internal compiler error)
FAIL: gcc.c-torture/compile/pr17397.c -O0 (test for excess errors)
FAIL: gcc.c-torture/compile/pr17397.c -O2 (internal compiler error)
FAIL: gcc.c-torture/compile/pr17397.c -O2 (test for excess errors)
FAIL: gcc.c-torture/compile/pr17397.c -O3 -fomit-frame-pointer (internal compiler error)
FAIL: gcc.c-torture/compile/pr17397.c -O3 -fomit-frame-pointer (test for excess errors)
FAIL: gcc.c-torture/compile/pr17397.c -O3 -g (internal compiler error)
FAIL: gcc.c-torture/compile/pr17397.c -O3 -g (test for excess errors)
FAIL: gcc.c-torture/compile/pr17397.c -Os (internal compiler error)
FAIL: gcc.c-torture/compile/pr17397.c -Os (test for excess errors)
FAIL: gcc.c-torture/compile/pr21728.c -O0 (internal compiler error)
FAIL: gcc.c-torture/compile/pr21728.c -O0 (test for excess errors)
FAIL: gcc.c-torture/compile/pr21728.c -O1 (internal compiler error)
FAIL: gcc.c-torture/compile/pr21728.c -O1 (test for excess errors)
FAIL: gcc.c-torture/compile/pr21728.c -O2 (internal compiler error)
FAIL: gcc.c-torture/compile/pr21728.c -O2 (test for excess errors)
FAIL: gcc.c-torture/compile/pr21728.c -O3 -fomit-frame-pointer (internal compiler error)
FAIL: gcc.c-torture/compile/pr21728.c -O3 -fomit-frame-pointer (test for excess errors)
FAIL: gcc.c-torture/compile/pr21728.c -O3 -g (internal compiler error)
FAIL: gcc.c-torture/compile/pr21728.c -O3 -g (test for excess errors)
FAIL: gcc.c-torture/compile/pr21728.c -Os (internal compiler error)
FAIL: gcc.c-torture/compile/pr21728.c -Os (test for excess errors)
FAIL: gcc.c-torture/compile/pr27889.c -O0 (test for excess errors)
FAIL: gcc.c-torture/compile/pr27889.c -O1 (test for excess errors)
FAIL: gcc.c-torture/compile/pr27889.c -O2 (test for excess errors)
FAIL: gcc.c-torture/compile/pr27889.c -O3 -fomit-frame-pointer (test for excess errors)
FAIL: gcc.c-torture/compile/pr27889.c -O3 -g (test for excess errors)
FAIL: gcc.c-torture/compile/pr27889.c -Os (test for excess errors)
FAIL: gcc.c-torture/compile/pr35006.c -O0 (internal compiler error)
FAIL: gcc.c-torture/compile/pr35006.c -O0 (test for excess errors)
FAIL: gcc.c-torture/compile/pr35006.c -O1 (internal compiler error)
FAIL: gcc.c-torture/compile/pr35006.c -O1 (test for excess errors)
FAIL: gcc.c-torture/compile/pr35006.c -O2 (test for excess errors)
FAIL: gcc.c-torture/compile/pr35006.c -O3 -fomit-frame-pointer (internal compiler error)
FAIL: gcc.c-torture/compile/pr35006.c -O3 -fomit-frame-pointer (test for excess errors)
FAIL: gcc.c-torture/compile/pr35006.c -O3 -fomit-frame-pointer -funroll-loops (internal compiler error)
FAIL: gcc.c-torture/compile/pr35006.c -O3 -fomit-frame-pointer -funroll-loops (test for excess errors)
FAIL: gcc.c-torture/compile/pr35006.c -O3 -fomit-frame-pointer -funroll-all-loops -finline-functions (internal compiler error)
FAIL: gcc.c-torture/compile/pr35006.c -O3 -fomit-frame-pointer -funroll-all-loops -finline-functions (test for excess errors)
FAIL: gcc.c-torture/compile/pr35006.c -O3 -g (internal compiler error)
FAIL: gcc.c-torture/compile/pr35006.c -O3 -g (test for excess errors)
FAIL: gcc.c-torture/compile/pr35006.c -Os (test for excess errors)
FAIL: gcc.c-torture/compile/pr41181.c -O0 (test for excess errors)
FAIL: gcc.c-torture/compile/pr41181.c -O1 (test for excess errors)
FAIL: gcc.c-torture/compile/pr41181.c -O2 (test for excess errors)
FAIL: gcc.c-torture/compile/pr41181.c -O3 -fomit-frame-pointer (test for excess errors)
FAIL: gcc.c-torture/compile/pr41181.c -O3 -g (test for excess errors)
FAIL: gcc.c-torture/compile/pr41181.c -Os (test for excess errors)
FAIL: gcc.c-torture/compile/pr41469.c -O0 (internal compiler error)
FAIL: gcc.c-torture/compile/pr41469.c -O0 (test for excess errors)
FAIL: gcc.c-torture/compile/pr42956.c -O0 (internal compiler error)
FAIL: gcc.c-torture/compile/pr42956.c -O0 (test for excess errors)
FAIL: gcc.c-torture/compile/pr42956.c -O1 (internal compiler error)
FAIL: gcc.c-torture/compile/pr42956.c -O1 (test for excess errors)
FAIL: gcc.c-torture/compile/pr42956.c -O2 (internal compiler error)
FAIL: gcc.c-torture/compile/pr42956.c -O2 (test for excess errors)
FAIL: gcc.c-torture/compile/pr42956.c -O3 -fomit-frame-pointer (internal compiler error)
FAIL: gcc.c-torture/compile/pr42956.c -O3 -fomit-frame-pointer (test for excess errors)
FAIL: gcc.c-torture/compile/pr42956.c -O3 -fomit-frame-pointer -funroll-loops (internal compiler error)
FAIL: gcc.c-torture/compile/pr42956.c -O3 -fomit-frame-pointer -funroll-loops (test for excess errors)
FAIL: gcc.c-torture/compile/pr42956.c -O3 -fomit-frame-pointer -funroll-all-loops -finline-functions (internal compiler error)
FAIL: gcc.c-torture/compile/pr42956.c -O3 -fomit-frame-pointer -funroll-all-loops -finline-functions (test for excess errors)
FAIL: gcc.c-torture/compile/pr42956.c -O3 -g (internal compiler error)
FAIL: gcc.c-torture/compile/pr42956.c -O3 -g (test for excess errors)
FAIL: gcc.c-torture/compile/pr42956.c -Os (internal compiler error)
FAIL: gcc.c-torture/compile/pr42956.c -Os (test for excess errors)
FAIL: gcc.c-torture/compile/pr43191.c -O0 (test for excess errors)
FAIL: gcc.c-torture/compile/pr43191.c -O1 (test for excess errors)
FAIL: gcc.c-torture/compile/pr43191.c -O2 (test for excess errors)
FAIL: gcc.c-torture/compile/pr43191.c -O3 -fomit-frame-pointer (test for excess errors)
FAIL: gcc.c-torture/compile/pr43191.c -O3 -g (test for excess errors)
FAIL: gcc.c-torture/compile/pr43191.c -Os (test for excess errors)
FAIL: gcc.c-torture/compile/pr44686.c -O0 (test for excess errors)
FAIL: gcc.c-torture/compile/pr44686.c -O1 (test for excess errors)
FAIL: gcc.c-torture/compile/pr44686.c -O2 (test for excess errors)
FAIL: gcc.c-torture/compile/pr44686.c -O3 -fomit-frame-pointer (test for excess errors)
FAIL: gcc.c-torture/compile/pr44686.c -O3 -g (test for excess errors)
FAIL: gcc.c-torture/compile/pr44686.c -Os (test for excess errors)
FAIL: gcc.c-torture/compile/pr44707.c -O0 (internal compiler error)
FAIL: gcc.c-torture/compile/pr44707.c -O0 (test for excess errors)
FAIL: gcc.c-torture/compile/vla-const-1.c -O0 (internal compiler error)
FAIL: gcc.c-torture/compile/vla-const-1.c -O0 (test for excess errors)
FAIL: gcc.c-torture/compile/vla-const-1.c -O2 (internal compiler error)
FAIL: gcc.c-torture/compile/vla-const-1.c -O2 (test for excess errors)
FAIL: gcc.c-torture/compile/vla-const-1.c -O3 -fomit-frame-pointer (internal compiler error)
FAIL: gcc.c-torture/compile/vla-const-1.c -O3 -fomit-frame-pointer (test for excess errors)
FAIL: gcc.c-torture/compile/vla-const-1.c -O3 -g (internal compiler error)
FAIL: gcc.c-torture/compile/vla-const-1.c -O3 -g (test for excess errors)
FAIL: gcc.c-torture/compile/vla-const-1.c -Os (internal compiler error)
FAIL: gcc.c-torture/compile/vla-const-1.c -Os (test for excess errors)
FAIL: gcc.c-torture/compile/vla-const-2.c -O0 (internal compiler error)
FAIL: gcc.c-torture/compile/vla-const-2.c -O0 (test for excess errors)
FAIL: gcc.c-torture/compile/vla-const-2.c -O2 (internal compiler error)
FAIL: gcc.c-torture/compile/vla-const-2.c -O2 (test for excess errors)
FAIL: gcc.c-torture/compile/vla-const-2.c -O3 -fomit-frame-pointer (internal compiler error)
FAIL: gcc.c-torture/compile/vla-const-2.c -O3 -fomit-frame-pointer (test for excess errors)
FAIL: gcc.c-torture/compile/vla-const-2.c -O3 -g (internal compiler error)
FAIL: gcc.c-torture/compile/vla-const-2.c -O3 -g (test for excess errors)
FAIL: gcc.c-torture/execute/builtins/fputs.c compilation, -O0
UNRESOLVED: gcc.c-torture/execute/builtins/fputs.c execution, -O0
FAIL: gcc.c-torture/execute/builtins/fputs.c compilation, -O1
UNRESOLVED: gcc.c-torture/execute/builtins/fputs.c execution, -O1
FAIL: gcc.c-torture/execute/builtins/fputs.c compilation, -O2
UNRESOLVED: gcc.c-torture/execute/builtins/fputs.c execution, -O2
FAIL: gcc.c-torture/execute/builtins/fputs.c compilation, -O3 -fomit-frame-pointer
UNRESOLVED: gcc.c-torture/execute/builtins/fputs.c execution, -O3 -fomit-frame-pointer
FAIL: gcc.c-torture/execute/builtins/fputs.c compilation, -O3 -g
UNRESOLVED: gcc.c-torture/execute/builtins/fputs.c execution, -O3 -g
FAIL: gcc.c-torture/execute/builtins/fputs.c compilation, -Os
UNRESOLVED: gcc.c-torture/execute/builtins/fputs.c execution, -Os
FAIL: gcc.c-torture/execute/builtins/memcmp.c compilation, -O0
UNRESOLVED: gcc.c-torture/execute/builtins/memcmp.c execution, -O0
FAIL: gcc.c-torture/execute/builtins/memcmp.c compilation, -O1
UNRESOLVED: gcc.c-torture/execute/builtins/memcmp.c execution, -O1
FAIL: gcc.c-torture/execute/builtins/memcmp.c compilation, -O2
UNRESOLVED: gcc.c-torture/execute/builtins/memcmp.c execution, -O2
FAIL: gcc.c-torture/execute/builtins/memcmp.c compilation, -O3 -fomit-frame-pointer
UNRESOLVED: gcc.c-torture/execute/builtins/memcmp.c execution, -O3 -fomit-frame-pointer
FAIL: gcc.c-torture/execute/builtins/memcmp.c compilation, -O3 -g
UNRESOLVED: gcc.c-torture/execute/builtins/memcmp.c execution, -O3 -g
FAIL: gcc.c-torture/execute/builtins/memcmp.c compilation, -Os
UNRESOLVED: gcc.c-torture/execute/builtins/memcmp.c execution, -Os
FAIL: gcc.c-torture/execute/builtins/memcpy-chk.c compilation, -O0 (internal compiler error)
UNRESOLVED: gcc.c-torture/execute/builtins/memcpy-chk.c execution, -O0
FAIL: gcc.c-torture/execute/builtins/memcpy-chk.c compilation, -O1
UNRESOLVED: gcc.c-torture/execute/builtins/memcpy-chk.c execution, -O1
FAIL: gcc.c-torture/execute/builtins/memcpy-chk.c compilation, -O2 (internal compiler error)
UNRESOLVED: gcc.c-torture/execute/builtins/memcpy-chk.c execution, -O2
FAIL: gcc.c-torture/execute/builtins/memcpy-chk.c compilation, -O3 -fomit-frame-pointer (internal compiler error)
UNRESOLVED: gcc.c-torture/execute/builtins/memcpy-chk.c execution, -O3 -fomit-frame-pointer
FAIL: gcc.c-torture/execute/builtins/memcpy-chk.c compilation, -O3 -fomit-frame-pointer -funroll-loops (internal compiler error)
UNRESOLVED: gcc.c-torture/execute/builtins/memcpy-chk.c execution, -O3 -fomit-frame-pointer -funroll-loops
FAIL: gcc.c-torture/execute/builtins/memcpy-chk.c compilation, -O3 -fomit-frame-pointer -funroll-all-loops -finline-functions (internal compiler error)
UNRESOLVED: gcc.c-torture/execute/builtins/memcpy-chk.c execution, -O3 -fomit-frame-pointer -funroll-all-loops -finline-functions
FAIL: gcc.c-torture/execute/builtins/memcpy-chk.c compilation, -O3 -g (internal compiler error)
UNRESOLVED: gcc.c-torture/execute/builtins/memcpy-chk.c execution, -O3 -g
FAIL: gcc.c-torture/execute/builtins/memcpy-chk.c compilation, -Os (internal compiler error)
UNRESOLVED: gcc.c-torture/execute/builtins/memcpy-chk.c execution, -Os
FAIL: gcc.c-torture/execute/builtins/memmove-chk.c compilation, -O0 (internal compiler error)
UNRESOLVED: gcc.c-torture/execute/builtins/memmove-chk.c execution, -O0
FAIL: gcc.c-torture/execute/builtins/memmove-chk.c compilation, -O1
UNRESOLVED: gcc.c-torture/execute/builtins/memmove-chk.c execution, -O1
FAIL: gcc.c-torture/execute/builtins/memmove-chk.c compilation, -O2 (internal compiler error)
UNRESOLVED: gcc.c-torture/execute/builtins/memmove-chk.c execution, -O2
FAIL: gcc.c-torture/execute/builtins/memmove-chk.c compilation, -O3 -fomit-frame-pointer (internal compiler error)
UNRESOLVED: gcc.c-torture/execute/builtins/memmove-chk.c execution, -O3 -fomit-frame-pointer
FAIL: gcc.c-torture/execute/builtins/memmove-chk.c compilation, -O3 -fomit-frame-pointer -funroll-loops (internal compiler error)
UNRESOLVED: gcc.c-torture/execute/builtins/memmove-chk.c execution, -O3 -fomit-frame-pointer -funroll-loops
FAIL: gcc.c-torture/execute/builtins/memmove-chk.c compilation, -O3 -fomit-frame-pointer -funroll-all-loops -finline-functions (internal compiler error)
UNRESOLVED: gcc.c-torture/execute/builtins/memmove-chk.c execution, -O3 -fomit-frame-pointer -funroll-all-loops -finline-functions
FAIL: gcc.c-torture/execute/builtins/memmove-chk.c compilation, -O3 -g (internal compiler error)
UNRESOLVED: gcc.c-torture/execute/builtins/memmove-chk.c execution, -O3 -g
FAIL: gcc.c-torture/execute/builtins/memmove-chk.c compilation, -Os (internal compiler error)
UNRESOLVED: gcc.c-torture/execute/builtins/memmove-chk.c execution, -Os
FAIL: gcc.c-torture/execute/builtins/memops-asm.c compilation, -O0
UNRESOLVED: gcc.c-torture/execute/builtins/memops-asm.c execution, -O0
FAIL: gcc.c-torture/execute/builtins/memops-asm.c compilation, -O1
UNRESOLVED: gcc.c-torture/execute/builtins/memops-asm.c execution, -O1
FAIL: gcc.c-torture/execute/builtins/memops-asm.c compilation, -O2
UNRESOLVED: gcc.c-torture/execute/builtins/memops-asm.c execution, -O2
FAIL: gcc.c-torture/execute/builtins/memops-asm.c compilation, -O3 -fomit-frame-pointer
UNRESOLVED: gcc.c-torture/execute/builtins/memops-asm.c execution, -O3 -fomit-frame-pointer
FAIL: gcc.c-torture/execute/builtins/memops-asm.c compilation, -O3 -g
UNRESOLVED: gcc.c-torture/execute/builtins/memops-asm.c execution, -O3 -g
FAIL: gcc.c-torture/execute/builtins/memops-asm.c compilation, -Os
UNRESOLVED: gcc.c-torture/execute/builtins/memops-asm.c execution, -Os
FAIL: gcc.c-torture/execute/builtins/mempcpy-chk.c compilation, -O0 (internal compiler error)
UNRESOLVED: gcc.c-torture/execute/builtins/mempcpy-chk.c execution, -O0
FAIL: gcc.c-torture/execute/builtins/mempcpy-chk.c compilation, -O1
UNRESOLVED: gcc.c-torture/execute/builtins/mempcpy-chk.c execution, -O1
FAIL: gcc.c-torture/execute/builtins/mempcpy-chk.c compilation, -O2 (internal compiler error)
UNRESOLVED: gcc.c-torture/execute/builtins/mempcpy-chk.c execution, -O2
FAIL: gcc.c-torture/execute/builtins/mempcpy-chk.c compilation, -O3 -fomit-frame-pointer (internal compiler error)
UNRESOLVED: gcc.c-torture/execute/builtins/mempcpy-chk.c execution, -O3 -fomit-frame-pointer
FAIL: gcc.c-torture/execute/builtins/mempcpy-chk.c compilation, -O3 -fomit-frame-pointer -funroll-loops (internal compiler error)
UNRESOLVED: gcc.c-torture/execute/builtins/mempcpy-chk.c execution, -O3 -fomit-frame-pointer -funroll-loops
FAIL: gcc.c-torture/execute/builtins/mempcpy-chk.c compilation, -O3 -fomit-frame-pointer -funroll-all-loops -finline-functions (internal compiler error)
UNRESOLVED: gcc.c-torture/execute/builtins/mempcpy-chk.c execution, -O3 -fomit-frame-pointer -funroll-all-loops -finline-functions
FAIL: gcc.c-torture/execute/builtins/mempcpy-chk.c compilation, -O3 -g (internal compiler error)
UNRESOLVED: gcc.c-torture/execute/builtins/mempcpy-chk.c execution, -O3 -g
FAIL: gcc.c-torture/execute/builtins/mempcpy-chk.c compilation, -Os (internal compiler error)
UNRESOLVED: gcc.c-torture/execute/builtins/mempcpy-chk.c execution, -Os
FAIL: gcc.c-torture/execute/builtins/memset-chk.c compilation, -O0 (internal compiler error)
UNRESOLVED: gcc.c-torture/execute/builtins/memset-chk.c execution, -O0
FAIL: gcc.c-torture/execute/builtins/memset-chk.c compilation, -O1
UNRESOLVED: gcc.c-torture/execute/builtins/memset-chk.c execution, -O1
FAIL: gcc.c-torture/execute/builtins/memset-chk.c compilation, -O2 (internal compiler error)
UNRESOLVED: gcc.c-torture/execute/builtins/memset-chk.c execution, -O2
FAIL: gcc.c-torture/execute/builtins/memset-chk.c compilation, -O3 -fomit-frame-pointer (internal compiler error)
UNRESOLVED: gcc.c-torture/execute/builtins/memset-chk.c execution, -O3 -fomit-frame-pointer
FAIL: gcc.c-torture/execute/builtins/memset-chk.c compilation, -O3 -fomit-frame-pointer -funroll-loops (internal compiler error)
UNRESOLVED: gcc.c-torture/execute/builtins/memset-chk.c execution, -O3 -fomit-frame-pointer -funroll-loops
FAIL: gcc.c-torture/execute/builtins/memset-chk.c compilation, -O3 -fomit-frame-pointer -funroll-all-loops -finline-functions (internal compiler error)
UNRESOLVED: gcc.c-torture/execute/builtins/memset-chk.c execution, -O3 -fomit-frame-pointer -funroll-all-loops -finline-functions
FAIL: gcc.c-torture/execute/builtins/memset-chk.c compilation, -O3 -g (internal compiler error)
UNRESOLVED: gcc.c-torture/execute/builtins/memset-chk.c execution, -O3 -g
FAIL: gcc.c-torture/execute/builtins/memset-chk.c compilation, -Os (internal compiler error)
UNRESOLVED: gcc.c-torture/execute/builtins/memset-chk.c execution, -Os
FAIL: gcc.c-torture/execute/builtins/pr23484-chk.c compilation, -O0
UNRESOLVED: gcc.c-torture/execute/builtins/pr23484-chk.c execution, -O0
FAIL: gcc.c-torture/execute/builtins/pr23484-chk.c compilation, -O1
UNRESOLVED: gcc.c-torture/execute/builtins/pr23484-chk.c execution, -O1
FAIL: gcc.c-torture/execute/builtins/pr23484-chk.c compilation, -O2
UNRESOLVED: gcc.c-torture/execute/builtins/pr23484-chk.c execution, -O2
FAIL: gcc.c-torture/execute/builtins/pr23484-chk.c compilation, -O3 -fomit-frame-pointer
UNRESOLVED: gcc.c-torture/execute/builtins/pr23484-chk.c execution, -O3 -fomit-frame-pointer
FAIL: gcc.c-torture/execute/builtins/pr23484-chk.c compilation, -O3 -g
UNRESOLVED: gcc.c-torture/execute/builtins/pr23484-chk.c execution, -O3 -g
FAIL: gcc.c-torture/execute/builtins/pr23484-chk.c compilation, -Os
UNRESOLVED: gcc.c-torture/execute/builtins/pr23484-chk.c execution, -Os
FAIL: gcc.c-torture/execute/builtins/printf.c compilation, -O0
UNRESOLVED: gcc.c-torture/execute/builtins/printf.c execution, -O0
FAIL: gcc.c-torture/execute/builtins/printf.c compilation, -O1
UNRESOLVED: gcc.c-torture/execute/builtins/printf.c execution, -O1
FAIL: gcc.c-torture/execute/builtins/printf.c compilation, -O2
UNRESOLVED: gcc.c-torture/execute/builtins/printf.c execution, -O2
FAIL: gcc.c-torture/execute/builtins/printf.c compilation, -O3 -fomit-frame-pointer
UNRESOLVED: gcc.c-torture/execute/builtins/printf.c execution, -O3 -fomit-frame-pointer
FAIL: gcc.c-torture/execute/builtins/printf.c compilation, -O3 -g
UNRESOLVED: gcc.c-torture/execute/builtins/printf.c execution, -O3 -g
FAIL: gcc.c-torture/execute/builtins/printf.c compilation, -Os
UNRESOLVED: gcc.c-torture/execute/builtins/printf.c execution, -Os
FAIL: gcc.c-torture/execute/builtins/snprintf-chk.c compilation, -O0 (internal compiler error)
UNRESOLVED: gcc.c-torture/execute/builtins/snprintf-chk.c execution, -O0
FAIL: gcc.c-torture/execute/builtins/snprintf-chk.c compilation, -O1
UNRESOLVED: gcc.c-torture/execute/builtins/snprintf-chk.c execution, -O1
FAIL: gcc.c-torture/execute/builtins/snprintf-chk.c compilation, -O2
UNRESOLVED: gcc.c-torture/execute/builtins/snprintf-chk.c execution, -O2
FAIL: gcc.c-torture/execute/builtins/snprintf-chk.c compilation, -O3 -fomit-frame-pointer
UNRESOLVED: gcc.c-torture/execute/builtins/snprintf-chk.c execution, -O3 -fomit-frame-pointer
FAIL: gcc.c-torture/execute/builtins/snprintf-chk.c compilation, -O3 -fomit-frame-pointer -funroll-loops
UNRESOLVED: gcc.c-torture/execute/builtins/snprintf-chk.c execution, -O3 -fomit-frame-pointer -funroll-loops
FAIL: gcc.c-torture/execute/builtins/snprintf-chk.c compilation, -O3 -fomit-frame-pointer -funroll-all-loops -finline-functions
UNRESOLVED: gcc.c-torture/execute/builtins/snprintf-chk.c execution, -O3 -fomit-frame-pointer -funroll-all-loops -finline-functions
FAIL: gcc.c-torture/execute/builtins/snprintf-chk.c compilation, -O3 -g
UNRESOLVED: gcc.c-torture/execute/builtins/snprintf-chk.c execution, -O3 -g
FAIL: gcc.c-torture/execute/builtins/snprintf-chk.c compilation, -Os
UNRESOLVED: gcc.c-torture/execute/builtins/snprintf-chk.c execution, -Os
FAIL: gcc.c-torture/execute/builtins/sprintf-chk.c compilation, -O0 (internal compiler error)
UNRESOLVED: gcc.c-torture/execute/builtins/sprintf-chk.c execution, -O0
FAIL: gcc.c-torture/execute/builtins/sprintf-chk.c compilation, -O1
UNRESOLVED: gcc.c-torture/execute/builtins/sprintf-chk.c execution, -O1
FAIL: gcc.c-torture/execute/builtins/sprintf-chk.c compilation, -O2
UNRESOLVED: gcc.c-torture/execute/builtins/sprintf-chk.c execution, -O2
FAIL: gcc.c-torture/execute/builtins/sprintf-chk.c compilation, -O3 -fomit-frame-pointer
UNRESOLVED: gcc.c-torture/execute/builtins/sprintf-chk.c execution, -O3 -fomit-frame-pointer
FAIL: gcc.c-torture/execute/builtins/sprintf-chk.c compilation, -O3 -fomit-frame-pointer -funroll-loops
UNRESOLVED: gcc.c-torture/execute/builtins/sprintf-chk.c execution, -O3 -fomit-frame-pointer -funroll-loops
FAIL: gcc.c-torture/execute/builtins/sprintf-chk.c compilation, -O3 -fomit-frame-pointer -funroll-all-loops -finline-functions
UNRESOLVED: gcc.c-torture/execute/builtins/sprintf-chk.c execution, -O3 -fomit-frame-pointer -funroll-all-loops -finline-functions
FAIL: gcc.c-torture/execute/builtins/sprintf-chk.c compilation, -O3 -g
UNRESOLVED: gcc.c-torture/execute/builtins/sprintf-chk.c execution, -O3 -g
FAIL: gcc.c-torture/execute/builtins/sprintf-chk.c compilation, -Os
UNRESOLVED: gcc.c-torture/execute/builtins/sprintf-chk.c execution, -Os
FAIL: gcc.c-torture/execute/builtins/sprintf.c compilation, -O0
UNRESOLVED: gcc.c-torture/execute/builtins/sprintf.c execution, -O0
FAIL: gcc.c-torture/execute/builtins/sprintf.c compilation, -O1
UNRESOLVED: gcc.c-torture/execute/builtins/sprintf.c execution, -O1
FAIL: gcc.c-torture/execute/builtins/sprintf.c compilation, -O2
UNRESOLVED: gcc.c-torture/execute/builtins/sprintf.c execution, -O2
FAIL: gcc.c-torture/execute/builtins/sprintf.c compilation, -O3 -fomit-frame-pointer
UNRESOLVED: gcc.c-torture/execute/builtins/sprintf.c execution, -O3 -fomit-frame-pointer
FAIL: gcc.c-torture/execute/builtins/sprintf.c compilation, -O3 -g
UNRESOLVED: gcc.c-torture/execute/builtins/sprintf.c execution, -O3 -g
FAIL: gcc.c-torture/execute/builtins/sprintf.c compilation, -Os
UNRESOLVED: gcc.c-torture/execute/builtins/sprintf.c execution, -Os
FAIL: gcc.c-torture/execute/builtins/stpcpy-chk.c compilation, -O0 (internal compiler error)
UNRESOLVED: gcc.c-torture/execute/builtins/stpcpy-chk.c execution, -O0
FAIL: gcc.c-torture/execute/builtins/stpcpy-chk.c compilation, -O1
UNRESOLVED: gcc.c-torture/execute/builtins/stpcpy-chk.c execution, -O1
FAIL: gcc.c-torture/execute/builtins/stpcpy-chk.c compilation, -O2 (internal compiler error)
UNRESOLVED: gcc.c-torture/execute/builtins/stpcpy-chk.c execution, -O2
FAIL: gcc.c-torture/execute/builtins/stpcpy-chk.c compilation, -O3 -fomit-frame-pointer (internal compiler error)
UNRESOLVED: gcc.c-torture/execute/builtins/stpcpy-chk.c execution, -O3 -fomit-frame-pointer
FAIL: gcc.c-torture/execute/builtins/stpcpy-chk.c compilation, -O3 -fomit-frame-pointer -funroll-loops (internal compiler error)
UNRESOLVED: gcc.c-torture/execute/builtins/stpcpy-chk.c execution, -O3 -fomit-frame-pointer -funroll-loops
FAIL: gcc.c-torture/execute/builtins/stpcpy-chk.c compilation, -O3 -fomit-frame-pointer -funroll-all-loops -finline-functions (internal compiler error)
UNRESOLVED: gcc.c-torture/execute/builtins/stpcpy-chk.c execution, -O3 -fomit-frame-pointer -funroll-all-loops -finline-functions
FAIL: gcc.c-torture/execute/builtins/stpcpy-chk.c compilation, -O3 -g (internal compiler error)
UNRESOLVED: gcc.c-torture/execute/builtins/stpcpy-chk.c execution, -O3 -g
FAIL: gcc.c-torture/execute/builtins/stpcpy-chk.c compilation, -Os (internal compiler error)
UNRESOLVED: gcc.c-torture/execute/builtins/stpcpy-chk.c execution, -Os
FAIL: gcc.c-torture/execute/builtins/strcat-chk.c compilation, -O0 (internal compiler error)
UNRESOLVED: gcc.c-torture/execute/builtins/strcat-chk.c execution, -O0
FAIL: gcc.c-torture/execute/builtins/strcat-chk.c compilation, -O1 (internal compiler error)
UNRESOLVED: gcc.c-torture/execute/builtins/strcat-chk.c execution, -O1
FAIL: gcc.c-torture/execute/builtins/strcat-chk.c compilation, -O2 (internal compiler error)
UNRESOLVED: gcc.c-torture/execute/builtins/strcat-chk.c execution, -O2
FAIL: gcc.c-torture/execute/builtins/strcat-chk.c compilation, -O3 -fomit-frame-pointer (internal compiler error)
UNRESOLVED: gcc.c-torture/execute/builtins/strcat-chk.c execution, -O3 -fomit-frame-pointer
FAIL: gcc.c-torture/execute/builtins/strcat-chk.c compilation, -O3 -fomit-frame-pointer -funroll-loops (internal compiler error)
UNRESOLVED: gcc.c-torture/execute/builtins/strcat-chk.c execution, -O3 -fomit-frame-pointer -funroll-loops
FAIL: gcc.c-torture/execute/builtins/strcat-chk.c compilation, -O3 -fomit-frame-pointer -funroll-all-loops -finline-functions (internal compiler error)
UNRESOLVED: gcc.c-torture/execute/builtins/strcat-chk.c execution, -O3 -fomit-frame-pointer -funroll-all-loops -finline-functions
FAIL: gcc.c-torture/execute/builtins/strcat-chk.c compilation, -O3 -g (internal compiler error)
UNRESOLVED: gcc.c-torture/execute/builtins/strcat-chk.c execution, -O3 -g
FAIL: gcc.c-torture/execute/builtins/strcat-chk.c compilation, -Os (internal compiler error)
UNRESOLVED: gcc.c-torture/execute/builtins/strcat-chk.c execution, -Os
FAIL: gcc.c-torture/execute/builtins/strcat.c compilation, -O0
UNRESOLVED: gcc.c-torture/execute/builtins/strcat.c execution, -O0
FAIL: gcc.c-torture/execute/builtins/strcat.c compilation, -Os
UNRESOLVED: gcc.c-torture/execute/builtins/strcat.c execution, -Os
FAIL: gcc.c-torture/execute/builtins/strcpy-chk.c compilation, -O0 (internal compiler error)
UNRESOLVED: gcc.c-torture/execute/builtins/strcpy-chk.c execution, -O0
FAIL: gcc.c-torture/execute/builtins/strcpy-chk.c compilation, -O1
UNRESOLVED: gcc.c-torture/execute/builtins/strcpy-chk.c execution, -O1
FAIL: gcc.c-torture/execute/builtins/strcpy-chk.c compilation, -O2 (internal compiler error)
UNRESOLVED: gcc.c-torture/execute/builtins/strcpy-chk.c execution, -O2
FAIL: gcc.c-torture/execute/builtins/strcpy-chk.c compilation, -O3 -fomit-frame-pointer (internal compiler error)
UNRESOLVED: gcc.c-torture/execute/builtins/strcpy-chk.c execution, -O3 -fomit-frame-pointer
FAIL: gcc.c-torture/execute/builtins/strcpy-chk.c compilation, -O3 -fomit-frame-pointer -funroll-loops (internal compiler error)
UNRESOLVED: gcc.c-torture/execute/builtins/strcpy-chk.c execution, -O3 -fomit-frame-pointer -funroll-loops
FAIL: gcc.c-torture/execute/builtins/strcpy-chk.c compilation, -O3 -fomit-frame-pointer -funroll-all-loops -finline-functions (internal compiler error)
UNRESOLVED: gcc.c-torture/execute/builtins/strcpy-chk.c execution, -O3 -fomit-frame-pointer -funroll-all-loops -finline-functions
FAIL: gcc.c-torture/execute/builtins/strcpy-chk.c compilation, -O3 -g (internal compiler error)
UNRESOLVED: gcc.c-torture/execute/builtins/strcpy-chk.c execution, -O3 -g
FAIL: gcc.c-torture/execute/builtins/strcpy-chk.c compilation, -Os (internal compiler error)
UNRESOLVED: gcc.c-torture/execute/builtins/strcpy-chk.c execution, -Os
FAIL: gcc.c-torture/execute/builtins/strcspn.c compilation, -O0
UNRESOLVED: gcc.c-torture/execute/builtins/strcspn.c execution, -O0
FAIL: gcc.c-torture/execute/builtins/strcspn.c compilation, -Os
UNRESOLVED: gcc.c-torture/execute/builtins/strcspn.c execution, -Os
FAIL: gcc.c-torture/execute/builtins/strncat-chk.c compilation, -O0 (internal compiler error)
UNRESOLVED: gcc.c-torture/execute/builtins/strncat-chk.c execution, -O0
FAIL: gcc.c-torture/execute/builtins/strncat-chk.c compilation, -O1 (internal compiler error)
UNRESOLVED: gcc.c-torture/execute/builtins/strncat-chk.c execution, -O1
FAIL: gcc.c-torture/execute/builtins/strncat-chk.c compilation, -O2 (internal compiler error)
UNRESOLVED: gcc.c-torture/execute/builtins/strncat-chk.c execution, -O2
FAIL: gcc.c-torture/execute/builtins/strncat-chk.c compilation, -O3 -fomit-frame-pointer (internal compiler error)
UNRESOLVED: gcc.c-torture/execute/builtins/strncat-chk.c execution, -O3 -fomit-frame-pointer
FAIL: gcc.c-torture/execute/builtins/strncat-chk.c compilation, -O3 -fomit-frame-pointer -funroll-loops (internal compiler error)
UNRESOLVED: gcc.c-torture/execute/builtins/strncat-chk.c execution, -O3 -fomit-frame-pointer -funroll-loops
FAIL: gcc.c-torture/execute/builtins/strncat-chk.c compilation, -O3 -fomit-frame-pointer -funroll-all-loops -finline-functions (internal compiler error)
UNRESOLVED: gcc.c-torture/execute/builtins/strncat-chk.c execution, -O3 -fomit-frame-pointer -funroll-all-loops -finline-functions
FAIL: gcc.c-torture/execute/builtins/strncat-chk.c compilation, -O3 -g (internal compiler error)
UNRESOLVED: gcc.c-torture/execute/builtins/strncat-chk.c execution, -O3 -g
FAIL: gcc.c-torture/execute/builtins/strncat-chk.c compilation, -Os (internal compiler error)
UNRESOLVED: gcc.c-torture/execute/builtins/strncat-chk.c execution, -Os
FAIL: gcc.c-torture/execute/builtins/strncat.c compilation, -O0
UNRESOLVED: gcc.c-torture/execute/builtins/strncat.c execution, -O0
FAIL: gcc.c-torture/execute/builtins/strncat.c compilation, -Os
UNRESOLVED: gcc.c-torture/execute/builtins/strncat.c execution, -Os
FAIL: gcc.c-torture/execute/builtins/strncpy-chk.c compilation, -O0 (internal compiler error)
UNRESOLVED: gcc.c-torture/execute/builtins/strncpy-chk.c execution, -O0
FAIL: gcc.c-torture/execute/builtins/strncpy-chk.c compilation, -O1
UNRESOLVED: gcc.c-torture/execute/builtins/strncpy-chk.c execution, -O1
FAIL: gcc.c-torture/execute/builtins/strncpy-chk.c compilation, -O2 (internal compiler error)
UNRESOLVED: gcc.c-torture/execute/builtins/strncpy-chk.c execution, -O2
FAIL: gcc.c-torture/execute/builtins/strncpy-chk.c compilation, -O3 -fomit-frame-pointer (internal compiler error)
UNRESOLVED: gcc.c-torture/execute/builtins/strncpy-chk.c execution, -O3 -fomit-frame-pointer
FAIL: gcc.c-torture/execute/builtins/strncpy-chk.c compilation, -O3 -fomit-frame-pointer -funroll-loops (internal compiler error)
UNRESOLVED: gcc.c-torture/execute/builtins/strncpy-chk.c execution, -O3 -fomit-frame-pointer -funroll-loops
FAIL: gcc.c-torture/execute/builtins/strncpy-chk.c compilation, -O3 -fomit-frame-pointer -funroll-all-loops -finline-functions (internal compiler error)
UNRESOLVED: gcc.c-torture/execute/builtins/strncpy-chk.c execution, -O3 -fomit-frame-pointer -funroll-all-loops -finline-functions
FAIL: gcc.c-torture/execute/builtins/strncpy-chk.c compilation, -O3 -g (internal compiler error)
UNRESOLVED: gcc.c-torture/execute/builtins/strncpy-chk.c execution, -O3 -g
FAIL: gcc.c-torture/execute/builtins/strncpy-chk.c compilation, -Os (internal compiler error)
UNRESOLVED: gcc.c-torture/execute/builtins/strncpy-chk.c execution, -Os
FAIL: gcc.c-torture/execute/builtins/strpcpy.c compilation, -O0
UNRESOLVED: gcc.c-torture/execute/builtins/strpcpy.c execution, -O0
FAIL: gcc.c-torture/execute/builtins/strpcpy.c compilation, -O1
UNRESOLVED: gcc.c-torture/execute/builtins/strpcpy.c execution, -O1
FAIL: gcc.c-torture/execute/builtins/strpcpy.c compilation, -O2
UNRESOLVED: gcc.c-torture/execute/builtins/strpcpy.c execution, -O2
FAIL: gcc.c-torture/execute/builtins/strpcpy.c compilation, -O3 -fomit-frame-pointer
UNRESOLVED: gcc.c-torture/execute/builtins/strpcpy.c execution, -O3 -fomit-frame-pointer
FAIL: gcc.c-torture/execute/builtins/strpcpy.c compilation, -O3 -g
UNRESOLVED: gcc.c-torture/execute/builtins/strpcpy.c execution, -O3 -g
FAIL: gcc.c-torture/execute/builtins/strpcpy.c compilation, -Os
UNRESOLVED: gcc.c-torture/execute/builtins/strpcpy.c execution, -Os
FAIL: gcc.c-torture/execute/builtins/strrchr.c execution, -O0
FAIL: gcc.c-torture/execute/builtins/strrchr.c execution, -O1
FAIL: gcc.c-torture/execute/builtins/strrchr.c execution, -O2
FAIL: gcc.c-torture/execute/builtins/strrchr.c execution, -O3 -fomit-frame-pointer
FAIL: gcc.c-torture/execute/builtins/strrchr.c execution, -O3 -g
FAIL: gcc.c-torture/execute/builtins/strrchr.c execution, -Os
FAIL: gcc.c-torture/execute/builtins/strspn.c compilation, -O0
UNRESOLVED: gcc.c-torture/execute/builtins/strspn.c execution, -O0
FAIL: gcc.c-torture/execute/builtins/strspn.c compilation, -Os
UNRESOLVED: gcc.c-torture/execute/builtins/strspn.c execution, -Os
FAIL: gcc.c-torture/execute/builtins/strstr-asm.c compilation, -O0
UNRESOLVED: gcc.c-torture/execute/builtins/strstr-asm.c execution, -O0
FAIL: gcc.c-torture/execute/builtins/strstr-asm.c compilation, -O1
UNRESOLVED: gcc.c-torture/execute/builtins/strstr-asm.c execution, -O1
FAIL: gcc.c-torture/execute/builtins/strstr-asm.c compilation, -O2
UNRESOLVED: gcc.c-torture/execute/builtins/strstr-asm.c execution, -O2
FAIL: gcc.c-torture/execute/builtins/strstr-asm.c compilation, -O3 -fomit-frame-pointer
UNRESOLVED: gcc.c-torture/execute/builtins/strstr-asm.c execution, -O3 -fomit-frame-pointer
FAIL: gcc.c-torture/execute/builtins/strstr-asm.c compilation, -O3 -g
UNRESOLVED: gcc.c-torture/execute/builtins/strstr-asm.c execution, -O3 -g
FAIL: gcc.c-torture/execute/builtins/strstr-asm.c compilation, -Os
UNRESOLVED: gcc.c-torture/execute/builtins/strstr-asm.c execution, -Os
FAIL: gcc.c-torture/execute/builtins/vsnprintf-chk.c compilation, -O0 (internal compiler error)
UNRESOLVED: gcc.c-torture/execute/builtins/vsnprintf-chk.c execution, -O0
FAIL: gcc.c-torture/execute/builtins/vsnprintf-chk.c compilation, -O1 (internal compiler error)
UNRESOLVED: gcc.c-torture/execute/builtins/vsnprintf-chk.c execution, -O1
FAIL: gcc.c-torture/execute/builtins/vsnprintf-chk.c compilation, -O2 (internal compiler error)
UNRESOLVED: gcc.c-torture/execute/builtins/vsnprintf-chk.c execution, -O2
FAIL: gcc.c-torture/execute/builtins/vsnprintf-chk.c compilation, -O3 -fomit-frame-pointer (internal compiler error)
UNRESOLVED: gcc.c-torture/execute/builtins/vsnprintf-chk.c execution, -O3 -fomit-frame-pointer
FAIL: gcc.c-torture/execute/builtins/vsnprintf-chk.c compilation, -O3 -fomit-frame-pointer -funroll-loops (internal compiler error)
UNRESOLVED: gcc.c-torture/execute/builtins/vsnprintf-chk.c execution, -O3 -fomit-frame-pointer -funroll-loops
FAIL: gcc.c-torture/execute/builtins/vsnprintf-chk.c compilation, -O3 -fomit-frame-pointer -funroll-all-loops -finline-functions (internal compiler error)
UNRESOLVED: gcc.c-torture/execute/builtins/vsnprintf-chk.c execution, -O3 -fomit-frame-pointer -funroll-all-loops -finline-functions
FAIL: gcc.c-torture/execute/builtins/vsnprintf-chk.c compilation, -O3 -g (internal compiler error)
UNRESOLVED: gcc.c-torture/execute/builtins/vsnprintf-chk.c execution, -O3 -g
FAIL: gcc.c-torture/execute/builtins/vsnprintf-chk.c compilation, -Os (internal compiler error)
UNRESOLVED: gcc.c-torture/execute/builtins/vsnprintf-chk.c execution, -Os
FAIL: gcc.c-torture/execute/builtins/vsprintf-chk.c compilation, -O0 (internal compiler error)
UNRESOLVED: gcc.c-torture/execute/builtins/vsprintf-chk.c execution, -O0
FAIL: gcc.c-torture/execute/builtins/vsprintf-chk.c compilation, -O1 (internal compiler error)
UNRESOLVED: gcc.c-torture/execute/builtins/vsprintf-chk.c execution, -O1
FAIL: gcc.c-torture/execute/builtins/vsprintf-chk.c compilation, -O2 (internal compiler error)
UNRESOLVED: gcc.c-torture/execute/builtins/vsprintf-chk.c execution, -O2
FAIL: gcc.c-torture/execute/builtins/vsprintf-chk.c compilation, -O3 -fomit-frame-pointer (internal compiler error)
UNRESOLVED: gcc.c-torture/execute/builtins/vsprintf-chk.c execution, -O3 -fomit-frame-pointer
FAIL: gcc.c-torture/execute/builtins/vsprintf-chk.c compilation, -O3 -fomit-frame-pointer -funroll-loops (internal compiler error)
UNRESOLVED: gcc.c-torture/execute/builtins/vsprintf-chk.c execution, -O3 -fomit-frame-pointer -funroll-loops
FAIL: gcc.c-torture/execute/builtins/vsprintf-chk.c compilation, -O3 -fomit-frame-pointer -funroll-all-loops -finline-functions (internal compiler error)
UNRESOLVED: gcc.c-torture/execute/builtins/vsprintf-chk.c execution, -O3 -fomit-frame-pointer -funroll-all-loops -finline-functions
FAIL: gcc.c-torture/execute/builtins/vsprintf-chk.c compilation, -O3 -g (internal compiler error)
UNRESOLVED: gcc.c-torture/execute/builtins/vsprintf-chk.c execution, -O3 -g
FAIL: gcc.c-torture/execute/builtins/vsprintf-chk.c compilation, -Os (internal compiler error)
UNRESOLVED: gcc.c-torture/execute/builtins/vsprintf-chk.c execution, -Os
FAIL: gcc.c-torture/execute/20000402-1.c compilation, -O0
UNRESOLVED: gcc.c-torture/execute/20000402-1.c execution, -O0
FAIL: gcc.c-torture/execute/20000402-1.c compilation, -O1
UNRESOLVED: gcc.c-torture/execute/20000402-1.c execution, -O1
FAIL: gcc.c-torture/execute/20000402-1.c compilation, -O2
UNRESOLVED: gcc.c-torture/execute/20000402-1.c execution, -O2
FAIL: gcc.c-torture/execute/20000402-1.c compilation, -O3 -fomit-frame-pointer
UNRESOLVED: gcc.c-torture/execute/20000402-1.c execution, -O3 -fomit-frame-pointer
FAIL: gcc.c-torture/execute/20000402-1.c compilation, -O3 -g
UNRESOLVED: gcc.c-torture/execute/20000402-1.c execution, -O3 -g
FAIL: gcc.c-torture/execute/20000402-1.c compilation, -Os
UNRESOLVED: gcc.c-torture/execute/20000402-1.c execution, -Os
FAIL: gcc.c-torture/execute/20000914-1.c compilation, -O0
UNRESOLVED: gcc.c-torture/execute/20000914-1.c execution, -O0
FAIL: gcc.c-torture/execute/20000914-1.c compilation, -O1
UNRESOLVED: gcc.c-torture/execute/20000914-1.c execution, -O1
FAIL: gcc.c-torture/execute/20000914-1.c compilation, -O2
UNRESOLVED: gcc.c-torture/execute/20000914-1.c execution, -O2
FAIL: gcc.c-torture/execute/20000914-1.c compilation, -O3 -fomit-frame-pointer
UNRESOLVED: gcc.c-torture/execute/20000914-1.c execution, -O3 -fomit-frame-pointer
FAIL: gcc.c-torture/execute/20000914-1.c compilation, -O3 -g
UNRESOLVED: gcc.c-torture/execute/20000914-1.c execution, -O3 -g
FAIL: gcc.c-torture/execute/20000914-1.c compilation, -Os
UNRESOLVED: gcc.c-torture/execute/20000914-1.c execution, -Os
FAIL: gcc.c-torture/execute/20010122-1.c compilation, -O0 (internal compiler error)
UNRESOLVED: gcc.c-torture/execute/20010122-1.c execution, -O0
FAIL: gcc.c-torture/execute/20010122-1.c compilation, -O2 (internal compiler error)
UNRESOLVED: gcc.c-torture/execute/20010122-1.c execution, -O2
FAIL: gcc.c-torture/execute/20010122-1.c compilation, -O3 -g (internal compiler error)
UNRESOLVED: gcc.c-torture/execute/20010122-1.c execution, -O3 -g
FAIL: gcc.c-torture/execute/20010122-1.c compilation, -Os (internal compiler error)
UNRESOLVED: gcc.c-torture/execute/20010122-1.c execution, -Os
FAIL: gcc.c-torture/execute/20010209-1.c compilation, -O0 (internal compiler error)
UNRESOLVED: gcc.c-torture/execute/20010209-1.c execution, -O0
FAIL: gcc.c-torture/execute/20020314-1.c compilation, -O0 (internal compiler error)
UNRESOLVED: gcc.c-torture/execute/20020314-1.c execution, -O0
FAIL: gcc.c-torture/execute/20020314-1.c compilation, -O1 (internal compiler error)
UNRESOLVED: gcc.c-torture/execute/20020314-1.c execution, -O1
FAIL: gcc.c-torture/execute/20020314-1.c compilation, -O2 (internal compiler error)
UNRESOLVED: gcc.c-torture/execute/20020314-1.c execution, -O2
FAIL: gcc.c-torture/execute/20020314-1.c compilation, -O3 -fomit-frame-pointer (internal compiler error)
UNRESOLVED: gcc.c-torture/execute/20020314-1.c execution, -O3 -fomit-frame-pointer
FAIL: gcc.c-torture/execute/20020314-1.c compilation, -O3 -g (internal compiler error)
UNRESOLVED: gcc.c-torture/execute/20020314-1.c execution, -O3 -g
FAIL: gcc.c-torture/execute/20020314-1.c compilation, -Os (internal compiler error)
UNRESOLVED: gcc.c-torture/execute/20020314-1.c execution, -Os
FAIL: gcc.c-torture/execute/20020406-1.c compilation, -O0
UNRESOLVED: gcc.c-torture/execute/20020406-1.c execution, -O0
FAIL: gcc.c-torture/execute/20020406-1.c compilation, -O1
UNRESOLVED: gcc.c-torture/execute/20020406-1.c execution, -O1
FAIL: gcc.c-torture/execute/20020406-1.c compilation, -O2
UNRESOLVED: gcc.c-torture/execute/20020406-1.c execution, -O2
FAIL: gcc.c-torture/execute/20020406-1.c compilation, -O3 -fomit-frame-pointer
UNRESOLVED: gcc.c-torture/execute/20020406-1.c execution, -O3 -fomit-frame-pointer
FAIL: gcc.c-torture/execute/20020406-1.c compilation, -O3 -fomit-frame-pointer -funroll-loops
UNRESOLVED: gcc.c-torture/execute/20020406-1.c execution, -O3 -fomit-frame-pointer -funroll-loops
FAIL: gcc.c-torture/execute/20020406-1.c compilation, -O3 -fomit-frame-pointer -funroll-all-loops -finline-functions
UNRESOLVED: gcc.c-torture/execute/20020406-1.c execution, -O3 -fomit-frame-pointer -funroll-all-loops -finline-functions
FAIL: gcc.c-torture/execute/20020406-1.c compilation, -O3 -g
UNRESOLVED: gcc.c-torture/execute/20020406-1.c execution, -O3 -g
FAIL: gcc.c-torture/execute/20020406-1.c compilation, -Os
UNRESOLVED: gcc.c-torture/execute/20020406-1.c execution, -Os
FAIL: gcc.c-torture/execute/20020412-1.c compilation, -O0 (internal compiler error)
UNRESOLVED: gcc.c-torture/execute/20020412-1.c execution, -O0
FAIL: gcc.c-torture/execute/20020412-1.c compilation, -O1 (internal compiler error)
UNRESOLVED: gcc.c-torture/execute/20020412-1.c execution, -O1
FAIL: gcc.c-torture/execute/20020412-1.c compilation, -O2 (internal compiler error)
UNRESOLVED: gcc.c-torture/execute/20020412-1.c execution, -O2
FAIL: gcc.c-torture/execute/20020412-1.c compilation, -O3 -fomit-frame-pointer (internal compiler error)
UNRESOLVED: gcc.c-torture/execute/20020412-1.c execution, -O3 -fomit-frame-pointer
FAIL: gcc.c-torture/execute/20020412-1.c compilation, -O3 -fomit-frame-pointer -funroll-loops (internal compiler error)
UNRESOLVED: gcc.c-torture/execute/20020412-1.c execution, -O3 -fomit-frame-pointer -funroll-loops
FAIL: gcc.c-torture/execute/20020412-1.c compilation, -O3 -fomit-frame-pointer -funroll-all-loops -finline-functions (internal compiler error)
UNRESOLVED: gcc.c-torture/execute/20020412-1.c execution, -O3 -fomit-frame-pointer -funroll-all-loops -finline-functions
FAIL: gcc.c-torture/execute/20020412-1.c compilation, -O3 -g (internal compiler error)
UNRESOLVED: gcc.c-torture/execute/20020412-1.c execution, -O3 -g
FAIL: gcc.c-torture/execute/20020412-1.c compilation, -Os (internal compiler error)
UNRESOLVED: gcc.c-torture/execute/20020412-1.c execution, -Os
FAIL: gcc.c-torture/execute/20021011-1.c compilation, -Os
UNRESOLVED: gcc.c-torture/execute/20021011-1.c execution, -Os
FAIL: gcc.c-torture/execute/20021120-3.c compilation, -O0
UNRESOLVED: gcc.c-torture/execute/20021120-3.c execution, -O0
FAIL: gcc.c-torture/execute/20021120-3.c compilation, -O1
UNRESOLVED: gcc.c-torture/execute/20021120-3.c execution, -O1
FAIL: gcc.c-torture/execute/20021120-3.c compilation, -O2
UNRESOLVED: gcc.c-torture/execute/20021120-3.c execution, -O2
FAIL: gcc.c-torture/execute/20021120-3.c compilation, -O3 -fomit-frame-pointer
UNRESOLVED: gcc.c-torture/execute/20021120-3.c execution, -O3 -fomit-frame-pointer
FAIL: gcc.c-torture/execute/20021120-3.c compilation, -O3 -g
UNRESOLVED: gcc.c-torture/execute/20021120-3.c execution, -O3 -g
FAIL: gcc.c-torture/execute/20021120-3.c compilation, -Os
UNRESOLVED: gcc.c-torture/execute/20021120-3.c execution, -Os
FAIL: gcc.c-torture/execute/20030323-1.c compilation, -O0 (internal compiler error)
UNRESOLVED: gcc.c-torture/execute/20030323-1.c execution, -O0
FAIL: gcc.c-torture/execute/20030626-1.c compilation, -Os
UNRESOLVED: gcc.c-torture/execute/20030626-1.c execution, -Os
FAIL: gcc.c-torture/execute/20030626-2.c compilation, -O0
UNRESOLVED: gcc.c-torture/execute/20030626-2.c execution, -O0
FAIL: gcc.c-torture/execute/20030626-2.c compilation, -Os
UNRESOLVED: gcc.c-torture/execute/20030626-2.c execution, -Os
FAIL: gcc.c-torture/execute/20031204-1.c compilation, -O0
UNRESOLVED: gcc.c-torture/execute/20031204-1.c execution, -O0
FAIL: gcc.c-torture/execute/20031204-1.c compilation, -O1
UNRESOLVED: gcc.c-torture/execute/20031204-1.c execution, -O1
FAIL: gcc.c-torture/execute/20031204-1.c compilation, -O2
UNRESOLVED: gcc.c-torture/execute/20031204-1.c execution, -O2
FAIL: gcc.c-torture/execute/20031204-1.c compilation, -O3 -fomit-frame-pointer
UNRESOLVED: gcc.c-torture/execute/20031204-1.c execution, -O3 -fomit-frame-pointer
FAIL: gcc.c-torture/execute/20031204-1.c compilation, -O3 -fomit-frame-pointer -funroll-loops
UNRESOLVED: gcc.c-torture/execute/20031204-1.c execution, -O3 -fomit-frame-pointer -funroll-loops
FAIL: gcc.c-torture/execute/20031204-1.c compilation, -O3 -fomit-frame-pointer -funroll-all-loops -finline-functions
UNRESOLVED: gcc.c-torture/execute/20031204-1.c execution, -O3 -fomit-frame-pointer -funroll-all-loops -finline-functions
FAIL: gcc.c-torture/execute/20031204-1.c compilation, -O3 -g
UNRESOLVED: gcc.c-torture/execute/20031204-1.c execution, -O3 -g
FAIL: gcc.c-torture/execute/20031204-1.c compilation, -Os
UNRESOLVED: gcc.c-torture/execute/20031204-1.c execution, -Os
FAIL: gcc.c-torture/execute/20040223-1.c compilation, -O0
UNRESOLVED: gcc.c-torture/execute/20040223-1.c execution, -O0
FAIL: gcc.c-torture/execute/20040223-1.c compilation, -O1
UNRESOLVED: gcc.c-torture/execute/20040223-1.c execution, -O1
FAIL: gcc.c-torture/execute/20040223-1.c compilation, -O2
UNRESOLVED: gcc.c-torture/execute/20040223-1.c execution, -O2
FAIL: gcc.c-torture/execute/20040223-1.c compilation, -O3 -fomit-frame-pointer
UNRESOLVED: gcc.c-torture/execute/20040223-1.c execution, -O3 -fomit-frame-pointer
FAIL: gcc.c-torture/execute/20040223-1.c compilation, -O3 -g
UNRESOLVED: gcc.c-torture/execute/20040223-1.c execution, -O3 -g
FAIL: gcc.c-torture/execute/20040223-1.c compilation, -Os
UNRESOLVED: gcc.c-torture/execute/20040223-1.c execution, -Os
FAIL: gcc.c-torture/execute/20040308-1.c compilation, -O0 (internal compiler error)
UNRESOLVED: gcc.c-torture/execute/20040308-1.c execution, -O0
FAIL: gcc.c-torture/execute/20041214-1.c compilation, -O0
UNRESOLVED: gcc.c-torture/execute/20041214-1.c execution, -O0
FAIL: gcc.c-torture/execute/20041214-1.c compilation, -O1
UNRESOLVED: gcc.c-torture/execute/20041214-1.c execution, -O1
FAIL: gcc.c-torture/execute/20041214-1.c compilation, -O2
UNRESOLVED: gcc.c-torture/execute/20041214-1.c execution, -O2
FAIL: gcc.c-torture/execute/20041214-1.c compilation, -O3 -fomit-frame-pointer
UNRESOLVED: gcc.c-torture/execute/20041214-1.c execution, -O3 -fomit-frame-pointer
FAIL: gcc.c-torture/execute/20041214-1.c compilation, -O3 -fomit-frame-pointer -funroll-loops
UNRESOLVED: gcc.c-torture/execute/20041214-1.c execution, -O3 -fomit-frame-pointer -funroll-loops
FAIL: gcc.c-torture/execute/20041214-1.c compilation, -O3 -fomit-frame-pointer -funroll-all-loops -finline-functions
UNRESOLVED: gcc.c-torture/execute/20041214-1.c execution, -O3 -fomit-frame-pointer -funroll-all-loops -finline-functions
FAIL: gcc.c-torture/execute/20041214-1.c compilation, -O3 -g
UNRESOLVED: gcc.c-torture/execute/20041214-1.c execution, -O3 -g
FAIL: gcc.c-torture/execute/20041214-1.c compilation, -Os
UNRESOLVED: gcc.c-torture/execute/20041214-1.c execution, -Os
FAIL: gcc.c-torture/execute/20050125-1.c compilation, -O0
UNRESOLVED: gcc.c-torture/execute/20050125-1.c execution, -O0
FAIL: gcc.c-torture/execute/20050125-1.c compilation, -O1
UNRESOLVED: gcc.c-torture/execute/20050125-1.c execution, -O1
FAIL: gcc.c-torture/execute/20050125-1.c compilation, -O2
UNRESOLVED: gcc.c-torture/execute/20050125-1.c execution, -O2
FAIL: gcc.c-torture/execute/20050125-1.c compilation, -O3 -fomit-frame-pointer
UNRESOLVED: gcc.c-torture/execute/20050125-1.c execution, -O3 -fomit-frame-pointer
FAIL: gcc.c-torture/execute/20050125-1.c compilation, -O3 -g
UNRESOLVED: gcc.c-torture/execute/20050125-1.c execution, -O3 -g
FAIL: gcc.c-torture/execute/20050125-1.c compilation, -Os
UNRESOLVED: gcc.c-torture/execute/20050125-1.c execution, -Os
FAIL: gcc.c-torture/execute/20050131-1.c compilation, -O0
UNRESOLVED: gcc.c-torture/execute/20050131-1.c execution, -O0
FAIL: gcc.c-torture/execute/20050131-1.c compilation, -O1
UNRESOLVED: gcc.c-torture/execute/20050131-1.c execution, -O1
FAIL: gcc.c-torture/execute/20050131-1.c compilation, -O2
UNRESOLVED: gcc.c-torture/execute/20050131-1.c execution, -O2
FAIL: gcc.c-torture/execute/20050131-1.c compilation, -O3 -fomit-frame-pointer
UNRESOLVED: gcc.c-torture/execute/20050131-1.c execution, -O3 -fomit-frame-pointer
FAIL: gcc.c-torture/execute/20050131-1.c compilation, -O3 -g
UNRESOLVED: gcc.c-torture/execute/20050131-1.c execution, -O3 -g
FAIL: gcc.c-torture/execute/20050131-1.c compilation, -Os
UNRESOLVED: gcc.c-torture/execute/20050131-1.c execution, -Os
FAIL: gcc.c-torture/execute/20050218-1.c compilation, -O0
UNRESOLVED: gcc.c-torture/execute/20050218-1.c execution, -O0
FAIL: gcc.c-torture/execute/20050218-1.c compilation, -O1
UNRESOLVED: gcc.c-torture/execute/20050218-1.c execution, -O1
FAIL: gcc.c-torture/execute/20050218-1.c compilation, -O2
UNRESOLVED: gcc.c-torture/execute/20050218-1.c execution, -O2
FAIL: gcc.c-torture/execute/20050218-1.c compilation, -O3 -fomit-frame-pointer
UNRESOLVED: gcc.c-torture/execute/20050218-1.c execution, -O3 -fomit-frame-pointer
FAIL: gcc.c-torture/execute/20050218-1.c compilation, -O3 -fomit-frame-pointer -funroll-loops
UNRESOLVED: gcc.c-torture/execute/20050218-1.c execution, -O3 -fomit-frame-pointer -funroll-loops
FAIL: gcc.c-torture/execute/20050218-1.c compilation, -O3 -fomit-frame-pointer -funroll-all-loops -finline-functions
UNRESOLVED: gcc.c-torture/execute/20050218-1.c execution, -O3 -fomit-frame-pointer -funroll-all-loops -finline-functions
FAIL: gcc.c-torture/execute/20050218-1.c compilation, -O3 -g
UNRESOLVED: gcc.c-torture/execute/20050218-1.c execution, -O3 -g
FAIL: gcc.c-torture/execute/20050218-1.c compilation, -Os
UNRESOLVED: gcc.c-torture/execute/20050218-1.c execution, -Os
FAIL: gcc.c-torture/execute/20051113-1.c compilation, -O0
UNRESOLVED: gcc.c-torture/execute/20051113-1.c execution, -O0
FAIL: gcc.c-torture/execute/20051113-1.c compilation, -O1
UNRESOLVED: gcc.c-torture/execute/20051113-1.c execution, -O1
FAIL: gcc.c-torture/execute/20051113-1.c compilation, -O2
UNRESOLVED: gcc.c-torture/execute/20051113-1.c execution, -O2
FAIL: gcc.c-torture/execute/20051113-1.c compilation, -O3 -fomit-frame-pointer
UNRESOLVED: gcc.c-torture/execute/20051113-1.c execution, -O3 -fomit-frame-pointer
FAIL: gcc.c-torture/execute/20051113-1.c compilation, -O3 -fomit-frame-pointer -funroll-loops
UNRESOLVED: gcc.c-torture/execute/20051113-1.c execution, -O3 -fomit-frame-pointer -funroll-loops
FAIL: gcc.c-torture/execute/20051113-1.c compilation, -O3 -fomit-frame-pointer -funroll-all-loops -finline-functions
UNRESOLVED: gcc.c-torture/execute/20051113-1.c execution, -O3 -fomit-frame-pointer -funroll-all-loops -finline-functions
FAIL: gcc.c-torture/execute/20051113-1.c compilation, -O3 -g
UNRESOLVED: gcc.c-torture/execute/20051113-1.c execution, -O3 -g
FAIL: gcc.c-torture/execute/20051113-1.c compilation, -Os
UNRESOLVED: gcc.c-torture/execute/20051113-1.c execution, -Os
FAIL: gcc.c-torture/execute/20061220-1.c execution, -O0
FAIL: gcc.c-torture/execute/20061220-1.c execution, -O1
FAIL: gcc.c-torture/execute/20070201-1.c compilation, -O0
UNRESOLVED: gcc.c-torture/execute/20070201-1.c execution, -O0
FAIL: gcc.c-torture/execute/20070201-1.c compilation, -O1
UNRESOLVED: gcc.c-torture/execute/20070201-1.c execution, -O1
FAIL: gcc.c-torture/execute/20070201-1.c compilation, -O2
UNRESOLVED: gcc.c-torture/execute/20070201-1.c execution, -O2
FAIL: gcc.c-torture/execute/20070201-1.c compilation, -O3 -fomit-frame-pointer
UNRESOLVED: gcc.c-torture/execute/20070201-1.c execution, -O3 -fomit-frame-pointer
FAIL: gcc.c-torture/execute/20070201-1.c compilation, -O3 -g
UNRESOLVED: gcc.c-torture/execute/20070201-1.c execution, -O3 -g
FAIL: gcc.c-torture/execute/20070201-1.c compilation, -Os
UNRESOLVED: gcc.c-torture/execute/20070201-1.c execution, -Os
FAIL: gcc.c-torture/execute/20070824-1.c compilation, -O0 (internal compiler error)
UNRESOLVED: gcc.c-torture/execute/20070824-1.c execution, -O0
FAIL: gcc.c-torture/execute/20070919-1.c compilation, -O0 (internal compiler error)
UNRESOLVED: gcc.c-torture/execute/20070919-1.c execution, -O0
FAIL: gcc.c-torture/execute/20071018-1.c compilation, -O0
UNRESOLVED: gcc.c-torture/execute/20071018-1.c execution, -O0
FAIL: gcc.c-torture/execute/20071018-1.c compilation, -O1
UNRESOLVED: gcc.c-torture/execute/20071018-1.c execution, -O1
FAIL: gcc.c-torture/execute/20071018-1.c compilation, -O2
UNRESOLVED: gcc.c-torture/execute/20071018-1.c execution, -O2
FAIL: gcc.c-torture/execute/20071018-1.c compilation, -O3 -fomit-frame-pointer
UNRESOLVED: gcc.c-torture/execute/20071018-1.c execution, -O3 -fomit-frame-pointer
FAIL: gcc.c-torture/execute/20071018-1.c compilation, -O3 -g
UNRESOLVED: gcc.c-torture/execute/20071018-1.c execution, -O3 -g
FAIL: gcc.c-torture/execute/20071018-1.c compilation, -Os
UNRESOLVED: gcc.c-torture/execute/20071018-1.c execution, -Os
FAIL: gcc.c-torture/execute/20071120-1.c compilation, -O0
UNRESOLVED: gcc.c-torture/execute/20071120-1.c execution, -O0
FAIL: gcc.c-torture/execute/20071120-1.c compilation, -O1
UNRESOLVED: gcc.c-torture/execute/20071120-1.c execution, -O1
FAIL: gcc.c-torture/execute/20071120-1.c compilation, -O2
UNRESOLVED: gcc.c-torture/execute/20071120-1.c execution, -O2
FAIL: gcc.c-torture/execute/20071120-1.c compilation, -O3 -fomit-frame-pointer
UNRESOLVED: gcc.c-torture/execute/20071120-1.c execution, -O3 -fomit-frame-pointer
FAIL: gcc.c-torture/execute/20071120-1.c compilation, -O3 -fomit-frame-pointer -funroll-loops
UNRESOLVED: gcc.c-torture/execute/20071120-1.c execution, -O3 -fomit-frame-pointer -funroll-loops
FAIL: gcc.c-torture/execute/20071120-1.c compilation, -O3 -fomit-frame-pointer -funroll-all-loops -finline-functions
UNRESOLVED: gcc.c-torture/execute/20071120-1.c execution, -O3 -fomit-frame-pointer -funroll-all-loops -finline-functions
FAIL: gcc.c-torture/execute/20071120-1.c compilation, -O3 -g
UNRESOLVED: gcc.c-torture/execute/20071120-1.c execution, -O3 -g
FAIL: gcc.c-torture/execute/20071120-1.c compilation, -Os
UNRESOLVED: gcc.c-torture/execute/20071120-1.c execution, -Os
FAIL: gcc.c-torture/execute/20071211-1.c execution, -O0
FAIL: gcc.c-torture/execute/20071211-1.c execution, -O1
FAIL: gcc.c-torture/execute/20071211-1.c execution, -O2
FAIL: gcc.c-torture/execute/20071211-1.c execution, -O3 -fomit-frame-pointer
FAIL: gcc.c-torture/execute/20071211-1.c execution, -O3 -g
FAIL: gcc.c-torture/execute/20071211-1.c execution, -Os
FAIL: gcc.c-torture/execute/920501-6.c compilation, -O0
UNRESOLVED: gcc.c-torture/execute/920501-6.c execution, -O0
FAIL: gcc.c-torture/execute/920501-6.c compilation, -O1
UNRESOLVED: gcc.c-torture/execute/920501-6.c execution, -O1
FAIL: gcc.c-torture/execute/920501-6.c compilation, -O2
UNRESOLVED: gcc.c-torture/execute/920501-6.c execution, -O2
FAIL: gcc.c-torture/execute/920501-6.c compilation, -O3 -fomit-frame-pointer
UNRESOLVED: gcc.c-torture/execute/920501-6.c execution, -O3 -fomit-frame-pointer
FAIL: gcc.c-torture/execute/920501-6.c compilation, -O3 -fomit-frame-pointer -funroll-loops
UNRESOLVED: gcc.c-torture/execute/920501-6.c execution, -O3 -fomit-frame-pointer -funroll-loops
FAIL: gcc.c-torture/execute/920501-6.c compilation, -O3 -fomit-frame-pointer -funroll-all-loops -finline-functions
UNRESOLVED: gcc.c-torture/execute/920501-6.c execution, -O3 -fomit-frame-pointer -funroll-all-loops -finline-functions
FAIL: gcc.c-torture/execute/920501-6.c compilation, -O3 -g
UNRESOLVED: gcc.c-torture/execute/920501-6.c execution, -O3 -g
FAIL: gcc.c-torture/execute/920501-6.c compilation, -Os
UNRESOLVED: gcc.c-torture/execute/920501-6.c execution, -Os
FAIL: gcc.c-torture/execute/920501-8.c compilation, -O0
UNRESOLVED: gcc.c-torture/execute/920501-8.c execution, -O0
FAIL: gcc.c-torture/execute/920501-8.c compilation, -O1
UNRESOLVED: gcc.c-torture/execute/920501-8.c execution, -O1
FAIL: gcc.c-torture/execute/920501-8.c compilation, -O2
UNRESOLVED: gcc.c-torture/execute/920501-8.c execution, -O2
FAIL: gcc.c-torture/execute/920501-8.c compilation, -O3 -fomit-frame-pointer
UNRESOLVED: gcc.c-torture/execute/920501-8.c execution, -O3 -fomit-frame-pointer
FAIL: gcc.c-torture/execute/920501-8.c compilation, -O3 -g
UNRESOLVED: gcc.c-torture/execute/920501-8.c execution, -O3 -g
FAIL: gcc.c-torture/execute/920501-8.c compilation, -Os
UNRESOLVED: gcc.c-torture/execute/920501-8.c execution, -Os
FAIL: gcc.c-torture/execute/920501-9.c compilation, -O0
UNRESOLVED: gcc.c-torture/execute/920501-9.c execution, -O0
FAIL: gcc.c-torture/execute/920501-9.c compilation, -O1
UNRESOLVED: gcc.c-torture/execute/920501-9.c execution, -O1
FAIL: gcc.c-torture/execute/920501-9.c compilation, -O2
UNRESOLVED: gcc.c-torture/execute/920501-9.c execution, -O2
FAIL: gcc.c-torture/execute/920501-9.c compilation, -O3 -fomit-frame-pointer
UNRESOLVED: gcc.c-torture/execute/920501-9.c execution, -O3 -fomit-frame-pointer
FAIL: gcc.c-torture/execute/920501-9.c compilation, -O3 -g
UNRESOLVED: gcc.c-torture/execute/920501-9.c execution, -O3 -g
FAIL: gcc.c-torture/execute/920501-9.c compilation, -Os
UNRESOLVED: gcc.c-torture/execute/920501-9.c execution, -Os
FAIL: gcc.c-torture/execute/920721-2.c compilation, -O0 (internal compiler error)
UNRESOLVED: gcc.c-torture/execute/920721-2.c execution, -O0
FAIL: gcc.c-torture/execute/920726-1.c compilation, -O0
UNRESOLVED: gcc.c-torture/execute/920726-1.c execution, -O0
FAIL: gcc.c-torture/execute/920726-1.c compilation, -O1
UNRESOLVED: gcc.c-torture/execute/920726-1.c execution, -O1
FAIL: gcc.c-torture/execute/920726-1.c compilation, -O2
UNRESOLVED: gcc.c-torture/execute/920726-1.c execution, -O2
FAIL: gcc.c-torture/execute/920726-1.c compilation, -O3 -fomit-frame-pointer
UNRESOLVED: gcc.c-torture/execute/920726-1.c execution, -O3 -fomit-frame-pointer
FAIL: gcc.c-torture/execute/920726-1.c compilation, -O3 -fomit-frame-pointer -funroll-loops
UNRESOLVED: gcc.c-torture/execute/920726-1.c execution, -O3 -fomit-frame-pointer -funroll-loops
FAIL: gcc.c-torture/execute/920726-1.c compilation, -O3 -fomit-frame-pointer -funroll-all-loops -finline-functions
UNRESOLVED: gcc.c-torture/execute/920726-1.c execution, -O3 -fomit-frame-pointer -funroll-all-loops -finline-functions
FAIL: gcc.c-torture/execute/920726-1.c compilation, -O3 -g
UNRESOLVED: gcc.c-torture/execute/920726-1.c execution, -O3 -g
FAIL: gcc.c-torture/execute/920726-1.c compilation, -Os
UNRESOLVED: gcc.c-torture/execute/920726-1.c execution, -Os
FAIL: gcc.c-torture/execute/920810-1.c compilation, -O0
UNRESOLVED: gcc.c-torture/execute/920810-1.c execution, -O0
FAIL: gcc.c-torture/execute/920810-1.c compilation, -O1
UNRESOLVED: gcc.c-torture/execute/920810-1.c execution, -O1
FAIL: gcc.c-torture/execute/920810-1.c compilation, -O2
UNRESOLVED: gcc.c-torture/execute/920810-1.c execution, -O2
FAIL: gcc.c-torture/execute/920810-1.c compilation, -O3 -fomit-frame-pointer
UNRESOLVED: gcc.c-torture/execute/920810-1.c execution, -O3 -fomit-frame-pointer
FAIL: gcc.c-torture/execute/920810-1.c compilation, -O3 -g
UNRESOLVED: gcc.c-torture/execute/920810-1.c execution, -O3 -g
FAIL: gcc.c-torture/execute/920810-1.c compilation, -Os
UNRESOLVED: gcc.c-torture/execute/920810-1.c execution, -Os
FAIL: gcc.c-torture/execute/920929-1.c compilation, -O0 (internal compiler error)
UNRESOLVED: gcc.c-torture/execute/920929-1.c execution, -O0
FAIL: gcc.c-torture/execute/921017-1.c compilation, -O0 (internal compiler error)
UNRESOLVED: gcc.c-torture/execute/921017-1.c execution, -O0
FAIL: gcc.c-torture/execute/921117-1.c compilation, -Os
UNRESOLVED: gcc.c-torture/execute/921117-1.c execution, -Os
FAIL: gcc.c-torture/execute/930513-1.c compilation, -O0
UNRESOLVED: gcc.c-torture/execute/930513-1.c execution, -O0
FAIL: gcc.c-torture/execute/930513-1.c compilation, -O1
UNRESOLVED: gcc.c-torture/execute/930513-1.c execution, -O1
FAIL: gcc.c-torture/execute/930513-1.c compilation, -O2
UNRESOLVED: gcc.c-torture/execute/930513-1.c execution, -O2
FAIL: gcc.c-torture/execute/930513-1.c compilation, -O3 -fomit-frame-pointer
UNRESOLVED: gcc.c-torture/execute/930513-1.c execution, -O3 -fomit-frame-pointer
FAIL: gcc.c-torture/execute/930513-1.c compilation, -O3 -g
UNRESOLVED: gcc.c-torture/execute/930513-1.c execution, -O3 -g
FAIL: gcc.c-torture/execute/930513-1.c compilation, -Os
UNRESOLVED: gcc.c-torture/execute/930513-1.c execution, -Os
FAIL: gcc.c-torture/execute/930718-1.c execution, -O2
FAIL: gcc.c-torture/execute/930718-1.c execution, -O3 -fomit-frame-pointer
FAIL: gcc.c-torture/execute/930718-1.c execution, -O3 -g
FAIL: gcc.c-torture/execute/930718-1.c execution, -Os
FAIL: gcc.c-torture/execute/941014-2.c compilation, -O0
UNRESOLVED: gcc.c-torture/execute/941014-2.c execution, -O0
FAIL: gcc.c-torture/execute/941014-2.c compilation, -O1
UNRESOLVED: gcc.c-torture/execute/941014-2.c execution, -O1
FAIL: gcc.c-torture/execute/941014-2.c compilation, -O2
UNRESOLVED: gcc.c-torture/execute/941014-2.c execution, -O2
FAIL: gcc.c-torture/execute/941014-2.c compilation, -O3 -fomit-frame-pointer
UNRESOLVED: gcc.c-torture/execute/941014-2.c execution, -O3 -fomit-frame-pointer
FAIL: gcc.c-torture/execute/941014-2.c compilation, -O3 -g
UNRESOLVED: gcc.c-torture/execute/941014-2.c execution, -O3 -g
FAIL: gcc.c-torture/execute/941014-2.c compilation, -Os
UNRESOLVED: gcc.c-torture/execute/941014-2.c execution, -Os
FAIL: gcc.c-torture/execute/941202-1.c compilation, -O0 (internal compiler error)
UNRESOLVED: gcc.c-torture/execute/941202-1.c execution, -O0
FAIL: gcc.c-torture/execute/950221-1.c compilation, -O0
UNRESOLVED: gcc.c-torture/execute/950221-1.c execution, -O0
FAIL: gcc.c-torture/execute/950221-1.c compilation, -O1
UNRESOLVED: gcc.c-torture/execute/950221-1.c execution, -O1
FAIL: gcc.c-torture/execute/950221-1.c compilation, -O2
UNRESOLVED: gcc.c-torture/execute/950221-1.c execution, -O2
FAIL: gcc.c-torture/execute/950221-1.c compilation, -O3 -fomit-frame-pointer
UNRESOLVED: gcc.c-torture/execute/950221-1.c execution, -O3 -fomit-frame-pointer
FAIL: gcc.c-torture/execute/950221-1.c compilation, -O3 -g
UNRESOLVED: gcc.c-torture/execute/950221-1.c execution, -O3 -g
FAIL: gcc.c-torture/execute/950221-1.c compilation, -Os
UNRESOLVED: gcc.c-torture/execute/950221-1.c execution, -Os
FAIL: gcc.c-torture/execute/960311-1.c compilation, -O0
UNRESOLVED: gcc.c-torture/execute/960311-1.c execution, -O0
FAIL: gcc.c-torture/execute/960311-1.c compilation, -O1
UNRESOLVED: gcc.c-torture/execute/960311-1.c execution, -O1
FAIL: gcc.c-torture/execute/960311-1.c compilation, -O2
UNRESOLVED: gcc.c-torture/execute/960311-1.c execution, -O2
FAIL: gcc.c-torture/execute/960311-1.c compilation, -O3 -fomit-frame-pointer
UNRESOLVED: gcc.c-torture/execute/960311-1.c execution, -O3 -fomit-frame-pointer
FAIL: gcc.c-torture/execute/960311-1.c compilation, -O3 -g
UNRESOLVED: gcc.c-torture/execute/960311-1.c execution, -O3 -g
FAIL: gcc.c-torture/execute/960311-1.c compilation, -Os
UNRESOLVED: gcc.c-torture/execute/960311-1.c execution, -Os
FAIL: gcc.c-torture/execute/960311-2.c compilation, -O0
UNRESOLVED: gcc.c-torture/execute/960311-2.c execution, -O0
FAIL: gcc.c-torture/execute/960311-2.c compilation, -O1
UNRESOLVED: gcc.c-torture/execute/960311-2.c execution, -O1
FAIL: gcc.c-torture/execute/960311-2.c compilation, -O2
UNRESOLVED: gcc.c-torture/execute/960311-2.c execution, -O2
FAIL: gcc.c-torture/execute/960311-2.c compilation, -O3 -fomit-frame-pointer
UNRESOLVED: gcc.c-torture/execute/960311-2.c execution, -O3 -fomit-frame-pointer
FAIL: gcc.c-torture/execute/960311-2.c compilation, -O3 -g
UNRESOLVED: gcc.c-torture/execute/960311-2.c execution, -O3 -g
FAIL: gcc.c-torture/execute/960311-2.c compilation, -Os
UNRESOLVED: gcc.c-torture/execute/960311-2.c execution, -Os
FAIL: gcc.c-torture/execute/960311-3.c compilation, -O0
UNRESOLVED: gcc.c-torture/execute/960311-3.c execution, -O0
FAIL: gcc.c-torture/execute/960311-3.c compilation, -O1
UNRESOLVED: gcc.c-torture/execute/960311-3.c execution, -O1
FAIL: gcc.c-torture/execute/960311-3.c compilation, -O2
UNRESOLVED: gcc.c-torture/execute/960311-3.c execution, -O2
FAIL: gcc.c-torture/execute/960311-3.c compilation, -O3 -fomit-frame-pointer
UNRESOLVED: gcc.c-torture/execute/960311-3.c execution, -O3 -fomit-frame-pointer
FAIL: gcc.c-torture/execute/960311-3.c compilation, -O3 -g
UNRESOLVED: gcc.c-torture/execute/960311-3.c execution, -O3 -g
FAIL: gcc.c-torture/execute/960311-3.c compilation, -Os
UNRESOLVED: gcc.c-torture/execute/960311-3.c execution, -Os
FAIL: gcc.c-torture/execute/960327-1.c compilation, -O0
UNRESOLVED: gcc.c-torture/execute/960327-1.c execution, -O0
FAIL: gcc.c-torture/execute/960327-1.c compilation, -O1
UNRESOLVED: gcc.c-torture/execute/960327-1.c execution, -O1
FAIL: gcc.c-torture/execute/960327-1.c compilation, -O2
UNRESOLVED: gcc.c-torture/execute/960327-1.c execution, -O2
FAIL: gcc.c-torture/execute/960327-1.c compilation, -O3 -fomit-frame-pointer
UNRESOLVED: gcc.c-torture/execute/960327-1.c execution, -O3 -fomit-frame-pointer
FAIL: gcc.c-torture/execute/960327-1.c compilation, -O3 -fomit-frame-pointer -funroll-loops
UNRESOLVED: gcc.c-torture/execute/960327-1.c execution, -O3 -fomit-frame-pointer -funroll-loops
FAIL: gcc.c-torture/execute/960327-1.c compilation, -O3 -fomit-frame-pointer -funroll-all-loops -finline-functions
UNRESOLVED: gcc.c-torture/execute/960327-1.c execution, -O3 -fomit-frame-pointer -funroll-all-loops -finline-functions
FAIL: gcc.c-torture/execute/960327-1.c compilation, -O3 -g
UNRESOLVED: gcc.c-torture/execute/960327-1.c execution, -O3 -g
FAIL: gcc.c-torture/execute/960327-1.c compilation, -Os
UNRESOLVED: gcc.c-torture/execute/960327-1.c execution, -Os
FAIL: gcc.c-torture/execute/960521-1.c compilation, -O0
UNRESOLVED: gcc.c-torture/execute/960521-1.c execution, -O0
FAIL: gcc.c-torture/execute/960521-1.c compilation, -O1
UNRESOLVED: gcc.c-torture/execute/960521-1.c execution, -O1
FAIL: gcc.c-torture/execute/960521-1.c compilation, -O2
UNRESOLVED: gcc.c-torture/execute/960521-1.c execution, -O2
FAIL: gcc.c-torture/execute/960521-1.c compilation, -O3 -fomit-frame-pointer
UNRESOLVED: gcc.c-torture/execute/960521-1.c execution, -O3 -fomit-frame-pointer
FAIL: gcc.c-torture/execute/960521-1.c compilation, -O3 -fomit-frame-pointer -funroll-loops
UNRESOLVED: gcc.c-torture/execute/960521-1.c execution, -O3 -fomit-frame-pointer -funroll-loops
FAIL: gcc.c-torture/execute/960521-1.c compilation, -O3 -fomit-frame-pointer -funroll-all-loops -finline-functions
UNRESOLVED: gcc.c-torture/execute/960521-1.c execution, -O3 -fomit-frame-pointer -funroll-all-loops -finline-functions
FAIL: gcc.c-torture/execute/960521-1.c compilation, -O3 -g
UNRESOLVED: gcc.c-torture/execute/960521-1.c execution, -O3 -g
FAIL: gcc.c-torture/execute/960521-1.c compilation, -Os
UNRESOLVED: gcc.c-torture/execute/960521-1.c execution, -Os
FAIL: gcc.c-torture/execute/980605-1.c compilation, -O0
UNRESOLVED: gcc.c-torture/execute/980605-1.c execution, -O0
FAIL: gcc.c-torture/execute/980605-1.c compilation, -O1
UNRESOLVED: gcc.c-torture/execute/980605-1.c execution, -O1
FAIL: gcc.c-torture/execute/980605-1.c compilation, -O2
UNRESOLVED: gcc.c-torture/execute/980605-1.c execution, -O2
FAIL: gcc.c-torture/execute/980605-1.c compilation, -O3 -fomit-frame-pointer
UNRESOLVED: gcc.c-torture/execute/980605-1.c execution, -O3 -fomit-frame-pointer
FAIL: gcc.c-torture/execute/980605-1.c compilation, -O3 -g
UNRESOLVED: gcc.c-torture/execute/980605-1.c execution, -O3 -g
FAIL: gcc.c-torture/execute/980605-1.c compilation, -Os
UNRESOLVED: gcc.c-torture/execute/980605-1.c execution, -Os
FAIL: gcc.c-torture/execute/980707-1.c compilation, -Os
UNRESOLVED: gcc.c-torture/execute/980707-1.c execution, -Os
FAIL: gcc.c-torture/execute/980709-1.c compilation, -O0
UNRESOLVED: gcc.c-torture/execute/980709-1.c execution, -O0
FAIL: gcc.c-torture/execute/980709-1.c compilation, -O1
UNRESOLVED: gcc.c-torture/execute/980709-1.c execution, -O1
FAIL: gcc.c-torture/execute/980709-1.c compilation, -O2
UNRESOLVED: gcc.c-torture/execute/980709-1.c execution, -O2
FAIL: gcc.c-torture/execute/980709-1.c compilation, -O3 -fomit-frame-pointer
UNRESOLVED: gcc.c-torture/execute/980709-1.c execution, -O3 -fomit-frame-pointer
FAIL: gcc.c-torture/execute/980709-1.c compilation, -O3 -g
UNRESOLVED: gcc.c-torture/execute/980709-1.c execution, -O3 -g
FAIL: gcc.c-torture/execute/980709-1.c compilation, -Os
UNRESOLVED: gcc.c-torture/execute/980709-1.c execution, -Os
FAIL: gcc.c-torture/execute/990628-1.c compilation, -O0
UNRESOLVED: gcc.c-torture/execute/990628-1.c execution, -O0
FAIL: gcc.c-torture/execute/990628-1.c compilation, -O1
UNRESOLVED: gcc.c-torture/execute/990628-1.c execution, -O1
FAIL: gcc.c-torture/execute/990628-1.c compilation, -O2
UNRESOLVED: gcc.c-torture/execute/990628-1.c execution, -O2
FAIL: gcc.c-torture/execute/990628-1.c compilation, -O3 -fomit-frame-pointer
UNRESOLVED: gcc.c-torture/execute/990628-1.c execution, -O3 -fomit-frame-pointer
FAIL: gcc.c-torture/execute/990628-1.c compilation, -O3 -fomit-frame-pointer -funroll-loops
UNRESOLVED: gcc.c-torture/execute/990628-1.c execution, -O3 -fomit-frame-pointer -funroll-loops
FAIL: gcc.c-torture/execute/990628-1.c compilation, -O3 -fomit-frame-pointer -funroll-all-loops -finline-functions
UNRESOLVED: gcc.c-torture/execute/990628-1.c execution, -O3 -fomit-frame-pointer -funroll-all-loops -finline-functions
FAIL: gcc.c-torture/execute/990628-1.c compilation, -O3 -g
UNRESOLVED: gcc.c-torture/execute/990628-1.c execution, -O3 -g
FAIL: gcc.c-torture/execute/990628-1.c compilation, -Os
UNRESOLVED: gcc.c-torture/execute/990628-1.c execution, -Os
FAIL: gcc.c-torture/execute/990826-0.c compilation, -O0
UNRESOLVED: gcc.c-torture/execute/990826-0.c execution, -O0
FAIL: gcc.c-torture/execute/990826-0.c compilation, -O1
UNRESOLVED: gcc.c-torture/execute/990826-0.c execution, -O1
FAIL: gcc.c-torture/execute/990826-0.c compilation, -O2
UNRESOLVED: gcc.c-torture/execute/990826-0.c execution, -O2
FAIL: gcc.c-torture/execute/990826-0.c compilation, -O3 -fomit-frame-pointer
UNRESOLVED: gcc.c-torture/execute/990826-0.c execution, -O3 -fomit-frame-pointer
FAIL: gcc.c-torture/execute/990826-0.c compilation, -O3 -fomit-frame-pointer -funroll-loops
UNRESOLVED: gcc.c-torture/execute/990826-0.c execution, -O3 -fomit-frame-pointer -funroll-loops
FAIL: gcc.c-torture/execute/990826-0.c compilation, -O3 -fomit-frame-pointer -funroll-all-loops -finline-functions
UNRESOLVED: gcc.c-torture/execute/990826-0.c execution, -O3 -fomit-frame-pointer -funroll-all-loops -finline-functions
FAIL: gcc.c-torture/execute/990826-0.c compilation, -O3 -g
UNRESOLVED: gcc.c-torture/execute/990826-0.c execution, -O3 -g
FAIL: gcc.c-torture/execute/990826-0.c compilation, -Os
UNRESOLVED: gcc.c-torture/execute/990826-0.c execution, -Os
FAIL: gcc.c-torture/execute/991112-1.c compilation, -O0
UNRESOLVED: gcc.c-torture/execute/991112-1.c execution, -O0
FAIL: gcc.c-torture/execute/991112-1.c compilation, -O1
UNRESOLVED: gcc.c-torture/execute/991112-1.c execution, -O1
FAIL: gcc.c-torture/execute/991112-1.c compilation, -O2
UNRESOLVED: gcc.c-torture/execute/991112-1.c execution, -O2
FAIL: gcc.c-torture/execute/991112-1.c compilation, -O3 -fomit-frame-pointer
UNRESOLVED: gcc.c-torture/execute/991112-1.c execution, -O3 -fomit-frame-pointer
FAIL: gcc.c-torture/execute/991112-1.c compilation, -O3 -g
UNRESOLVED: gcc.c-torture/execute/991112-1.c execution, -O3 -g
FAIL: gcc.c-torture/execute/991112-1.c compilation, -Os
UNRESOLVED: gcc.c-torture/execute/991112-1.c execution, -Os
FAIL: gcc.c-torture/execute/align-nest.c compilation, -O0 (internal compiler error)
UNRESOLVED: gcc.c-torture/execute/align-nest.c execution, -O0
FAIL: gcc.c-torture/execute/alloca-1.c compilation, -O0 (internal compiler error)
UNRESOLVED: gcc.c-torture/execute/alloca-1.c execution, -O0
FAIL: gcc.c-torture/execute/arith-rand.c execution, -O0
FAIL: gcc.c-torture/execute/arith-rand.c execution, -O1
FAIL: gcc.c-torture/execute/arith-rand.c execution, -O2
FAIL: gcc.c-torture/execute/arith-rand.c execution, -O3 -fomit-frame-pointer
FAIL: gcc.c-torture/execute/arith-rand.c execution, -O3 -fomit-frame-pointer -funroll-loops
FAIL: gcc.c-torture/execute/arith-rand.c execution, -O3 -fomit-frame-pointer -funroll-all-loops -finline-functions
FAIL: gcc.c-torture/execute/arith-rand.c execution, -O3 -g
FAIL: gcc.c-torture/execute/arith-rand.c execution, -Os
FAIL: gcc.c-torture/execute/built-in-setjmp.c compilation, -O0 (internal compiler error)
UNRESOLVED: gcc.c-torture/execute/built-in-setjmp.c execution, -O0
FAIL: gcc.c-torture/execute/built-in-setjmp.c compilation, -O1 (internal compiler error)
UNRESOLVED: gcc.c-torture/execute/built-in-setjmp.c execution, -O1
FAIL: gcc.c-torture/execute/built-in-setjmp.c compilation, -O2 (internal compiler error)
UNRESOLVED: gcc.c-torture/execute/built-in-setjmp.c execution, -O2
FAIL: gcc.c-torture/execute/built-in-setjmp.c compilation, -O3 -fomit-frame-pointer (internal compiler error)
UNRESOLVED: gcc.c-torture/execute/built-in-setjmp.c execution, -O3 -fomit-frame-pointer
FAIL: gcc.c-torture/execute/built-in-setjmp.c compilation, -O3 -fomit-frame-pointer -funroll-loops (internal compiler error)
UNRESOLVED: gcc.c-torture/execute/built-in-setjmp.c execution, -O3 -fomit-frame-pointer -funroll-loops
FAIL: gcc.c-torture/execute/built-in-setjmp.c compilation, -O3 -fomit-frame-pointer -funroll-all-loops -finline-functions (internal compiler error)
UNRESOLVED: gcc.c-torture/execute/built-in-setjmp.c execution, -O3 -fomit-frame-pointer -funroll-all-loops -finline-functions
FAIL: gcc.c-torture/execute/built-in-setjmp.c compilation, -O3 -g (internal compiler error)
UNRESOLVED: gcc.c-torture/execute/built-in-setjmp.c execution, -O3 -g
FAIL: gcc.c-torture/execute/built-in-setjmp.c compilation, -Os (internal compiler error)
UNRESOLVED: gcc.c-torture/execute/built-in-setjmp.c execution, -Os
FAIL: gcc.c-torture/execute/complex-5.c compilation, -O0
UNRESOLVED: gcc.c-torture/execute/complex-5.c execution, -O0
FAIL: gcc.c-torture/execute/complex-5.c compilation, -O1
UNRESOLVED: gcc.c-torture/execute/complex-5.c execution, -O1
FAIL: gcc.c-torture/execute/complex-5.c compilation, -O2
UNRESOLVED: gcc.c-torture/execute/complex-5.c execution, -O2
FAIL: gcc.c-torture/execute/complex-5.c compilation, -O3 -fomit-frame-pointer
UNRESOLVED: gcc.c-torture/execute/complex-5.c execution, -O3 -fomit-frame-pointer
FAIL: gcc.c-torture/execute/complex-5.c compilation, -O3 -g
UNRESOLVED: gcc.c-torture/execute/complex-5.c execution, -O3 -g
FAIL: gcc.c-torture/execute/complex-5.c compilation, -Os
UNRESOLVED: gcc.c-torture/execute/complex-5.c execution, -Os
FAIL: gcc.c-torture/execute/complex-6.c compilation, -O0
UNRESOLVED: gcc.c-torture/execute/complex-6.c execution, -O0
FAIL: gcc.c-torture/execute/complex-6.c compilation, -O1
UNRESOLVED: gcc.c-torture/execute/complex-6.c execution, -O1
FAIL: gcc.c-torture/execute/complex-6.c compilation, -O2
UNRESOLVED: gcc.c-torture/execute/complex-6.c execution, -O2
FAIL: gcc.c-torture/execute/complex-6.c compilation, -O3 -fomit-frame-pointer
UNRESOLVED: gcc.c-torture/execute/complex-6.c execution, -O3 -fomit-frame-pointer
FAIL: gcc.c-torture/execute/complex-6.c compilation, -O3 -g
UNRESOLVED: gcc.c-torture/execute/complex-6.c execution, -O3 -g
FAIL: gcc.c-torture/execute/complex-6.c compilation, -Os
UNRESOLVED: gcc.c-torture/execute/complex-6.c execution, -Os
FAIL: gcc.c-torture/execute/const-addr-expr-1.c compilation, -O0
UNRESOLVED: gcc.c-torture/execute/const-addr-expr-1.c execution, -O0
FAIL: gcc.c-torture/execute/const-addr-expr-1.c compilation, -O1
UNRESOLVED: gcc.c-torture/execute/const-addr-expr-1.c execution, -O1
FAIL: gcc.c-torture/execute/const-addr-expr-1.c compilation, -O2
UNRESOLVED: gcc.c-torture/execute/const-addr-expr-1.c execution, -O2
FAIL: gcc.c-torture/execute/const-addr-expr-1.c compilation, -O3 -fomit-frame-pointer
UNRESOLVED: gcc.c-torture/execute/const-addr-expr-1.c execution, -O3 -fomit-frame-pointer
FAIL: gcc.c-torture/execute/const-addr-expr-1.c compilation, -O3 -g
UNRESOLVED: gcc.c-torture/execute/const-addr-expr-1.c execution, -O3 -g
FAIL: gcc.c-torture/execute/const-addr-expr-1.c compilation, -Os
UNRESOLVED: gcc.c-torture/execute/const-addr-expr-1.c execution, -Os
FAIL: gcc.c-torture/execute/conversion.c execution, -O0
FAIL: gcc.c-torture/execute/conversion.c execution, -O1
FAIL: gcc.c-torture/execute/enum-3.c compilation, -O0
UNRESOLVED: gcc.c-torture/execute/enum-3.c execution, -O0
FAIL: gcc.c-torture/execute/enum-3.c compilation, -O1
UNRESOLVED: gcc.c-torture/execute/enum-3.c execution, -O1
FAIL: gcc.c-torture/execute/enum-3.c compilation, -O2
UNRESOLVED: gcc.c-torture/execute/enum-3.c execution, -O2
FAIL: gcc.c-torture/execute/enum-3.c compilation, -O3 -fomit-frame-pointer
UNRESOLVED: gcc.c-torture/execute/enum-3.c execution, -O3 -fomit-frame-pointer
FAIL: gcc.c-torture/execute/enum-3.c compilation, -O3 -g
UNRESOLVED: gcc.c-torture/execute/enum-3.c execution, -O3 -g
FAIL: gcc.c-torture/execute/enum-3.c compilation, -Os
UNRESOLVED: gcc.c-torture/execute/enum-3.c execution, -Os
FAIL: gcc.c-torture/execute/float-floor.c compilation, -O0
UNRESOLVED: gcc.c-torture/execute/float-floor.c execution, -O0
FAIL: gcc.c-torture/execute/float-floor.c compilation, -O1
UNRESOLVED: gcc.c-torture/execute/float-floor.c execution, -O1
FAIL: gcc.c-torture/execute/float-floor.c compilation, -O2
UNRESOLVED: gcc.c-torture/execute/float-floor.c execution, -O2
FAIL: gcc.c-torture/execute/float-floor.c compilation, -O3 -fomit-frame-pointer
UNRESOLVED: gcc.c-torture/execute/float-floor.c execution, -O3 -fomit-frame-pointer
FAIL: gcc.c-torture/execute/float-floor.c compilation, -O3 -g
UNRESOLVED: gcc.c-torture/execute/float-floor.c execution, -O3 -g
FAIL: gcc.c-torture/execute/float-floor.c compilation, -Os
UNRESOLVED: gcc.c-torture/execute/float-floor.c execution, -Os
FAIL: gcc.c-torture/execute/fprintf-1.c compilation, -O0
UNRESOLVED: gcc.c-torture/execute/fprintf-1.c execution, -O0
FAIL: gcc.c-torture/execute/fprintf-1.c compilation, -O1
UNRESOLVED: gcc.c-torture/execute/fprintf-1.c execution, -O1
FAIL: gcc.c-torture/execute/fprintf-1.c compilation, -O2
UNRESOLVED: gcc.c-torture/execute/fprintf-1.c execution, -O2
FAIL: gcc.c-torture/execute/fprintf-1.c compilation, -O3 -fomit-frame-pointer
UNRESOLVED: gcc.c-torture/execute/fprintf-1.c execution, -O3 -fomit-frame-pointer
FAIL: gcc.c-torture/execute/fprintf-1.c compilation, -O3 -g
UNRESOLVED: gcc.c-torture/execute/fprintf-1.c execution, -O3 -g
FAIL: gcc.c-torture/execute/fprintf-1.c compilation, -Os
UNRESOLVED: gcc.c-torture/execute/fprintf-1.c execution, -Os
FAIL: gcc.c-torture/execute/fprintf-chk-1.c compilation, -O0
UNRESOLVED: gcc.c-torture/execute/fprintf-chk-1.c execution, -O0
FAIL: gcc.c-torture/execute/fprintf-chk-1.c compilation, -O1
UNRESOLVED: gcc.c-torture/execute/fprintf-chk-1.c execution, -O1
FAIL: gcc.c-torture/execute/fprintf-chk-1.c compilation, -O2
UNRESOLVED: gcc.c-torture/execute/fprintf-chk-1.c execution, -O2
FAIL: gcc.c-torture/execute/fprintf-chk-1.c compilation, -O3 -fomit-frame-pointer
UNRESOLVED: gcc.c-torture/execute/fprintf-chk-1.c execution, -O3 -fomit-frame-pointer
FAIL: gcc.c-torture/execute/fprintf-chk-1.c compilation, -O3 -g
UNRESOLVED: gcc.c-torture/execute/fprintf-chk-1.c execution, -O3 -g
FAIL: gcc.c-torture/execute/fprintf-chk-1.c compilation, -Os
UNRESOLVED: gcc.c-torture/execute/fprintf-chk-1.c execution, -Os
FAIL: gcc.c-torture/execute/frame-address.c compilation, -O0 (internal compiler error)
UNRESOLVED: gcc.c-torture/execute/frame-address.c execution, -O0
FAIL: gcc.c-torture/execute/frame-address.c compilation, -O1
UNRESOLVED: gcc.c-torture/execute/frame-address.c execution, -O1
FAIL: gcc.c-torture/execute/frame-address.c compilation, -O2 (internal compiler error)
UNRESOLVED: gcc.c-torture/execute/frame-address.c execution, -O2
FAIL: gcc.c-torture/execute/frame-address.c compilation, -O3 -fomit-frame-pointer (internal compiler error)
UNRESOLVED: gcc.c-torture/execute/frame-address.c execution, -O3 -fomit-frame-pointer
FAIL: gcc.c-torture/execute/frame-address.c compilation, -O3 -g (internal compiler error)
UNRESOLVED: gcc.c-torture/execute/frame-address.c execution, -O3 -g
FAIL: gcc.c-torture/execute/frame-address.c compilation, -Os (internal compiler error)
UNRESOLVED: gcc.c-torture/execute/frame-address.c execution, -Os
FAIL: gcc.c-torture/execute/gofast.c compilation, -O0
UNRESOLVED: gcc.c-torture/execute/gofast.c execution, -O0
FAIL: gcc.c-torture/execute/gofast.c compilation, -O1
UNRESOLVED: gcc.c-torture/execute/gofast.c execution, -O1
FAIL: gcc.c-torture/execute/gofast.c compilation, -O2
UNRESOLVED: gcc.c-torture/execute/gofast.c execution, -O2
FAIL: gcc.c-torture/execute/gofast.c compilation, -O3 -fomit-frame-pointer
UNRESOLVED: gcc.c-torture/execute/gofast.c execution, -O3 -fomit-frame-pointer
FAIL: gcc.c-torture/execute/gofast.c compilation, -O3 -g
UNRESOLVED: gcc.c-torture/execute/gofast.c execution, -O3 -g
FAIL: gcc.c-torture/execute/gofast.c compilation, -Os
UNRESOLVED: gcc.c-torture/execute/gofast.c execution, -Os
FAIL: gcc.c-torture/execute/pr15262-1.c compilation, -O0
UNRESOLVED: gcc.c-torture/execute/pr15262-1.c execution, -O0
FAIL: gcc.c-torture/execute/pr15262-1.c compilation, -O1
UNRESOLVED: gcc.c-torture/execute/pr15262-1.c execution, -O1
FAIL: gcc.c-torture/execute/pr15262-1.c compilation, -O2
UNRESOLVED: gcc.c-torture/execute/pr15262-1.c execution, -O2
FAIL: gcc.c-torture/execute/pr15262-1.c compilation, -O3 -fomit-frame-pointer
UNRESOLVED: gcc.c-torture/execute/pr15262-1.c execution, -O3 -fomit-frame-pointer
FAIL: gcc.c-torture/execute/pr15262-1.c compilation, -O3 -g
UNRESOLVED: gcc.c-torture/execute/pr15262-1.c execution, -O3 -g
FAIL: gcc.c-torture/execute/pr15262-1.c compilation, -Os
UNRESOLVED: gcc.c-torture/execute/pr15262-1.c execution, -Os
FAIL: gcc.c-torture/execute/pr22061-1.c compilation, -O0 (internal compiler error)
UNRESOLVED: gcc.c-torture/execute/pr22061-1.c execution, -O0
FAIL: gcc.c-torture/execute/pr22061-3.c execution, -O1
FAIL: gcc.c-torture/execute/pr22061-4.c compilation, -O0 (internal compiler error)
UNRESOLVED: gcc.c-torture/execute/pr22061-4.c execution, -O0
FAIL: gcc.c-torture/execute/pr22061-4.c compilation, -O1 (internal compiler error)
UNRESOLVED: gcc.c-torture/execute/pr22061-4.c execution, -O1
FAIL: gcc.c-torture/execute/pr34456.c compilation, -O0
UNRESOLVED: gcc.c-torture/execute/pr34456.c execution, -O0
FAIL: gcc.c-torture/execute/pr34456.c compilation, -O1
UNRESOLVED: gcc.c-torture/execute/pr34456.c execution, -O1
FAIL: gcc.c-torture/execute/pr34456.c compilation, -O2
UNRESOLVED: gcc.c-torture/execute/pr34456.c execution, -O2
FAIL: gcc.c-torture/execute/pr34456.c compilation, -O3 -fomit-frame-pointer
UNRESOLVED: gcc.c-torture/execute/pr34456.c execution, -O3 -fomit-frame-pointer
FAIL: gcc.c-torture/execute/pr34456.c compilation, -O3 -g
UNRESOLVED: gcc.c-torture/execute/pr34456.c execution, -O3 -g
FAIL: gcc.c-torture/execute/pr34456.c compilation, -Os
UNRESOLVED: gcc.c-torture/execute/pr34456.c execution, -Os
FAIL: gcc.c-torture/execute/pr36321.c compilation, -O0 (internal compiler error)
UNRESOLVED: gcc.c-torture/execute/pr36321.c execution, -O0
FAIL: gcc.c-torture/execute/pr36321.c compilation, -Os (internal compiler error)
UNRESOLVED: gcc.c-torture/execute/pr36321.c execution, -Os
FAIL: gcc.c-torture/execute/pr36765.c compilation, -O0
UNRESOLVED: gcc.c-torture/execute/pr36765.c execution, -O0
FAIL: gcc.c-torture/execute/pr36765.c compilation, -O1
UNRESOLVED: gcc.c-torture/execute/pr36765.c execution, -O1
FAIL: gcc.c-torture/execute/pr36765.c compilation, -O2
UNRESOLVED: gcc.c-torture/execute/pr36765.c execution, -O2
FAIL: gcc.c-torture/execute/pr36765.c compilation, -O3 -fomit-frame-pointer
UNRESOLVED: gcc.c-torture/execute/pr36765.c execution, -O3 -fomit-frame-pointer
FAIL: gcc.c-torture/execute/pr36765.c compilation, -O3 -g
UNRESOLVED: gcc.c-torture/execute/pr36765.c execution, -O3 -g
FAIL: gcc.c-torture/execute/pr36765.c compilation, -Os
UNRESOLVED: gcc.c-torture/execute/pr36765.c execution, -Os
FAIL: gcc.c-torture/execute/pr41395-1.c compilation, -O0
UNRESOLVED: gcc.c-torture/execute/pr41395-1.c execution, -O0
FAIL: gcc.c-torture/execute/pr41395-1.c compilation, -O1
UNRESOLVED: gcc.c-torture/execute/pr41395-1.c execution, -O1
FAIL: gcc.c-torture/execute/pr41395-1.c compilation, -O2
UNRESOLVED: gcc.c-torture/execute/pr41395-1.c execution, -O2
FAIL: gcc.c-torture/execute/pr41395-1.c compilation, -O3 -fomit-frame-pointer
UNRESOLVED: gcc.c-torture/execute/pr41395-1.c execution, -O3 -fomit-frame-pointer
FAIL: gcc.c-torture/execute/pr41395-1.c compilation, -O3 -g
UNRESOLVED: gcc.c-torture/execute/pr41395-1.c execution, -O3 -g
FAIL: gcc.c-torture/execute/pr41395-1.c compilation, -Os
UNRESOLVED: gcc.c-torture/execute/pr41395-1.c execution, -Os
FAIL: gcc.c-torture/execute/pr41395-2.c compilation, -O0
UNRESOLVED: gcc.c-torture/execute/pr41395-2.c execution, -O0
FAIL: gcc.c-torture/execute/pr41395-2.c compilation, -O1
UNRESOLVED: gcc.c-torture/execute/pr41395-2.c execution, -O1
FAIL: gcc.c-torture/execute/pr41395-2.c compilation, -O2
UNRESOLVED: gcc.c-torture/execute/pr41395-2.c execution, -O2
FAIL: gcc.c-torture/execute/pr41395-2.c compilation, -O3 -fomit-frame-pointer
UNRESOLVED: gcc.c-torture/execute/pr41395-2.c execution, -O3 -fomit-frame-pointer
FAIL: gcc.c-torture/execute/pr41395-2.c compilation, -O3 -g
UNRESOLVED: gcc.c-torture/execute/pr41395-2.c execution, -O3 -g
FAIL: gcc.c-torture/execute/pr41395-2.c compilation, -Os
UNRESOLVED: gcc.c-torture/execute/pr41395-2.c execution, -Os
FAIL: gcc.c-torture/execute/pr41463.c compilation, -O0
UNRESOLVED: gcc.c-torture/execute/pr41463.c execution, -O0
FAIL: gcc.c-torture/execute/pr41463.c compilation, -O1
UNRESOLVED: gcc.c-torture/execute/pr41463.c execution, -O1
FAIL: gcc.c-torture/execute/pr41463.c compilation, -O2
UNRESOLVED: gcc.c-torture/execute/pr41463.c execution, -O2
FAIL: gcc.c-torture/execute/pr41463.c compilation, -O3 -fomit-frame-pointer
UNRESOLVED: gcc.c-torture/execute/pr41463.c execution, -O3 -fomit-frame-pointer
FAIL: gcc.c-torture/execute/pr41463.c compilation, -O3 -g
UNRESOLVED: gcc.c-torture/execute/pr41463.c execution, -O3 -g
FAIL: gcc.c-torture/execute/pr41463.c compilation, -Os
UNRESOLVED: gcc.c-torture/execute/pr41463.c execution, -Os
FAIL: gcc.c-torture/execute/pr42614.c compilation, -O0
UNRESOLVED: gcc.c-torture/execute/pr42614.c execution, -O0
FAIL: gcc.c-torture/execute/pr42614.c compilation, -O1
UNRESOLVED: gcc.c-torture/execute/pr42614.c execution, -O1
FAIL: gcc.c-torture/execute/pr42614.c compilation, -O2
UNRESOLVED: gcc.c-torture/execute/pr42614.c execution, -O2
FAIL: gcc.c-torture/execute/pr42614.c compilation, -O3 -fomit-frame-pointer
UNRESOLVED: gcc.c-torture/execute/pr42614.c execution, -O3 -fomit-frame-pointer
FAIL: gcc.c-torture/execute/pr42614.c compilation, -O3 -fomit-frame-pointer -funroll-loops
UNRESOLVED: gcc.c-torture/execute/pr42614.c execution, -O3 -fomit-frame-pointer -funroll-loops
FAIL: gcc.c-torture/execute/pr42614.c compilation, -O3 -fomit-frame-pointer -funroll-all-loops -finline-functions
UNRESOLVED: gcc.c-torture/execute/pr42614.c execution, -O3 -fomit-frame-pointer -funroll-all-loops -finline-functions
FAIL: gcc.c-torture/execute/pr42614.c compilation, -O3 -g
UNRESOLVED: gcc.c-torture/execute/pr42614.c execution, -O3 -g
FAIL: gcc.c-torture/execute/pr42614.c compilation, -Os
UNRESOLVED: gcc.c-torture/execute/pr42614.c execution, -Os
FAIL: gcc.c-torture/execute/pr43008.c compilation, -O0
UNRESOLVED: gcc.c-torture/execute/pr43008.c execution, -O0
FAIL: gcc.c-torture/execute/pr43008.c compilation, -O1
UNRESOLVED: gcc.c-torture/execute/pr43008.c execution, -O1
FAIL: gcc.c-torture/execute/pr43008.c compilation, -O2
UNRESOLVED: gcc.c-torture/execute/pr43008.c execution, -O2
FAIL: gcc.c-torture/execute/pr43008.c compilation, -O3 -fomit-frame-pointer
UNRESOLVED: gcc.c-torture/execute/pr43008.c execution, -O3 -fomit-frame-pointer
FAIL: gcc.c-torture/execute/pr43008.c compilation, -O3 -g
UNRESOLVED: gcc.c-torture/execute/pr43008.c execution, -O3 -g
FAIL: gcc.c-torture/execute/pr43008.c compilation, -Os
UNRESOLVED: gcc.c-torture/execute/pr43008.c execution, -Os
FAIL: gcc.c-torture/execute/pr43220.c compilation, -O0 (internal compiler error)
UNRESOLVED: gcc.c-torture/execute/pr43220.c execution, -O0
FAIL: gcc.c-torture/execute/pr43220.c execution, -O1
FAIL: gcc.c-torture/execute/pr43220.c execution, -O2
FAIL: gcc.c-torture/execute/pr43220.c execution, -O3 -fomit-frame-pointer
FAIL: gcc.c-torture/execute/pr43220.c execution, -O3 -g
FAIL: gcc.c-torture/execute/pr43220.c execution, -Os
FAIL: gcc.c-torture/execute/printf-1.c compilation, -O0
UNRESOLVED: gcc.c-torture/execute/printf-1.c execution, -O0
FAIL: gcc.c-torture/execute/printf-1.c compilation, -O1
UNRESOLVED: gcc.c-torture/execute/printf-1.c execution, -O1
FAIL: gcc.c-torture/execute/printf-1.c compilation, -O2
UNRESOLVED: gcc.c-torture/execute/printf-1.c execution, -O2
FAIL: gcc.c-torture/execute/printf-1.c compilation, -O3 -fomit-frame-pointer
UNRESOLVED: gcc.c-torture/execute/printf-1.c execution, -O3 -fomit-frame-pointer
FAIL: gcc.c-torture/execute/printf-1.c compilation, -O3 -g
UNRESOLVED: gcc.c-torture/execute/printf-1.c execution, -O3 -g
FAIL: gcc.c-torture/execute/printf-1.c compilation, -Os
UNRESOLVED: gcc.c-torture/execute/printf-1.c execution, -Os
FAIL: gcc.c-torture/execute/printf-chk-1.c compilation, -O0
UNRESOLVED: gcc.c-torture/execute/printf-chk-1.c execution, -O0
FAIL: gcc.c-torture/execute/printf-chk-1.c compilation, -O1
UNRESOLVED: gcc.c-torture/execute/printf-chk-1.c execution, -O1
FAIL: gcc.c-torture/execute/printf-chk-1.c compilation, -O2
UNRESOLVED: gcc.c-torture/execute/printf-chk-1.c execution, -O2
FAIL: gcc.c-torture/execute/printf-chk-1.c compilation, -O3 -fomit-frame-pointer
UNRESOLVED: gcc.c-torture/execute/printf-chk-1.c execution, -O3 -fomit-frame-pointer
FAIL: gcc.c-torture/execute/printf-chk-1.c compilation, -O3 -g
UNRESOLVED: gcc.c-torture/execute/printf-chk-1.c execution, -O3 -g
FAIL: gcc.c-torture/execute/printf-chk-1.c compilation, -Os
UNRESOLVED: gcc.c-torture/execute/printf-chk-1.c execution, -Os
FAIL: gcc.c-torture/execute/strcmp-1.c execution, -O0
FAIL: gcc.c-torture/execute/strcmp-1.c execution, -O1
FAIL: gcc.c-torture/execute/strcmp-1.c execution, -O2
FAIL: gcc.c-torture/execute/strcmp-1.c execution, -O3 -fomit-frame-pointer
FAIL: gcc.c-torture/execute/strcmp-1.c execution, -O3 -fomit-frame-pointer -funroll-loops
FAIL: gcc.c-torture/execute/strcmp-1.c execution, -O3 -fomit-frame-pointer -funroll-all-loops -finline-functions
FAIL: gcc.c-torture/execute/strcmp-1.c execution, -O3 -g
FAIL: gcc.c-torture/execute/strcmp-1.c execution, -Os
FAIL: gcc.c-torture/execute/strcpy-1.c compilation, -O0
UNRESOLVED: gcc.c-torture/execute/strcpy-1.c execution, -O0
FAIL: gcc.c-torture/execute/strcpy-1.c compilation, -O1
UNRESOLVED: gcc.c-torture/execute/strcpy-1.c execution, -O1
FAIL: gcc.c-torture/execute/strcpy-1.c compilation, -O2
UNRESOLVED: gcc.c-torture/execute/strcpy-1.c execution, -O2
FAIL: gcc.c-torture/execute/strcpy-1.c compilation, -O3 -fomit-frame-pointer
UNRESOLVED: gcc.c-torture/execute/strcpy-1.c execution, -O3 -fomit-frame-pointer
FAIL: gcc.c-torture/execute/strcpy-1.c compilation, -O3 -fomit-frame-pointer -funroll-loops
UNRESOLVED: gcc.c-torture/execute/strcpy-1.c execution, -O3 -fomit-frame-pointer -funroll-loops
FAIL: gcc.c-torture/execute/strcpy-1.c compilation, -O3 -fomit-frame-pointer -funroll-all-loops -finline-functions
UNRESOLVED: gcc.c-torture/execute/strcpy-1.c execution, -O3 -fomit-frame-pointer -funroll-all-loops -finline-functions
FAIL: gcc.c-torture/execute/strcpy-1.c compilation, -O3 -g
UNRESOLVED: gcc.c-torture/execute/strcpy-1.c execution, -O3 -g
FAIL: gcc.c-torture/execute/strcpy-1.c compilation, -Os
UNRESOLVED: gcc.c-torture/execute/strcpy-1.c execution, -Os
FAIL: gcc.c-torture/execute/string-opt-17.c compilation, -O0
UNRESOLVED: gcc.c-torture/execute/string-opt-17.c execution, -O0
FAIL: gcc.c-torture/execute/string-opt-17.c compilation, -O1
UNRESOLVED: gcc.c-torture/execute/string-opt-17.c execution, -O1
FAIL: gcc.c-torture/execute/string-opt-17.c compilation, -O2
UNRESOLVED: gcc.c-torture/execute/string-opt-17.c execution, -O2
FAIL: gcc.c-torture/execute/string-opt-17.c compilation, -O3 -fomit-frame-pointer
UNRESOLVED: gcc.c-torture/execute/string-opt-17.c execution, -O3 -fomit-frame-pointer
FAIL: gcc.c-torture/execute/string-opt-17.c compilation, -O3 -g
UNRESOLVED: gcc.c-torture/execute/string-opt-17.c execution, -O3 -g
FAIL: gcc.c-torture/execute/string-opt-17.c compilation, -Os
UNRESOLVED: gcc.c-torture/execute/string-opt-17.c execution, -Os
FAIL: gcc.c-torture/execute/string-opt-5.c compilation, -O0
UNRESOLVED: gcc.c-torture/execute/string-opt-5.c execution, -O0
FAIL: gcc.c-torture/execute/string-opt-5.c compilation, -O1
UNRESOLVED: gcc.c-torture/execute/string-opt-5.c execution, -O1
FAIL: gcc.c-torture/execute/string-opt-5.c compilation, -O2
UNRESOLVED: gcc.c-torture/execute/string-opt-5.c execution, -O2
FAIL: gcc.c-torture/execute/string-opt-5.c compilation, -O3 -fomit-frame-pointer
UNRESOLVED: gcc.c-torture/execute/string-opt-5.c execution, -O3 -fomit-frame-pointer
FAIL: gcc.c-torture/execute/string-opt-5.c compilation, -O3 -g
UNRESOLVED: gcc.c-torture/execute/string-opt-5.c execution, -O3 -g
FAIL: gcc.c-torture/execute/string-opt-5.c compilation, -Os
UNRESOLVED: gcc.c-torture/execute/string-opt-5.c execution, -Os
FAIL: gcc.c-torture/execute/strncmp-1.c compilation, -O0
UNRESOLVED: gcc.c-torture/execute/strncmp-1.c execution, -O0
FAIL: gcc.c-torture/execute/strncmp-1.c compilation, -O1
UNRESOLVED: gcc.c-torture/execute/strncmp-1.c execution, -O1
FAIL: gcc.c-torture/execute/strncmp-1.c compilation, -O2
UNRESOLVED: gcc.c-torture/execute/strncmp-1.c execution, -O2
FAIL: gcc.c-torture/execute/strncmp-1.c compilation, -O3 -fomit-frame-pointer
UNRESOLVED: gcc.c-torture/execute/strncmp-1.c execution, -O3 -fomit-frame-pointer
FAIL: gcc.c-torture/execute/strncmp-1.c compilation, -O3 -fomit-frame-pointer -funroll-loops
UNRESOLVED: gcc.c-torture/execute/strncmp-1.c execution, -O3 -fomit-frame-pointer -funroll-loops
FAIL: gcc.c-torture/execute/strncmp-1.c compilation, -O3 -fomit-frame-pointer -funroll-all-loops -finline-functions
UNRESOLVED: gcc.c-torture/execute/strncmp-1.c execution, -O3 -fomit-frame-pointer -funroll-all-loops -finline-functions
FAIL: gcc.c-torture/execute/strncmp-1.c compilation, -O3 -g
UNRESOLVED: gcc.c-torture/execute/strncmp-1.c execution, -O3 -g
FAIL: gcc.c-torture/execute/strncmp-1.c compilation, -Os
UNRESOLVED: gcc.c-torture/execute/strncmp-1.c execution, -Os
FAIL: gcc.c-torture/execute/struct-ret-1.c compilation, -O0
UNRESOLVED: gcc.c-torture/execute/struct-ret-1.c execution, -O0
FAIL: gcc.c-torture/execute/struct-ret-1.c compilation, -O1
UNRESOLVED: gcc.c-torture/execute/struct-ret-1.c execution, -O1
FAIL: gcc.c-torture/execute/struct-ret-1.c compilation, -O2
UNRESOLVED: gcc.c-torture/execute/struct-ret-1.c execution, -O2
FAIL: gcc.c-torture/execute/struct-ret-1.c compilation, -O3 -fomit-frame-pointer
UNRESOLVED: gcc.c-torture/execute/struct-ret-1.c execution, -O3 -fomit-frame-pointer
FAIL: gcc.c-torture/execute/struct-ret-1.c compilation, -O3 -g
UNRESOLVED: gcc.c-torture/execute/struct-ret-1.c execution, -O3 -g
FAIL: gcc.c-torture/execute/struct-ret-1.c compilation, -Os
UNRESOLVED: gcc.c-torture/execute/struct-ret-1.c execution, -Os
FAIL: gcc.c-torture/execute/va-arg-21.c compilation, -O0
UNRESOLVED: gcc.c-torture/execute/va-arg-21.c execution, -O0
FAIL: gcc.c-torture/execute/va-arg-21.c compilation, -O1
UNRESOLVED: gcc.c-torture/execute/va-arg-21.c execution, -O1
FAIL: gcc.c-torture/execute/va-arg-21.c compilation, -O2
UNRESOLVED: gcc.c-torture/execute/va-arg-21.c execution, -O2
FAIL: gcc.c-torture/execute/va-arg-21.c compilation, -O3 -fomit-frame-pointer
UNRESOLVED: gcc.c-torture/execute/va-arg-21.c execution, -O3 -fomit-frame-pointer
FAIL: gcc.c-torture/execute/va-arg-21.c compilation, -O3 -fomit-frame-pointer -funroll-loops
UNRESOLVED: gcc.c-torture/execute/va-arg-21.c execution, -O3 -fomit-frame-pointer -funroll-loops
FAIL: gcc.c-torture/execute/va-arg-21.c compilation, -O3 -fomit-frame-pointer -funroll-all-loops -finline-functions
UNRESOLVED: gcc.c-torture/execute/va-arg-21.c execution, -O3 -fomit-frame-pointer -funroll-all-loops -finline-functions
FAIL: gcc.c-torture/execute/va-arg-21.c compilation, -O3 -g
UNRESOLVED: gcc.c-torture/execute/va-arg-21.c execution, -O3 -g
FAIL: gcc.c-torture/execute/va-arg-21.c compilation, -Os
UNRESOLVED: gcc.c-torture/execute/va-arg-21.c execution, -Os
FAIL: gcc.c-torture/execute/va-arg-22.c execution, -O0
FAIL: gcc.c-torture/execute/va-arg-22.c execution, -O1
FAIL: gcc.c-torture/execute/va-arg-22.c execution, -O2
FAIL: gcc.c-torture/execute/va-arg-22.c execution, -O3 -fomit-frame-pointer
FAIL: gcc.c-torture/execute/va-arg-22.c execution, -O3 -fomit-frame-pointer -funroll-loops
FAIL: gcc.c-torture/execute/va-arg-22.c execution, -O3 -fomit-frame-pointer -funroll-all-loops -finline-functions
FAIL: gcc.c-torture/execute/va-arg-22.c execution, -O3 -g
FAIL: gcc.c-torture/execute/va-arg-22.c execution, -Os
FAIL: gcc.c-torture/execute/va-arg-24.c compilation, -O0
UNRESOLVED: gcc.c-torture/execute/va-arg-24.c execution, -O0
FAIL: gcc.c-torture/execute/va-arg-24.c compilation, -O1
UNRESOLVED: gcc.c-torture/execute/va-arg-24.c execution, -O1
FAIL: gcc.c-torture/execute/va-arg-24.c compilation, -O2
UNRESOLVED: gcc.c-torture/execute/va-arg-24.c execution, -O2
FAIL: gcc.c-torture/execute/va-arg-24.c compilation, -O3 -fomit-frame-pointer
UNRESOLVED: gcc.c-torture/execute/va-arg-24.c execution, -O3 -fomit-frame-pointer
FAIL: gcc.c-torture/execute/va-arg-24.c compilation, -O3 -fomit-frame-pointer -funroll-loops
UNRESOLVED: gcc.c-torture/execute/va-arg-24.c execution, -O3 -fomit-frame-pointer -funroll-loops
FAIL: gcc.c-torture/execute/va-arg-24.c compilation, -O3 -fomit-frame-pointer -funroll-all-loops -finline-functions
UNRESOLVED: gcc.c-torture/execute/va-arg-24.c execution, -O3 -fomit-frame-pointer -funroll-all-loops -finline-functions
FAIL: gcc.c-torture/execute/va-arg-24.c compilation, -O3 -g
UNRESOLVED: gcc.c-torture/execute/va-arg-24.c execution, -O3 -g
FAIL: gcc.c-torture/execute/va-arg-24.c compilation, -Os
UNRESOLVED: gcc.c-torture/execute/va-arg-24.c execution, -Os
FAIL: gcc.c-torture/execute/vfprintf-1.c compilation, -O0
UNRESOLVED: gcc.c-torture/execute/vfprintf-1.c execution, -O0
FAIL: gcc.c-torture/execute/vfprintf-1.c compilation, -O1
UNRESOLVED: gcc.c-torture/execute/vfprintf-1.c execution, -O1
FAIL: gcc.c-torture/execute/vfprintf-1.c compilation, -O2
UNRESOLVED: gcc.c-torture/execute/vfprintf-1.c execution, -O2
FAIL: gcc.c-torture/execute/vfprintf-1.c compilation, -O3 -fomit-frame-pointer
UNRESOLVED: gcc.c-torture/execute/vfprintf-1.c execution, -O3 -fomit-frame-pointer
FAIL: gcc.c-torture/execute/vfprintf-1.c compilation, -O3 -g
UNRESOLVED: gcc.c-torture/execute/vfprintf-1.c execution, -O3 -g
FAIL: gcc.c-torture/execute/vfprintf-1.c compilation, -Os
UNRESOLVED: gcc.c-torture/execute/vfprintf-1.c execution, -Os
FAIL: gcc.c-torture/execute/vfprintf-chk-1.c compilation, -O0
UNRESOLVED: gcc.c-torture/execute/vfprintf-chk-1.c execution, -O0
FAIL: gcc.c-torture/execute/vfprintf-chk-1.c compilation, -O1
UNRESOLVED: gcc.c-torture/execute/vfprintf-chk-1.c execution, -O1
FAIL: gcc.c-torture/execute/vfprintf-chk-1.c compilation, -O2
UNRESOLVED: gcc.c-torture/execute/vfprintf-chk-1.c execution, -O2
FAIL: gcc.c-torture/execute/vfprintf-chk-1.c compilation, -O3 -fomit-frame-pointer
UNRESOLVED: gcc.c-torture/execute/vfprintf-chk-1.c execution, -O3 -fomit-frame-pointer
FAIL: gcc.c-torture/execute/vfprintf-chk-1.c compilation, -O3 -g
UNRESOLVED: gcc.c-torture/execute/vfprintf-chk-1.c execution, -O3 -g
FAIL: gcc.c-torture/execute/vfprintf-chk-1.c compilation, -Os
UNRESOLVED: gcc.c-torture/execute/vfprintf-chk-1.c execution, -Os
FAIL: gcc.c-torture/execute/vla-dealloc-1.c compilation, -O0 (internal compiler error)
UNRESOLVED: gcc.c-torture/execute/vla-dealloc-1.c execution, -O0
FAIL: gcc.c-torture/execute/vprintf-1.c compilation, -O0
UNRESOLVED: gcc.c-torture/execute/vprintf-1.c execution, -O0
FAIL: gcc.c-torture/execute/vprintf-1.c compilation, -O1
UNRESOLVED: gcc.c-torture/execute/vprintf-1.c execution, -O1
FAIL: gcc.c-torture/execute/vprintf-1.c compilation, -O2
UNRESOLVED: gcc.c-torture/execute/vprintf-1.c execution, -O2
FAIL: gcc.c-torture/execute/vprintf-1.c compilation, -O3 -fomit-frame-pointer
UNRESOLVED: gcc.c-torture/execute/vprintf-1.c execution, -O3 -fomit-frame-pointer
FAIL: gcc.c-torture/execute/vprintf-1.c compilation, -O3 -g
UNRESOLVED: gcc.c-torture/execute/vprintf-1.c execution, -O3 -g
FAIL: gcc.c-torture/execute/vprintf-1.c compilation, -Os
UNRESOLVED: gcc.c-torture/execute/vprintf-1.c execution, -Os
FAIL: gcc.c-torture/execute/vprintf-chk-1.c compilation, -O0
UNRESOLVED: gcc.c-torture/execute/vprintf-chk-1.c execution, -O0
FAIL: gcc.c-torture/execute/vprintf-chk-1.c compilation, -O1
UNRESOLVED: gcc.c-torture/execute/vprintf-chk-1.c execution, -O1
FAIL: gcc.c-torture/execute/vprintf-chk-1.c compilation, -O2
UNRESOLVED: gcc.c-torture/execute/vprintf-chk-1.c execution, -O2
FAIL: gcc.c-torture/execute/vprintf-chk-1.c compilation, -O3 -fomit-frame-pointer
UNRESOLVED: gcc.c-torture/execute/vprintf-chk-1.c execution, -O3 -fomit-frame-pointer
FAIL: gcc.c-torture/execute/vprintf-chk-1.c compilation, -O3 -g
UNRESOLVED: gcc.c-torture/execute/vprintf-chk-1.c execution, -O3 -g
FAIL: gcc.c-torture/execute/vprintf-chk-1.c compilation, -Os
UNRESOLVED: gcc.c-torture/execute/vprintf-chk-1.c execution, -Os
FAIL: gcc.c-torture/execute/ieee/20041213-1.c compilation, -O0
UNRESOLVED: gcc.c-torture/execute/ieee/20041213-1.c execution, -O0
FAIL: gcc.c-torture/execute/ieee/20041213-1.c compilation, -O1
UNRESOLVED: gcc.c-torture/execute/ieee/20041213-1.c execution, -O1
FAIL: gcc.c-torture/execute/ieee/20041213-1.c compilation, -O2
UNRESOLVED: gcc.c-torture/execute/ieee/20041213-1.c execution, -O2
FAIL: gcc.c-torture/execute/ieee/20041213-1.c compilation, -O3 -fomit-frame-pointer
UNRESOLVED: gcc.c-torture/execute/ieee/20041213-1.c execution, -O3 -fomit-frame-pointer
FAIL: gcc.c-torture/execute/ieee/20041213-1.c compilation, -O3 -g
UNRESOLVED: gcc.c-torture/execute/ieee/20041213-1.c execution, -O3 -g
FAIL: gcc.c-torture/execute/ieee/20041213-1.c compilation, -Os
UNRESOLVED: gcc.c-torture/execute/ieee/20041213-1.c execution, -Os
FAIL: gcc.c-torture/execute/ieee/920810-1.c compilation, -O0
UNRESOLVED: gcc.c-torture/execute/ieee/920810-1.c execution, -O0
FAIL: gcc.c-torture/execute/ieee/920810-1.c compilation, -O1
UNRESOLVED: gcc.c-torture/execute/ieee/920810-1.c execution, -O1
FAIL: gcc.c-torture/execute/ieee/920810-1.c compilation, -O2
UNRESOLVED: gcc.c-torture/execute/ieee/920810-1.c execution, -O2
FAIL: gcc.c-torture/execute/ieee/920810-1.c compilation, -O3 -fomit-frame-pointer
UNRESOLVED: gcc.c-torture/execute/ieee/920810-1.c execution, -O3 -fomit-frame-pointer
FAIL: gcc.c-torture/execute/ieee/920810-1.c compilation, -O3 -g
UNRESOLVED: gcc.c-torture/execute/ieee/920810-1.c execution, -O3 -g
FAIL: gcc.c-torture/execute/ieee/920810-1.c compilation, -Os
UNRESOLVED: gcc.c-torture/execute/ieee/920810-1.c execution, -Os
FAIL: gcc.c-torture/execute/ieee/fp-cmp-1.c compilation, -O0
UNRESOLVED: gcc.c-torture/execute/ieee/fp-cmp-1.c execution, -O0
FAIL: gcc.c-torture/execute/ieee/fp-cmp-1.c compilation, -O1
UNRESOLVED: gcc.c-torture/execute/ieee/fp-cmp-1.c execution, -O1
FAIL: gcc.c-torture/execute/ieee/fp-cmp-1.c compilation, -O2
UNRESOLVED: gcc.c-torture/execute/ieee/fp-cmp-1.c execution, -O2
FAIL: gcc.c-torture/execute/ieee/fp-cmp-1.c compilation, -O3 -fomit-frame-pointer
UNRESOLVED: gcc.c-torture/execute/ieee/fp-cmp-1.c execution, -O3 -fomit-frame-pointer
FAIL: gcc.c-torture/execute/ieee/fp-cmp-1.c compilation, -O3 -fomit-frame-pointer -funroll-loops
UNRESOLVED: gcc.c-torture/execute/ieee/fp-cmp-1.c execution, -O3 -fomit-frame-pointer -funroll-loops
FAIL: gcc.c-torture/execute/ieee/fp-cmp-1.c compilation, -O3 -fomit-frame-pointer -funroll-all-loops -finline-functions
UNRESOLVED: gcc.c-torture/execute/ieee/fp-cmp-1.c execution, -O3 -fomit-frame-pointer -funroll-all-loops -finline-functions
FAIL: gcc.c-torture/execute/ieee/fp-cmp-1.c compilation, -O3 -g
UNRESOLVED: gcc.c-torture/execute/ieee/fp-cmp-1.c execution, -O3 -g
FAIL: gcc.c-torture/execute/ieee/fp-cmp-1.c compilation, -Os
UNRESOLVED: gcc.c-torture/execute/ieee/fp-cmp-1.c execution, -Os
FAIL: gcc.c-torture/execute/ieee/fp-cmp-2.c compilation, -O0
UNRESOLVED: gcc.c-torture/execute/ieee/fp-cmp-2.c execution, -O0
FAIL: gcc.c-torture/execute/ieee/fp-cmp-2.c compilation, -O1
UNRESOLVED: gcc.c-torture/execute/ieee/fp-cmp-2.c execution, -O1
FAIL: gcc.c-torture/execute/ieee/fp-cmp-2.c compilation, -O2
UNRESOLVED: gcc.c-torture/execute/ieee/fp-cmp-2.c execution, -O2
FAIL: gcc.c-torture/execute/ieee/fp-cmp-2.c compilation, -O3 -fomit-frame-pointer
UNRESOLVED: gcc.c-torture/execute/ieee/fp-cmp-2.c execution, -O3 -fomit-frame-pointer
FAIL: gcc.c-torture/execute/ieee/fp-cmp-2.c compilation, -O3 -fomit-frame-pointer -funroll-loops
UNRESOLVED: gcc.c-torture/execute/ieee/fp-cmp-2.c execution, -O3 -fomit-frame-pointer -funroll-loops
FAIL: gcc.c-torture/execute/ieee/fp-cmp-2.c compilation, -O3 -fomit-frame-pointer -funroll-all-loops -finline-functions
UNRESOLVED: gcc.c-torture/execute/ieee/fp-cmp-2.c execution, -O3 -fomit-frame-pointer -funroll-all-loops -finline-functions
FAIL: gcc.c-torture/execute/ieee/fp-cmp-2.c compilation, -O3 -g
UNRESOLVED: gcc.c-torture/execute/ieee/fp-cmp-2.c execution, -O3 -g
FAIL: gcc.c-torture/execute/ieee/fp-cmp-2.c compilation, -Os
UNRESOLVED: gcc.c-torture/execute/ieee/fp-cmp-2.c execution, -Os
FAIL: gcc.c-torture/execute/ieee/fp-cmp-3.c compilation, -O0
UNRESOLVED: gcc.c-torture/execute/ieee/fp-cmp-3.c execution, -O0
FAIL: gcc.c-torture/execute/ieee/fp-cmp-3.c compilation, -O1
UNRESOLVED: gcc.c-torture/execute/ieee/fp-cmp-3.c execution, -O1
FAIL: gcc.c-torture/execute/ieee/fp-cmp-3.c compilation, -O2
UNRESOLVED: gcc.c-torture/execute/ieee/fp-cmp-3.c execution, -O2
FAIL: gcc.c-torture/execute/ieee/fp-cmp-3.c compilation, -O3 -fomit-frame-pointer
UNRESOLVED: gcc.c-torture/execute/ieee/fp-cmp-3.c execution, -O3 -fomit-frame-pointer
FAIL: gcc.c-torture/execute/ieee/fp-cmp-3.c compilation, -O3 -fomit-frame-pointer -funroll-loops
UNRESOLVED: gcc.c-torture/execute/ieee/fp-cmp-3.c execution, -O3 -fomit-frame-pointer -funroll-loops
FAIL: gcc.c-torture/execute/ieee/fp-cmp-3.c compilation, -O3 -fomit-frame-pointer -funroll-all-loops -finline-functions
UNRESOLVED: gcc.c-torture/execute/ieee/fp-cmp-3.c execution, -O3 -fomit-frame-pointer -funroll-all-loops -finline-functions
FAIL: gcc.c-torture/execute/ieee/fp-cmp-3.c compilation, -O3 -g
UNRESOLVED: gcc.c-torture/execute/ieee/fp-cmp-3.c execution, -O3 -g
FAIL: gcc.c-torture/execute/ieee/fp-cmp-3.c compilation, -Os
UNRESOLVED: gcc.c-torture/execute/ieee/fp-cmp-3.c execution, -Os
FAIL: gcc.c-torture/execute/ieee/hugeval.c compilation, -O0
UNRESOLVED: gcc.c-torture/execute/ieee/hugeval.c execution, -O0
FAIL: gcc.c-torture/execute/ieee/hugeval.c compilation, -O1
UNRESOLVED: gcc.c-torture/execute/ieee/hugeval.c execution, -O1
FAIL: gcc.c-torture/execute/ieee/hugeval.c compilation, -O2
UNRESOLVED: gcc.c-torture/execute/ieee/hugeval.c execution, -O2
FAIL: gcc.c-torture/execute/ieee/hugeval.c compilation, -O3 -fomit-frame-pointer
UNRESOLVED: gcc.c-torture/execute/ieee/hugeval.c execution, -O3 -fomit-frame-pointer
FAIL: gcc.c-torture/execute/ieee/hugeval.c compilation, -O3 -g
UNRESOLVED: gcc.c-torture/execute/ieee/hugeval.c execution, -O3 -g
FAIL: gcc.c-torture/execute/ieee/hugeval.c compilation, -Os
UNRESOLVED: gcc.c-torture/execute/ieee/hugeval.c execution, -Os
FAIL: gcc.c-torture/execute/ieee/rbug.c execution, -O0
FAIL: gcc.c-torture/execute/ieee/rbug.c execution, -O1
FAIL: gcc.c-torture/execute/ieee/rbug.c execution, -O2
FAIL: gcc.c-torture/execute/ieee/rbug.c execution, -O3 -fomit-frame-pointer
FAIL: gcc.c-torture/execute/ieee/rbug.c execution, -O3 -g
FAIL: gcc.c-torture/execute/ieee/rbug.c execution, -Os
FAIL: gcc.c-torture/unsorted/bcopy.c, -O0
FAIL: gcc.c-torture/unsorted/parms.c, -O0 (internal compiler error)
FAIL: gcc.c-torture/unsorted/parms.c, -O1 (internal compiler error)
FAIL: gcc.c-torture/unsorted/parms.c, -O2 (internal compiler error)
FAIL: gcc.c-torture/unsorted/parms.c, -O3 -fomit-frame-pointer (internal compiler error)
FAIL: gcc.c-torture/unsorted/parms.c, -O3 -g (internal compiler error)
FAIL: gcc.c-torture/unsorted/parms.c, -Os (internal compiler error)
FAIL: gcc.dg/compat/struct-by-value-10 c_compat_x_tst.o-c_compat_y_tst.o execute
FAIL: gcc.dg/compat/struct-by-value-11 c_compat_x_tst.o-c_compat_y_tst.o execute
FAIL: gcc.dg/compat/struct-by-value-12 c_compat_x_tst.o-c_compat_y_tst.o execute
FAIL: gcc.dg/compat/struct-by-value-13 c_compat_x_tst.o-c_compat_y_tst.o execute
FAIL: gcc.dg/compat/struct-by-value-14 c_compat_x_tst.o-c_compat_y_tst.o execute
FAIL: gcc.dg/compat/struct-by-value-15 c_compat_y_tst.o compile, (internal compiler error)
UNRESOLVED: gcc.dg/compat/struct-by-value-15 c_compat_x_tst.o-c_compat_y_tst.o link
UNRESOLVED: gcc.dg/compat/struct-by-value-15 c_compat_x_tst.o-c_compat_y_tst.o execute
FAIL: gcc.dg/compat/struct-by-value-16 c_compat_x_tst.o-c_compat_y_tst.o execute
FAIL: gcc.dg/compat/struct-by-value-17 c_compat_x_tst.o-c_compat_y_tst.o execute
FAIL: gcc.dg/compat/struct-by-value-18 c_compat_x_tst.o-c_compat_y_tst.o execute
FAIL: gcc.dg/compat/struct-by-value-1 c_compat_x_tst.o-c_compat_y_tst.o execute
FAIL: gcc.dg/compat/struct-by-value-22 c_compat_x_tst.o compile, (internal compiler error)
FAIL: gcc.dg/compat/struct-by-value-22 c_compat_y_tst.o compile, (internal compiler error)
UNRESOLVED: gcc.dg/compat/struct-by-value-22 c_compat_x_tst.o-c_compat_y_tst.o link
UNRESOLVED: gcc.dg/compat/struct-by-value-22 c_compat_x_tst.o-c_compat_y_tst.o execute
FAIL: gcc.dg/compat/struct-by-value-2 c_compat_x_tst.o-c_compat_y_tst.o execute
FAIL: gcc.dg/compat/struct-by-value-3 c_compat_x_tst.o-c_compat_y_tst.o execute
FAIL: gcc.dg/compat/struct-by-value-4 c_compat_x_tst.o-c_compat_y_tst.o execute
FAIL: gcc.dg/compat/struct-by-value-5b c_compat_x_tst.o-c_compat_y_tst.o execute
FAIL: gcc.dg/compat/struct-by-value-6b c_compat_x_tst.o-c_compat_y_tst.o execute
FAIL: gcc.dg/compat/struct-by-value-7b c_compat_x_tst.o-c_compat_y_tst.o execute
FAIL: gcc.dg/compat/struct-by-value-8 c_compat_x_tst.o-c_compat_y_tst.o execute
FAIL: gcc.dg/compat/struct-by-value-9 c_compat_x_tst.o-c_compat_y_tst.o execute
FAIL: gcc.dg/compat/struct-layout-1 c_compat_main_tst.o compile
FAIL: gcc.dg/compat/struct-layout-1 c_compat_x_tst.o compile
FAIL: gcc.dg/compat/struct-layout-1 c_compat_y_tst.o compile
UNRESOLVED: gcc.dg/compat/struct-layout-1 c_compat_x_tst.o-c_compat_y_tst.o link
UNRESOLVED: gcc.dg/compat/struct-layout-1 c_compat_x_tst.o-c_compat_y_tst.o execute
FAIL: gcc.dg/compat/struct-return-2 c_compat_x_tst.o-c_compat_y_tst.o execute
FAIL: gcc.dg/cpp/_Pragma3.c (test for excess errors)
FAIL: gcc.dg/cpp/lexnum.c (test for excess errors)
WARNING: gcc.dg/cpp/lexnum.c compilation failed to produce executable
FAIL: gcc.dg/cpp/lexstrng.c (test for excess errors)
WARNING: gcc.dg/cpp/lexstrng.c compilation failed to produce executable
FAIL: gcc.dg/cpp/macro1.c (test for excess errors)
WARNING: gcc.dg/cpp/macro1.c compilation failed to produce executable
FAIL: gcc.dg/cpp/paste12.c (test for excess errors)
FAIL: gcc.dg/cpp/paste2.c (test for excess errors)
WARNING: gcc.dg/cpp/paste2.c compilation failed to produce executable
FAIL: gcc.dg/cpp/pragma-2.c undeclared-variable message (test for errors, line 13)
FAIL: gcc.dg/cpp/pragma-2.c reminder message (test for warnings, line 13)
FAIL: gcc.dg/cpp/pragma-2.c (test for excess errors)
FAIL: gcc.dg/cpp/strify3.c (test for excess errors)
WARNING: gcc.dg/cpp/strify3.c compilation failed to produce executable
FAIL: gcc.dg/cpp/strify4.c (test for excess errors)
WARNING: gcc.dg/cpp/strify4.c compilation failed to produce executable
FAIL: gcc.dg/cpp/trigraphs.c (test for excess errors)
WARNING: gcc.dg/cpp/trigraphs.c compilation failed to produce executable
FAIL: gcc.dg/cpp/very-long-comment.c (test for excess errors)
FAIL: gcc.dg/cpp/warn-multichar-2.c (test for warnings, line )
FAIL: gcc.dg/cpp/warn-multichar-2.c (test for errors, line 4)
FAIL: gcc.dg/cpp/warn-multichar-2.c (test for excess errors)
FAIL: gcc.dg/cpp/warn-multichar.c (test for warnings, line 4)
FAIL: gcc.dg/cpp/warn-multichar.c (test for excess errors)
FAIL: gcc.dg/debug/20020104-2.c -gdwarf-2 -g1 (internal compiler error)
FAIL: gcc.dg/debug/20020104-2.c -gdwarf-2 -g1 (test for excess errors)
FAIL: gcc.dg/debug/20020104-2.c -gdwarf-2 (internal compiler error)
FAIL: gcc.dg/debug/20020104-2.c -gdwarf-2 (test for excess errors)
FAIL: gcc.dg/debug/20020104-2.c -gdwarf-2 -g3 (internal compiler error)
FAIL: gcc.dg/debug/20020104-2.c -gdwarf-2 -g3 (test for excess errors)
FAIL: gcc.dg/debug/20041023-1.c -gdwarf-2 -g1 (internal compiler error)
FAIL: gcc.dg/debug/20041023-1.c -gdwarf-2 -g1 (test for excess errors)
FAIL: gcc.dg/debug/20041023-1.c -gdwarf-2 (internal compiler error)
FAIL: gcc.dg/debug/20041023-1.c -gdwarf-2 (test for excess errors)
FAIL: gcc.dg/debug/20041023-1.c -gdwarf-2 -g3 (internal compiler error)
FAIL: gcc.dg/debug/20041023-1.c -gdwarf-2 -g3 (test for excess errors)
FAIL: gcc.dg/debug/20041219-1.c -gdwarf-2 -g1 (internal compiler error)
FAIL: gcc.dg/debug/20041219-1.c -gdwarf-2 -g1 (test for excess errors)
FAIL: gcc.dg/debug/20041219-1.c -gdwarf-2 (internal compiler error)
FAIL: gcc.dg/debug/20041219-1.c -gdwarf-2 (test for excess errors)
FAIL: gcc.dg/debug/20041219-1.c -gdwarf-2 -g3 (internal compiler error)
FAIL: gcc.dg/debug/20041219-1.c -gdwarf-2 -g3 (test for excess errors)
FAIL: gcc.dg/debug/crash1.c -gdwarf-2 -g1 (internal compiler error)
FAIL: gcc.dg/debug/crash1.c -gdwarf-2 -g1 (test for excess errors)
FAIL: gcc.dg/debug/crash1.c -gdwarf-2 (internal compiler error)
FAIL: gcc.dg/debug/crash1.c -gdwarf-2 (test for excess errors)
FAIL: gcc.dg/debug/crash1.c -gdwarf-2 -g3 (internal compiler error)
FAIL: gcc.dg/debug/crash1.c -gdwarf-2 -g3 (test for excess errors)
FAIL: gcc.dg/debug/debug-3.c -gdwarf-2 -g1 (test for excess errors)
FAIL: gcc.dg/debug/debug-3.c -gdwarf-2 -g1 -O (test for excess errors)
FAIL: gcc.dg/debug/debug-3.c -gdwarf-2 -g1 -O3 (test for excess errors)
FAIL: gcc.dg/debug/debug-3.c -gdwarf-2 (test for excess errors)
FAIL: gcc.dg/debug/debug-3.c -gdwarf-2 -O (test for excess errors)
FAIL: gcc.dg/debug/debug-3.c -gdwarf-2 -O3 (test for excess errors)
FAIL: gcc.dg/debug/debug-3.c -gdwarf-2 -g3 (test for excess errors)
FAIL: gcc.dg/debug/debug-3.c -gdwarf-2 -g3 -O (test for excess errors)
FAIL: gcc.dg/debug/debug-3.c -gdwarf-2 -g3 -O3 (test for excess errors)
FAIL: gcc.dg/debug/debug-5.c -gdwarf-2 -g1 (test for excess errors)
FAIL: gcc.dg/debug/debug-5.c -gdwarf-2 -g1 -O (test for excess errors)
FAIL: gcc.dg/debug/debug-5.c -gdwarf-2 -g1 -O3 (test for excess errors)
FAIL: gcc.dg/debug/debug-5.c -gdwarf-2 (test for excess errors)
FAIL: gcc.dg/debug/debug-5.c -gdwarf-2 -O (test for excess errors)
FAIL: gcc.dg/debug/debug-5.c -gdwarf-2 -O3 (test for excess errors)
FAIL: gcc.dg/debug/debug-5.c -gdwarf-2 -g3 (test for excess errors)
FAIL: gcc.dg/debug/debug-5.c -gdwarf-2 -g3 -O (test for excess errors)
FAIL: gcc.dg/debug/debug-5.c -gdwarf-2 -g3 -O3 (test for excess errors)
FAIL: gcc.dg/debug/debug-7.c -gdwarf-2 -g1 (internal compiler error)
FAIL: gcc.dg/debug/debug-7.c -gdwarf-2 -g1 (test for excess errors)
FAIL: gcc.dg/debug/debug-7.c -gdwarf-2 -g1 -O3 (internal compiler error)
FAIL: gcc.dg/debug/debug-7.c -gdwarf-2 -g1 -O3 (test for excess errors)
FAIL: gcc.dg/debug/debug-7.c -gdwarf-2 (internal compiler error)
FAIL: gcc.dg/debug/debug-7.c -gdwarf-2 (test for excess errors)
FAIL: gcc.dg/debug/debug-7.c -gdwarf-2 -O3 (internal compiler error)
FAIL: gcc.dg/debug/debug-7.c -gdwarf-2 -O3 (test for excess errors)
FAIL: gcc.dg/debug/debug-7.c -gdwarf-2 -g3 (internal compiler error)
FAIL: gcc.dg/debug/debug-7.c -gdwarf-2 -g3 (test for excess errors)
FAIL: gcc.dg/debug/debug-7.c -gdwarf-2 -g3 -O3 (internal compiler error)
FAIL: gcc.dg/debug/debug-7.c -gdwarf-2 -g3 -O3 (test for excess errors)
FAIL: gcc.dg/debug/pr29609-1.c -gdwarf-2 -g1 execution test
FAIL: gcc.dg/debug/pr29609-1.c -gdwarf-2 -g1 -O execution test
FAIL: gcc.dg/debug/pr29609-1.c -gdwarf-2 -g1 -O3 execution test
FAIL: gcc.dg/debug/pr29609-1.c -gdwarf-2 execution test
FAIL: gcc.dg/debug/pr29609-1.c -gdwarf-2 -O execution test
FAIL: gcc.dg/debug/pr29609-1.c -gdwarf-2 -O3 execution test
FAIL: gcc.dg/debug/pr29609-1.c -gdwarf-2 -g3 execution test
FAIL: gcc.dg/debug/pr29609-1.c -gdwarf-2 -g3 -O execution test
FAIL: gcc.dg/debug/pr29609-1.c -gdwarf-2 -g3 -O3 execution test
FAIL: gcc.dg/debug/pr29609-2.c -gdwarf-2 -g1 execution test
FAIL: gcc.dg/debug/pr29609-2.c -gdwarf-2 -g1 -O execution test
FAIL: gcc.dg/debug/pr29609-2.c -gdwarf-2 -g1 -O3 execution test
FAIL: gcc.dg/debug/pr29609-2.c -gdwarf-2 execution test
FAIL: gcc.dg/debug/pr29609-2.c -gdwarf-2 -O execution test
FAIL: gcc.dg/debug/pr29609-2.c -gdwarf-2 -O3 execution test
FAIL: gcc.dg/debug/pr29609-2.c -gdwarf-2 -g3 execution test
FAIL: gcc.dg/debug/pr29609-2.c -gdwarf-2 -g3 -O execution test
FAIL: gcc.dg/debug/pr29609-2.c -gdwarf-2 -g3 -O3 execution test
FAIL: gcc.dg/debug/pr36690-1.c -gdwarf-2 -g1 execution test
FAIL: gcc.dg/debug/pr36690-1.c -gdwarf-2 -g1 -O execution test
FAIL: gcc.dg/debug/pr36690-1.c -gdwarf-2 -g1 -O3 execution test
FAIL: gcc.dg/debug/pr36690-1.c -gdwarf-2 execution test
FAIL: gcc.dg/debug/pr36690-1.c -gdwarf-2 -O execution test
FAIL: gcc.dg/debug/pr36690-1.c -gdwarf-2 -O3 execution test
FAIL: gcc.dg/debug/pr36690-1.c -gdwarf-2 -g3 execution test
FAIL: gcc.dg/debug/pr36690-1.c -gdwarf-2 -g3 -O execution test
FAIL: gcc.dg/debug/pr36690-1.c -gdwarf-2 -g3 -O3 execution test
FAIL: gcc.dg/debug/pr36690-2.c -gdwarf-2 -g1 execution test
FAIL: gcc.dg/debug/pr36690-2.c -gdwarf-2 -g1 -O execution test
FAIL: gcc.dg/debug/pr36690-2.c -gdwarf-2 -g1 -O3 execution test
FAIL: gcc.dg/debug/pr36690-2.c -gdwarf-2 execution test
FAIL: gcc.dg/debug/pr36690-2.c -gdwarf-2 -O execution test
FAIL: gcc.dg/debug/pr36690-2.c -gdwarf-2 -O3 execution test
FAIL: gcc.dg/debug/pr36690-2.c -gdwarf-2 -g3 execution test
FAIL: gcc.dg/debug/pr36690-2.c -gdwarf-2 -g3 -O execution test
FAIL: gcc.dg/debug/pr36690-2.c -gdwarf-2 -g3 -O3 execution test
FAIL: gcc.dg/debug/pr36690-3.c -gdwarf-2 -g1 execution test
FAIL: gcc.dg/debug/pr36690-3.c -gdwarf-2 -g1 -O execution test
FAIL: gcc.dg/debug/pr36690-3.c -gdwarf-2 -g1 -O3 execution test
FAIL: gcc.dg/debug/pr36690-3.c -gdwarf-2 execution test
FAIL: gcc.dg/debug/pr36690-3.c -gdwarf-2 -O execution test
FAIL: gcc.dg/debug/pr36690-3.c -gdwarf-2 -O3 execution test
FAIL: gcc.dg/debug/pr36690-3.c -gdwarf-2 -g3 execution test
FAIL: gcc.dg/debug/pr36690-3.c -gdwarf-2 -g3 -O execution test
FAIL: gcc.dg/debug/pr36690-3.c -gdwarf-2 -g3 -O3 execution test
FAIL: gcc.dg/debug/pr37616.c -gdwarf-2 -g1 execution test
FAIL: gcc.dg/debug/pr37616.c -gdwarf-2 -g1 -O execution test
FAIL: gcc.dg/debug/pr37616.c -gdwarf-2 -g1 -O3 execution test
FAIL: gcc.dg/debug/pr37616.c -gdwarf-2 execution test
FAIL: gcc.dg/debug/pr37616.c -gdwarf-2 -O execution test
FAIL: gcc.dg/debug/pr37616.c -gdwarf-2 -O3 execution test
FAIL: gcc.dg/debug/pr37616.c -gdwarf-2 -g3 execution test
FAIL: gcc.dg/debug/pr37616.c -gdwarf-2 -g3 -O execution test
FAIL: gcc.dg/debug/pr37616.c -gdwarf-2 -g3 -O3 execution test
FAIL: gcc.dg/debug/tls-1.c -gdwarf-2 -g1 (test for excess errors)
FAIL: gcc.dg/debug/tls-1.c -gdwarf-2 -g1 -O (test for excess errors)
FAIL: gcc.dg/debug/tls-1.c -gdwarf-2 -g1 -O3 (test for excess errors)
FAIL: gcc.dg/debug/tls-1.c -gdwarf-2 (test for excess errors)
FAIL: gcc.dg/debug/tls-1.c -gdwarf-2 -O (test for excess errors)
FAIL: gcc.dg/debug/tls-1.c -gdwarf-2 -O3 (test for excess errors)
FAIL: gcc.dg/debug/tls-1.c -gdwarf-2 -g3 (test for excess errors)
FAIL: gcc.dg/debug/tls-1.c -gdwarf-2 -g3 -O (test for excess errors)
FAIL: gcc.dg/debug/tls-1.c -gdwarf-2 -g3 -O3 (test for excess errors)
FAIL: c-c++-common/dwarf2/vla1.c (internal compiler error)
FAIL: c-c++-common/dwarf2/vla1.c (test for excess errors)
ERROR: c-c++-common/dwarf2/vla1.c: error executing dg-final: couldn't open "vla1.s": no such file or directory
UNRESOLVED: c-c++-common/dwarf2/vla1.c: error executing dg-final: couldn't open "vla1.s": no such file or directory
FAIL: gcc.dg/debug/dwarf2/c99-typedef1.c (internal compiler error)
FAIL: gcc.dg/debug/dwarf2/c99-typedef1.c (test for excess errors)
FAIL: gcc.dg/debug/dwarf2/fesd-baseonly.c scan-assembler-not gstruct_head_ordy_defn_ref_head.*DW_AT_name
FAIL: gcc.dg/debug/dwarf2/fesd-baseonly.c scan-assembler-not gstruct_head_ordy_defn_ptr_head.*DW_AT_name
FAIL: gcc.dg/debug/dwarf2/fesd-baseonly.c scan-assembler-not gstruct_head_ordy_defn_fld_head.*DW_AT_name
FAIL: gcc.dg/debug/dwarf2/fesd-baseonly.c scan-assembler-not gstruct_head_ordy_decl_ref_head.*DW_AT_name
FAIL: gcc.dg/debug/dwarf2/fesd-none.c scan-assembler-not gstruct_head_ordy_defn_ref_head.*DW_AT_name
FAIL: gcc.dg/debug/dwarf2/fesd-none.c scan-assembler-not gstruct_head_ordy_defn_ptr_head.*DW_AT_name
FAIL: gcc.dg/debug/dwarf2/fesd-none.c scan-assembler-not gstruct_head_ordy_defn_fld_head.*DW_AT_name
FAIL: gcc.dg/debug/dwarf2/fesd-none.c scan-assembler-not gstruct_head_ordy_decl_ref_head.*DW_AT_name
FAIL: gcc.dg/debug/dwarf2/fesd-none.c scan-assembler-not gstruct_head_ordy_defn_ref_base.*DW_AT_name
FAIL: gcc.dg/debug/dwarf2/fesd-none.c scan-assembler-not gstruct_head_ordy_defn_ptr_base.*DW_AT_name
FAIL: gcc.dg/debug/dwarf2/fesd-none.c scan-assembler-not gstruct_head_ordy_defn_fld_base.*DW_AT_name
FAIL: gcc.dg/debug/dwarf2/fesd-none.c scan-assembler-not gstruct_base_ordy_defn_ref_base.*DW_AT_name
FAIL: gcc.dg/debug/dwarf2/fesd-none.c scan-assembler-not gstruct_base_ordy_defn_ptr_base.*DW_AT_name
FAIL: gcc.dg/debug/dwarf2/fesd-none.c scan-assembler-not gstruct_base_ordy_defn_fld_base.*DW_AT_name
FAIL: gcc.dg/debug/dwarf2/fesd-none.c scan-assembler-not gstruct_head_ordy_decl_ref_base.*DW_AT_name
FAIL: gcc.dg/debug/dwarf2/fesd-none.c scan-assembler-not gstruct_base_ordy_decl_ref_base.*DW_AT_name
FAIL: gcc.dg/debug/dwarf2/fesd-reduced.c scan-assembler-not gstruct_head_ordy_defn_ref_head.*DW_AT_name
FAIL: gcc.dg/debug/dwarf2/fesd-reduced.c scan-assembler-not gstruct_head_ordy_defn_ptr_head.*DW_AT_name
FAIL: gcc.dg/debug/dwarf2/fesd-reduced.c scan-assembler-not gstruct_head_ordy_defn_fld_head.*DW_AT_name
FAIL: gcc.dg/debug/dwarf2/fesd-reduced.c scan-assembler-not gstruct_head_ordy_decl_ref_head.*DW_AT_name
FAIL: gcc.dg/debug/dwarf2/fesd-sys.c scan-assembler-not gstruct_head_ordy_defn_ref_head.*DW_AT_name
FAIL: gcc.dg/debug/dwarf2/fesd-sys.c scan-assembler-not gstruct_head_ordy_defn_ptr_head.*DW_AT_name
FAIL: gcc.dg/debug/dwarf2/fesd-sys.c scan-assembler-not gstruct_head_ordy_defn_fld_head.*DW_AT_name
FAIL: gcc.dg/debug/dwarf2/fesd-sys.c scan-assembler-not gstruct_head_ordy_decl_ref_head.*DW_AT_name
FAIL: gcc.dg/debug/dwarf2/inline2.c scan-assembler-times (?:byte|data1)[^\\n]*0x3[^\\n]* DW_AT_inline 3
FAIL: gcc.dg/debug/dwarf2/pr43237.c (internal compiler error)
FAIL: gcc.dg/debug/dwarf2/pr43237.c (test for excess errors)
ERROR: gcc.dg/debug/dwarf2/pr43237.c: error executing dg-final: couldn't open "pr43237.s": no such file or directory
UNRESOLVED: gcc.dg/debug/dwarf2/pr43237.c: error executing dg-final: couldn't open "pr43237.s": no such file or directory
FAIL: gcc.dg/20001012-2.c (internal compiler error)
FAIL: gcc.dg/20001012-2.c (test for excess errors)
WARNING: gcc.dg/20001012-2.c compilation failed to produce executable
FAIL: gcc.dg/20020312-2.c (test for excess errors)
WARNING: gcc.dg/20020312-2.c compilation failed to produce executable
FAIL: gcc.dg/20020415-1.c (internal compiler error)
FAIL: gcc.dg/20020415-1.c (test for excess errors)
FAIL: gcc.dg/20030107-1.c (test for excess errors)
FAIL: gcc.dg/20030331-2.c (internal compiler error)
FAIL: gcc.dg/20030331-2.c (test for excess errors)
FAIL: gcc.dg/20030702-1.c (test for excess errors)
FAIL: gcc.dg/20040813-1.c (test for excess errors)
ERROR: gcc.dg/20040813-1.c: error executing dg-final: couldn't open "20040813-1.s": no such file or directory
UNRESOLVED: gcc.dg/20040813-1.c: error executing dg-final: couldn't open "20040813-1.s": no such file or directory
FAIL: gcc.dg/20041219-1.c (test for excess errors)
WARNING: gcc.dg/20041219-1.c compilation failed to produce executable
FAIL: gcc.dg/20050309-1.c (test for excess errors)
FAIL: gcc.dg/20050325-1.c (test for excess errors)
FAIL: gcc.dg/20050330-2.c (test for excess errors)
FAIL: gcc.dg/20050527-1.c (test for excess errors)
WARNING: gcc.dg/20050527-1.c compilation failed to produce executable
FAIL: gcc.dg/20050607-1.c (test for excess errors)
FAIL: gcc.dg/20051201-1.c (test for excess errors)
UNRESOLVED: gcc.dg/Walways-true-2.c
FAIL: gcc.dg/Wdouble-promotion.c (test for warnings, line 45)
FAIL: gcc.dg/Wdouble-promotion.c (test for warnings, line 52)
FAIL: gcc.dg/Wdouble-promotion.c (test for warnings, line 53)
FAIL: gcc.dg/Wdouble-promotion.c (test for warnings, line 56)
FAIL: gcc.dg/Wtrampolines.c (test for warnings, line 31)
FAIL: gcc.dg/array-quals-1.c scan-assembler-not \\\\.data(?!\\\\.rel\\\\.ro)
FAIL: gcc.dg/asm-2.c (internal compiler error)
FAIL: gcc.dg/asm-2.c (test for excess errors)
ERROR: gcc.dg/asm-2.c: error executing dg-final: couldn't open "asm-2.s": no such file or directory
UNRESOLVED: gcc.dg/asm-2.c: error executing dg-final: couldn't open "asm-2.s": no such file or directory
FAIL: gcc.dg/asm-4.c (internal compiler error)
FAIL: gcc.dg/asm-4.c (test for excess errors)
FAIL: gcc.dg/asm-fs-1.c scan-assembler-not \\\\*_bar
FAIL: gcc.dg/attr-alwaysinline.c scan-assembler-not sabrina
FAIL: gcc.dg/attr-externally-visible-1.c scan-assembler-not bar6
UNRESOLVED: gcc.dg/attr-ifunc-1.c
UNRESOLVED: gcc.dg/attr-ifunc-2.c
UNRESOLVED: gcc.dg/attr-ifunc-3.c
UNRESOLVED: gcc.dg/attr-ifunc-4.c
UNRESOLVED: gcc.dg/attr-ifunc-5.c
UNRESOLVED: gcc.dg/attr-weak-hidden-1.c
UNRESOLVED: gcc.dg/attr-weak-hidden-1a.c
UNRESOLVED: gcc.dg/attr-weakref-1-darwin.c
UNRESOLVED: gcc.dg/attr-weakref-1.c
UNRESOLVED: gcc.dg/attr-weakref-2.c
FAIL: gcc.dg/bitfld-4.c (test for excess errors)
WARNING: gcc.dg/bitfld-4.c compilation failed to produce executable
FAIL: gcc.dg/builtin-apply1.c (internal compiler error)
FAIL: gcc.dg/builtin-apply1.c (test for excess errors)
FAIL: gcc.dg/builtin-apply2.c (internal compiler error)
FAIL: gcc.dg/builtin-apply2.c (test for excess errors)
WARNING: gcc.dg/builtin-apply2.c compilation failed to produce executable
FAIL: gcc.dg/builtin-apply3.c (internal compiler error)
FAIL: gcc.dg/builtin-apply3.c (test for excess errors)
WARNING: gcc.dg/builtin-apply3.c compilation failed to produce executable
FAIL: gcc.dg/builtin-apply4.c (internal compiler error)
FAIL: gcc.dg/builtin-apply4.c (test for excess errors)
WARNING: gcc.dg/builtin-apply4.c compilation failed to produce executable
FAIL: gcc.dg/builtin-object-size-1.c (test for excess errors)
WARNING: gcc.dg/builtin-object-size-1.c compilation failed to produce executable
FAIL: gcc.dg/builtin-object-size-2.c (test for excess errors)
WARNING: gcc.dg/builtin-object-size-2.c compilation failed to produce executable
FAIL: gcc.dg/builtin-object-size-3.c (test for excess errors)
WARNING: gcc.dg/builtin-object-size-3.c compilation failed to produce executable
FAIL: gcc.dg/builtin-object-size-4.c (test for excess errors)
WARNING: gcc.dg/builtin-object-size-4.c compilation failed to produce executable
FAIL: gcc.dg/builtin-object-size-6.c (test for excess errors)
WARNING: gcc.dg/builtin-object-size-6.c compilation failed to produce executable
FAIL: gcc.dg/builtin-object-size-7.c (test for excess errors)
WARNING: gcc.dg/builtin-object-size-7.c compilation failed to produce executable
FAIL: gcc.dg/builtin-object-size-8.c (test for excess errors)
WARNING: gcc.dg/builtin-object-size-8.c compilation failed to produce executable
FAIL: gcc.dg/builtin-object-size-9.c (test for excess errors)
WARNING: gcc.dg/builtin-object-size-9.c compilation failed to produce executable
FAIL: gcc.dg/builtin-return-1.c (internal compiler error)
FAIL: gcc.dg/builtin-return-1.c (test for excess errors)
WARNING: gcc.dg/builtin-return-1.c compilation failed to produce executable
FAIL: gcc.dg/builtins-13.c (test for excess errors)
FAIL: gcc.dg/builtins-18.c (test for excess errors)
FAIL: gcc.dg/builtins-20.c (test for excess errors)
FAIL: gcc.dg/builtins-53.c (test for excess errors)
FAIL: gcc.dg/builtins-55.c (test for excess errors)
FAIL: gcc.dg/builtins-57.c (test for excess errors)
FAIL: gcc.dg/builtins-58.c (test for excess errors)
ERROR: gcc.dg/builtins-58.c: error executing dg-final: couldn't open "builtins-58.s": no such file or directory
UNRESOLVED: gcc.dg/builtins-58.c: error executing dg-final: couldn't open "builtins-58.s": no such file or directory
FAIL: gcc.dg/builtins-64.c (internal compiler error)
FAIL: gcc.dg/builtins-64.c (test for excess errors)
WARNING: gcc.dg/builtins-64.c compilation failed to produce executable
FAIL: gcc.dg/c99-const-expr-13.c (internal compiler error)
FAIL: gcc.dg/c99-const-expr-13.c (test for excess errors)
FAIL: gcc.dg/c99-stdint-1.c (test for excess errors)
FAIL: gcc.dg/c99-stdint-2.c (test for excess errors)
FAIL: gcc.dg/c99-stdint-5.c (test for excess errors)
FAIL: gcc.dg/c99-stdint-7.c (test for excess errors)
FAIL: gcc.dg/c99-stdint-8.c (test for excess errors)
FAIL: gcc.dg/c99-vla-1.c (internal compiler error)
FAIL: gcc.dg/c99-vla-1.c (test for excess errors)
FAIL: gcc.dg/cdce2.c (test for excess errors)
WARNING: gcc.dg/cdce2.c compilation failed to produce executable
FAIL: gcc.dg/cdce2.c scan-tree-dump cdce "cdce2.c:17: note: function call is shrink-wrapped into error conditions.": dump file does not exist
FAIL: gcc.dg/cleanup-12.c (test for excess errors)
WARNING: gcc.dg/cleanup-12.c compilation failed to produce executable
FAIL: gcc.dg/cleanup-13.c (test for excess errors)
WARNING: gcc.dg/cleanup-13.c compilation failed to produce executable
FAIL: gcc.dg/cleanup-5.c (test for excess errors)
WARNING: gcc.dg/cleanup-5.c compilation failed to produce executable
FAIL: gcc.dg/cleanup-6.c scan-assembler-not xyzzy
UNRESOLVED: gcc.dg/darwin-weakimport-1.c
UNRESOLVED: gcc.dg/darwin-weakimport-2.c
UNRESOLVED: gcc.dg/darwin-weakimport-3.c
UNRESOLVED: gcc.dg/darwin-weakref-1.c
FAIL: gcc.dg/errno-1.c (test for excess errors)
ERROR: gcc.dg/errno-1.c: error executing dg-final: couldn't open "errno-1.s": no such file or directory
UNRESOLVED: gcc.dg/errno-1.c: error executing dg-final: couldn't open "errno-1.s": no such file or directory
FAIL: gcc.dg/float-range-3.c (test for warnings, line 13)
FAIL: gcc.dg/float-range-3.c (test for warnings, line 14)
FAIL: gcc.dg/float-range-3.c (test for warnings, line 18)
FAIL: gcc.dg/float-range-3.c (test for warnings, line 19)
FAIL: gcc.dg/float-range-3.c (test for warnings, line 26)
FAIL: gcc.dg/float-range-3.c (test for warnings, line 27)
FAIL: gcc.dg/float-range-3.c (test for warnings, line 28)
FAIL: gcc.dg/float-range-3.c (test for warnings, line 29)
FAIL: gcc.dg/float-range-3.c (test for warnings, line 35)
FAIL: gcc.dg/float-range-3.c (test for warnings, line 36)
FAIL: gcc.dg/float-range-3.c (test for warnings, line 37)
FAIL: gcc.dg/float-range-3.c (test for warnings, line 38)
FAIL: gcc.dg/float-range-3.c (test for excess errors)
FAIL: gcc.dg/float-range-4.c (test for excess errors)
FAIL: gcc.dg/float-range-5.c (test for warnings, line 14)
FAIL: gcc.dg/float-range-5.c (test for warnings, line 15)
FAIL: gcc.dg/float-range-5.c (test for warnings, line 19)
FAIL: gcc.dg/float-range-5.c (test for warnings, line 20)
FAIL: gcc.dg/float-range-5.c (test for warnings, line 27)
FAIL: gcc.dg/float-range-5.c (test for warnings, line 28)
FAIL: gcc.dg/float-range-5.c (test for warnings, line 29)
FAIL: gcc.dg/float-range-5.c (test for warnings, line 30)
FAIL: gcc.dg/float-range-5.c (test for warnings, line 36)
FAIL: gcc.dg/float-range-5.c (test for warnings, line 37)
FAIL: gcc.dg/float-range-5.c (test for warnings, line 38)
FAIL: gcc.dg/float-range-5.c (test for warnings, line 39)
FAIL: gcc.dg/float-range-5.c (test for excess errors)
FAIL: gcc.dg/fold-alloca-1.c (internal compiler error)
FAIL: gcc.dg/fold-alloca-1.c (test for excess errors)
FAIL: gcc.dg/fold-overflow-1.c scan-assembler-times 2139095040 2
FAIL: gcc.dg/ftrapv-1.c (test for excess errors)
WARNING: gcc.dg/ftrapv-1.c compilation failed to produce executable
FAIL: gcc.dg/ftrapv-2.c (test for excess errors)
WARNING: gcc.dg/ftrapv-2.c compilation failed to produce executable
FAIL: gcc.dg/funcorder.c scan-assembler-not link_error
FAIL: gcc.dg/inline-1.c scan-assembler-not xyzzy
FAIL: gcc.dg/inline-3.c scan-assembler-not big_function_2
FAIL: gcc.dg/mallign.c (test for excess errors)
WARNING: gcc.dg/mallign.c compilation failed to produce executable
FAIL: gcc.dg/nested-func-5.c (test for excess errors)
FAIL: gcc.dg/nested-func-8.c execution test
FAIL: gcc.dg/non-local-goto-1.c (internal compiler error)
FAIL: gcc.dg/non-local-goto-1.c (test for excess errors)
WARNING: gcc.dg/non-local-goto-1.c compilation failed to produce executable
FAIL: gcc.dg/non-local-goto-2.c (internal compiler error)
FAIL: gcc.dg/non-local-goto-2.c (test for excess errors)
WARNING: gcc.dg/non-local-goto-2.c compilation failed to produce executable
FAIL: gcc.dg/packed-array.c (test for excess errors)
WARNING: gcc.dg/packed-array.c compilation failed to produce executable
FAIL: gcc.dg/packed-vla.c (internal compiler error)
FAIL: gcc.dg/packed-vla.c (test for excess errors)
WARNING: gcc.dg/packed-vla.c compilation failed to produce executable
FAIL: gcc.dg/pr17957.c (test for excess errors)
FAIL: gcc.dg/pr24225.c (test for excess errors)
FAIL: gcc.dg/pr25682.c (internal compiler error)
FAIL: gcc.dg/pr25682.c (test for excess errors)
FAIL: gcc.dg/pr25795-1.c scan-assembler-not mystr
FAIL: gcc.dg/pr26570.c (test for excess errors)
FAIL: gcc.dg/pr28685-1.c scan-tree-dump-times optimized " <= " 4
FAIL: gcc.dg/pr28685-1.c scan-tree-dump-not optimized " < "
FAIL: gcc.dg/pr28685-1.c scan-tree-dump-not optimized " == "
FAIL: gcc.dg/pr30286.c (test for excess errors)
WARNING: gcc.dg/pr30286.c compilation failed to produce executable
FAIL: gcc.dg/pr33238.c (internal compiler error)
FAIL: gcc.dg/pr33238.c (test for excess errors)
FAIL: gcc.dg/pr33645-2.c scan-assembler-not var1_t
FAIL: gcc.dg/pr34457-1.c (test for excess errors)
FAIL: gcc.dg/pr36017.c (test for excess errors)
WARNING: gcc.dg/pr36017.c compilation failed to produce executable
FAIL: gcc.dg/pr38245-1.c scan-tree-dump-not optimized "% 2123"
FAIL: gcc.dg/pr38338.c (internal compiler error)
FAIL: gcc.dg/pr38338.c (test for excess errors)
FAIL: gcc.dg/pr38364.c (test for excess errors)
WARNING: gcc.dg/pr38364.c compilation failed to produce executable
FAIL: gcc.dg/pr41241.c (test for excess errors)
FAIL: gcc.dg/pr41345.c (test for excess errors)
FAIL: gcc.dg/pr41470.c (internal compiler error)
FAIL: gcc.dg/pr41470.c (test for excess errors)
FAIL: gcc.dg/pr41963.c (test for excess errors)
WARNING: gcc.dg/pr41963.c compilation failed to produce executable
FAIL: gcc.dg/pr42629.c (test for excess errors)
FAIL: gcc.dg/pr42719.c (test for excess errors)
FAIL: gcc.dg/pr43300.c (internal compiler error)
FAIL: gcc.dg/pr43300.c (test for excess errors)
FAIL: gcc.dg/pr43402.c (test for excess errors)
FAIL: gcc.dg/pr43419.c (test for excess errors)
WARNING: gcc.dg/pr43419.c compilation failed to produce executable
FAIL: gcc.dg/pr44023.c (test for excess errors)
FAIL: gcc.dg/pr44674.c (test for excess errors)
FAIL: gcc.dg/pr44971.c (test for excess errors)
FAIL: gcc.dg/pragma-pack-4.c (test for warnings, line 6)
FAIL: gcc.dg/pragma-pack-4.c (test for warnings, line 7)
FAIL: gcc.dg/pragma-pack-4.c (test for warnings, line 8)
FAIL: gcc.dg/pragma-pack-4.c (test for excess errors)
FAIL: gcc.dg/profile-dir-1.c (test for excess errors)
FAIL: gcc.dg/profile-dir-2.c (test for excess errors)
FAIL: gcc.dg/profile-dir-3.c (test for excess errors)
FAIL: gcc.dg/profile-generate-1.c (test for excess errors)
FAIL: gcc.dg/range-test-1.c (test for excess errors)
WARNING: gcc.dg/range-test-1.c compilation failed to produce executable
FAIL: gcc.dg/setjmp-3.c (test for excess errors)
WARNING: gcc.dg/setjmp-3.c compilation failed to produce executable
FAIL: gcc.dg/setjmp-4.c (test for excess errors)
WARNING: gcc.dg/setjmp-4.c compilation failed to produce executable
FAIL: gcc.dg/sibcall-3.c execution test
FAIL: gcc.dg/sibcall-4.c execution test
FAIL: gcc.dg/single-precision-constant.c (test for excess errors)
WARNING: gcc.dg/single-precision-constant.c compilation failed to produce executable
FAIL: gcc.dg/stack-usage-1.c (test for excess errors)
FAIL: gcc.dg/stack-usage-1.c scan-file foo\\t(256|264)\\tstatic
FAIL: gcc.dg/strncpy-fix-1.c (test for excess errors)
FAIL: gcc.dg/struct-ret-libc.c (test for excess errors)
WARNING: gcc.dg/struct-ret-libc.c compilation failed to produce executable
FAIL: gcc.dg/typeof-1.c scan-assembler-not foo
FAIL: gcc.dg/ucnid-11.c (test for excess errors)
WARNING: gcc.dg/ucnid-11.c compilation failed to produce executable
FAIL: gcc.dg/ucnid-12.c (test for excess errors)
WARNING: gcc.dg/ucnid-12.c compilation failed to produce executable
FAIL: gcc.dg/ucnid-2.c (test for excess errors)
WARNING: gcc.dg/ucnid-2.c compilation failed to produce executable
FAIL: gcc.dg/ucnid-3.c (test for excess errors)
WARNING: gcc.dg/ucnid-3.c compilation failed to produce executable
FAIL: gcc.dg/ucnid-4.c (test for excess errors)
WARNING: gcc.dg/ucnid-4.c compilation failed to produce executable
FAIL: gcc.dg/ucnid-5.c (test for excess errors)
WARNING: gcc.dg/ucnid-5.c compilation failed to produce executable
FAIL: gcc.dg/ucnid-6.c (test for excess errors)
WARNING: gcc.dg/ucnid-6.c compilation failed to produce executable
FAIL: gcc.dg/uninit-13.c unconditional (test for warnings, line 8)
FAIL: gcc.dg/uninit-13.c (test for excess errors)
FAIL: gcc.dg/uninit-9-O0.c (internal compiler error)
FAIL: gcc.dg/uninit-9-O0.c (test for excess errors)
FAIL: gcc.dg/uninit-pred-7_a.c bogus warning (test for bogus messages, line 26)
FAIL: gcc.dg/uninit-pred-8_a.c bogus warning (test for bogus messages, line 26)
FAIL: gcc.dg/utf-cvt.c (test for excess errors)
FAIL: gcc.dg/varpool-1.c scan-assembler-not unnecesary_static_initialized_variable
FAIL: gcc.dg/vla-2.c (internal compiler error)
FAIL: gcc.dg/vla-2.c (test for excess errors)
FAIL: gcc.dg/vla-22.c (internal compiler error)
FAIL: gcc.dg/vla-22.c (test for excess errors)
FAIL: gcc.dg/vla-3.c (internal compiler error)
FAIL: gcc.dg/vla-3.c (test for excess errors)
FAIL: gcc.dg/vla-4.c (internal compiler error)
FAIL: gcc.dg/vla-4.c (test for excess errors)
WARNING: gcc.dg/vla-4.c compilation failed to produce executable
UNRESOLVED: gcc.dg/warn-addr-cmp.c
FAIL: gcc.dg/wtr-conversion-1.c (test for excess errors)
FAIL: c-c++-common/Wunused-var-6.c -Wc++-compat (internal compiler error)
FAIL: c-c++-common/Wunused-var-6.c -Wc++-compat (test for excess errors)
FAIL: c-c++-common/Wunused-var-8.c -Wc++-compat (internal compiler error)
FAIL: c-c++-common/Wunused-var-8.c -Wc++-compat (test for excess errors)
FAIL: c-c++-common/pr44832.c -Wc++-compat (test for excess errors)
FAIL: c-c++-common/raw-string-1.c -Wc++-compat execution test
FAIL: c-c++-common/raw-string-2.c -Wc++-compat execution test
FAIL: gcc.dg/ipa/ipa-1.c (test for excess errors)
FAIL: gcc.dg/ipa/ipa-1.c scan-ipa-dump-times cp "versioned function" 2: dump file does not exist
FAIL: gcc.dg/ipa/ipa-1.c scan-ipa-dump cp "replacing param a with const 7": dump file does not exist
FAIL: gcc.dg/ipa/ipa-1.c scan-ipa-dump cp "replacing param b with const 7": dump file does not exist
FAIL: gcc.dg/ipa/ipa-2.c (test for excess errors)
FAIL: gcc.dg/ipa/ipa-2.c scan-ipa-dump-times cp "versioned function" 2: dump file does not exist
FAIL: gcc.dg/ipa/ipa-2.c scan-ipa-dump cp "replacing param a with const 7": dump file does not exist
FAIL: gcc.dg/ipa/ipa-2.c scan-ipa-dump cp "replacing param c with const 3": dump file does not exist
FAIL: gcc.dg/ipa/ipa-3.c (test for excess errors)
FAIL: gcc.dg/ipa/ipa-3.c scan-ipa-dump-times cp "versioned function" 2: dump file does not exist
FAIL: gcc.dg/ipa/ipa-3.c scan-ipa-dump cp "replacing param a with const 7": dump file does not exist
FAIL: gcc.dg/ipa/ipa-3.c scan-ipa-dump cp "replacing param b with const 7": dump file does not exist
FAIL: gcc.dg/ipa/ipa-3.c scan-ipa-dump cp "replacing param c with const 3": dump file does not exist
FAIL: gcc.dg/ipa/ipa-4.c (test for excess errors)
FAIL: gcc.dg/ipa/ipa-4.c scan-ipa-dump-times cp "versioned function" 1: dump file does not exist
FAIL: gcc.dg/ipa/ipa-4.c scan-ipa-dump-times cp "replacing param a with const 7" 1: dump file does not exist
FAIL: gcc.dg/ipa/ipa-5.c (test for excess errors)
FAIL: gcc.dg/ipa/ipa-5.c scan-ipa-dump-times cp "versioned function" 2: dump file does not exist
FAIL: gcc.dg/ipa/ipa-5.c scan-ipa-dump cp "replacing param c with const 3": dump file does not exist
FAIL: gcc.dg/ipa/ipa-5.c scan-ipa-dump cp "replacing param a with const 7": dump file does not exist
FAIL: gcc.dg/ipa/ipa-7.c (test for excess errors)
FAIL: gcc.dg/ipa/ipa-7.c scan-ipa-dump-times cp "versioned function" 1: dump file does not exist
FAIL: gcc.dg/ipa/ipa-7.c scan-ipa-dump-times cp "replacing param a with const 7" 1: dump file does not exist
FAIL: gcc.dg/ipa/ipa-8.c (test for excess errors)
FAIL: gcc.dg/ipa/ipa-8.c scan-ipa-dump-times cp "versioned function" 2: dump file does not exist
FAIL: gcc.dg/ipa/ipa-8.c scan-ipa-dump cp "replacing param a with const 7": dump file does not exist
FAIL: gcc.dg/ipa/ipa-8.c scan-ipa-dump cp "replacing param b with const 7": dump file does not exist
FAIL: gcc.dg/ipa/ipa-sra-1.c (test for excess errors)
WARNING: gcc.dg/ipa/ipa-sra-1.c compilation failed to produce executable
FAIL: gcc.dg/matrix/matrix-1.c (test for excess errors)
WARNING: gcc.dg/matrix/matrix-1.c compilation failed to produce executable
FAIL: gcc.dg/matrix/matrix-1.c scan-ipa-dump-times matrix-reorg "Flattened 3 dimensions" 1: dump file does not exist
FAIL: gcc.dg/matrix/matrix-2.c (test for excess errors)
WARNING: gcc.dg/matrix/matrix-2.c compilation failed to produce executable
FAIL: gcc.dg/matrix/matrix-2.c scan-ipa-dump-times matrix-reorg "Flattened 2 dimensions" 1: dump file does not exist
FAIL: gcc.dg/matrix/matrix-3.c (test for excess errors)
FAIL: gcc.dg/matrix/matrix-3.c scan-ipa-dump-times matrix-reorg "Flattened 2 dimensions" 1: dump file does not exist
FAIL: gcc.dg/matrix/matrix-4.c (test for excess errors)
FAIL: gcc.dg/matrix/matrix-4.c scan-ipa-dump-times matrix-reorg "Flattened" 0: dump file does not exist
FAIL: gcc.dg/matrix/matrix-5.c (test for excess errors)
WARNING: gcc.dg/matrix/matrix-5.c compilation failed to produce executable
FAIL: gcc.dg/matrix/matrix-5.c scan-ipa-dump-times matrix-reorg "Flattened" 0: dump file does not exist
FAIL: gcc.dg/matrix/matrix-6.c (test for excess errors)
FAIL: gcc.dg/matrix/matrix-6.c scan-ipa-dump-times matrix-reorg "Flattened 2 dimensions" 1: dump file does not exist
FAIL: ./system-1.h -O0 -g (test for excess errors)
FAIL: gcc.dg/pch/system-1.c -O0 -g
FAIL: gcc.dg/pch/system-1.c -O0 -g assembly comparison
FAIL: ./system-1.h -O0 (test for excess errors)
FAIL: gcc.dg/pch/system-1.c -O0
FAIL: gcc.dg/pch/system-1.c -O0 assembly comparison
FAIL: ./system-1.h -O1 (test for excess errors)
FAIL: gcc.dg/pch/system-1.c -O1
FAIL: gcc.dg/pch/system-1.c -O1 assembly comparison
FAIL: ./system-1.h -O2 (test for excess errors)
FAIL: gcc.dg/pch/system-1.c -O2
FAIL: gcc.dg/pch/system-1.c -O2 assembly comparison
FAIL: ./system-1.h -O3 -fomit-frame-pointer (test for excess errors)
FAIL: gcc.dg/pch/system-1.c -O3 -fomit-frame-pointer
FAIL: gcc.dg/pch/system-1.c -O3 -fomit-frame-pointer assembly comparison
FAIL: ./system-1.h -O3 -g (test for excess errors)
FAIL: gcc.dg/pch/system-1.c -O3 -g
FAIL: gcc.dg/pch/system-1.c -O3 -g assembly comparison
FAIL: ./system-1.h -Os (test for excess errors)
FAIL: gcc.dg/pch/system-1.c -Os
FAIL: gcc.dg/pch/system-1.c -Os assembly comparison
FAIL: gcc.dg/pch/valid-1.c -O0 -g -I. (test for warnings, line 3)
FAIL: gcc.dg/pch/valid-1.c -O0 -g -I. no such file (test for errors, line )
FAIL: gcc.dg/pch/valid-1.c -O0 -g -I. invalid files (test for errors, line )
FAIL: gcc.dg/pch/valid-1.c -O0 -g -I. (test for warnings, line )
FAIL: gcc.dg/pch/valid-1.c -O0 -I. (test for warnings, line 3)
FAIL: gcc.dg/pch/valid-1.c -O0 -I. no such file (test for errors, line )
FAIL: gcc.dg/pch/valid-1.c -O0 -I. invalid files (test for errors, line )
FAIL: gcc.dg/pch/valid-1.c -O0 -I. (test for warnings, line )
FAIL: gcc.dg/pch/valid-1.c -O1 -I. (test for warnings, line 3)
FAIL: gcc.dg/pch/valid-1.c -O1 -I. no such file (test for errors, line )
FAIL: gcc.dg/pch/valid-1.c -O1 -I. invalid files (test for errors, line )
FAIL: gcc.dg/pch/valid-1.c -O1 -I. (test for warnings, line )
FAIL: gcc.dg/pch/valid-1.c -O2 -I. (test for warnings, line 3)
FAIL: gcc.dg/pch/valid-1.c -O2 -I. no such file (test for errors, line )
FAIL: gcc.dg/pch/valid-1.c -O2 -I. invalid files (test for errors, line )
FAIL: gcc.dg/pch/valid-1.c -O2 -I. (test for warnings, line )
FAIL: gcc.dg/pch/valid-1.c -O3 -fomit-frame-pointer -I. (test for warnings, line 3)
FAIL: gcc.dg/pch/valid-1.c -O3 -fomit-frame-pointer -I. no such file (test for errors, line )
FAIL: gcc.dg/pch/valid-1.c -O3 -fomit-frame-pointer -I. invalid files (test for errors, line )
FAIL: gcc.dg/pch/valid-1.c -O3 -fomit-frame-pointer -I. (test for warnings, line )
FAIL: gcc.dg/pch/valid-1.c -O3 -g -I. (test for warnings, line 3)
FAIL: gcc.dg/pch/valid-1.c -O3 -g -I. no such file (test for errors, line )
FAIL: gcc.dg/pch/valid-1.c -O3 -g -I. invalid files (test for errors, line )
FAIL: gcc.dg/pch/valid-1.c -O3 -g -I. (test for warnings, line )
FAIL: gcc.dg/pch/valid-1.c -Os -I. (test for warnings, line 3)
FAIL: gcc.dg/pch/valid-1.c -Os -I. no such file (test for errors, line )
FAIL: gcc.dg/pch/valid-1.c -Os -I. invalid files (test for errors, line )
FAIL: gcc.dg/pch/valid-1.c -Os -I. (test for warnings, line )
FAIL: gcc.dg/plugin/finish_unit-test-1.c -fplugin=./finish_unit_plugin.so (test for excess errors)
UNRESOLVED: gcc.dg/special/weak-1.c
UNRESOLVED: gcc.dg/special/weak-2.c
UNRESOLVED: gcc.dg/special/wkali-1.c
UNRESOLVED: gcc.dg/special/wkali-2.c
FAIL: gcc.dg/struct/wo_prof_array_field.c (test for excess errors)
WARNING: gcc.dg/struct/wo_prof_array_field.c compilation failed to produce executable
FAIL: gcc.dg/struct/wo_prof_double_malloc.c (test for excess errors)
WARNING: gcc.dg/struct/wo_prof_double_malloc.c compilation failed to produce executable
FAIL: gcc.dg/struct/wo_prof_escape_arg_to_local.c (test for excess errors)
WARNING: gcc.dg/struct/wo_prof_escape_arg_to_local.c compilation failed to produce executable
FAIL: gcc.dg/struct/wo_prof_global_var.c (test for excess errors)
WARNING: gcc.dg/struct/wo_prof_global_var.c compilation failed to produce executable
FAIL: gcc.dg/struct/wo_prof_local_var.c (test for excess errors)
WARNING: gcc.dg/struct/wo_prof_local_var.c compilation failed to produce executable
FAIL: gcc.dg/struct/wo_prof_malloc_size_var.c (test for excess errors)
WARNING: gcc.dg/struct/wo_prof_malloc_size_var.c compilation failed to produce executable
FAIL: gcc.dg/struct/wo_prof_mult_field_peeling.c (test for excess errors)
WARNING: gcc.dg/struct/wo_prof_mult_field_peeling.c compilation failed to produce executable
FAIL: gcc.dg/struct/wo_prof_two_strs.c (test for excess errors)
WARNING: gcc.dg/struct/wo_prof_two_strs.c compilation failed to produce executable
FAIL: gcc.dg/tls/emutls-2.c (test for excess errors)
FAIL: gcc.dg/tls/thr-cse-1.c scan-assembler-not emutls_get_address.*emutls_get_address.*
FAIL: gcc.dg/tls/thr-init-2.c (test for excess errors)
WARNING: gcc.dg/tls/thr-init-2.c compilation failed to produce executable
FAIL: c-c++-common/torture/complex-alias-1.c -O0 (test for excess errors)
WARNING: c-c++-common/torture/complex-alias-1.c -O0 compilation failed to produce executable
FAIL: c-c++-common/torture/complex-alias-1.c -O1 (test for excess errors)
WARNING: c-c++-common/torture/complex-alias-1.c -O1 compilation failed to produce executable
FAIL: c-c++-common/torture/complex-sign-mul-minus-one.c -O0 (test for excess errors)
WARNING: c-c++-common/torture/complex-sign-mul-minus-one.c -O0 compilation failed to produce executable
FAIL: c-c++-common/torture/complex-sign-mul-minus-one.c -O1 (test for excess errors)
WARNING: c-c++-common/torture/complex-sign-mul-minus-one.c -O1 compilation failed to produce executable
FAIL: c-c++-common/torture/complex-sign-mul-minus-one.c -O2 (test for excess errors)
WARNING: c-c++-common/torture/complex-sign-mul-minus-one.c -O2 compilation failed to produce executable
FAIL: c-c++-common/torture/complex-sign-mul-minus-one.c -O3 -fomit-frame-pointer (test for excess errors)
WARNING: c-c++-common/torture/complex-sign-mul-minus-one.c -O3 -fomit-frame-pointer compilation failed to produce executable
FAIL: c-c++-common/torture/complex-sign-mul-minus-one.c -O3 -fomit-frame-pointer -funroll-loops (test for excess errors)
WARNING: c-c++-common/torture/complex-sign-mul-minus-one.c -O3 -fomit-frame-pointer -funroll-loops compilation failed to produce executable
FAIL: c-c++-common/torture/complex-sign-mul-minus-one.c -O3 -fomit-frame-pointer -funroll-all-loops -finline-functions (test for excess errors)
WARNING: c-c++-common/torture/complex-sign-mul-minus-one.c -O3 -fomit-frame-pointer -funroll-all-loops -finline-functions compilation failed to produce executable
FAIL: c-c++-common/torture/complex-sign-mul-minus-one.c -O3 -g (test for excess errors)
WARNING: c-c++-common/torture/complex-sign-mul-minus-one.c -O3 -g compilation failed to produce executable
FAIL: c-c++-common/torture/complex-sign-mul-minus-one.c -Os (test for excess errors)
WARNING: c-c++-common/torture/complex-sign-mul-minus-one.c -Os compilation failed to produce executable
FAIL: c-c++-common/torture/complex-sign-mul-one.c -O0 (test for excess errors)
WARNING: c-c++-common/torture/complex-sign-mul-one.c -O0 compilation failed to produce executable
FAIL: c-c++-common/torture/complex-sign-mul-one.c -O1 (test for excess errors)
WARNING: c-c++-common/torture/complex-sign-mul-one.c -O1 compilation failed to produce executable
FAIL: c-c++-common/torture/complex-sign-mul-one.c -O2 (test for excess errors)
WARNING: c-c++-common/torture/complex-sign-mul-one.c -O2 compilation failed to produce executable
FAIL: c-c++-common/torture/complex-sign-mul-one.c -O3 -fomit-frame-pointer (test for excess errors)
WARNING: c-c++-common/torture/complex-sign-mul-one.c -O3 -fomit-frame-pointer compilation failed to produce executable
FAIL: c-c++-common/torture/complex-sign-mul-one.c -O3 -fomit-frame-pointer -funroll-loops (test for excess errors)
WARNING: c-c++-common/torture/complex-sign-mul-one.c -O3 -fomit-frame-pointer -funroll-loops compilation failed to produce executable
FAIL: c-c++-common/torture/complex-sign-mul-one.c -O3 -fomit-frame-pointer -funroll-all-loops -finline-functions (test for excess errors)
WARNING: c-c++-common/torture/complex-sign-mul-one.c -O3 -fomit-frame-pointer -funroll-all-loops -finline-functions compilation failed to produce executable
FAIL: c-c++-common/torture/complex-sign-mul-one.c -O3 -g (test for excess errors)
WARNING: c-c++-common/torture/complex-sign-mul-one.c -O3 -g compilation failed to produce executable
FAIL: c-c++-common/torture/complex-sign-mul-one.c -Os (test for excess errors)
WARNING: c-c++-common/torture/complex-sign-mul-one.c -Os compilation failed to produce executable
FAIL: c-c++-common/torture/complex-sign-mul.c -O0 (test for excess errors)
WARNING: c-c++-common/torture/complex-sign-mul.c -O0 compilation failed to produce executable
FAIL: c-c++-common/torture/complex-sign-mul.c -O1 (test for excess errors)
WARNING: c-c++-common/torture/complex-sign-mul.c -O1 compilation failed to produce executable
FAIL: c-c++-common/torture/complex-sign-mul.c -O2 (test for excess errors)
WARNING: c-c++-common/torture/complex-sign-mul.c -O2 compilation failed to produce executable
FAIL: c-c++-common/torture/complex-sign-mul.c -O3 -fomit-frame-pointer (test for excess errors)
WARNING: c-c++-common/torture/complex-sign-mul.c -O3 -fomit-frame-pointer compilation failed to produce executable
FAIL: c-c++-common/torture/complex-sign-mul.c -O3 -fomit-frame-pointer -funroll-loops (test for excess errors)
WARNING: c-c++-common/torture/complex-sign-mul.c -O3 -fomit-frame-pointer -funroll-loops compilation failed to produce executable
FAIL: c-c++-common/torture/complex-sign-mul.c -O3 -fomit-frame-pointer -funroll-all-loops -finline-functions (test for excess errors)
WARNING: c-c++-common/torture/complex-sign-mul.c -O3 -fomit-frame-pointer -funroll-all-loops -finline-functions compilation failed to produce executable
FAIL: c-c++-common/torture/complex-sign-mul.c -O3 -g (test for excess errors)
WARNING: c-c++-common/torture/complex-sign-mul.c -O3 -g compilation failed to produce executable
FAIL: c-c++-common/torture/complex-sign-mul.c -Os (test for excess errors)
WARNING: c-c++-common/torture/complex-sign-mul.c -Os compilation failed to produce executable
FAIL: gcc.dg/torture/builtin-convert-1.c -O0 (test for excess errors)
FAIL: gcc.dg/torture/builtin-convert-1.c -O1 (test for excess errors)
FAIL: gcc.dg/torture/builtin-convert-1.c -O2 (test for excess errors)
FAIL: gcc.dg/torture/builtin-convert-1.c -O3 -fomit-frame-pointer (test for excess errors)
FAIL: gcc.dg/torture/builtin-convert-1.c -O3 -g (test for excess errors)
FAIL: gcc.dg/torture/builtin-convert-1.c -Os (test for excess errors)
FAIL: gcc.dg/torture/builtin-convert-2.c -O0 (test for excess errors)
FAIL: gcc.dg/torture/builtin-convert-2.c -O1 (test for excess errors)
FAIL: gcc.dg/torture/builtin-convert-2.c -O2 (test for excess errors)
FAIL: gcc.dg/torture/builtin-convert-2.c -O3 -fomit-frame-pointer (test for excess errors)
FAIL: gcc.dg/torture/builtin-convert-2.c -O3 -g (test for excess errors)
FAIL: gcc.dg/torture/builtin-convert-2.c -Os (test for excess errors)
FAIL: gcc.dg/torture/builtin-convert-3.c -O0 (test for excess errors)
FAIL: gcc.dg/torture/builtin-convert-3.c -O1 (test for excess errors)
FAIL: gcc.dg/torture/builtin-convert-3.c -O2 (test for excess errors)
FAIL: gcc.dg/torture/builtin-convert-3.c -O3 -fomit-frame-pointer (test for excess errors)
FAIL: gcc.dg/torture/builtin-convert-3.c -O3 -g (test for excess errors)
FAIL: gcc.dg/torture/builtin-convert-3.c -Os (test for excess errors)
FAIL: gcc.dg/torture/builtin-convert-4.c -O0 (test for excess errors)
FAIL: gcc.dg/torture/builtin-convert-4.c -O0 scan-tree-dump-times original "nearbyint " 1: dump file does not exist
FAIL: gcc.dg/torture/builtin-convert-4.c -O0 scan-tree-dump-times original "nearbyintf" 1: dump file does not exist
FAIL: gcc.dg/torture/builtin-convert-4.c -O0 scan-tree-dump-times original "nearbyintl" 1: dump file does not exist
FAIL: gcc.dg/torture/builtin-convert-4.c -O1 (test for excess errors)
FAIL: gcc.dg/torture/builtin-convert-4.c -O1 scan-tree-dump-times original "nearbyint " 1: dump file does not exist
FAIL: gcc.dg/torture/builtin-convert-4.c -O1 scan-tree-dump-times original "nearbyintf" 1: dump file does not exist
FAIL: gcc.dg/torture/builtin-convert-4.c -O1 scan-tree-dump-times original "nearbyintl" 1: dump file does not exist
FAIL: gcc.dg/torture/builtin-convert-4.c -O2 (test for excess errors)
FAIL: gcc.dg/torture/builtin-convert-4.c -O2 scan-tree-dump-times original "nearbyint " 1: dump file does not exist
FAIL: gcc.dg/torture/builtin-convert-4.c -O2 scan-tree-dump-times original "nearbyintf" 1: dump file does not exist
FAIL: gcc.dg/torture/builtin-convert-4.c -O2 scan-tree-dump-times original "nearbyintl" 1: dump file does not exist
FAIL: gcc.dg/torture/builtin-convert-4.c -O3 -fomit-frame-pointer (test for excess errors)
FAIL: gcc.dg/torture/builtin-convert-4.c -O3 -fomit-frame-pointer scan-tree-dump-times original "nearbyint " 1: dump file does not exist
FAIL: gcc.dg/torture/builtin-convert-4.c -O3 -fomit-frame-pointer scan-tree-dump-times original "nearbyintf" 1: dump file does not exist
FAIL: gcc.dg/torture/builtin-convert-4.c -O3 -fomit-frame-pointer scan-tree-dump-times original "nearbyintl" 1: dump file does not exist
FAIL: gcc.dg/torture/builtin-convert-4.c -O3 -fomit-frame-pointer -funroll-loops (test for excess errors)
FAIL: gcc.dg/torture/builtin-convert-4.c -O3 -fomit-frame-pointer -funroll-loops scan-tree-dump-times original "nearbyint " 1: dump file does not exist
FAIL: gcc.dg/torture/builtin-convert-4.c -O3 -fomit-frame-pointer -funroll-loops scan-tree-dump-times original "nearbyintf" 1: dump file does not exist
FAIL: gcc.dg/torture/builtin-convert-4.c -O3 -fomit-frame-pointer -funroll-loops scan-tree-dump-times original "nearbyintl" 1: dump file does not exist
FAIL: gcc.dg/torture/builtin-convert-4.c -O3 -fomit-frame-pointer -funroll-all-loops -finline-functions (test for excess errors)
FAIL: gcc.dg/torture/builtin-convert-4.c -O3 -fomit-frame-pointer -funroll-all-loops -finline-functions scan-tree-dump-times original "nearbyint " 1: dump file does not exist
FAIL: gcc.dg/torture/builtin-convert-4.c -O3 -fomit-frame-pointer -funroll-all-loops -finline-functions scan-tree-dump-times original "nearbyintf" 1: dump file does not exist
FAIL: gcc.dg/torture/builtin-convert-4.c -O3 -fomit-frame-pointer -funroll-all-loops -finline-functions scan-tree-dump-times original "nearbyintl" 1: dump file does not exist
FAIL: gcc.dg/torture/builtin-convert-4.c -O3 -g (test for excess errors)
FAIL: gcc.dg/torture/builtin-convert-4.c -O3 -g scan-tree-dump-times original "nearbyint " 1: dump file does not exist
FAIL: gcc.dg/torture/builtin-convert-4.c -O3 -g scan-tree-dump-times original "nearbyintf" 1: dump file does not exist
FAIL: gcc.dg/torture/builtin-convert-4.c -O3 -g scan-tree-dump-times original "nearbyintl" 1: dump file does not exist
FAIL: gcc.dg/torture/builtin-convert-4.c -Os (test for excess errors)
FAIL: gcc.dg/torture/builtin-convert-4.c -Os scan-tree-dump-times original "nearbyint " 1: dump file does not exist
FAIL: gcc.dg/torture/builtin-convert-4.c -Os scan-tree-dump-times original "nearbyintf" 1: dump file does not exist
FAIL: gcc.dg/torture/builtin-convert-4.c -Os scan-tree-dump-times original "nearbyintl" 1: dump file does not exist
FAIL: gcc.dg/torture/builtin-math-7.c -O0 (test for excess errors)
WARNING: gcc.dg/torture/builtin-math-7.c -O0 compilation failed to produce executable
FAIL: gcc.dg/torture/builtin-math-7.c -O1 (test for excess errors)
WARNING: gcc.dg/torture/builtin-math-7.c -O1 compilation failed to produce executable
FAIL: gcc.dg/torture/builtin-math-7.c -O2 (test for excess errors)
WARNING: gcc.dg/torture/builtin-math-7.c -O2 compilation failed to produce executable
FAIL: gcc.dg/torture/builtin-math-7.c -O3 -fomit-frame-pointer (test for excess errors)
WARNING: gcc.dg/torture/builtin-math-7.c -O3 -fomit-frame-pointer compilation failed to produce executable
FAIL: gcc.dg/torture/builtin-math-7.c -O3 -fomit-frame-pointer -funroll-loops (test for excess errors)
WARNING: gcc.dg/torture/builtin-math-7.c -O3 -fomit-frame-pointer -funroll-loops compilation failed to produce executable
FAIL: gcc.dg/torture/builtin-math-7.c -O3 -fomit-frame-pointer -funroll-all-loops -finline-functions (test for excess errors)
WARNING: gcc.dg/torture/builtin-math-7.c -O3 -fomit-frame-pointer -funroll-all-loops -finline-functions compilation failed to produce executable
FAIL: gcc.dg/torture/builtin-math-7.c -O3 -g (test for excess errors)
WARNING: gcc.dg/torture/builtin-math-7.c -O3 -g compilation failed to produce executable
FAIL: gcc.dg/torture/builtin-math-7.c -Os (test for excess errors)
WARNING: gcc.dg/torture/builtin-math-7.c -Os compilation failed to produce executable
UNRESOLVED: gcc.dg/torture/builtin-noret-1.c -O0
UNRESOLVED: gcc.dg/torture/builtin-noret-1.c -O1
UNRESOLVED: gcc.dg/torture/builtin-noret-1.c -O2
UNRESOLVED: gcc.dg/torture/builtin-noret-1.c -O3 -fomit-frame-pointer
UNRESOLVED: gcc.dg/torture/builtin-noret-1.c -O3 -g
UNRESOLVED: gcc.dg/torture/builtin-noret-1.c -Os
UNRESOLVED: gcc.dg/torture/builtin-noret-2.c -O0
UNRESOLVED: gcc.dg/torture/builtin-noret-2.c -O1
UNRESOLVED: gcc.dg/torture/builtin-noret-2.c -O2
UNRESOLVED: gcc.dg/torture/builtin-noret-2.c -O3 -fomit-frame-pointer
UNRESOLVED: gcc.dg/torture/builtin-noret-2.c -O3 -g
UNRESOLVED: gcc.dg/torture/builtin-noret-2.c -Os
FAIL: gcc.dg/torture/builtin-power-1.c -O0 (test for excess errors)
FAIL: gcc.dg/torture/builtin-power-1.c -O1 (test for excess errors)
FAIL: gcc.dg/torture/builtin-power-1.c -O2 (test for excess errors)
FAIL: gcc.dg/torture/builtin-power-1.c -O3 -fomit-frame-pointer (test for excess errors)
FAIL: gcc.dg/torture/builtin-power-1.c -O3 -g (test for excess errors)
FAIL: gcc.dg/torture/builtin-power-1.c -Os (test for excess errors)
FAIL: gcc.dg/torture/calleesave-sse.c -O0 (internal compiler error)
FAIL: gcc.dg/torture/calleesave-sse.c -O0 (test for excess errors)
WARNING: gcc.dg/torture/calleesave-sse.c -O0 compilation failed to produce executable
FAIL: gcc.dg/torture/calleesave-sse.c -O1 (internal compiler error)
FAIL: gcc.dg/torture/calleesave-sse.c -O1 (test for excess errors)
WARNING: gcc.dg/torture/calleesave-sse.c -O1 compilation failed to produce executable
FAIL: gcc.dg/torture/calleesave-sse.c -O2 (internal compiler error)
FAIL: gcc.dg/torture/calleesave-sse.c -O2 (test for excess errors)
WARNING: gcc.dg/torture/calleesave-sse.c -O2 compilation failed to produce executable
FAIL: gcc.dg/torture/calleesave-sse.c -O3 -fomit-frame-pointer (internal compiler error)
FAIL: gcc.dg/torture/calleesave-sse.c -O3 -fomit-frame-pointer (test for excess errors)
WARNING: gcc.dg/torture/calleesave-sse.c -O3 -fomit-frame-pointer compilation failed to produce executable
FAIL: gcc.dg/torture/calleesave-sse.c -O3 -g (internal compiler error)
FAIL: gcc.dg/torture/calleesave-sse.c -O3 -g (test for excess errors)
WARNING: gcc.dg/torture/calleesave-sse.c -O3 -g compilation failed to produce executable
FAIL: gcc.dg/torture/calleesave-sse.c -Os (internal compiler error)
FAIL: gcc.dg/torture/calleesave-sse.c -Os (test for excess errors)
WARNING: gcc.dg/torture/calleesave-sse.c -Os compilation failed to produce executable
FAIL: gcc.dg/torture/fp-int-convert-double.c -O0 execution test
FAIL: gcc.dg/torture/fp-int-convert-double.c -O1 execution test
FAIL: gcc.dg/torture/fp-int-convert-double.c -O2 execution test
FAIL: gcc.dg/torture/fp-int-convert-double.c -O3 -fomit-frame-pointer execution test
FAIL: gcc.dg/torture/fp-int-convert-double.c -O3 -g execution test
FAIL: gcc.dg/torture/fp-int-convert-double.c -Os execution test
FAIL: gcc.dg/torture/fp-int-convert-float.c -O0 execution test
FAIL: gcc.dg/torture/fp-int-convert-float.c -O1 execution test
FAIL: gcc.dg/torture/fp-int-convert-float.c -O2 execution test
FAIL: gcc.dg/torture/fp-int-convert-float.c -O3 -fomit-frame-pointer execution test
FAIL: gcc.dg/torture/fp-int-convert-float.c -O3 -g execution test
FAIL: gcc.dg/torture/fp-int-convert-float.c -Os execution test
FAIL: gcc.dg/torture/fp-int-convert-long-double.c -O0 execution test
FAIL: gcc.dg/torture/fp-int-convert-long-double.c -O1 execution test
FAIL: gcc.dg/torture/fp-int-convert-long-double.c -O2 execution test
FAIL: gcc.dg/torture/fp-int-convert-long-double.c -O3 -fomit-frame-pointer execution test
FAIL: gcc.dg/torture/fp-int-convert-long-double.c -O3 -g execution test
FAIL: gcc.dg/torture/fp-int-convert-long-double.c -Os execution test
FAIL: gcc.dg/torture/nested-fn-1.c -O0 (internal compiler error)
FAIL: gcc.dg/torture/nested-fn-1.c -O0 (test for excess errors)
ERROR: gcc.dg/torture/nested-fn-1.c: error executing dg-final: couldn't open "nested-fn-1.s": no such file or directory
UNRESOLVED: gcc.dg/torture/nested-fn-1.c: error executing dg-final: couldn't open "nested-fn-1.s": no such file or directory
FAIL: gcc.dg/torture/nested-fn-1.c -O1 (internal compiler error)
FAIL: gcc.dg/torture/nested-fn-1.c -O1 (test for excess errors)
ERROR: gcc.dg/torture/nested-fn-1.c: error executing dg-final: couldn't open "nested-fn-1.s": no such file or directory
UNRESOLVED: gcc.dg/torture/nested-fn-1.c: error executing dg-final: couldn't open "nested-fn-1.s": no such file or directory
FAIL: gcc.dg/torture/nested-fn-1.c -O2 (internal compiler error)
FAIL: gcc.dg/torture/nested-fn-1.c -O2 (test for excess errors)
ERROR: gcc.dg/torture/nested-fn-1.c: error executing dg-final: couldn't open "nested-fn-1.s": no such file or directory
UNRESOLVED: gcc.dg/torture/nested-fn-1.c: error executing dg-final: couldn't open "nested-fn-1.s": no such file or directory
FAIL: gcc.dg/torture/nested-fn-1.c -O3 -fomit-frame-pointer (internal compiler error)
FAIL: gcc.dg/torture/nested-fn-1.c -O3 -fomit-frame-pointer (test for excess errors)
ERROR: gcc.dg/torture/nested-fn-1.c: error executing dg-final: couldn't open "nested-fn-1.s": no such file or directory
UNRESOLVED: gcc.dg/torture/nested-fn-1.c: error executing dg-final: couldn't open "nested-fn-1.s": no such file or directory
FAIL: gcc.dg/torture/nested-fn-1.c -O3 -g (internal compiler error)
FAIL: gcc.dg/torture/nested-fn-1.c -O3 -g (test for excess errors)
ERROR: gcc.dg/torture/nested-fn-1.c: error executing dg-final: couldn't open "nested-fn-1.s": no such file or directory
UNRESOLVED: gcc.dg/torture/nested-fn-1.c: error executing dg-final: couldn't open "nested-fn-1.s": no such file or directory
FAIL: gcc.dg/torture/nested-fn-1.c -Os (internal compiler error)
FAIL: gcc.dg/torture/nested-fn-1.c -Os (test for excess errors)
ERROR: gcc.dg/torture/nested-fn-1.c: error executing dg-final: couldn't open "nested-fn-1.s": no such file or directory
UNRESOLVED: gcc.dg/torture/nested-fn-1.c: error executing dg-final: couldn't open "nested-fn-1.s": no such file or directory
FAIL: gcc.dg/torture/pr33560.c -O0 (test for excess errors)
WARNING: gcc.dg/torture/pr33560.c -O0 compilation failed to produce executable
FAIL: gcc.dg/torture/pr33560.c -O1 (test for excess errors)
WARNING: gcc.dg/torture/pr33560.c -O1 compilation failed to produce executable
FAIL: gcc.dg/torture/pr33560.c -O2 (test for excess errors)
WARNING: gcc.dg/torture/pr33560.c -O2 compilation failed to produce executable
FAIL: gcc.dg/torture/pr33560.c -O3 -fomit-frame-pointer (test for excess errors)
WARNING: gcc.dg/torture/pr33560.c -O3 -fomit-frame-pointer compilation failed to produce executable
FAIL: gcc.dg/torture/pr33560.c -O3 -g (test for excess errors)
WARNING: gcc.dg/torture/pr33560.c -O3 -g compilation failed to produce executable
FAIL: gcc.dg/torture/pr33560.c -Os (test for excess errors)
WARNING: gcc.dg/torture/pr33560.c -Os compilation failed to produce executable
FAIL: gcc.dg/torture/pr36227.c -O0 (test for excess errors)
WARNING: gcc.dg/torture/pr36227.c -O0 compilation failed to produce executable
FAIL: gcc.dg/torture/pr36227.c -O1 (test for excess errors)
WARNING: gcc.dg/torture/pr36227.c -O1 compilation failed to produce executable
FAIL: gcc.dg/torture/pr36227.c -O2 (test for excess errors)
WARNING: gcc.dg/torture/pr36227.c -O2 compilation failed to produce executable
FAIL: gcc.dg/torture/pr36227.c -O3 -fomit-frame-pointer (test for excess errors)
WARNING: gcc.dg/torture/pr36227.c -O3 -fomit-frame-pointer compilation failed to produce executable
FAIL: gcc.dg/torture/pr36227.c -O3 -g (test for excess errors)
WARNING: gcc.dg/torture/pr36227.c -O3 -g compilation failed to produce executable
FAIL: gcc.dg/torture/pr36227.c -Os (test for excess errors)
WARNING: gcc.dg/torture/pr36227.c -Os compilation failed to produce executable
FAIL: gcc.dg/torture/pr38405.c -O0 (test for excess errors)
WARNING: gcc.dg/torture/pr38405.c -O0 compilation failed to produce executable
FAIL: gcc.dg/torture/pr38405.c -O1 (test for excess errors)
WARNING: gcc.dg/torture/pr38405.c -O1 compilation failed to produce executable
FAIL: gcc.dg/torture/pr38405.c -O2 (test for excess errors)
WARNING: gcc.dg/torture/pr38405.c -O2 compilation failed to produce executable
FAIL: gcc.dg/torture/pr38405.c -O3 -fomit-frame-pointer (test for excess errors)
WARNING: gcc.dg/torture/pr38405.c -O3 -fomit-frame-pointer compilation failed to produce executable
FAIL: gcc.dg/torture/pr38405.c -O3 -g (test for excess errors)
WARNING: gcc.dg/torture/pr38405.c -O3 -g compilation failed to produce executable
FAIL: gcc.dg/torture/pr38405.c -Os (test for excess errors)
WARNING: gcc.dg/torture/pr38405.c -Os compilation failed to produce executable
FAIL: gcc.dg/torture/pr39074-2.c -O1 (test for excess errors)
WARNING: gcc.dg/torture/pr39074-2.c -O1 compilation failed to produce executable
FAIL: gcc.dg/torture/pr39074-2.c -O1 scan-tree-dump alias "y.._., points-to vars: { i }": dump file does not exist
FAIL: gcc.dg/torture/pr39074-2.c -O2 (test for excess errors)
WARNING: gcc.dg/torture/pr39074-2.c -O2 compilation failed to produce executable
FAIL: gcc.dg/torture/pr39074-2.c -O2 scan-tree-dump alias "y.._., points-to vars: { i }": dump file does not exist
FAIL: gcc.dg/torture/pr39074-2.c -O3 -fomit-frame-pointer (test for excess errors)
WARNING: gcc.dg/torture/pr39074-2.c -O3 -fomit-frame-pointer compilation failed to produce executable
FAIL: gcc.dg/torture/pr39074-2.c -O3 -fomit-frame-pointer scan-tree-dump alias "y.._., points-to vars: { i }": dump file does not exist
FAIL: gcc.dg/torture/pr39074-2.c -O3 -g (test for excess errors)
WARNING: gcc.dg/torture/pr39074-2.c -O3 -g compilation failed to produce executable
FAIL: gcc.dg/torture/pr39074-2.c -O3 -g scan-tree-dump alias "y.._., points-to vars: { i }": dump file does not exist
FAIL: gcc.dg/torture/pr39074-2.c -Os (test for excess errors)
WARNING: gcc.dg/torture/pr39074-2.c -Os compilation failed to produce executable
FAIL: gcc.dg/torture/pr39074-2.c -Os scan-tree-dump alias "y.._., points-to vars: { i }": dump file does not exist
FAIL: gcc.dg/torture/pr39074-3.c -O0 (test for excess errors)
WARNING: gcc.dg/torture/pr39074-3.c -O0 compilation failed to produce executable
FAIL: gcc.dg/torture/pr39074-3.c -O1 (test for excess errors)
WARNING: gcc.dg/torture/pr39074-3.c -O1 compilation failed to produce executable
FAIL: gcc.dg/torture/pr39074-3.c -O2 (test for excess errors)
WARNING: gcc.dg/torture/pr39074-3.c -O2 compilation failed to produce executable
FAIL: gcc.dg/torture/pr39074-3.c -O3 -fomit-frame-pointer (test for excess errors)
WARNING: gcc.dg/torture/pr39074-3.c -O3 -fomit-frame-pointer compilation failed to produce executable
FAIL: gcc.dg/torture/pr39074-3.c -O3 -g (test for excess errors)
WARNING: gcc.dg/torture/pr39074-3.c -O3 -g compilation failed to produce executable
FAIL: gcc.dg/torture/pr39074-3.c -Os (test for excess errors)
WARNING: gcc.dg/torture/pr39074-3.c -Os compilation failed to produce executable
FAIL: gcc.dg/torture/pr39074.c -O1 scan-tree-dump alias "y.._., points-to vars: { i }"
FAIL: gcc.dg/torture/pr39074.c -O2 scan-tree-dump alias "y.._., points-to vars: { i }"
FAIL: gcc.dg/torture/pr39074.c -O3 -fomit-frame-pointer scan-tree-dump alias "y.._., points-to vars: { i }"
FAIL: gcc.dg/torture/pr39074.c -O3 -g scan-tree-dump alias "y.._., points-to vars: { i }"
FAIL: gcc.dg/torture/pr39074.c -Os scan-tree-dump alias "y.._., points-to vars: { i }"
FAIL: gcc.dg/torture/pr41094.c -O0 (test for excess errors)
WARNING: gcc.dg/torture/pr41094.c -O0 compilation failed to produce executable
FAIL: gcc.dg/torture/pr41094.c -O1 (test for excess errors)
WARNING: gcc.dg/torture/pr41094.c -O1 compilation failed to produce executable
FAIL: gcc.dg/torture/pr41094.c -O2 (test for excess errors)
WARNING: gcc.dg/torture/pr41094.c -O2 compilation failed to produce executable
FAIL: gcc.dg/torture/pr41094.c -O3 -fomit-frame-pointer (test for excess errors)
WARNING: gcc.dg/torture/pr41094.c -O3 -fomit-frame-pointer compilation failed to produce executable
FAIL: gcc.dg/torture/pr41094.c -O3 -g (test for excess errors)
WARNING: gcc.dg/torture/pr41094.c -O3 -g compilation failed to produce executable
FAIL: gcc.dg/torture/pr41094.c -Os (test for excess errors)
WARNING: gcc.dg/torture/pr41094.c -Os compilation failed to produce executable
FAIL: gcc.dg/torture/pr41261.c -O0 (test for excess errors)
FAIL: gcc.dg/torture/pr41261.c -O1 (test for excess errors)
FAIL: gcc.dg/torture/pr41261.c -O2 (test for excess errors)
FAIL: gcc.dg/torture/pr41261.c -O3 -fomit-frame-pointer (test for excess errors)
FAIL: gcc.dg/torture/pr41261.c -O3 -g (test for excess errors)
FAIL: gcc.dg/torture/pr41261.c -Os (test for excess errors)
FAIL: gcc.dg/torture/pr43165.c -O0 (test for excess errors)
FAIL: gcc.dg/torture/pr43165.c -O1 (test for excess errors)
FAIL: gcc.dg/torture/pr43165.c -O2 (test for excess errors)
FAIL: gcc.dg/torture/pr43165.c -O3 -fomit-frame-pointer (test for excess errors)
FAIL: gcc.dg/torture/pr43165.c -O3 -fomit-frame-pointer -funroll-loops (test for excess errors)
FAIL: gcc.dg/torture/pr43165.c -O3 -fomit-frame-pointer -funroll-all-loops -finline-functions (test for excess errors)
FAIL: gcc.dg/torture/pr43165.c -O3 -g (test for excess errors)
FAIL: gcc.dg/torture/pr43165.c -Os (test for excess errors)
UNRESOLVED: gcc.dg/torture/pr43560.c -O0
UNRESOLVED: gcc.dg/torture/pr43560.c -O1
UNRESOLVED: gcc.dg/torture/pr43560.c -O2
UNRESOLVED: gcc.dg/torture/pr43560.c -O3 -fomit-frame-pointer
UNRESOLVED: gcc.dg/torture/pr43560.c -O3 -fomit-frame-pointer -funroll-loops
UNRESOLVED: gcc.dg/torture/pr43560.c -O3 -fomit-frame-pointer -funroll-all-loops -finline-functions
UNRESOLVED: gcc.dg/torture/pr43560.c -O3 -g
UNRESOLVED: gcc.dg/torture/pr43560.c -Os
FAIL: gcc.dg/torture/pta-callused-1.c -O1 scan-tree-dump alias "p.._., points-to vars: { i j }"
FAIL: gcc.dg/torture/pta-callused-1.c -O2 scan-tree-dump alias "p.._., points-to vars: { i j }"
FAIL: gcc.dg/torture/pta-callused-1.c -O3 -fomit-frame-pointer scan-tree-dump alias "p.._., points-to vars: { i j }"
FAIL: gcc.dg/torture/pta-callused-1.c -O3 -g scan-tree-dump alias "p.._., points-to vars: { i j }"
FAIL: gcc.dg/torture/pta-callused-1.c -Os scan-tree-dump alias "p.._., points-to vars: { i j }"
FAIL: gcc.dg/torture/tls/thr-init-1.c -O0 (test for excess errors)
WARNING: gcc.dg/torture/tls/thr-init-1.c -O0 compilation failed to produce executable
FAIL: gcc.dg/torture/tls/thr-init-1.c -O1 (test for excess errors)
WARNING: gcc.dg/torture/tls/thr-init-1.c -O1 compilation failed to produce executable
FAIL: gcc.dg/torture/tls/thr-init-1.c -O2 (test for excess errors)
WARNING: gcc.dg/torture/tls/thr-init-1.c -O2 compilation failed to produce executable
FAIL: gcc.dg/torture/tls/thr-init-1.c -O3 -fomit-frame-pointer (test for excess errors)
WARNING: gcc.dg/torture/tls/thr-init-1.c -O3 -fomit-frame-pointer compilation failed to produce executable
FAIL: gcc.dg/torture/tls/thr-init-1.c -O3 -g (test for excess errors)
WARNING: gcc.dg/torture/tls/thr-init-1.c -O3 -g compilation failed to produce executable
FAIL: gcc.dg/torture/tls/thr-init-1.c -Os (test for excess errors)
WARNING: gcc.dg/torture/tls/thr-init-1.c -Os compilation failed to produce executable
FAIL: gcc.dg/torture/tls/thr-init-2.c -O0 (test for excess errors)
WARNING: gcc.dg/torture/tls/thr-init-2.c -O0 compilation failed to produce executable
FAIL: gcc.dg/torture/tls/thr-init-2.c -O1 (test for excess errors)
WARNING: gcc.dg/torture/tls/thr-init-2.c -O1 compilation failed to produce executable
FAIL: gcc.dg/torture/tls/thr-init-2.c -O2 (test for excess errors)
WARNING: gcc.dg/torture/tls/thr-init-2.c -O2 compilation failed to produce executable
FAIL: gcc.dg/torture/tls/thr-init-2.c -O3 -fomit-frame-pointer (test for excess errors)
WARNING: gcc.dg/torture/tls/thr-init-2.c -O3 -fomit-frame-pointer compilation failed to produce executable
FAIL: gcc.dg/torture/tls/thr-init-2.c -O3 -g (test for excess errors)
WARNING: gcc.dg/torture/tls/thr-init-2.c -O3 -g compilation failed to produce executable
FAIL: gcc.dg/torture/tls/thr-init-2.c -Os (test for excess errors)
WARNING: gcc.dg/torture/tls/thr-init-2.c -Os compilation failed to produce executable
FAIL: gcc.dg/tree-ssa/20030710-1.c scan-tree-dump-times dom2 "type\\.binfo" 1
XPASS: gcc.dg/tree-ssa/20031106-3.c scan-tree-dump-times optimized "link_error" 0
XPASS: gcc.dg/tree-ssa/20040204-1.c scan-tree-dump-times optimized "link_error" 0
FAIL: gcc.dg/tree-ssa/20040729-1.c scan-tree-dump-times dce2 "&x" 0
FAIL: gcc.dg/tree-ssa/20080530.c (internal compiler error)
FAIL: gcc.dg/tree-ssa/20080530.c (test for excess errors)
FAIL: gcc.dg/tree-ssa/asm-1.c scan-tree-dump-times optimized "63" 1
FAIL: gcc.dg/tree-ssa/forwprop-5.c scan-tree-dump-times optimized "disappear" 0
FAIL: gcc.dg/tree-ssa/forwprop-8.c scan-tree-dump-times forwprop1 "pointer" 0
XPASS: gcc.dg/tree-ssa/fre-vce-1.c scan-tree-dump-times fre "sv.i" 2
FAIL: gcc.dg/tree-ssa/gen-vect-11.c scan-tree-dump-times vect "vectorized 1 loops" 1
FAIL: gcc.dg/tree-ssa/gen-vect-25.c scan-tree-dump-times vect "vectorized 2 loops" 1
FAIL: gcc.dg/tree-ssa/ifc-pr44710.c (test for excess errors)
FAIL: gcc.dg/tree-ssa/ipa-cp-1.c scan-tree-dump-times optimized "very_long_function.constprop.0 \\(\\)" 3
FAIL: gcc.dg/tree-ssa/loop-1.c scan-assembler-times foo 5
FAIL: gcc.dg/tree-ssa/loop-15.c scan-tree-dump-times optimized "\\+" 0
FAIL: gcc.dg/tree-ssa/loop-35.c scan-tree-dump-times lim1 "Executing store motion of" 8
FAIL: gcc.dg/tree-ssa/pr14814.c scan-tree-dump-times forwprop2 "&" 0
FAIL: gcc.dg/tree-ssa/pr17141-2.c scan-tree-dump-times optimized "&" 0
FAIL: gcc.dg/tree-ssa/pr23386.c execution test
FAIL: gcc.dg/tree-ssa/pr23455.c scan-tree-dump-times pre "Eliminated: 3" 1
FAIL: gcc.dg/tree-ssa/pr23777.c scan-tree-dump-not optimized "multilib_exclusions_raw"
FAIL: gcc.dg/tree-ssa/pr23848-1.c (internal compiler error)
FAIL: gcc.dg/tree-ssa/pr23848-1.c (test for excess errors)
FAIL: gcc.dg/tree-ssa/pr23848-2.c (internal compiler error)
FAIL: gcc.dg/tree-ssa/pr23848-2.c (test for excess errors)
FAIL: gcc.dg/tree-ssa/pr23848-4.c (internal compiler error)
FAIL: gcc.dg/tree-ssa/pr23848-4.c (test for excess errors)
UNRESOLVED: gcc.dg/tree-ssa/pr27781.c
FAIL: gcc.dg/tree-ssa/pr38533.c scan-tree-dump-times reassoc1 "__asm__[^;
FAIL: gcc.dg/tree-ssa/pr42585.c scan-tree-dump-times optimized "struct _fat_ptr _ans" 0
FAIL: gcc.dg/tree-ssa/pr42585.c scan-tree-dump-times optimized "struct _fat_ptr _T2" 0
FAIL: gcc.dg/tree-ssa/pr45144.c (test for excess errors)
FAIL: gcc.dg/tree-ssa/pr45144.c scan-tree-dump optimized " = VIEW_CONVERT_EXPR<unsigned int>\\(a\\);": dump file does not exist
FAIL: gcc.dg/tree-ssa/reassoc-10.c scan-tree-dump-times optimized "\\& " 3
FAIL: gcc.dg/tree-ssa/reassoc-14.c scan-tree-dump-times reassoc1 "\\*" 4
FAIL: gcc.dg/tree-ssa/reassoc-15.c scan-tree-dump-times reassoc1 "\\*" 4
FAIL: gcc.dg/tree-ssa/reassoc-16.c scan-tree-dump-times reassoc1 "/" 1
FAIL: gcc.dg/tree-ssa/reassoc-17.c scan-tree-dump-times reassoc1 "/" 1
FAIL: gcc.dg/tree-ssa/reassoc-20.c scan-tree-dump-times optimized "b.._. \\+ a.._." 1
FAIL: gcc.dg/tree-ssa/reassoc-20.c scan-tree-dump-times optimized " \\+ " 2
FAIL: gcc.dg/tree-ssa/reassoc-4.c scan-tree-dump-times optimized "\\+" 2
FAIL: gcc.dg/tree-ssa/sra-10.c scan-tree-dump-times optimized "disappear" 0
FAIL: gcc.dg/tree-ssa/sra-4.c scan-tree-dump-times optimized "st" 0
FAIL: gcc.dg/tree-ssa/ssa-ccp-23.c scan-tree-dump ccp1 "MEM\\[\\(int \\*\\)&a \\+ 4B\\]"
FAIL: gcc.dg/tree-ssa/ssa-ccp-25.c scan-tree-dump ccp1 "&a\\[[iD]\\."
FAIL: gcc.dg/tree-ssa/ssa-ccp-25.c scan-tree-dump forwprop1 "= .*&a\\]\\[[iD]\\."
FAIL: gcc.dg/tree-ssa/ssa-dce-7.c (test for excess errors)
FAIL: gcc.dg/tree-ssa/ssa-fre-26.c scan-tree-dump fre "Replaced u.i with 0 in"
FAIL: gcc.dg/tree-ssa/unreachable.c scan-tree-dump-not optimized "bad_boy"
FAIL: gcc.dg/tree-ssa/vector-2.c scan-tree-dump-times optimized "BIT_FIELD_REF" 0
FAIL: gcc.dg/tree-ssa/vector-2.c scan-tree-dump-times optimized "0.0" 1
FAIL: gcc.dg/tree-ssa/vector-3.c scan-tree-dump-times optimized "BIT_FIELD_REF" 0
FAIL: gcc.dg/tree-ssa/vector-3.c scan-tree-dump-times optimized "0.0" 1
FAIL: gcc.dg/tree-ssa/vrp47.c scan-tree-dump-times vrp1 "[xy][^ ]* !=" 0
FAIL: gcc.dg/tree-ssa/vrp47.c scan-tree-dump-times dom1 "x[^ ]* & y" 1
FAIL: gcc.dg/tree-ssa/vrp47.c scan-tree-dump-times vrp1 "x[^ ]* [|] y" 1
FAIL: gcc.dg/tree-ssa/vrp51.c scan-assembler-not bug.
UNRESOLVED: gcc.dg/weak/typeof-2.c
UNRESOLVED: gcc.dg/weak/weak-1.c
UNRESOLVED: gcc.dg/weak/weak-10.c
UNRESOLVED: gcc.dg/weak/weak-11.c
UNRESOLVED: gcc.dg/weak/weak-12.c
UNRESOLVED: gcc.dg/weak/weak-13.c
UNRESOLVED: gcc.dg/weak/weak-14.c
UNRESOLVED: gcc.dg/weak/weak-15.c
UNRESOLVED: gcc.dg/weak/weak-16.c
UNRESOLVED: gcc.dg/weak/weak-2.c
UNRESOLVED: gcc.dg/weak/weak-3.c
UNRESOLVED: gcc.dg/weak/weak-4.c
UNRESOLVED: gcc.dg/weak/weak-5.c
UNRESOLVED: gcc.dg/weak/weak-6.c
UNRESOLVED: gcc.dg/weak/weak-7.c
UNRESOLVED: gcc.dg/weak/weak-8.c
UNRESOLVED: gcc.dg/weak/weak-9.c
FAIL: compiler driver --coverage option(s) (assembler options)


=== gcc Summary ===

# of expected passes 49510
# of unexpected failures 1691
# of unexpected successes 3
# of expected failures 110
# of unresolved testcases 752
# of unsupported tests 1019
/home/gccuser/Tools/Apps/Compiler/obj/gcc/xgcc version 4.6.0 20100912 (experimental) (GCC)



Compiler version: 4.6.0 20100912 (experimental) (GCC) gcc Platform: picochip-unknown-none configure flags:Test Run By gccuser on Sun Sep 12 06:35:55 2010


Index Nav: [Date Index] [Subject Index] [Author Index] [Thread Index]
Message Nav: [Date Prev] [Date Next] [Thread Prev] [Thread Next]