This is the mail archive of the gcc-testresults@gcc.gnu.org mailing list for the GCC project.


Index Nav: [Date Index] [Subject Index] [Author Index] [Thread Index]
Message Nav: [Date Prev] [Date Next] [Thread Prev] [Thread Next]
Other format: [Raw text]

Results for 4.6.0 20100911 (experimental) [trunk revision 164216] (GCC) testsuite on i686-apple-darwin9


LAST_UPDATED: Sat Sep 11 17:18:56 UTC 2010 (revision 164216)

		=== acats tests ===

		=== acats Summary ===
# of expected passes		2321
# of unexpected failures	0
Native configuration is i686-apple-darwin9

		=== g++ tests ===


Running target unix
WARNING: Could not compile g++.dg/compat/struct-layout-1 generator
UNRESOLVED: g++.dg/ext/attr-ifunc-1.C
UNRESOLVED: g++.dg/ext/attr-ifunc-2.C
UNRESOLVED: g++.dg/ext/attr-ifunc-3.C
UNRESOLVED: g++.dg/ext/attr-ifunc-4.C
WARNING: g++.dg/ext/label13.C compilation failed to produce executable
FAIL: g++.dg/ext/visibility/anon6.C scan-assembler 1BIiE1cE
FAIL: g++.dg/opt/pr30965.C scan-tree-dump-times optimized "variable_..D. = v_..D." 2
FAIL: g++.dg/tree-ssa/pointer-reference-alias.C scan-tree-dump-times optimized "\\*a" 1
FAIL: g++.dg/tree-ssa/pr27090.C scan-tree-dump optimized "f_..D.->x;"
FAIL: g++.dg/lto/20100723-1 cp_lto_20100723-1_0.o-cp_lto_20100723-1_0.o link, -fcompare-debug -flto (internal compiler error)
UNRESOLVED: g++.dg/lto/20100723-1 cp_lto_20100723-1_0.o-cp_lto_20100723-1_0.o execute -fcompare-debug -flto
FAIL: g++.dg/lto/20100723-1 cp_lto_20100723-1_0.o-cp_lto_20100723-1_0.o link, -fcompare-debug -fwhopr (internal compiler error)
UNRESOLVED: g++.dg/lto/20100723-1 cp_lto_20100723-1_0.o-cp_lto_20100723-1_0.o execute -fcompare-debug -fwhopr
FAIL: g++.dg/torture/pr44972.C  -O0  (test for excess errors)
FAIL: g++.dg/torture/pr44972.C  -O1  (test for excess errors)
FAIL: g++.dg/torture/pr44972.C  -O2  (test for excess errors)
FAIL: g++.dg/torture/pr44972.C  -O3 -fomit-frame-pointer  (test for excess errors)
FAIL: g++.dg/torture/pr44972.C  -O3 -g  (test for excess errors)
FAIL: g++.dg/torture/pr44972.C  -Os  (test for excess errors)
FAIL: g++.dg/torture/pr44972.C  -O2 -flto  (test for excess errors)
FAIL: g++.dg/torture/pr44972.C  -O2 -fwhopr  (test for excess errors)
FAIL: g++.dg/torture/stackalign/eh-alloca-1.C  -O3 -g  execution test
FAIL: g++.dg/torture/stackalign/eh-vararg-1.C  -O3 -g  execution test
FAIL: g++.dg/torture/stackalign/eh-vararg-2.C  -O3 -g  execution test
FAIL: g++.dg/torture/stackalign/eh-alloca-1.C  -O3 -g  execution test
FAIL: g++.dg/torture/stackalign/eh-vararg-1.C  -O3 -g  execution test
FAIL: g++.dg/torture/stackalign/eh-vararg-2.C  -O3 -g  execution test

		=== g++ Summary ===

# of expected passes		24284
# of unexpected failures	20
# of expected failures		150
# of unresolved testcases	6
# of unsupported tests		176
/Users/dave/gnu/gcc/objdir/gcc/testsuite/g++/../../g++  version 4.6.0 20100911 (experimental) [trunk revision 164216] (GCC) 

		=== gcc tests ===


Running target unix
WARNING: Could not compile gcc.dg/compat/struct-layout-1 generator
UNRESOLVED: gcc.dg/attr-ifunc-1.c
UNRESOLVED: gcc.dg/attr-ifunc-2.c
UNRESOLVED: gcc.dg/attr-ifunc-3.c
UNRESOLVED: gcc.dg/attr-ifunc-4.c
UNRESOLVED: gcc.dg/attr-ifunc-5.c
XPASS: gcc.dg/tree-ssa/20031106-3.c scan-tree-dump-times optimized "link_error" 0
XPASS: gcc.dg/tree-ssa/20040204-1.c scan-tree-dump-times optimized "link_error" 0
XPASS: gcc.dg/tree-ssa/fre-vce-1.c scan-tree-dump-times fre "sv.i" 2
FAIL: gcc.target/i386/combine-mul.c scan-assembler-not 12345

		=== gcc Summary ===

# of expected passes		71457
# of unexpected failures	1
# of unexpected successes	3
# of expected failures		200
# of unresolved testcases	5
# of unsupported tests		1310
/Users/dave/gnu/gcc/objdir/gcc/xgcc  version 4.6.0 20100911 (experimental) [trunk revision 164216] (GCC) 

		=== gfortran tests ===


Running target unix
XPASS: gfortran.dg/pr25923.f90  -O  PR45505 (test for warnings, line 13)
XPASS: gfortran.dg/pr25923.f90  -O  PR45505 (test for bogus messages, line 22)

		=== gfortran Summary ===

# of expected passes		36434
# of unexpected successes	2
# of expected failures		47
# of unsupported tests		179
/Users/dave/gnu/gcc/objdir/gcc/testsuite/gfortran/../../gfortran  version 4.6.0 20100911 (experimental) [trunk revision 164216] (GCC) 

		=== gnat tests ===


Running target unix

		=== gnat Summary ===

# of expected passes		819
# of expected failures		10
# of unsupported tests		4
		=== obj-c++ tests ===


Running target unix
WARNING: obj-c++.dg/lookup-2.mm -fgnu-runtime compilation failed to produce executable
WARNING: obj-c++.dg/try-catch-2.mm -fgnu-runtime compilation failed to produce executable
WARNING: obj-c++.dg/try-catch-9.mm -fgnu-runtime compilation failed to produce executable

		=== obj-c++ Summary ===

# of expected passes		1176
# of expected failures		3
# of unsupported tests		15
/Users/dave/gnu/gcc/objdir/gcc/testsuite/obj-c++/../../g++  version 4.6.0 20100911 (experimental) [trunk revision 164216] (GCC) 

		=== objc tests ===


Running target unix
FAIL: objc/execute/exceptions/throw-nil.m execution,  -O0 -fnext-runtime
FAIL: objc/execute/exceptions/throw-nil.m execution,  -O1 -fnext-runtime
FAIL: objc/execute/exceptions/throw-nil.m execution,  -O2 -fnext-runtime
FAIL: objc/execute/exceptions/throw-nil.m execution,  -O3 -fomit-frame-pointer -fnext-runtime
FAIL: objc/execute/exceptions/throw-nil.m execution,  -O3 -g -fnext-runtime
FAIL: objc/execute/exceptions/throw-nil.m execution,  -Os -fnext-runtime
FAIL: objc.dg/headers.m -fnext-runtime (test for excess errors)
FAIL: objc.dg/no-extra-load.m -fnext-runtime (test for excess errors)
ERROR: objc.dg/no-extra-load.m: error executing dg-final: couldn't open "no-extra-load.s": no such file or directory
UNRESOLVED: objc.dg/no-extra-load.m: error executing dg-final: couldn't open "no-extra-load.s": no such file or directory
WARNING: Could not compile objc.dg/gnu-encoding/struct-layout-encoding-1 generator

		=== objc Summary ===

# of expected passes		3996
# of unexpected failures	8
# of unresolved testcases	1
# of unsupported tests		26
/Users/dave/gnu/gcc/objdir/gcc/xgcc  version 4.6.0 20100911 (experimental) [trunk revision 164216] (GCC) 

		=== libffi tests ===


Running target unix

		=== libffi Summary ===

# of expected passes		1624
# of expected failures		10
# of unsupported tests		15
		=== libgomp tests ===


Running target unix

		=== libgomp Summary ===

# of expected passes		2490
# of unsupported tests		2
		=== libjava tests ===


Running target unix

		=== libjava Summary ===

# of expected passes		2574
		=== libstdc++ tests ===


Running target unix
FAIL: ext/mt_allocator/deallocate_global_thread-1.cc execution test
FAIL: ext/mt_allocator/deallocate_global_thread-3.cc execution test

		=== libstdc++ Summary ===

# of expected passes		6696
# of unexpected failures	2
# of expected failures		81
# of unsupported tests		623

Compiler version: 4.6.0 20100911 (experimental) [trunk revision 164216] (GCC) 
Platform: i686-apple-darwin9
configure flags: --build=i686-apple-darwin9 --host=i686-apple-darwin9 --target=i686-apple-darwin9 --with-tune=generic --prefix=/opt/gnu/gcc/gcc-4.6.0 --with-gmp=/opt/gnu/gcc/gcc-4.6.0 --enable-debug=no --disable-nls --enable-languages=c,c++,objc,fortran,obj-c++,java,ada --enable-threads=posix --enable-__cxa_atexit --enable-java-gc=boehm


Index Nav: [Date Index] [Subject Index] [Author Index] [Thread Index]
Message Nav: [Date Prev] [Date Next] [Thread Prev] [Thread Next]