This is the mail archive of the
gcc-testresults@gcc.gnu.org
mailing list for the GCC project.
Results for 4.6.0 20100907 (experimental) [trunk revision 163971] (GCC) testsuite on hppa2.0w-hp-hpux11.11
- From: John David Anglin <dave at hiauly3 dot hia dot nrc dot ca>
- To: dave at hiauly3 dot hia dot nrc dot ca, gcc-testresults at gcc dot gnu dot org
- Date: Sun, 12 Sep 2010 09:02:38 -0400 (EDT)
- Subject: Results for 4.6.0 20100907 (experimental) [trunk revision 163971] (GCC) testsuite on hppa2.0w-hp-hpux11.11
=== acats tests ===
=== acats Summary ===
# of expected passes 2321
# of unexpected failures 0
Native configuration is hppa2.0w-hp-hpux11.11
=== gcc tests ===
Running target unix
WARNING: program timed out.
FAIL: gcc.dg/initpri1.c (test for excess errors)
WARNING: gcc.dg/initpri1.c compilation failed to produce executable
FAIL: c-c++-common/Wunused-var-12.c -Wc++-compat (test for excess errors)
WARNING: program timed out.
FAIL: gcc.dg/torture/builtin-cproj-1.c -O1 (test for excess errors)
XPASS: gcc.dg/tree-ssa/20031106-3.c scan-tree-dump-times optimized "link_error" 0
XPASS: gcc.dg/tree-ssa/20040204-1.c scan-tree-dump-times optimized "link_error" 0
XPASS: gcc.dg/tree-ssa/fre-vce-1.c scan-tree-dump-times fre "sv.i" 2
=== gcc Summary ===
# of expected passes 53727
# of unexpected failures 3
# of unexpected successes 3
# of expected failures 120
# of unsupported tests 775
/test/gnu/gcc/objdir/gcc/xgcc version 4.6.0 20100907 (experimental) [trunk revision 163971] (GCC)
=== gnat tests ===
Running target unix
=== gnat Summary ===
# of expected passes 820
# of expected failures 10
# of unsupported tests 4
=== libgomp tests ===
Running target unix
=== libgomp Summary ===
# of expected passes 248
# of unsupported tests 9
Compiler version: 4.6.0 20100907 (experimental) [trunk revision 163971] (GCC)
Platform: hppa2.0w-hp-hpux11.11
configure flags:Test Run By dave on Sun Sep 12 00:42:38 EDT 2010