This is the mail archive of the gcc-testresults@gcc.gnu.org mailing list for the GCC project.


Index Nav: [Date Index] [Subject Index] [Author Index] [Thread Index]
Message Nav: [Date Prev] [Date Next] [Thread Prev] [Thread Next]
Other format: [Raw text]

Results for 4.6.0 20100908 (experimental) (GCC) testsuite on i386-pc-solaris2.11


		=== acats tests ===

		=== acats Summary ===
# of expected passes		2321
# of unexpected failures	0
Native configuration is i386-pc-solaris2.11

		=== g++ tests ===


Running target unix

		=== g++ Summary for unix ===

# of expected passes		24483
# of expected failures		150
# of unsupported tests		171

Running target unix/-m64
FAIL: g++.dg/tls/static-1.C execution test

		=== g++ Summary for unix/-m64 ===

# of expected passes		24721
# of unexpected failures	1
# of expected failures		150
# of unsupported tests		366

		=== g++ Summary ===

# of expected passes		49204
# of unexpected failures	1
# of expected failures		300
# of unsupported tests		537
/var/gcc/regression/trunk/11-gcc/build/gcc/testsuite/g++/../../g++  version 4.6.0 20100908 (experimental) (GCC) 

		=== gcc tests ===


Running target unix
XPASS: gcc.dg/tree-ssa/20031106-3.c scan-tree-dump-times optimized "link_error" 0
XPASS: gcc.dg/tree-ssa/20040204-1.c scan-tree-dump-times optimized "link_error" 0
XPASS: gcc.dg/tree-ssa/fre-vce-1.c scan-tree-dump-times fre "sv.i" 2
FAIL: gcc.target/i386/abi-2.c scan-assembler-times ymm0 1
FAIL: gcc.target/i386/pr22076.c scan-assembler-times movq 3
FAIL: gcc.target/i386/pr22076.c scan-assembler-not movl
FAIL: gcc.target/i386/pr22152.c scan-assembler-times movq[ \\\\t]+[^\\n]*%mm 1
XPASS: gcc.target/i386/push-1.c scan-assembler-not movups

		=== gcc Summary for unix ===

# of expected passes		71871
# of unexpected failures	4
# of unexpected successes	4
# of expected failures		202
# of unsupported tests		1189

Running target unix/-m64
UNRESOLVED: gcc.c-torture/execute/960321-1.c execution,  -O1 
UNRESOLVED: gcc.c-torture/execute/960321-1.c execution,  -O2 
UNRESOLVED: gcc.c-torture/execute/960321-1.c execution,  -O3 -fomit-frame-pointer 
UNRESOLVED: gcc.c-torture/execute/960321-1.c execution,  -O3 -g 
UNRESOLVED: gcc.c-torture/execute/960321-1.c execution,  -Os 
UNRESOLVED: gcc.c-torture/execute/960321-1.c execution,  -O2 -flto 
UNRESOLVED: gcc.c-torture/execute/960321-1.c execution,  -O2 -fwhopr 
FAIL: gcc.dg/cpp/trad/include.c (internal compiler error)
FAIL: gcc.dg/cpp/trad/include.c (test for excess errors)
XPASS: gcc.dg/tree-ssa/20031106-3.c scan-tree-dump-times optimized "link_error" 0
XPASS: gcc.dg/tree-ssa/20040204-1.c scan-tree-dump-times optimized "link_error" 0
XPASS: gcc.dg/tree-ssa/fre-vce-1.c scan-tree-dump-times fre "sv.i" 2

		=== gcc Summary for unix/-m64 ===

# of expected passes		71958
# of unexpected failures	2
# of unexpected successes	3
# of expected failures		209
# of unresolved testcases	7
# of unsupported tests		1563

		=== gcc Summary ===

# of expected passes		143829
# of unexpected failures	6
# of unexpected successes	7
# of expected failures		411
# of unresolved testcases	7
# of unsupported tests		2752
/var/gcc/regression/trunk/11-gcc/build/gcc/xgcc  version 4.6.0 20100908 (experimental) (GCC) 

		=== gfortran tests ===


Running target unix

		=== gfortran Summary for unix ===

# of expected passes		36156
# of expected failures		41
# of unsupported tests		154

Running target unix/-m64

		=== gfortran Summary for unix/-m64 ===

# of expected passes		36327
# of expected failures		39
# of unsupported tests		78

		=== gfortran Summary ===

# of expected passes		72483
# of expected failures		80
# of unsupported tests		232
/var/gcc/regression/trunk/11-gcc/build/gcc/testsuite/gfortran/../../gfortran  version 4.6.0 20100908 (experimental) (GCC) 

		=== gnat tests ===


Running target unix

		=== gnat Summary for unix ===

# of expected passes		817
# of expected failures		10
# of unsupported tests		5

Running target unix/-m64

		=== gnat Summary for unix/-m64 ===

# of expected passes		817
# of expected failures		10
# of unsupported tests		5

		=== gnat Summary ===

# of expected passes		1634
# of expected failures		20
# of unsupported tests		10
		=== objc tests ===


Running target unix
FAIL: objc.dg/torture/tls/thr-init-3.m  -O2 -fwhopr  (test for excess errors)
WARNING: objc.dg/torture/tls/thr-init-3.m  -O2 -fwhopr  compilation failed to produce executable

		=== objc Summary for unix ===

# of expected passes		2005
# of unexpected failures	1
# of expected failures		7
# of unsupported tests		20

Running target unix/-m64
FAIL: objc.dg/torture/tls/thr-init-3.m  -O2 -fwhopr  (test for excess errors)
WARNING: objc.dg/torture/tls/thr-init-3.m  -O2 -fwhopr  compilation failed to produce executable

		=== objc Summary for unix/-m64 ===

# of expected passes		1997
# of unexpected failures	1
# of expected failures		15
# of unsupported tests		20

		=== objc Summary ===

# of expected passes		4002
# of unexpected failures	2
# of expected failures		22
# of unsupported tests		40
/var/gcc/regression/trunk/11-gcc/build/gcc/xgcc  version 4.6.0 20100908 (experimental) (GCC) 

		=== libffi tests ===


Running target unix

		=== libffi Summary for unix ===

# of expected passes		1624
# of expected failures		10
# of unsupported tests		15

Running target unix/-m64

		=== libffi Summary for unix/-m64 ===

# of expected passes		1624
# of expected failures		10
# of unsupported tests		15

		=== libffi Summary ===

# of expected passes		3248
# of expected failures		20
# of unsupported tests		30
		=== libgomp tests ===


Running target unix

		=== libgomp Summary for unix ===

# of expected passes		2490
# of unsupported tests		2

Running target unix/-m64
FAIL: libgomp.c/atomic-2.c (test for excess errors)
WARNING: libgomp.c/atomic-2.c compilation failed to produce executable
FAIL: libgomp.c/atomic-5.c (test for excess errors)
WARNING: libgomp.c/atomic-5.c compilation failed to produce executable
FAIL: libgomp.c/copyin-3.c execution test
FAIL: libgomp.c/nqueens-1.c execution test
FAIL: libgomp.c/pr24455.c execution test
FAIL: libgomp.c++/ctor-10.C  -O0  execution test
FAIL: libgomp.c++/ctor-10.C  -O1  execution test
FAIL: libgomp.c++/ctor-10.C  -O2  execution test
FAIL: libgomp.c++/ctor-10.C  -O3 -fomit-frame-pointer  execution test
FAIL: libgomp.c++/ctor-10.C  -O3 -fomit-frame-pointer -funroll-loops  execution test
FAIL: libgomp.c++/ctor-10.C  -O3 -fomit-frame-pointer -funroll-all-loops -finline-functions  execution test
FAIL: libgomp.c++/ctor-10.C  -O3 -g  execution test
FAIL: libgomp.c++/ctor-10.C  -Os  execution test
FAIL: libgomp.c++/pr24455.C  -O0  execution test
FAIL: libgomp.c++/pr24455.C  -O1  execution test
FAIL: libgomp.c++/pr24455.C  -O2  execution test
FAIL: libgomp.c++/pr24455.C  -O3 -fomit-frame-pointer  execution test
FAIL: libgomp.c++/pr24455.C  -O3 -fomit-frame-pointer -funroll-loops  execution test
FAIL: libgomp.c++/pr24455.C  -O3 -fomit-frame-pointer -funroll-all-loops -finline-functions  execution test
FAIL: libgomp.c++/pr24455.C  -O3 -g  execution test
FAIL: libgomp.c++/pr24455.C  -Os  execution test

		=== libgomp Summary for unix/-m64 ===

# of expected passes		2467
# of unexpected failures	21
# of unsupported tests		2

		=== libgomp Summary ===

# of expected passes		4957
# of unexpected failures	21
# of unsupported tests		4
		=== libjava tests ===


Running target unix

		=== libjava Summary for unix ===

# of expected passes		2574

Running target unix/-m64
FAIL: PR16923 run

		=== libjava Summary for unix/-m64 ===

# of expected passes		2573
# of unexpected failures	1
# of untested testcases		1

		=== libjava Summary ===

# of expected passes		5147
# of unexpected failures	1
# of untested testcases		1
		=== libstdc++ tests ===


Running target unix
XPASS: 28_regex/07_traits/char/isctype.cc execution test

		=== libstdc++ Summary for unix ===

# of expected passes		7027
# of unexpected successes	1
# of expected failures		82
# of unsupported tests		443

Running target unix/-m64
XPASS: 28_regex/07_traits/char/isctype.cc execution test

		=== libstdc++ Summary for unix/-m64 ===

# of expected passes		7027
# of unexpected successes	1
# of expected failures		82
# of unsupported tests		443

		=== libstdc++ Summary ===

# of expected passes		14054
# of unexpected successes	2
# of expected failures		164
# of unsupported tests		886

		=== libstdc++ Summary ===


Compiler version: 4.6.0 20100908 (experimental) (GCC) 
Platform: i386-pc-solaris2.11
configure flags: --prefix=/vol/gcc --target=i386-pc-solaris2.11 --with-gmp=/vol/gcc --with-mpfr=/vol/gcc --with-mpc=/vol/gcc --enable-languages=all,ada
BOOT_CFLAGS=-g -O2


Index Nav: [Date Index] [Subject Index] [Author Index] [Thread Index]
Message Nav: [Date Prev] [Date Next] [Thread Prev] [Thread Next]