This is the mail archive of the
gcc-testresults@gcc.gnu.org
mailing list for the GCC project.
Results for 4.6.0 20100910 (experimental) (GCC) testsuite on x86_64-apple-darwin10.5.0
- From: Jack Howarth <howarth at bromo dot med dot uc dot edu>
- To: gcc-testresults at gcc dot gnu dot org
- Date: Fri, 10 Sep 2010 07:57:31 -0400
- Subject: Results for 4.6.0 20100910 (experimental) (GCC) testsuite on x86_64-apple-darwin10.5.0
r164140 with http://gcc.gnu.org/ml/gcc-patches/2010-09/msg00703.html
to hookize TARGET_UNWIND_INFO and related macros and...
2010-09-10 Jack Howarth <howarth@bromo.med.uc.edu>
PR target/42070
* gcc/testsuite/lib/profopt.exp: Prune warnings on execname2 compile.
* gcc/testsuite/lib/prune.exp: Prune "can't add line info" warnings.
Index: gcc/testsuite/lib/profopt.exp
===================================================================
--- gcc/testsuite/lib/profopt.exp (revision 164140)
+++ gcc/testsuite/lib/profopt.exp (working copy)
@@ -328,6 +328,10 @@
lappend options "additional_flags=$option $extra_flags $feedback_option"
set optstr "$option $feedback_option"
set comp_output [${tool}_target_compile "$src" "$execname2" "executable" $options]
+
+ # Prune warnings we know are unwanted.
+ set comp_output [prune_warnings $comp_output]
+
if ![${tool}_check_compile "$testcase compilation" $optstr $execname2 $comp_output] {
unresolved "$testcase execution, $optstr"
continue
Index: gcc/testsuite/lib/prune.exp
===================================================================
--- gcc/testsuite/lib/prune.exp (revision 164140)
+++ gcc/testsuite/lib/prune.exp (working copy)
@@ -49,6 +49,9 @@
regsub -all "(^|\n)\[^\n\]*file path prefix \[^\n\]* never used" $text "" text
regsub -all "(^|\n)\[^\n\]*linker input file unused since linking not done" $text "" text
+ # Ignore harmless warnings from Xcode 3.2.x.
+ regsub -all "(^|\n)\[^\n\]*ld: warning: can't add line info to anonymous symbol\[^\n\]*" $text "" text
+
#send_user "After:$text\n"
return $text
Native configuration is x86_64-apple-darwin10.5.0
=== g++ tests ===
Running target unix/-m32
UNRESOLVED: g++.dg/ext/attr-ifunc-1.C
UNRESOLVED: g++.dg/ext/attr-ifunc-2.C
UNRESOLVED: g++.dg/ext/attr-ifunc-3.C
UNRESOLVED: g++.dg/ext/attr-ifunc-4.C
WARNING: g++.dg/ext/label13.C compilation failed to produce executable
FAIL: g++.dg/ext/visibility/anon6.C scan-assembler 1BIiE1cE
FAIL: g++.dg/opt/pr30965.C scan-tree-dump-times optimized "variable_..D. = v_..D." 2
FAIL: g++.dg/tree-ssa/pointer-reference-alias.C scan-tree-dump-times optimized "\\*a" 1
FAIL: g++.dg/tree-ssa/pr27090.C scan-tree-dump optimized "f_..D.->x;"
FAIL: g++.dg/lto/20100723-1 cp_lto_20100723-1_0.o-cp_lto_20100723-1_0.o link, -fcompare-debug -flto (internal compiler error)
UNRESOLVED: g++.dg/lto/20100723-1 cp_lto_20100723-1_0.o-cp_lto_20100723-1_0.o execute -fcompare-debug -flto
FAIL: g++.dg/lto/20100723-1 cp_lto_20100723-1_0.o-cp_lto_20100723-1_0.o link, -fcompare-debug -fwhopr (internal compiler error)
UNRESOLVED: g++.dg/lto/20100723-1 cp_lto_20100723-1_0.o-cp_lto_20100723-1_0.o execute -fcompare-debug -fwhopr
UNRESOLVED: selfassign.c compilation, -I. -I/sw/src/fink.build/gcc46-4.6.0-1000/gcc-4.6-20100909/gcc/testsuite -I/sw/src/fink.build/gcc46-4.6.0-1000/gcc-4.6-20100909/gcc/testsuite/../../gcc -I/sw/src/fink.build/gcc46-4.6.0-1000/darwin_objdir/gcc/testsuite/g++/../../../gcc -I/sw/src/fink.build/gcc46-4.6.0-1000/gcc-4.6-20100909/gcc/testsuite/../../include -I/sw/src/fink.build/gcc46-4.6.0-1000/gcc-4.6-20100909/gcc/testsuite/../../libcpp/include -I/sw/include -I/sw/include -I/sw/src/fink.build/gcc46-4.6.0-1000/darwin_objdir/gcc/testsuite/g++/../../../intl -O -DIN_GCC -fPIC -shared -undefined dynamic_lookup
FAIL: g++.dg/torture/pr44972.C -O0 (test for excess errors)
FAIL: g++.dg/torture/pr44972.C -O1 (test for excess errors)
FAIL: g++.dg/torture/pr44972.C -O2 (test for excess errors)
FAIL: g++.dg/torture/pr44972.C -O3 -fomit-frame-pointer (test for excess errors)
FAIL: g++.dg/torture/pr44972.C -O3 -g (test for excess errors)
FAIL: g++.dg/torture/pr44972.C -Os (test for excess errors)
FAIL: g++.dg/torture/pr44972.C -O2 -flto (test for excess errors)
FAIL: g++.dg/torture/pr44972.C -O2 -fwhopr (test for excess errors)
FAIL: g++.dg/torture/stackalign/eh-alloca-1.C -O3 -g execution test
FAIL: g++.dg/torture/stackalign/eh-vararg-1.C -O3 -g execution test
FAIL: g++.dg/torture/stackalign/eh-vararg-2.C -O3 -g execution test
FAIL: g++.dg/torture/stackalign/eh-alloca-1.C -O3 -g execution test
FAIL: g++.dg/torture/stackalign/eh-vararg-1.C -O3 -g execution test
FAIL: g++.dg/torture/stackalign/eh-vararg-2.C -O3 -g execution test
=== g++ Summary for unix/-m32 ===
# of expected passes 24438
# of unexpected failures 20
# of expected failures 150
# of unresolved testcases 7
# of unsupported tests 175
Running target unix/-m64
UNRESOLVED: g++.dg/ext/attr-ifunc-1.C
UNRESOLVED: g++.dg/ext/attr-ifunc-2.C
UNRESOLVED: g++.dg/ext/attr-ifunc-3.C
UNRESOLVED: g++.dg/ext/attr-ifunc-4.C
WARNING: g++.dg/ext/label13.C compilation failed to produce executable
FAIL: g++.dg/ext/visibility/anon6.C scan-assembler 1BIiE1cE
FAIL: g++.dg/opt/pr30965.C scan-tree-dump-times optimized "variable_..D. = v_..D." 2
FAIL: g++.dg/tree-ssa/pointer-reference-alias.C scan-tree-dump-times optimized "\\*a" 1
FAIL: g++.dg/tree-ssa/pr27090.C scan-tree-dump optimized "f_..D.->x;"
FAIL: g++.dg/lto/20100723-1 cp_lto_20100723-1_0.o-cp_lto_20100723-1_0.o link, -fcompare-debug -flto (internal compiler error)
UNRESOLVED: g++.dg/lto/20100723-1 cp_lto_20100723-1_0.o-cp_lto_20100723-1_0.o execute -fcompare-debug -flto
FAIL: g++.dg/lto/20100723-1 cp_lto_20100723-1_0.o-cp_lto_20100723-1_0.o link, -fcompare-debug -fwhopr (internal compiler error)
UNRESOLVED: g++.dg/lto/20100723-1 cp_lto_20100723-1_0.o-cp_lto_20100723-1_0.o execute -fcompare-debug -fwhopr
UNRESOLVED: selfassign.c compilation, -I. -I/sw/src/fink.build/gcc46-4.6.0-1000/gcc-4.6-20100909/gcc/testsuite -I/sw/src/fink.build/gcc46-4.6.0-1000/gcc-4.6-20100909/gcc/testsuite/../../gcc -I/sw/src/fink.build/gcc46-4.6.0-1000/darwin_objdir/gcc/testsuite/g++/../../../gcc -I/sw/src/fink.build/gcc46-4.6.0-1000/gcc-4.6-20100909/gcc/testsuite/../../include -I/sw/src/fink.build/gcc46-4.6.0-1000/gcc-4.6-20100909/gcc/testsuite/../../libcpp/include -I/sw/include -I/sw/include -I/sw/src/fink.build/gcc46-4.6.0-1000/darwin_objdir/gcc/testsuite/g++/../../../intl -O -DIN_GCC -fPIC -shared -undefined dynamic_lookup
FAIL: g++.dg/torture/pr44972.C -O0 (test for excess errors)
FAIL: g++.dg/torture/pr44972.C -O1 (test for excess errors)
FAIL: g++.dg/torture/pr44972.C -O2 (test for excess errors)
FAIL: g++.dg/torture/pr44972.C -O3 -fomit-frame-pointer (test for excess errors)
FAIL: g++.dg/torture/pr44972.C -O3 -g (test for excess errors)
FAIL: g++.dg/torture/pr44972.C -Os (test for excess errors)
FAIL: g++.dg/torture/pr44972.C -O2 -flto (test for excess errors)
FAIL: g++.dg/torture/pr44972.C -O2 -fwhopr (test for excess errors)
FAIL: g++.dg/tree-prof/partition2.C compilation, -O3 -g -fprofile-use
UNRESOLVED: g++.dg/tree-prof/partition2.C execution, -O3 -g -fprofile-use
=== g++ Summary for unix/-m64 ===
# of expected passes 24682
# of unexpected failures 15
# of expected failures 150
# of unresolved testcases 8
# of unsupported tests 369
=== g++ Summary ===
# of expected passes 49120
# of unexpected failures 35
# of expected failures 300
# of unresolved testcases 15
# of unsupported tests 544
/sw/src/fink.build/gcc46-4.6.0-1000/darwin_objdir/gcc/testsuite/g++/../../g++ version 4.6.0 20100910 (experimental) (GCC)
=== gcc tests ===
Running target unix/-m32
UNRESOLVED: gcc.dg/attr-ifunc-1.c
UNRESOLVED: gcc.dg/attr-ifunc-2.c
UNRESOLVED: gcc.dg/attr-ifunc-3.c
UNRESOLVED: gcc.dg/attr-ifunc-4.c
UNRESOLVED: gcc.dg/attr-ifunc-5.c
FAIL: gcc.dg/framework-1.c (test for excess errors)
UNRESOLVED: selfassign.c compilation, -I. -I/sw/src/fink.build/gcc46-4.6.0-1000/gcc-4.6-20100909/gcc/testsuite -I/sw/src/fink.build/gcc46-4.6.0-1000/gcc-4.6-20100909/gcc/testsuite/../../gcc -I/sw/src/fink.build/gcc46-4.6.0-1000/darwin_objdir/gcc/testsuite/gcc/../../../gcc -I/sw/src/fink.build/gcc46-4.6.0-1000/gcc-4.6-20100909/gcc/testsuite/../../include -I/sw/src/fink.build/gcc46-4.6.0-1000/gcc-4.6-20100909/gcc/testsuite/../../libcpp/include -I/sw/include -I/sw/include -I/sw/src/fink.build/gcc46-4.6.0-1000/darwin_objdir/gcc/testsuite/gcc/../../../intl -O -DIN_GCC -fPIC -shared -undefined dynamic_lookup
XPASS: gcc.dg/tree-ssa/20031106-3.c scan-tree-dump-times optimized "link_error" 0
XPASS: gcc.dg/tree-ssa/20040204-1.c scan-tree-dump-times optimized "link_error" 0
XPASS: gcc.dg/tree-ssa/fre-vce-1.c scan-tree-dump-times fre "sv.i" 2
FAIL: gcc.target/i386/combine-mul.c scan-assembler-not 12345
=== gcc Summary for unix/-m32 ===
# of expected passes 71861
# of unexpected failures 2
# of unexpected successes 3
# of expected failures 212
# of unresolved testcases 6
# of unsupported tests 1300
Running target unix/-m64
UNRESOLVED: gcc.dg/attr-ifunc-1.c
UNRESOLVED: gcc.dg/attr-ifunc-2.c
UNRESOLVED: gcc.dg/attr-ifunc-3.c
UNRESOLVED: gcc.dg/attr-ifunc-4.c
UNRESOLVED: gcc.dg/attr-ifunc-5.c
FAIL: gcc.dg/framework-1.c (test for excess errors)
FAIL: gcc.dg/matrix/transpose-3.c execution, -fprofile-use -fipa-matrix-reorg -fdump-ipa-matrix-reorg -O3 -fwhole-program -combine
UNRESOLVED: selfassign.c compilation, -I. -I/sw/src/fink.build/gcc46-4.6.0-1000/gcc-4.6-20100909/gcc/testsuite -I/sw/src/fink.build/gcc46-4.6.0-1000/gcc-4.6-20100909/gcc/testsuite/../../gcc -I/sw/src/fink.build/gcc46-4.6.0-1000/darwin_objdir/gcc/testsuite/gcc/../../../gcc -I/sw/src/fink.build/gcc46-4.6.0-1000/gcc-4.6-20100909/gcc/testsuite/../../include -I/sw/src/fink.build/gcc46-4.6.0-1000/gcc-4.6-20100909/gcc/testsuite/../../libcpp/include -I/sw/include -I/sw/include -I/sw/src/fink.build/gcc46-4.6.0-1000/darwin_objdir/gcc/testsuite/gcc/../../../intl -O -DIN_GCC -fPIC -shared -undefined dynamic_lookup
XPASS: gcc.dg/tree-ssa/20031106-3.c scan-tree-dump-times optimized "link_error" 0
XPASS: gcc.dg/tree-ssa/20040204-1.c scan-tree-dump-times optimized "link_error" 0
XPASS: gcc.dg/tree-ssa/fre-vce-1.c scan-tree-dump-times fre "sv.i" 2
FAIL: gcc.target/i386/combine-mul.c scan-assembler-not 12345
=== gcc Summary for unix/-m64 ===
# of expected passes 71973
# of unexpected failures 3
# of unexpected successes 3
# of expected failures 213
# of unresolved testcases 6
# of unsupported tests 1661
=== gcc Summary ===
# of expected passes 143834
# of unexpected failures 5
# of unexpected successes 6
# of expected failures 425
# of unresolved testcases 12
# of unsupported tests 2961
/sw/src/fink.build/gcc46-4.6.0-1000/darwin_objdir/gcc/xgcc version 4.6.0 20100910 (experimental) (GCC)
=== gfortran tests ===
Running target unix/-m32
XPASS: gfortran.dg/pr25923.f90 -O PR45505 (test for warnings, line 13)
XPASS: gfortran.dg/pr25923.f90 -O PR45505 (test for bogus messages, line 22)
=== gfortran Summary for unix/-m32 ===
# of expected passes 36610
# of unexpected successes 2
# of expected failures 50
# of unsupported tests 176
Running target unix/-m64
=== gfortran Summary for unix/-m64 ===
# of expected passes 36851
# of expected failures 50
# of unsupported tests 62
=== gfortran Summary ===
# of expected passes 73461
# of unexpected successes 2
# of expected failures 100
# of unsupported tests 238
/sw/src/fink.build/gcc46-4.6.0-1000/darwin_objdir/gcc/testsuite/gfortran/../../gfortran version 4.6.0 20100910 (experimental) (GCC)
=== obj-c++ tests ===
Running target unix/-m32
WARNING: obj-c++.dg/lookup-2.mm -fgnu-runtime compilation failed to produce executable
WARNING: obj-c++.dg/try-catch-2.mm -fgnu-runtime compilation failed to produce executable
WARNING: obj-c++.dg/try-catch-9.mm -fgnu-runtime compilation failed to produce executable
=== obj-c++ Summary for unix/-m32 ===
# of expected passes 1176
# of expected failures 3
# of unsupported tests 15
Running target unix/-m64
WARNING: obj-c++.dg/lookup-2.mm -fgnu-runtime compilation failed to produce executable
WARNING: obj-c++.dg/try-catch-2.mm -fgnu-runtime compilation failed to produce executable
WARNING: obj-c++.dg/try-catch-9.mm -fgnu-runtime compilation failed to produce executable
WARNING: obj-c++.dg/try-catch-2.mm -fnext-runtime compilation failed to produce executable
WARNING: obj-c++.dg/try-catch-9.mm -fnext-runtime compilation failed to produce executable
=== obj-c++ Summary for unix/-m64 ===
# of expected passes 1084
# of expected failures 61
# of unsupported tests 19
=== obj-c++ Summary ===
# of expected passes 2260
# of expected failures 64
# of unsupported tests 34
/sw/src/fink.build/gcc46-4.6.0-1000/darwin_objdir/gcc/testsuite/obj-c++/../../g++ version 4.6.0 20100910 (experimental) (GCC)
=== objc tests ===
Running target unix/-m32
FAIL: objc/execute/exceptions/throw-nil.m execution, -O0 -fnext-runtime
FAIL: objc/execute/exceptions/throw-nil.m execution, -O1 -fnext-runtime
FAIL: objc/execute/exceptions/throw-nil.m execution, -O2 -fnext-runtime
FAIL: objc/execute/exceptions/throw-nil.m execution, -O3 -fomit-frame-pointer -fnext-runtime
FAIL: objc/execute/exceptions/throw-nil.m execution, -O3 -g -fnext-runtime
FAIL: objc/execute/exceptions/throw-nil.m execution, -Os -fnext-runtime
FAIL: objc.dg/headers.m -fnext-runtime (test for excess errors)
FAIL: objc.dg/no-extra-load.m -fnext-runtime (test for excess errors)
ERROR: objc.dg/no-extra-load.m: error executing dg-final: couldn't open "no-extra-load.s": no such file or directory
UNRESOLVED: objc.dg/no-extra-load.m: error executing dg-final: couldn't open "no-extra-load.s": no such file or directory
=== objc Summary for unix/-m32 ===
# of expected passes 4041
# of unexpected failures 8
# of expected failures 7
# of unresolved testcases 1
# of unsupported tests 26
Running target unix/-m64
FAIL: objc.dg/headers.m -fnext-runtime (test for excess errors)
FAIL: objc.dg/no-extra-load.m -fnext-runtime (test for excess errors)
ERROR: objc.dg/no-extra-load.m: error executing dg-final: couldn't open "no-extra-load.s": no such file or directory
UNRESOLVED: objc.dg/no-extra-load.m: error executing dg-final: couldn't open "no-extra-load.s": no such file or directory
=== objc Summary for unix/-m64 ===
# of expected passes 2728
# of unexpected failures 2
# of expected failures 56
# of unresolved testcases 1
# of unsupported tests 31
=== objc Summary ===
# of expected passes 6769
# of unexpected failures 10
# of expected failures 63
# of unresolved testcases 2
# of unsupported tests 57
/sw/src/fink.build/gcc46-4.6.0-1000/darwin_objdir/gcc/xgcc version 4.6.0 20100910 (experimental) (GCC)
=== libffi tests ===
Running target unix/-m32
=== libffi Summary for unix/-m32 ===
# of expected passes 1624
# of expected failures 10
# of unsupported tests 15
Running target unix/-m64
=== libffi Summary for unix/-m64 ===
# of expected passes 1624
# of expected failures 10
# of unsupported tests 15
=== libffi Summary ===
# of expected passes 3248
# of expected failures 20
# of unsupported tests 30
=== libgomp tests ===
Running target unix/-m32
=== libgomp Summary for unix/-m32 ===
# of expected passes 2536
# of unsupported tests 2
Running target unix/-m64
=== libgomp Summary for unix/-m64 ===
# of expected passes 2536
# of unsupported tests 2
=== libgomp Summary ===
# of expected passes 5072
# of unsupported tests 4
=== libjava tests ===
Running target unix/-m32
FAIL: PR16923.c compilation
=== libjava Summary for unix/-m32 ===
# of expected passes 2572
# of unexpected failures 1
Running target unix/-m64
=== libjava Summary for unix/-m64 ===
# of expected passes 2574
=== libjava Summary ===
# of expected passes 5146
# of unexpected failures 1
=== libstdc++ tests ===
Running target unix/-m32
WARNING: program timed out.
FAIL: 20_util/shared_ptr/thread/default_weaktoshared.cc execution test
=== libstdc++ Summary for unix/-m32 ===
# of expected passes 6681
# of unexpected failures 1
# of expected failures 81
# of unsupported tests 631
Running target unix/-m64
WARNING: program timed out.
FAIL: 20_util/shared_ptr/thread/default_weaktoshared.cc execution test
=== libstdc++ Summary for unix/-m64 ===
# of expected passes 6679
# of unexpected failures 1
# of expected failures 81
# of unsupported tests 632
=== libstdc++ Summary ===
# of expected passes 13360
# of unexpected failures 2
# of expected failures 162
# of unsupported tests 1263
Compiler version: 4.6.0 20100910 (experimental) (GCC)
Platform: x86_64-apple-darwin10.5.0
configure flags: --prefix=/sw --prefix=/sw/lib/gcc4.6 --mandir=/sw/share/man --infodir=/sw/lib/gcc4.6/info --enable-languages=c,c++,fortran,objc,obj-c++,java --with-gmp=/sw --with-libiconv-prefix=/sw --with-ppl=/sw --with-cloog=/sw --with-mpc=/sw --with-system-zlib --x-includes=/usr/X11R6/include --x-libraries=/usr/X11R6/lib --program-suffix=-fsf-4.6 --enable-checking=yes