This is the mail archive of the gcc-testresults@gcc.gnu.org mailing list for the GCC project.


Index Nav: [Date Index] [Subject Index] [Author Index] [Thread Index]
Message Nav: [Date Prev] [Date Next] [Thread Prev] [Thread Next]
Other format: [Raw text]

Results for 4.6.0 20100907 (experimental) (GCC) testsuite on sparc64-sun-solaris2.9


		=== acats tests ===
FAIL:	c390011
FAIL:	c41303u
FAIL:	c41303v
FAIL:	c45614a
FAIL:	c460004
FAIL:	c460005
FAIL:	c94007a
FAIL:	cxa9001

		=== acats Summary ===
# of expected passes		2313
# of unexpected failures	8
Native configuration is sparc64-sun-solaris2.9

		=== gcc tests ===


Running target unix
FAIL: gcc.dg/cpp/trad/include.c (internal compiler error)
FAIL: gcc.dg/cpp/trad/include.c (test for excess errors)
FAIL: gcc.dg/20020425-1.c (internal compiler error)
FAIL: gcc.dg/20020425-1.c (test for excess errors)
FAIL: gcc.dg/lto/20090210 c_lto_20090210_0.o-c_lto_20090210_1.o link, -O0 -fwhopr
UNRESOLVED: gcc.dg/lto/20090210 c_lto_20090210_0.o-c_lto_20090210_1.o execute -O0 -fwhopr
FAIL: gcc.dg/lto/20090210 c_lto_20090210_0.o-c_lto_20090210_1.o link, -O2 -fwhopr
UNRESOLVED: gcc.dg/lto/20090210 c_lto_20090210_0.o-c_lto_20090210_1.o execute -O2 -fwhopr
FAIL: gcc.dg/lto/20090210 c_lto_20090210_0.o-c_lto_20090210_1.o link, -O0 -flto
UNRESOLVED: gcc.dg/lto/20090210 c_lto_20090210_0.o-c_lto_20090210_1.o execute -O0 -flto
FAIL: gcc.dg/lto/20090210 c_lto_20090210_0.o-c_lto_20090210_1.o link, -O2 -flto
UNRESOLVED: gcc.dg/lto/20090210 c_lto_20090210_0.o-c_lto_20090210_1.o execute -O2 -flto
XPASS: gcc.dg/tree-ssa/20031106-3.c scan-tree-dump-times optimized "link_error" 0
XPASS: gcc.dg/tree-ssa/20040204-1.c scan-tree-dump-times optimized "link_error" 0
XPASS: gcc.dg/tree-ssa/fre-vce-1.c scan-tree-dump-times fre "sv.i" 2
XPASS: gcc.dg/vect/pr33804.c scan-tree-dump-times vect "vectorized 1 loops" 1
XPASS: gcc.dg/vect/pr33804.c scan-tree-dump-times vect "vectorizing stmts using SLP" 1
XPASS: gcc.dg/vect/vect-peel-1.c scan-tree-dump-times vect "vectorized 1 loops" 2
XPASS: gcc.dg/vect/vect-peel-1.c scan-tree-dump-times vect "Alignment of access forced using peeling" 1
XPASS: gcc.dg/vect/vect-peel-2.c scan-tree-dump-times vect "vectorized 1 loops" 2
FAIL: gcc.dg/vect/vect-peel-3.c scan-tree-dump-times vect "vectorized 1 loops" 2
XPASS: gcc.dg/vect/vect-vfa-slp.c scan-tree-dump-times vect "vectorized 1 loops" 1
XPASS: gcc.dg/vect/slp-23.c scan-tree-dump-times vect "vectorizing stmts using SLP" 1
XPASS: gcc.dg/vect/slp-24.c scan-tree-dump-times vect "vectorized 1 loops" 1
XPASS: gcc.dg/vect/slp-24.c scan-tree-dump-times vect "vectorizing stmts using SLP" 2
XPASS: gcc.dg/vect/slp-35.c scan-tree-dump-times vect "vectorized 1 loops" 1
XPASS: gcc.dg/vect/slp-35.c scan-tree-dump-times vect "vectorizing stmts using SLP" 1
FAIL: gcc.dg/vect/slp-reduc-3.c scan-tree-dump-times vect "vectorizing stmts using SLP" 1
FAIL: gcc.dg/vect/slp-reduc-6.c scan-tree-dump-times vect "vectorized 1 loops" 2
FAIL: gcc.dg/vect/no-section-anchors-vect-64.c scan-tree-dump-times vect "Alignment of access forced using peeling" 2
XPASS: gcc.dg/vect/no-tree-pre-slp-29.c scan-tree-dump-times vect "vectorized 1 loops" 2
XPASS: gcc.dg/vect/no-tree-pre-slp-29.c scan-tree-dump-times vect "vectorizing stmts using SLP" 2

		=== gcc Summary ===

# of expected passes		66647
# of unexpected failures	12
# of unexpected successes	16
# of expected failures		217
# of unresolved testcases	4
# of unsupported tests		927
/nfs/nile/nile.build/botcazou/gcc-head/sparc64-sun-solaris2.9/gcc/xgcc  version 4.6.0 20100907 for GNAT Pro 6.4.0w (20100906) (GCC) 

		=== gfortran tests ===


Running target unix
FAIL: gfortran.dg/parameter_array_init_6.f90  -O  (internal compiler error)
FAIL: gfortran.dg/parameter_array_init_6.f90  -O   (test for errors, line 17)
FAIL: gfortran.dg/parameter_array_init_6.f90  -O  (test for excess errors)
FAIL: gfortran.fortran-torture/execute/arrayarg.f90 execution,  -O2 
FAIL: gfortran.fortran-torture/execute/arrayarg.f90 execution,  -O2 -fomit-frame-pointer -finline-functions 
FAIL: gfortran.fortran-torture/execute/arrayarg.f90 execution,  -O2 -fbounds-check 
FAIL: gfortran.fortran-torture/execute/arrayarg.f90 execution,  -Os 
FAIL: gfortran.fortran-torture/execute/forall_7.f90 execution,  -O2 -fomit-frame-pointer -finline-functions -funroll-loops 

		=== gfortran Summary ===

# of expected passes		35945
# of unexpected failures	8
# of expected failures		41
# of unsupported tests		244
/nfs/nile/nile.build/botcazou/gcc-head/sparc64-sun-solaris2.9/gcc/testsuite/gfortran/../../gfortran  version 4.6.0 20100907 for GNAT Pro 6.4.0w (20100906) (GCC) 

		=== g++ tests ===


Running target unix
FAIL: g++.dg/lto/20081109 cp_lto_20081109_0.o-cp_lto_20081109_1.o execute -O2 -fwhopr
FAIL: g++.dg/lto/20090303 cp_lto_20090303_0.o-cp_lto_20090303_0.o link, -fwhopr
UNRESOLVED: g++.dg/lto/20090303 cp_lto_20090303_0.o-cp_lto_20090303_0.o execute -fwhopr

		=== g++ Summary ===

# of expected passes		24286
# of unexpected failures	2
# of expected failures		150
# of unresolved testcases	1
# of unsupported tests		235
/nfs/nile/nile.build/botcazou/gcc-head/sparc64-sun-solaris2.9/gcc/testsuite/g++/../../g++  version 4.6.0 20100907 for GNAT Pro 6.4.0w (20100906) (GCC) 

		=== gnat tests ===


Running target unix

		=== gnat Summary ===

# of expected passes		818
# of expected failures		10
# of unsupported tests		5
		=== obj-c++ tests ===


Running target unix
WARNING: obj-c++.dg/lookup-2.mm -fgnu-runtime compilation failed to produce executable
WARNING: obj-c++.dg/try-catch-2.mm -fgnu-runtime compilation failed to produce executable
WARNING: obj-c++.dg/try-catch-9.mm -fgnu-runtime compilation failed to produce executable

		=== obj-c++ Summary ===

# of expected passes		558
# of expected failures		11
# of unsupported tests		15
/nfs/nile/nile.build/botcazou/gcc-head/sparc64-sun-solaris2.9/gcc/testsuite/obj-c++/../../g++  version 4.6.0 20100907 for GNAT Pro 6.4.0w (20100906) (GCC) 

		=== objc tests ===


Running target unix

		=== objc Summary ===

# of expected passes		1999
# of expected failures		15
# of unsupported tests		20
/nfs/nile/nile.build/botcazou/gcc-head/sparc64-sun-solaris2.9/gcc/xgcc  version 4.6.0 20100907 for GNAT Pro 6.4.0w (20100906) (GCC) 

		=== libgomp tests ===


Running target unix

		=== libgomp Summary ===

# of expected passes		2490
# of unsupported tests		2
		=== libstdc++ tests ===


Running target unix
XPASS: 28_regex/07_traits/char/isctype.cc execution test
FAIL: tr1/6_containers/unordered_map/requirements/iterator_null_neg.cc  (test for errors, line 26)
FAIL: tr1/6_containers/unordered_map/requirements/iterator_null_neg.cc  (test for errors, line 27)
FAIL: tr1/6_containers/unordered_map/requirements/iterator_null_neg.cc (test for excess errors)
FAIL: tr1/6_containers/unordered_set/requirements/iterator_null_neg.cc  (test for errors, line 26)
FAIL: tr1/6_containers/unordered_set/requirements/iterator_null_neg.cc  (test for errors, line 27)
FAIL: tr1/6_containers/unordered_set/requirements/iterator_null_neg.cc (test for excess errors)

		=== libstdc++ Summary ===

# of expected passes		6535
# of unexpected failures	6
# of unexpected successes	1
# of expected failures		81
# of unsupported tests		709

		=== libstdc++ Summary ===


Compiler version: 4.6.0 20100907 for GNAT Pro 6.4.0w (20100906) (GCC) 
Platform: sparc64-sun-solaris2.9
configure flags: --build=sparc64-sun-solaris2.9 --prefix=/nile.build/botcazou/gcc-head/install_sparc64 --with-as=/nile.build/botcazou/gcc-head/install_sparc64/bin/as --with-gmp=/nile.build/botcazou/support/sparc --with-gmp-lib=/nile.build/botcazou/support/sparc/lib/sparcv9 --with-mpfr=/nile.build/botcazou/support/sparc --with-mpfr-lib=/nile.build/botcazou/support/sparc/lib/sparcv9 --with-mpc=/nile.build/botcazou/support/sparc --with-mpc-lib=/nile.build/botcazou/support/sparc/lib/sparcv9 --with-libelf=/nile.build/botcazou/support/sparc --with-libelf-lib=/nile.build/botcazou/support/sparc/lib/sparcv9 --enable-languages=c,c++,objc,obj-c++,fortran,ada --disable-libstdcxx-pch --disable-nls
BOOT_CFLAGS=-g -O2


Index Nav: [Date Index] [Subject Index] [Author Index] [Thread Index]
Message Nav: [Date Prev] [Date Next] [Thread Prev] [Thread Next]