This is the mail archive of the
gcc-testresults@gcc.gnu.org
mailing list for the GCC project.
Results for 4.6.0 20100906 (experimental) (GCC) testsuite on i686-pc-linux-gnu
- From: Pavlov Serge V <svpavlov at mailhost dot ins dot intel dot com>
- To: gcc-testresults at gcc dot gnu dot org
- Date: Tue, 07 Sep 2010 15:58:24 +0700
- Subject: Results for 4.6.0 20100906 (experimental) (GCC) testsuite on i686-pc-linux-gnu
Native configuration is i686-pc-linux-gnu
=== g++ tests ===
Running target unix
FAIL: g++.dg/debug/dwarf2/typedef1.C scan-assembler-times DIE \\\\([^\\n]*\\\\) DW_TAG_enumeration_type 2
FAIL: g++.dg/guality/redeclaration1.C -O0 line 16 i == 24
FAIL: g++.dg/guality/redeclaration1.C -O1 line 16 i == 24
FAIL: g++.dg/guality/redeclaration1.C -O2 line 16 i == 24
FAIL: g++.dg/guality/redeclaration1.C -O3 -fomit-frame-pointer line 16 i == 24
FAIL: g++.dg/guality/redeclaration1.C -O3 -g line 16 i == 24
FAIL: g++.dg/guality/redeclaration1.C -Os line 16 i == 24
FAIL: g++.dg/guality/redeclaration1.C -O2 -flto line 16 i == 24
FAIL: g++.dg/guality/redeclaration1.C -O2 -fwhopr line 16 i == 24
FAIL: g++.dg/plugin/self-assign-test-1.C -fplugin=./selfassign.so (test for warnings, line 10)
FAIL: g++.dg/plugin/self-assign-test-1.C -fplugin=./selfassign.so (test for warnings, line 13)
FAIL: g++.dg/plugin/self-assign-test-1.C -fplugin=./selfassign.so (test for warnings, line 26)
FAIL: g++.dg/plugin/self-assign-test-1.C -fplugin=./selfassign.so (test for warnings, line 27)
FAIL: g++.dg/plugin/self-assign-test-1.C -fplugin=./selfassign.so (test for warnings, line 33)
FAIL: g++.dg/plugin/self-assign-test-1.C -fplugin=./selfassign.so (test for warnings, line 34)
FAIL: g++.dg/plugin/self-assign-test-1.C -fplugin=./selfassign.so (test for warnings, line 40)
FAIL: g++.dg/plugin/self-assign-test-1.C -fplugin=./selfassign.so (test for warnings, line 41)
FAIL: g++.dg/plugin/self-assign-test-1.C -fplugin=./selfassign.so (test for warnings, line 42)
FAIL: g++.dg/plugin/self-assign-test-1.C -fplugin=./selfassign.so (test for warnings, line 43)
FAIL: g++.dg/plugin/self-assign-test-1.C -fplugin=./selfassign.so (test for warnings, line 44)
FAIL: g++.dg/plugin/self-assign-test-1.C -fplugin=./selfassign.so (test for warnings, line 46)
FAIL: g++.dg/plugin/self-assign-test-1.C -fplugin=./selfassign.so (test for warnings, line 47)
FAIL: g++.dg/plugin/self-assign-test-1.C -fplugin=./selfassign.so (test for excess errors)
FAIL: g++.dg/plugin/self-assign-test-2.C -fplugin=./selfassign.so (test for warnings, line 10)
FAIL: g++.dg/plugin/self-assign-test-2.C -fplugin=./selfassign.so (test for warnings, line 13)
FAIL: g++.dg/plugin/self-assign-test-2.C -fplugin=./selfassign.so (test for warnings, line 26)
FAIL: g++.dg/plugin/self-assign-test-2.C -fplugin=./selfassign.so (test for warnings, line 27)
FAIL: g++.dg/plugin/self-assign-test-2.C -fplugin=./selfassign.so (test for warnings, line 33)
FAIL: g++.dg/plugin/self-assign-test-2.C -fplugin=./selfassign.so (test for warnings, line 34)
FAIL: g++.dg/plugin/self-assign-test-2.C -fplugin=./selfassign.so (test for warnings, line 40)
FAIL: g++.dg/plugin/self-assign-test-2.C -fplugin=./selfassign.so (test for warnings, line 41)
FAIL: g++.dg/plugin/self-assign-test-2.C -fplugin=./selfassign.so (test for warnings, line 42)
FAIL: g++.dg/plugin/self-assign-test-2.C -fplugin=./selfassign.so (test for warnings, line 46)
FAIL: g++.dg/plugin/self-assign-test-2.C -fplugin=./selfassign.so (test for warnings, line 47)
FAIL: g++.dg/plugin/self-assign-test-2.C -fplugin=./selfassign.so (test for excess errors)
FAIL: g++.dg/plugin/self-assign-test-3.C -fplugin=./selfassign.so (test for excess errors)
=== g++ Summary ===
# of expected passes 24814
# of unexpected failures 36
# of expected failures 149
# of unsupported tests 120
/export/users/svpavlov/build-atom/build-atom3q-ref-i686-linux/gcc/testsuite/g++/../../g++ version 4.6.0 20100906 (experimental) (GCC)
=== gcc tests ===
Running target unix
FAIL: gcc.c-torture/compile/limits-exprparen.c -O0 (internal compiler error)
FAIL: gcc.c-torture/compile/limits-exprparen.c -O0 (test for excess errors)
FAIL: gcc.c-torture/compile/limits-exprparen.c -O1 (internal compiler error)
FAIL: gcc.c-torture/compile/limits-exprparen.c -O1 (test for excess errors)
FAIL: gcc.c-torture/compile/limits-exprparen.c -O2 (internal compiler error)
FAIL: gcc.c-torture/compile/limits-exprparen.c -O2 (test for excess errors)
FAIL: gcc.c-torture/compile/limits-exprparen.c -O3 -fomit-frame-pointer (internal compiler error)
FAIL: gcc.c-torture/compile/limits-exprparen.c -O3 -fomit-frame-pointer (test for excess errors)
FAIL: gcc.c-torture/compile/limits-exprparen.c -O3 -g (internal compiler error)
FAIL: gcc.c-torture/compile/limits-exprparen.c -O3 -g (test for excess errors)
FAIL: gcc.c-torture/compile/limits-exprparen.c -Os (internal compiler error)
FAIL: gcc.c-torture/compile/limits-exprparen.c -Os (test for excess errors)
FAIL: gcc.c-torture/compile/limits-exprparen.c -O2 -flto (internal compiler error)
FAIL: gcc.c-torture/compile/limits-exprparen.c -O2 -flto (test for excess errors)
FAIL: gcc.c-torture/compile/limits-exprparen.c -O2 -fwhopr (internal compiler error)
FAIL: gcc.c-torture/compile/limits-exprparen.c -O2 -fwhopr (test for excess errors)
FAIL: gcc.dg/cproj-fails-with-broken-glibc.c execution test
XPASS: gcc.dg/guality/example.c -O0 execution test
XPASS: gcc.dg/guality/example.c -O1 execution test
XPASS: gcc.dg/guality/example.c -O2 execution test
XPASS: gcc.dg/guality/example.c -O2 -flto execution test
XPASS: gcc.dg/guality/example.c -O2 -fwhopr execution test
XPASS: gcc.dg/guality/guality.c -O0 execution test
XPASS: gcc.dg/guality/guality.c -O1 execution test
XPASS: gcc.dg/guality/guality.c -O2 execution test
XPASS: gcc.dg/guality/guality.c -O3 -fomit-frame-pointer execution test
XPASS: gcc.dg/guality/guality.c -O3 -g execution test
XPASS: gcc.dg/guality/guality.c -Os execution test
XPASS: gcc.dg/guality/guality.c -O2 -flto execution test
XPASS: gcc.dg/guality/guality.c -O2 -fwhopr execution test
FAIL: gcc.dg/guality/inline-params.c -O1 execution test
XPASS: gcc.dg/guality/pr41353-1.c -O0 line 28 j == 28 + 37
XPASS: gcc.dg/guality/pr41353-1.c -O1 line 28 j == 28 + 37
XPASS: gcc.dg/guality/pr41353-1.c -O2 line 28 j == 28 + 37
XPASS: gcc.dg/guality/pr41353-1.c -O3 -fomit-frame-pointer line 28 j == 28 + 37
XPASS: gcc.dg/guality/pr41353-1.c -O3 -g line 28 j == 28 + 37
XPASS: gcc.dg/guality/pr41353-1.c -Os line 28 j == 28 + 37
XPASS: gcc.dg/guality/pr41353-1.c -O2 -flto line 28 j == 28 + 37
XPASS: gcc.dg/guality/pr41353-1.c -O2 -fwhopr line 28 j == 28 + 37
XPASS: gcc.dg/guality/pr41447-1.c -O0 execution test
XPASS: gcc.dg/guality/pr41447-1.c -O1 execution test
XPASS: gcc.dg/guality/pr41447-1.c -Os execution test
XPASS: gcc.dg/guality/pr41616-1.c -O0 execution test
XPASS: gcc.dg/guality/pr41616-1.c -O1 execution test
XPASS: gcc.dg/guality/pr41616-1.c -O2 execution test
XPASS: gcc.dg/guality/pr41616-1.c -O3 -fomit-frame-pointer execution test
XPASS: gcc.dg/guality/pr41616-1.c -O3 -g execution test
XPASS: gcc.dg/guality/pr41616-1.c -Os execution test
XPASS: gcc.dg/guality/pr41616-1.c -O2 -flto execution test
XPASS: gcc.dg/guality/pr41616-1.c -O2 -fwhopr execution test
FAIL: gcc.dg/guality/sra-1.c -O1 line 20 a.j == 14
FAIL: gcc.dg/guality/sra-1.c -O2 line 20 a.j == 14
FAIL: gcc.dg/guality/sra-1.c -O3 -fomit-frame-pointer line 20 a.j == 14
FAIL: gcc.dg/guality/sra-1.c -O3 -g line 20 a.j == 14
FAIL: gcc.dg/guality/sra-1.c -Os line 20 a.j == 14
FAIL: gcc.dg/guality/sra-1.c -O2 -flto line 20 a.i == 4
FAIL: gcc.dg/guality/sra-1.c -O2 -flto line 20 a.j == 14
FAIL: gcc.dg/guality/sra-1.c -O2 -flto line 42 a.i == 4
FAIL: gcc.dg/guality/sra-1.c -O2 -flto line 42 a.j == 14
FAIL: gcc.dg/guality/sra-1.c -O2 -fwhopr line 20 a.i == 4
FAIL: gcc.dg/guality/sra-1.c -O2 -fwhopr line 20 a.j == 14
FAIL: gcc.dg/guality/sra-1.c -O2 -fwhopr line 42 a.i == 4
FAIL: gcc.dg/guality/sra-1.c -O2 -fwhopr line 42 a.j == 14
FAIL: gcc.dg/guality/vla-1.c -O2 -flto line 24 sizeof (a) == 17 * sizeof (short)
FAIL: gcc.dg/guality/vla-1.c -O2 -fwhopr line 24 sizeof (a) == 17 * sizeof (short)
FAIL: gcc.dg/guality/vla-2.c -O1 line 25 sizeof (a) == 6 * sizeof (int)
FAIL: gcc.dg/guality/vla-2.c -O2 line 25 sizeof (a) == 6 * sizeof (int)
FAIL: gcc.dg/guality/vla-2.c -O3 -fomit-frame-pointer line 25 sizeof (a) == 6 * sizeof (int)
FAIL: gcc.dg/guality/vla-2.c -O3 -g line 25 sizeof (a) == 6 * sizeof (int)
FAIL: gcc.dg/guality/vla-2.c -Os line 25 sizeof (a) == 6 * sizeof (int)
FAIL: gcc.dg/plugin/self-assign-test-1.c -fplugin=./selfassign.so (test for warnings, line 15)
FAIL: gcc.dg/plugin/self-assign-test-1.c -fplugin=./selfassign.so (test for warnings, line 19)
FAIL: gcc.dg/plugin/self-assign-test-1.c -fplugin=./selfassign.so (test for warnings, line 20)
FAIL: gcc.dg/plugin/self-assign-test-1.c -fplugin=./selfassign.so (test for warnings, line 21)
FAIL: gcc.dg/plugin/self-assign-test-1.c -fplugin=./selfassign.so (test for warnings, line 22)
FAIL: gcc.dg/plugin/self-assign-test-1.c -fplugin=./selfassign.so (test for excess errors)
FAIL: gcc.dg/plugin/self-assign-test-2.c -fplugin=./selfassign.so (test for excess errors)
FAIL: gcc.dg/plugin/ggcplug-test-1.c -fplugin=./ggcplug.so (test for excess errors)
XPASS: gcc.dg/tree-ssa/20031106-3.c scan-tree-dump-times optimized "link_error" 0
XPASS: gcc.dg/tree-ssa/20040204-1.c scan-tree-dump-times optimized "link_error" 0
XPASS: gcc.dg/tree-ssa/fre-vce-1.c scan-tree-dump-times fre "sv.i" 2
FAIL: gcc.target/i386/pr22152.c scan-assembler-times movq[ \\\\t]+[^\\n]*%mm 1
=== gcc Summary ===
# of expected passes 74950
# of unexpected failures 47
# of unexpected successes 35
# of expected failures 219
# of unsupported tests 697
/export/users/svpavlov/build-atom/build-atom3q-ref-i686-linux/gcc/xgcc version 4.6.0 20100906 (experimental) (GCC)
=== gfortran tests ===
Running target unix
FAIL: gfortran.dg/pr25923.f90 -O (test for warnings, line 13)
FAIL: gfortran.dg/pr25923.f90 -O (test for excess errors)
=== gfortran Summary ===
# of expected passes 36150
# of unexpected failures 2
# of expected failures 39
# of unsupported tests 130
/export/users/svpavlov/build-atom/build-atom3q-ref-i686-linux/gcc/testsuite/gfortran/../../gfortran version 4.6.0 20100906 (experimental) (GCC)
Compiler version: 4.6.0 20100906 (experimental) (GCC)
Platform: i686-pc-linux-gnu
configure flags: --enable-clocale=gnu --with-system-zlib --with-demangler-in-ld --enable-shared --enable-threads=posix --enable-haifa i686-linux --prefix=/usr/gcc-4.6.0-atom3q-ref --with-local-prefix=/usr/local --with-plugin-ld=ld.gold --enable-gold --with-fpmath=sse build_alias=i686-linux host_alias=i686-linux target_alias=i686-linux CC='gcc -m32' CXX='g++ -m32' --enable-languages=c,c++,fortran,lto --no-create --no-recursion