This is the mail archive of the gcc-testresults@gcc.gnu.org mailing list for the GCC project.


Index Nav: [Date Index] [Subject Index] [Author Index] [Thread Index]
Message Nav: [Date Prev] [Date Next] [Thread Prev] [Thread Next]
Other format: [Raw text]

Results for 4.6.0 20100902 (experimental) (GCC) testsuite on x86_64-apple-darwin10.5.0


r163768 with http://gcc.gnu.org/ml/gcc-patches/2010-09/msg00188.html
and from http://gcc.gnu.org/ml/gcc-patches/2010-08/msg01916.html...

Index: gcc/calls.c
===================================================================
--- gcc/calls.c	(revision 163748)
+++ gcc/calls.c	(working copy)
@@ -2385,6 +2385,19 @@
 
   preferred_unit_stack_boundary = preferred_stack_boundary / BITS_PER_UNIT;
 
+  if (SUPPORTS_STACK_ALIGNMENT)
+    {
+      /* All variable sized adjustments must be multiple of preferred
+	 stack boundary.  Stack alignment may change preferred stack
+	 boundary after variable sized adjustments have been made.  We
+	 need to compensate it here.  */
+      unsigned HOST_WIDE_INT delta
+	= ((stack_pointer_delta - pending_stack_adjust)
+	   % preferred_unit_stack_boundary);
+      if (delta)
+	anti_adjust_stack (GEN_INT (preferred_unit_stack_boundary - delta));
+    }
+
   /* We want to make two insn chains; one for a sibling call, the other
      for a normal call.  We will select one of the two chains after
      initial RTL generation is complete.  */

as well as...

2010-08-31  H.J. Lu  <hjl.tools@gmail.com>
            Jack Howarth <howarth@bromo.med.uc.edu>

        PR 36502/target

        * gcc/config/i386/darwin.h (STACK_BOUNDARY): Redefine as 128 for profiling
        or 64-bit MS_ABI and as BITS_PER_WORD otherwise.
        (MAIN_STACK_BOUNDARY): Don't redefine.
        (PREFERRED_STACK_BOUNDARY): Replace STACK_BOUNDARY with 128 in MAX macro.
        * gcc.target/i386/pr36502.c: New test.
        * gcc.target/i386/stack-usage-realign.c: Don't skip on darwin.
        * gcc/testsuite/gcc.dg/stack-usage-1.c: Use default on i386/Darwin.


Index: gcc/testsuite/gcc.target/i386/stack-usage-realign.c
===================================================================
--- gcc/testsuite/gcc.target/i386/stack-usage-realign.c (revision 163768)
+++ gcc/testsuite/gcc.target/i386/stack-usage-realign.c (working copy)
@@ -1,6 +1,5 @@
 /* { dg-do compile } */
 /* { dg-require-effective-target ilp32 } */
-/* { dg-skip-if "no stack realignment" { *-*-darwin* } { "*" } { "" } } */
 /* { dg-options "-fstack-usage -msse2 -mforce-drap" } */
 
 typedef int __attribute__((vector_size(16))) vec;
Index: gcc/testsuite/gcc.dg/stack-usage-1.c
===================================================================
--- gcc/testsuite/gcc.dg/stack-usage-1.c        (revision 163768)
+++ gcc/testsuite/gcc.dg/stack-usage-1.c        (working copy)
@@ -8,11 +8,7 @@
    Then check that this is the actual stack usage in the assembly file.  */
 
 #if defined(__i386__)
-#  if defined (__MACH__)
-#    define SIZE 232
-#  else
-#    define SIZE 248
-#  endif
+#  define SIZE 248
 #elif defined(__x86_64__)
 #  define SIZE 356
 #elif defined (__sparc__)
Index: gcc/config/i386/darwin.h
===================================================================
--- gcc/config/i386/darwin.h    (revision 163768)
+++ gcc/config/i386/darwin.h    (working copy)
@@ -79,11 +79,10 @@
    Failure to ensure this will lead to a crash in the system libraries
    or dynamic loader.  */
 #undef STACK_BOUNDARY
-#define STACK_BOUNDARY 128
+#define STACK_BOUNDARY \
+ ((profile_flag || (TARGET_64BIT && ix86_abi == MS_ABI)) \
+  ? 128 : BITS_PER_WORD)
 
-#undef MAIN_STACK_BOUNDARY
-#define MAIN_STACK_BOUNDARY 128
-
 /* Since we'll never want a stack boundary less aligned than 128 bits
    we need the extra work here otherwise bits of gcc get very grumpy
    when we ask for lower alignment.  We could just reject values less
@@ -91,7 +90,7 @@
    it's below the minimum.  */
 #undef PREFERRED_STACK_BOUNDARY
 #define PREFERRED_STACK_BOUNDARY                       \
-  MAX (STACK_BOUNDARY, ix86_preferred_stack_boundary)
+  MAX (128, ix86_preferred_stack_boundary)
 
 /* We want -fPIC by default, unless we're using -static to compile for
    the kernel or some such.  */
--- /dev/null   2010-09-01 11:08:32.000000000 -0400
+++ gcc/testsuite/gcc.target/i386/pr36502.c     2010-09-01 11:23:10.000000000 -0400
@@ -0,0 +1,7 @@
+/* PR target/36502 */
+/* { dg-do compile { target { *-*-darwin* && ilp32 } } } */
+/* { dg-options "-O -fomit-frame-pointer -fno-pic -S" } */
+int a;
+void f() {a++;}
+/* { dg-final { scan-assembler-not "esp" } } */
+

Native configuration is x86_64-apple-darwin10.5.0

		=== g++ tests ===


Running target unix/-m32
WARNING: g++.dg/ext/label13.C compilation failed to produce executable
FAIL: g++.dg/ext/visibility/anon6.C scan-assembler 1BIiE1cE
FAIL: g++.dg/lto/20081118-1 cp_lto_20081118-1_0.o-cp_lto_20081118-1_1.o link, -O2 -fwhopr
UNRESOLVED: g++.dg/lto/20081118-1 cp_lto_20081118-1_0.o-cp_lto_20081118-1_1.o execute -O2 -fwhopr
FAIL: g++.dg/lto/20081119-1 cp_lto_20081119-1_0.o-cp_lto_20081119-1_1.o link, -fPIC -fwhopr -r -nostdlib
UNRESOLVED: g++.dg/lto/20081119-1 cp_lto_20081119-1_0.o-cp_lto_20081119-1_1.o execute -fPIC -fwhopr -r -nostdlib
FAIL: g++.dg/lto/20081125 cp_lto_20081125_0.o-cp_lto_20081125_1.o link, -fwhopr
UNRESOLVED: g++.dg/lto/20081125 cp_lto_20081125_0.o-cp_lto_20081125_1.o execute -fwhopr
FAIL: g++.dg/lto/20081209 cp_lto_20081209_0.o-cp_lto_20081209_1.o link, -O0 -fwhopr
UNRESOLVED: g++.dg/lto/20081209 cp_lto_20081209_0.o-cp_lto_20081209_1.o execute -O0 -fwhopr
FAIL: g++.dg/lto/20081209 cp_lto_20081209_0.o-cp_lto_20081209_1.o link, -O2 -fwhopr
UNRESOLVED: g++.dg/lto/20081209 cp_lto_20081209_0.o-cp_lto_20081209_1.o execute -O2 -fwhopr
FAIL: g++.dg/lto/20081211-1 cp_lto_20081211-1_0.o-cp_lto_20081211-1_1.o link, -O0 -fwhopr
UNRESOLVED: g++.dg/lto/20081211-1 cp_lto_20081211-1_0.o-cp_lto_20081211-1_1.o execute -O0 -fwhopr
FAIL: g++.dg/lto/20081211-1 cp_lto_20081211-1_0.o-cp_lto_20081211-1_1.o link, -O2 -fwhopr
UNRESOLVED: g++.dg/lto/20081211-1 cp_lto_20081211-1_0.o-cp_lto_20081211-1_1.o execute -O2 -fwhopr
FAIL: g++.dg/lto/20090302 cp_lto_20090302_0.o-cp_lto_20090302_1.o link, -fPIC -fwhopr -r -nostdlib
UNRESOLVED: g++.dg/lto/20090302 cp_lto_20090302_0.o-cp_lto_20090302_1.o execute -fPIC -fwhopr -r -nostdlib
FAIL: g++.dg/lto/20090311-1 cp_lto_20090311-1_0.o-cp_lto_20090311-1_1.o link, -O0 -fwhopr
UNRESOLVED: g++.dg/lto/20090311-1 cp_lto_20090311-1_0.o-cp_lto_20090311-1_1.o execute -O0 -fwhopr
FAIL: g++.dg/lto/20090311-1 cp_lto_20090311-1_0.o-cp_lto_20090311-1_1.o link, -O2 -fwhopr
UNRESOLVED: g++.dg/lto/20090311-1 cp_lto_20090311-1_0.o-cp_lto_20090311-1_1.o execute -O2 -fwhopr
FAIL: g++.dg/lto/20090311 cp_lto_20090311_0.o-cp_lto_20090311_1.o link, -O0 -fwhopr
UNRESOLVED: g++.dg/lto/20090311 cp_lto_20090311_0.o-cp_lto_20090311_1.o execute -O0 -fwhopr
FAIL: g++.dg/lto/20090312 cp_lto_20090312_0.o-cp_lto_20090312_1.o link, -O0 -fwhopr
UNRESOLVED: g++.dg/lto/20090312 cp_lto_20090312_0.o-cp_lto_20090312_1.o execute -O0 -fwhopr
FAIL: g++.dg/lto/20090312 cp_lto_20090312_0.o-cp_lto_20090312_1.o link, -O2 -fwhopr
UNRESOLVED: g++.dg/lto/20090312 cp_lto_20090312_0.o-cp_lto_20090312_1.o execute -O2 -fwhopr
FAIL: g++.dg/lto/20090315 cp_lto_20090315_0.o-cp_lto_20090315_1.o link, -O0 -fwhopr
UNRESOLVED: g++.dg/lto/20090315 cp_lto_20090315_0.o-cp_lto_20090315_1.o execute -O0 -fwhopr
FAIL: g++.dg/lto/20090315 cp_lto_20090315_0.o-cp_lto_20090315_1.o link, -O2 -fwhopr
UNRESOLVED: g++.dg/lto/20090315 cp_lto_20090315_0.o-cp_lto_20090315_1.o execute -O2 -fwhopr
FAIL: g++.dg/lto/20091210-1 cp_lto_20091210-1_0.o-cp_lto_20091210-1_1.o link, -O0 -fwhopr
UNRESOLVED: g++.dg/lto/20091210-1 cp_lto_20091210-1_0.o-cp_lto_20091210-1_1.o execute -O0 -fwhopr
FAIL: g++.dg/lto/20091210-1 cp_lto_20091210-1_0.o-cp_lto_20091210-1_1.o link, -O2 -fwhopr
UNRESOLVED: g++.dg/lto/20091210-1 cp_lto_20091210-1_0.o-cp_lto_20091210-1_1.o execute -O2 -fwhopr
FAIL: g++.dg/lto/20100723-1 cp_lto_20100723-1_0.o-cp_lto_20100723-1_0.o link, -fcompare-debug -flto (internal compiler error)
UNRESOLVED: g++.dg/lto/20100723-1 cp_lto_20100723-1_0.o-cp_lto_20100723-1_0.o execute -fcompare-debug -flto
FAIL: g++.dg/lto/20100723-1 cp_lto_20100723-1_0.o-cp_lto_20100723-1_0.o link, -fcompare-debug -fwhopr (internal compiler error)
UNRESOLVED: g++.dg/lto/20100723-1 cp_lto_20100723-1_0.o-cp_lto_20100723-1_0.o execute -fcompare-debug -fwhopr
FAIL: g++.dg/torture/pr43879-1_1.C  -O2 -fwhopr  (test for excess errors)
WARNING: g++.dg/torture/pr43879-1_1.C  -O2 -fwhopr  compilation failed to produce executable
FAIL: g++.dg/torture/stackalign/eh-alloca-1.C  -O3 -g  execution test
FAIL: g++.dg/torture/stackalign/eh-vararg-1.C  -O3 -g  execution test
FAIL: g++.dg/torture/stackalign/eh-vararg-2.C  -O3 -g  execution test
FAIL: g++.dg/torture/stackalign/eh-alloca-1.C  -O3 -g  execution test
FAIL: g++.dg/torture/stackalign/eh-vararg-1.C  -O3 -g  execution test
FAIL: g++.dg/torture/stackalign/eh-vararg-2.C  -O3 -g  execution test
FAIL: g++.dg/tree-prof/partition1.C compilation,  -g  -fprofile-use
UNRESOLVED: g++.dg/tree-prof/partition1.C execution,    -g  -fprofile-use
FAIL: g++.dg/tree-prof/partition1.C compilation,  -O3 -g  -fprofile-use
UNRESOLVED: g++.dg/tree-prof/partition1.C execution,    -O3 -g  -fprofile-use
FAIL: g++.dg/tree-prof/partition2.C compilation,  -O3 -g  -fprofile-use
UNRESOLVED: g++.dg/tree-prof/partition2.C execution,    -O3 -g  -fprofile-use

		=== g++ Summary for unix/-m32 ===

# of expected passes		24406
# of unexpected failures	30
# of expected failures		150
# of unresolved testcases	22
# of unsupported tests		171

Running target unix/-m64
WARNING: g++.dg/ext/label13.C compilation failed to produce executable
FAIL: g++.dg/ext/visibility/anon6.C scan-assembler 1BIiE1cE
FAIL: g++.dg/lto/20100723-1 cp_lto_20100723-1_0.o-cp_lto_20100723-1_0.o link, -fcompare-debug -flto (internal compiler error)
UNRESOLVED: g++.dg/lto/20100723-1 cp_lto_20100723-1_0.o-cp_lto_20100723-1_0.o execute -fcompare-debug -flto
FAIL: g++.dg/lto/20100723-1 cp_lto_20100723-1_0.o-cp_lto_20100723-1_0.o link, -fcompare-debug -fwhopr (internal compiler error)
UNRESOLVED: g++.dg/lto/20100723-1 cp_lto_20100723-1_0.o-cp_lto_20100723-1_0.o execute -fcompare-debug -fwhopr
FAIL: g++.dg/tree-prof/partition1.C compilation,  -g  -fprofile-use
UNRESOLVED: g++.dg/tree-prof/partition1.C execution,    -g  -fprofile-use
FAIL: g++.dg/tree-prof/partition1.C compilation,  -O3 -g  -fprofile-use
UNRESOLVED: g++.dg/tree-prof/partition1.C execution,    -O3 -g  -fprofile-use
FAIL: g++.dg/tree-prof/partition2.C compilation,  -O3 -g  -fprofile-use
UNRESOLVED: g++.dg/tree-prof/partition2.C execution,    -O3 -g  -fprofile-use

		=== g++ Summary for unix/-m64 ===

# of expected passes		24680
# of unexpected failures	6
# of expected failures		150
# of unresolved testcases	5
# of unsupported tests		365

		=== g++ Summary ===

# of expected passes		49086
# of unexpected failures	36
# of expected failures		300
# of unresolved testcases	27
# of unsupported tests		536
/sw/src/fink.build/gcc46-4.6.0-1000/darwin_objdir/gcc/testsuite/g++/../../g++  version 4.6.0 20100902 (experimental) (GCC) 

		=== gcc tests ===


Running target unix/-m32
FAIL: gcc.c-torture/execute/builtins/abs-1.c compilation,  -O2 -fwhopr 
UNRESOLVED: gcc.c-torture/execute/builtins/abs-1.c execution,  -O2 -fwhopr 
FAIL: gcc.c-torture/execute/builtins/strstr-asm.c compilation,  -O2 -fwhopr 
UNRESOLVED: gcc.c-torture/execute/builtins/strstr-asm.c execution,  -O2 -fwhopr 
FAIL: gcc.dg/framework-1.c (test for excess errors)
FAIL: gcc.dg/lto/20081111 c_lto_20081111_0.o-c_lto_20081111_1.o link, -O0 -fwhopr
UNRESOLVED: gcc.dg/lto/20081111 c_lto_20081111_0.o-c_lto_20081111_1.o execute -O0 -fwhopr
FAIL: gcc.dg/lto/20081111 c_lto_20081111_0.o-c_lto_20081111_1.o link, -O2 -fwhopr
UNRESOLVED: gcc.dg/lto/20081111 c_lto_20081111_0.o-c_lto_20081111_1.o execute -O2 -fwhopr
FAIL: gcc.dg/lto/20081112 c_lto_20081112_0.o-c_lto_20081112_1.o link, -O2 -fwhopr
UNRESOLVED: gcc.dg/lto/20081112 c_lto_20081112_0.o-c_lto_20081112_1.o execute -O2 -fwhopr
FAIL: gcc.dg/lto/20090213 c_lto_20090213_0.o-c_lto_20090213_1.o link, -O2 -fwhopr
UNRESOLVED: gcc.dg/lto/20090213 c_lto_20090213_0.o-c_lto_20090213_1.o execute -O2 -fwhopr
FAIL: gcc.dg/lto/20090218 c_lto_20090218_0.o-c_lto_20090218_3.o link, -O2 -fwhopr
UNRESOLVED: gcc.dg/lto/20090218 c_lto_20090218_0.o-c_lto_20090218_3.o execute -O2 -fwhopr
FAIL: gcc.dg/lto/20090717 c_lto_20090717_0.o-c_lto_20090717_1.o link, -O0 -fwhopr
UNRESOLVED: gcc.dg/lto/20090717 c_lto_20090717_0.o-c_lto_20090717_1.o execute -O0 -fwhopr
FAIL: gcc.dg/lto/20090717 c_lto_20090717_0.o-c_lto_20090717_1.o link, -O2 -fwhopr
UNRESOLVED: gcc.dg/lto/20090717 c_lto_20090717_0.o-c_lto_20090717_1.o execute -O2 -fwhopr
FAIL: gcc.dg/lto/20091005-1 c_lto_20091005-1_0.o-c_lto_20091005-1_1.o link, -O0 -fwhopr
UNRESOLVED: gcc.dg/lto/20091005-1 c_lto_20091005-1_0.o-c_lto_20091005-1_1.o execute -O0 -fwhopr
FAIL: gcc.dg/lto/20100227-1 c_lto_20100227-1_0.o-c_lto_20100227-1_1.o link, -O0 -fwhopr
UNRESOLVED: gcc.dg/lto/20100227-1 c_lto_20100227-1_0.o-c_lto_20100227-1_1.o execute -O0 -fwhopr
FAIL: gcc.dg/lto/20100227-1 c_lto_20100227-1_0.o-c_lto_20100227-1_1.o link, -O2 -fwhopr
UNRESOLVED: gcc.dg/lto/20100227-1 c_lto_20100227-1_0.o-c_lto_20100227-1_1.o execute -O2 -fwhopr
FAIL: gcc.dg/lto/ipacp c_lto_ipacp_0.o-c_lto_ipacp_1.o link,  -O1 -fwhopr -fipa-cp -fipa-cp-clone
UNRESOLVED: gcc.dg/lto/ipacp c_lto_ipacp_0.o-c_lto_ipacp_1.o execute  -O1 -fwhopr -fipa-cp -fipa-cp-clone
FAIL: gcc.dg/lto/ipareference2 c_lto_ipareference2_0.o-c_lto_ipareference2_1.o link,  -O1 -fwhopr -fwhole-program
UNRESOLVED: gcc.dg/lto/ipareference2 c_lto_ipareference2_0.o-c_lto_ipareference2_1.o execute  -O1 -fwhopr -fwhole-program
FAIL: gcc.dg/lto/materialize-1 c_lto_materialize-1_0.o-c_lto_materialize-1_1.o link,  -O3 -fwhopr
UNRESOLVED: gcc.dg/lto/materialize-1 c_lto_materialize-1_0.o-c_lto_materialize-1_1.o execute  -O3 -fwhopr
FAIL: gcc.dg/torture/pr43879_1.c  -O2 -fwhopr  (test for excess errors)
WARNING: gcc.dg/torture/pr43879_1.c  -O2 -fwhopr  compilation failed to produce executable
XPASS: gcc.dg/tree-ssa/20031106-3.c scan-tree-dump-times optimized "link_error" 0
XPASS: gcc.dg/tree-ssa/20040204-1.c scan-tree-dump-times optimized "link_error" 0
XPASS: gcc.dg/tree-ssa/fre-vce-1.c scan-tree-dump-times fre "sv.i" 2
FAIL: gcc.target/i386/combine-mul.c scan-assembler-not 12345

		=== gcc Summary for unix/-m32 ===

# of expected passes		71740
# of unexpected failures	18
# of unexpected successes	3
# of expected failures		212
# of unresolved testcases	15
# of unsupported tests		1287

Running target unix/-m64
FAIL: gcc.dg/framework-1.c (test for excess errors)
FAIL: gcc.dg/matrix/transpose-3.c execution,    -fprofile-use -fipa-matrix-reorg -fdump-ipa-matrix-reorg -O3 -fwhole-program -combine
XPASS: gcc.dg/tree-ssa/20031106-3.c scan-tree-dump-times optimized "link_error" 0
XPASS: gcc.dg/tree-ssa/20040204-1.c scan-tree-dump-times optimized "link_error" 0
XPASS: gcc.dg/tree-ssa/fre-vce-1.c scan-tree-dump-times fre "sv.i" 2
FAIL: gcc.target/i386/combine-mul.c scan-assembler-not 12345

		=== gcc Summary for unix/-m64 ===

# of expected passes		71882
# of unexpected failures	3
# of unexpected successes	3
# of expected failures		213
# of unsupported tests		1648

		=== gcc Summary ===

# of expected passes		143622
# of unexpected failures	21
# of unexpected successes	6
# of expected failures		425
# of unresolved testcases	15
# of unsupported tests		2935
/sw/src/fink.build/gcc46-4.6.0-1000/darwin_objdir/gcc/xgcc  version 4.6.0 20100902 (experimental) (GCC) 

		=== gfortran tests ===


Running target unix/-m32
FAIL: gfortran.dg/float128_1.f90  -O  (test for excess errors)
FAIL: gfortran.dg/float128_1.f90  -O  scan-tree-dump original "sqrtq": dump file does not exist
FAIL: gfortran.dg/float128_1.f90  -O  scan-tree-dump original "cabsq": dump file does not exist
FAIL: gfortran.dg/float128_1.f90  -O  scan-tree-dump original "cosl": dump file does not exist

		=== gfortran Summary for unix/-m32 ===

# of expected passes		36009
# of unexpected failures	4
# of expected failures		50
# of unsupported tests		136

Running target unix/-m64
FAIL: gfortran.dg/float128_1.f90  -O  (test for excess errors)
FAIL: gfortran.dg/float128_1.f90  -O  scan-tree-dump original "sqrtq": dump file does not exist
FAIL: gfortran.dg/float128_1.f90  -O  scan-tree-dump original "cabsq": dump file does not exist
FAIL: gfortran.dg/float128_1.f90  -O  scan-tree-dump original "cosl": dump file does not exist

		=== gfortran Summary for unix/-m64 ===

# of expected passes		36168
# of unexpected failures	4
# of expected failures		50
# of unsupported tests		62

		=== gfortran Summary ===

# of expected passes		72177
# of unexpected failures	8
# of expected failures		100
# of unsupported tests		198
/sw/src/fink.build/gcc46-4.6.0-1000/darwin_objdir/gcc/testsuite/gfortran/../../gfortran  version 4.6.0 20100902 (experimental) (GCC) 

		=== obj-c++ tests ===


Running target unix/-m32
WARNING: obj-c++.dg/lookup-2.mm -fgnu-runtime compilation failed to produce executable
WARNING: obj-c++.dg/try-catch-2.mm -fgnu-runtime compilation failed to produce executable
WARNING: obj-c++.dg/try-catch-9.mm -fgnu-runtime compilation failed to produce executable

		=== obj-c++ Summary for unix/-m32 ===

# of expected passes		1176
# of expected failures		3
# of unsupported tests		15

Running target unix/-m64
WARNING: obj-c++.dg/lookup-2.mm -fgnu-runtime compilation failed to produce executable
WARNING: obj-c++.dg/try-catch-2.mm -fgnu-runtime compilation failed to produce executable
WARNING: obj-c++.dg/try-catch-9.mm -fgnu-runtime compilation failed to produce executable
WARNING: obj-c++.dg/try-catch-2.mm -fnext-runtime compilation failed to produce executable
WARNING: obj-c++.dg/try-catch-9.mm -fnext-runtime compilation failed to produce executable

		=== obj-c++ Summary for unix/-m64 ===

# of expected passes		1084
# of expected failures		61
# of unsupported tests		19

		=== obj-c++ Summary ===

# of expected passes		2260
# of expected failures		64
# of unsupported tests		34
/sw/src/fink.build/gcc46-4.6.0-1000/darwin_objdir/gcc/testsuite/obj-c++/../../g++  version 4.6.0 20100902 (experimental) (GCC) 

		=== objc tests ===


Running target unix/-m32
FAIL: objc.dg/headers.m -fnext-runtime (test for excess errors)
FAIL: objc.dg/no-extra-load.m -fnext-runtime (test for excess errors)
ERROR: objc.dg/no-extra-load.m: error executing dg-final: couldn't open "no-extra-load.s": no such file or directory
UNRESOLVED: objc.dg/no-extra-load.m: error executing dg-final: couldn't open "no-extra-load.s": no such file or directory

		=== objc Summary for unix/-m32 ===

# of expected passes		3997
# of unexpected failures	2
# of expected failures		7
# of unresolved testcases	1
# of unsupported tests		26

Running target unix/-m64
FAIL: objc.dg/headers.m -fnext-runtime (test for excess errors)
FAIL: objc.dg/no-extra-load.m -fnext-runtime (test for excess errors)
ERROR: objc.dg/no-extra-load.m: error executing dg-final: couldn't open "no-extra-load.s": no such file or directory
UNRESOLVED: objc.dg/no-extra-load.m: error executing dg-final: couldn't open "no-extra-load.s": no such file or directory

		=== objc Summary for unix/-m64 ===

# of expected passes		2702
# of unexpected failures	2
# of expected failures		56
# of unresolved testcases	1
# of unsupported tests		31

		=== objc Summary ===

# of expected passes		6699
# of unexpected failures	4
# of expected failures		63
# of unresolved testcases	2
# of unsupported tests		57
/sw/src/fink.build/gcc46-4.6.0-1000/darwin_objdir/gcc/xgcc  version 4.6.0 20100902 (experimental) (GCC) 

		=== libffi tests ===


Running target unix/-m32

		=== libffi Summary for unix/-m32 ===

# of expected passes		1624
# of expected failures		10
# of unsupported tests		15

Running target unix/-m64

		=== libffi Summary for unix/-m64 ===

# of expected passes		1624
# of expected failures		10
# of unsupported tests		15

		=== libffi Summary ===

# of expected passes		3248
# of expected failures		20
# of unsupported tests		30
		=== libgomp tests ===


Running target unix/-m32

		=== libgomp Summary for unix/-m32 ===

# of expected passes		2536
# of unsupported tests		2

Running target unix/-m64

		=== libgomp Summary for unix/-m64 ===

# of expected passes		2536
# of unsupported tests		2

		=== libgomp Summary ===

# of expected passes		5072
# of unsupported tests		4
		=== libjava tests ===


Running target unix/-m32
FAIL: PR16923.c compilation

		=== libjava Summary for unix/-m32 ===

# of expected passes		2572
# of unexpected failures	1

Running target unix/-m64

		=== libjava Summary for unix/-m64 ===

# of expected passes		2574

		=== libjava Summary ===

# of expected passes		5146
# of unexpected failures	1
		=== libstdc++ tests ===


Running target unix/-m32

		=== libstdc++ Summary for unix/-m32 ===

# of expected passes		6759
# of expected failures		158
# of unsupported tests		554

Running target unix/-m64

		=== libstdc++ Summary for unix/-m64 ===

# of expected passes		6757
# of expected failures		158
# of unsupported tests		555

		=== libstdc++ Summary ===

# of expected passes		13516
# of expected failures		316
# of unsupported tests		1109

Compiler version: 4.6.0 20100902 (experimental) (GCC) 
Platform: x86_64-apple-darwin10.5.0
configure flags: --prefix=/sw --prefix=/sw/lib/gcc4.6 --mandir=/sw/share/man --infodir=/sw/lib/gcc4.6/info --enable-languages=c,c++,fortran,objc,obj-c++,java --with-gmp=/sw --with-libiconv-prefix=/sw --with-ppl=/sw --with-cloog=/sw --with-mpc=/sw --with-system-zlib --x-includes=/usr/X11R6/include --x-libraries=/usr/X11R6/lib --program-suffix=-fsf-4.6 --enable-lto --enable-checking=yes


Index Nav: [Date Index] [Subject Index] [Author Index] [Thread Index]
Message Nav: [Date Prev] [Date Next] [Thread Prev] [Thread Next]