This is the mail archive of the
gcc-testresults@gcc.gnu.org
mailing list for the GCC project.
Results for 4.5.2 20100831 (prerelease) [gcc-4_5-branch revision 163708] (GCC) testsuite on hppa64-hp-hpux11.11
- From: John David Anglin <dave at hiauly3 dot hia dot nrc dot ca>
- To: dave at hiauly3 dot hia dot nrc dot ca, gcc-testresults at gcc dot gnu dot org
- Date: Wed, 1 Sep 2010 18:35:59 -0400 (EDT)
- Subject: Results for 4.5.2 20100831 (prerelease) [gcc-4_5-branch revision 163708] (GCC) testsuite on hppa64-hp-hpux11.11
Native configuration is hppa64-hp-hpux11.11
=== g++ tests ===
Running target unix
=== g++ Summary ===
# of expected passes 20410
# of expected failures 151
# of unsupported tests 247
/mnt/gnu/gcc/objdir-test/gcc/testsuite/g++/../../g++ version 4.5.2 20100831 (prerelease) [gcc-4_5-branch revision 163708] (GCC)
=== gcc tests ===
Running target unix
WARNING: program timed out.
FAIL: gcc.c-torture/compile/limits-fnargs.c -O3 -g (test for excess errors)
XPASS: gcc.dg/funcorder.c scan-assembler-not link_error,%r
WARNING: program timed out.
=== gcc Summary ===
# of expected passes 52424
# of unexpected failures 1
# of unexpected successes 1
# of expected failures 89
# of unsupported tests 694
/mnt/gnu/gcc/objdir-test/gcc/xgcc version 4.5.2 20100831 (prerelease) [gcc-4_5-branch revision 163708] (GCC)
=== gfortran tests ===
Running target unix
=== gfortran Summary ===
# of expected passes 32976
# of expected failures 20
# of unsupported tests 286
/mnt/gnu/gcc/objdir-test/gcc/testsuite/gfortran/../../gfortran version 4.5.2 20100831 (prerelease) [gcc-4_5-branch revision 163708] (GCC)
=== obj-c++ tests ===
Running target unix
WARNING: obj-c++.dg/lookup-2.mm -fgnu-runtime compilation failed to produce executable
WARNING: obj-c++.dg/try-catch-2.mm -fgnu-runtime compilation failed to produce executable
WARNING: obj-c++.dg/try-catch-9.mm -fgnu-runtime compilation failed to produce executable
=== obj-c++ Summary ===
# of expected passes 432
# of expected failures 11
# of unsupported tests 14
/mnt/gnu/gcc/objdir-test/gcc/testsuite/obj-c++/../../g++ version 4.5.2 20100831 (prerelease) [gcc-4_5-branch revision 163708] (GCC)
=== objc tests ===
Running target unix
=== objc Summary ===
# of expected passes 1872
# of expected failures 15
# of unsupported tests 21
/mnt/gnu/gcc/objdir-test/gcc/xgcc version 4.5.2 20100831 (prerelease) [gcc-4_5-branch revision 163708] (GCC)
=== libgomp tests ===
Running target unix
=== libgomp Summary ===
# of expected passes 2476
# of unsupported tests 9
=== libstdc++ tests ===
Running target unix
=== libstdc++ Summary ===
# of expected passes 6334
# of expected failures 89
# of unsupported tests 616
Compiler version: 4.5.2 20100831 (prerelease) [gcc-4_5-branch revision 163708] (GCC)
Platform: hppa64-hp-hpux11.11
configure flags:Test Run By dave on Wed Sep 1 05:29:45 2010