This is the mail archive of the
gcc-testresults@gcc.gnu.org
mailing list for the GCC project.
Results for 4.5.2 20100818 (prerelease) [gcc-4_5-branch revision 163349] (GCC) testsuite on x86_64-unknown-linux-gnu
- From: Laurent GUERBY gcc15 <guerby at gcc15 dot fsffrance dot org>
- To: gcc-testresults at gcc dot gnu dot org
- Date: Thu, 19 Aug 2010 05:16:50 +0200
- Subject: Results for 4.5.2 20100818 (prerelease) [gcc-4_5-branch revision 163349] (GCC) testsuite on x86_64-unknown-linux-gnu
LAST_UPDATED: Wed Aug 18 18:45:49 UTC 2010 (revision 163349)
=== acats tests ===
=== acats Summary ===
# of expected passes 2321
# of unexpected failures 0
Native configuration is x86_64-unknown-linux-gnu
=== gcc tests ===
Running target unix/-m32
WARNING: program timed out.
FAIL: gcc.dg/pr43058.c (test for excess errors)
XPASS: gcc.dg/guality/example.c -O0 execution test
XPASS: gcc.dg/guality/example.c -O1 execution test
XPASS: gcc.dg/guality/guality.c -O0 execution test
XPASS: gcc.dg/guality/guality.c -O1 execution test
XPASS: gcc.dg/guality/guality.c -O2 execution test
XPASS: gcc.dg/guality/guality.c -O3 -fomit-frame-pointer execution test
XPASS: gcc.dg/guality/guality.c -O3 -g execution test
XPASS: gcc.dg/guality/guality.c -Os execution test
FAIL: gcc.dg/guality/inline-params.c -O0 execution test
FAIL: gcc.dg/guality/inline-params.c -O1 execution test
XPASS: gcc.dg/guality/pr41353-1.c -O0 line 28 j == 28 + 37
XPASS: gcc.dg/guality/pr41447-1.c -O0 execution test
XPASS: gcc.dg/guality/pr41447-1.c -O1 execution test
XPASS: gcc.dg/guality/pr41447-1.c -O2 execution test
XPASS: gcc.dg/guality/pr41447-1.c -Os execution test
XPASS: gcc.dg/guality/pr41616-1.c -O0 execution test
FAIL: gcc.dg/guality/vla-1.c -O0 line 17 sizeof (a) == 6
FAIL: gcc.dg/guality/vla-1.c -O0 line 24 sizeof (a) == 17 * sizeof (short)
FAIL: gcc.dg/guality/vla-1.c -O1 line 24 sizeof (a) == 17 * sizeof (short)
FAIL: gcc.dg/guality/vla-1.c -O2 line 24 sizeof (a) == 17 * sizeof (short)
FAIL: gcc.dg/guality/vla-1.c -O3 -fomit-frame-pointer line 24 sizeof (a) == 17 * sizeof (short)
FAIL: gcc.dg/guality/vla-1.c -O3 -g line 24 sizeof (a) == 17 * sizeof (short)
FAIL: gcc.dg/guality/vla-1.c -Os line 24 sizeof (a) == 17 * sizeof (short)
=== gcc Summary for unix/-m32 ===
# of expected passes 61373
# of unexpected failures 10
# of unexpected successes 14
# of expected failures 183
# of unsupported tests 1148
Running target unix/-m64
XPASS: gcc.dg/guality/example.c -O0 execution test
XPASS: gcc.dg/guality/example.c -O1 execution test
XPASS: gcc.dg/guality/example.c -O2 execution test
XPASS: gcc.dg/guality/guality.c -O0 execution test
XPASS: gcc.dg/guality/guality.c -O1 execution test
XPASS: gcc.dg/guality/guality.c -O2 execution test
XPASS: gcc.dg/guality/guality.c -O3 -fomit-frame-pointer execution test
XPASS: gcc.dg/guality/guality.c -O3 -g execution test
XPASS: gcc.dg/guality/guality.c -Os execution test
FAIL: gcc.dg/guality/inline-params.c -O0 execution test
FAIL: gcc.dg/guality/inline-params.c -O1 execution test
XPASS: gcc.dg/guality/pr41353-1.c -O0 line 28 j == 28 + 37
XPASS: gcc.dg/guality/pr41447-1.c -O0 execution test
XPASS: gcc.dg/guality/pr41616-1.c -O0 execution test
FAIL: gcc.dg/guality/vla-1.c -O0 line 17 sizeof (a) == 6
FAIL: gcc.dg/guality/vla-1.c -O0 line 24 sizeof (a) == 17 * sizeof (short)
FAIL: gcc.dg/guality/vla-1.c -O1 line 17 sizeof (a) == 6
FAIL: gcc.dg/guality/vla-1.c -O1 line 24 sizeof (a) == 17 * sizeof (short)
FAIL: gcc.dg/guality/vla-1.c -O2 line 24 sizeof (a) == 17 * sizeof (short)
FAIL: gcc.dg/guality/vla-1.c -O3 -fomit-frame-pointer line 24 sizeof (a) == 17 * sizeof (short)
FAIL: gcc.dg/guality/vla-1.c -O3 -g line 24 sizeof (a) == 17 * sizeof (short)
FAIL: gcc.dg/guality/vla-1.c -Os line 24 sizeof (a) == 17 * sizeof (short)
=== gcc Summary for unix/-m64 ===
# of expected passes 60901
# of unexpected failures 10
# of unexpected successes 12
# of expected failures 184
# of unsupported tests 1485
=== gcc Summary ===
# of expected passes 122274
# of unexpected failures 20
# of unexpected successes 26
# of expected failures 367
# of unsupported tests 2633
/home/guerby/build/gcc/xgcc version 4.5.2 20100818 (prerelease) [gcc-4_5-branch revision 163349] (GCC)
=== gfortran tests ===
Running target unix/-m32
FAIL: gfortran.dg/gomp/appendix-a/a.35.4.f90 -O (test for warnings, line 11)
FAIL: gfortran.dg/gomp/appendix-a/a.35.4.f90 -O (test for excess errors)
FAIL: gfortran.dg/gomp/appendix-a/a.35.6.f90 -O (test for warnings, line 9)
FAIL: gfortran.dg/gomp/appendix-a/a.35.6.f90 -O (test for excess errors)
=== gfortran Summary for unix/-m32 ===
# of expected passes 33956
# of unexpected failures 4
# of expected failures 20
# of unsupported tests 126
Running target unix/-m64
FAIL: gfortran.dg/gomp/appendix-a/a.35.4.f90 -O (test for warnings, line 11)
FAIL: gfortran.dg/gomp/appendix-a/a.35.4.f90 -O (test for excess errors)
FAIL: gfortran.dg/gomp/appendix-a/a.35.6.f90 -O (test for warnings, line 9)
FAIL: gfortran.dg/gomp/appendix-a/a.35.6.f90 -O (test for excess errors)
=== gfortran Summary for unix/-m64 ===
# of expected passes 34101
# of unexpected failures 4
# of expected failures 20
# of unsupported tests 58
=== gfortran Summary ===
# of expected passes 68057
# of unexpected failures 8
# of expected failures 40
# of unsupported tests 184
/home/guerby/build/gcc/testsuite/gfortran/../../gfortran version 4.5.2 20100818 (prerelease) [gcc-4_5-branch revision 163349] (GCC)
=== g++ tests ===
Running target unix/-m32
=== g++ Summary for unix/-m32 ===
# of expected passes 22349
# of expected failures 149
# of unsupported tests 117
Running target unix/-m64
=== g++ Summary for unix/-m64 ===
# of expected passes 22020
# of expected failures 149
# of unsupported tests 271
=== g++ Summary ===
# of expected passes 44369
# of expected failures 298
# of unsupported tests 388
/home/guerby/build/gcc/testsuite/g++/../../g++ version 4.5.2 20100818 (prerelease) [gcc-4_5-branch revision 163349] (GCC)
=== gnat tests ===
Running target unix/-m32
=== gnat Summary for unix/-m32 ===
# of expected passes 758
# of expected failures 7
# of unsupported tests 2
Running target unix/-m64
=== gnat Summary for unix/-m64 ===
# of expected passes 758
# of expected failures 7
# of unsupported tests 2
=== gnat Summary ===
# of expected passes 1516
# of expected failures 14
# of unsupported tests 4
=== libgomp tests ===
Running target unix/-m32
FAIL: libgomp.fortran/vla4.f90 -O0 (test for warnings, line 97)
FAIL: libgomp.fortran/vla4.f90 -O0 (test for excess errors)
FAIL: libgomp.fortran/vla4.f90 -O1 (test for warnings, line 97)
FAIL: libgomp.fortran/vla4.f90 -O1 (test for excess errors)
FAIL: libgomp.fortran/vla4.f90 -O2 (test for warnings, line 97)
FAIL: libgomp.fortran/vla4.f90 -O2 (test for excess errors)
FAIL: libgomp.fortran/vla4.f90 -O3 -fomit-frame-pointer (test for warnings, line 97)
FAIL: libgomp.fortran/vla4.f90 -O3 -fomit-frame-pointer (test for excess errors)
FAIL: libgomp.fortran/vla4.f90 -O3 -fomit-frame-pointer -funroll-loops (test for warnings, line 97)
FAIL: libgomp.fortran/vla4.f90 -O3 -fomit-frame-pointer -funroll-loops (test for excess errors)
FAIL: libgomp.fortran/vla4.f90 -O3 -fomit-frame-pointer -funroll-all-loops -finline-functions (test for warnings, line 97)
FAIL: libgomp.fortran/vla4.f90 -O3 -fomit-frame-pointer -funroll-all-loops -finline-functions (test for excess errors)
FAIL: libgomp.fortran/vla4.f90 -O3 -g (test for warnings, line 97)
FAIL: libgomp.fortran/vla4.f90 -O3 -g (test for excess errors)
FAIL: libgomp.fortran/vla4.f90 -Os (test for warnings, line 97)
FAIL: libgomp.fortran/vla4.f90 -Os (test for excess errors)
FAIL: libgomp.fortran/vla5.f90 -O0 (test for warnings, line 69)
FAIL: libgomp.fortran/vla5.f90 -O0 (test for excess errors)
FAIL: libgomp.fortran/vla5.f90 -O1 (test for warnings, line 69)
FAIL: libgomp.fortran/vla5.f90 -O1 (test for excess errors)
FAIL: libgomp.fortran/vla5.f90 -O2 (test for warnings, line 69)
FAIL: libgomp.fortran/vla5.f90 -O2 (test for excess errors)
FAIL: libgomp.fortran/vla5.f90 -O3 -fomit-frame-pointer (test for warnings, line 69)
FAIL: libgomp.fortran/vla5.f90 -O3 -fomit-frame-pointer (test for excess errors)
FAIL: libgomp.fortran/vla5.f90 -O3 -fomit-frame-pointer -funroll-loops (test for warnings, line 69)
FAIL: libgomp.fortran/vla5.f90 -O3 -fomit-frame-pointer -funroll-loops (test for excess errors)
FAIL: libgomp.fortran/vla5.f90 -O3 -fomit-frame-pointer -funroll-all-loops -finline-functions (test for warnings, line 69)
FAIL: libgomp.fortran/vla5.f90 -O3 -fomit-frame-pointer -funroll-all-loops -finline-functions (test for excess errors)
FAIL: libgomp.fortran/vla5.f90 -O3 -g (test for warnings, line 69)
FAIL: libgomp.fortran/vla5.f90 -O3 -g (test for excess errors)
FAIL: libgomp.fortran/vla5.f90 -Os (test for warnings, line 69)
FAIL: libgomp.fortran/vla5.f90 -Os (test for excess errors)
=== libgomp Summary for unix/-m32 ===
# of expected passes 2462
# of unexpected failures 32
Running target unix/-m64
FAIL: libgomp.fortran/vla4.f90 -O0 (test for warnings, line 97)
FAIL: libgomp.fortran/vla4.f90 -O0 (test for excess errors)
FAIL: libgomp.fortran/vla4.f90 -O1 (test for warnings, line 97)
FAIL: libgomp.fortran/vla4.f90 -O1 (test for excess errors)
FAIL: libgomp.fortran/vla4.f90 -O2 (test for warnings, line 97)
FAIL: libgomp.fortran/vla4.f90 -O2 (test for excess errors)
FAIL: libgomp.fortran/vla4.f90 -O3 -fomit-frame-pointer (test for warnings, line 97)
FAIL: libgomp.fortran/vla4.f90 -O3 -fomit-frame-pointer (test for excess errors)
FAIL: libgomp.fortran/vla4.f90 -O3 -fomit-frame-pointer -funroll-loops (test for warnings, line 97)
FAIL: libgomp.fortran/vla4.f90 -O3 -fomit-frame-pointer -funroll-loops (test for excess errors)
FAIL: libgomp.fortran/vla4.f90 -O3 -fomit-frame-pointer -funroll-all-loops -finline-functions (test for warnings, line 97)
FAIL: libgomp.fortran/vla4.f90 -O3 -fomit-frame-pointer -funroll-all-loops -finline-functions (test for excess errors)
FAIL: libgomp.fortran/vla4.f90 -O3 -g (test for warnings, line 97)
FAIL: libgomp.fortran/vla4.f90 -O3 -g (test for excess errors)
FAIL: libgomp.fortran/vla4.f90 -Os (test for warnings, line 97)
FAIL: libgomp.fortran/vla4.f90 -Os (test for excess errors)
FAIL: libgomp.fortran/vla5.f90 -O0 (test for warnings, line 69)
FAIL: libgomp.fortran/vla5.f90 -O0 (test for excess errors)
FAIL: libgomp.fortran/vla5.f90 -O1 (test for warnings, line 69)
FAIL: libgomp.fortran/vla5.f90 -O1 (test for excess errors)
FAIL: libgomp.fortran/vla5.f90 -O2 (test for warnings, line 69)
FAIL: libgomp.fortran/vla5.f90 -O2 (test for excess errors)
FAIL: libgomp.fortran/vla5.f90 -O3 -fomit-frame-pointer (test for warnings, line 69)
FAIL: libgomp.fortran/vla5.f90 -O3 -fomit-frame-pointer (test for excess errors)
FAIL: libgomp.fortran/vla5.f90 -O3 -fomit-frame-pointer -funroll-loops (test for warnings, line 69)
FAIL: libgomp.fortran/vla5.f90 -O3 -fomit-frame-pointer -funroll-loops (test for excess errors)
FAIL: libgomp.fortran/vla5.f90 -O3 -fomit-frame-pointer -funroll-all-loops -finline-functions (test for warnings, line 69)
FAIL: libgomp.fortran/vla5.f90 -O3 -fomit-frame-pointer -funroll-all-loops -finline-functions (test for excess errors)
FAIL: libgomp.fortran/vla5.f90 -O3 -g (test for warnings, line 69)
FAIL: libgomp.fortran/vla5.f90 -O3 -g (test for excess errors)
FAIL: libgomp.fortran/vla5.f90 -Os (test for warnings, line 69)
FAIL: libgomp.fortran/vla5.f90 -Os (test for excess errors)
=== libgomp Summary for unix/-m64 ===
# of expected passes 2462
# of unexpected failures 32
=== libgomp Summary ===
# of expected passes 4924
# of unexpected failures 64
=== libmudflap tests ===
Running target unix/-m32
FAIL: libmudflap.c/pass46-frag.c (-O2) (test for excess errors)
FAIL: libmudflap.c/pass46-frag.c (-O2) (test for excess errors)
FAIL: libmudflap.c/fail31-frag.c (-O3) output pattern test
FAIL: libmudflap.c/pass45-frag.c (-O3) execution test
FAIL: libmudflap.c/pass45-frag.c (-O3) output pattern test
FAIL: libmudflap.c/pass45-frag.c (-O3) execution test
FAIL: libmudflap.c/pass45-frag.c (-O3) output pattern test
FAIL: libmudflap.c/pass46-frag.c (-O3) (test for excess errors)
FAIL: libmudflap.c/pass46-frag.c (-O3) (test for excess errors)
FAIL: libmudflap.c++/pass41-frag.cxx execution test
FAIL: libmudflap.c++/pass41-frag.cxx (-static) execution test
FAIL: libmudflap.c++/pass41-frag.cxx ( -O) execution test
FAIL: libmudflap.c++/pass41-frag.cxx (-O2) execution test
FAIL: libmudflap.c++/pass41-frag.cxx (-O3) execution test
=== libmudflap Summary for unix/-m32 ===
# of expected passes 1880
# of unexpected failures 14
Running target unix/-m64
FAIL: libmudflap.c/pass46-frag.c (-O2) (test for excess errors)
FAIL: libmudflap.c/pass46-frag.c (-O2) (test for excess errors)
FAIL: libmudflap.c/fail31-frag.c (-O3) output pattern test
FAIL: libmudflap.c/pass45-frag.c (-O3) execution test
FAIL: libmudflap.c/pass45-frag.c (-O3) output pattern test
FAIL: libmudflap.c/pass45-frag.c (-O3) execution test
FAIL: libmudflap.c/pass45-frag.c (-O3) output pattern test
FAIL: libmudflap.c/pass46-frag.c (-O3) (test for excess errors)
FAIL: libmudflap.c/pass46-frag.c (-O3) (test for excess errors)
FAIL: libmudflap.c++/pass41-frag.cxx execution test
FAIL: libmudflap.c++/pass41-frag.cxx (-static) execution test
FAIL: libmudflap.c++/pass41-frag.cxx ( -O) execution test
FAIL: libmudflap.c++/pass41-frag.cxx (-O2) execution test
FAIL: libmudflap.c++/pass41-frag.cxx (-O3) execution test
=== libmudflap Summary for unix/-m64 ===
# of expected passes 1880
# of unexpected failures 14
=== libmudflap Summary ===
# of expected passes 3760
# of unexpected failures 28
=== libstdc++ tests ===
Running target unix/-m32
=== libstdc++ Summary for unix/-m32 ===
# of expected passes 7060
# of expected failures 95
# of unsupported tests 341
Running target unix/-m64
=== libstdc++ Summary for unix/-m64 ===
# of expected passes 7060
# of expected failures 95
# of unsupported tests 341
=== libstdc++ Summary ===
# of expected passes 14120
# of expected failures 190
# of unsupported tests 682
Compiler version: 4.5.2 20100818 (prerelease) [gcc-4_5-branch revision 163349] (GCC)
Platform: x86_64-unknown-linux-gnu
configure flags: --prefix=/n/15/guerby/install-gcc-4_5-branch --enable-languages=c,c++,fortran,ada --enable-__cxa_atexit --disable-nls --enable-threads=posix --with-mpfr=/opt/cfarm/mpfr-2.4.1 --with-gmp=/opt/cfarm/gmp-4.2.4 --with-mpc=/opt/cfarm/mpc-0.8