This is the mail archive of the
gcc-testresults@gcc.gnu.org
mailing list for the GCC project.
Results for 4.6.0 20100811 (experimental) [trunk revision 163178] (GCC) testsuite on armv7l-unknown-linux-gnueabi
- From: Robert Nelson <robertcnelson at gmail dot com>
- To: gcc-testresults at gcc dot gnu dot org
- Date: Thu, 12 Aug 2010 13:56:46 -0500
- Subject: Results for 4.6.0 20100811 (experimental) [trunk revision 163178] (GCC) testsuite on armv7l-unknown-linux-gnueabi
LAST_UPDATED: Thu Aug 12 00:09:55 UTC 2010 (revision 163178)
Native configuration is armv7l-unknown-linux-gnueabi
=== libgomp tests ===
Running target unix
=== libgomp Summary ===
# of expected passes 266
=== libmudflap tests ===
Running target unix
FAIL: libmudflap.c/pass49-frag.c execution test
FAIL: libmudflap.c/pass49-frag.c output pattern test
FAIL: libmudflap.c/pass49-frag.c execution test
FAIL: libmudflap.c/pass49-frag.c output pattern test
FAIL: libmudflap.c/pass49-frag.c (-static) execution test
FAIL: libmudflap.c/pass49-frag.c (-static) output pattern test
FAIL: libmudflap.c/pass49-frag.c (-static) execution test
FAIL: libmudflap.c/pass49-frag.c (-static) output pattern test
FAIL: libmudflap.c/pass49-frag.c (-O2) execution test
FAIL: libmudflap.c/pass49-frag.c (-O2) output pattern test
FAIL: libmudflap.c/pass49-frag.c (-O2) execution test
FAIL: libmudflap.c/pass49-frag.c (-O2) output pattern test
FAIL: libmudflap.c/pass49-frag.c (-O3) execution test
FAIL: libmudflap.c/pass49-frag.c (-O3) output pattern test
FAIL: libmudflap.c/pass49-frag.c (-O3) execution test
FAIL: libmudflap.c/pass49-frag.c (-O3) output pattern test
=== libmudflap Summary ===
# of expected passes 1724
# of unexpected failures 16
# of unsupported tests 2
=== gcc tests ===
Running target unix
FAIL: gcc.dg/c99-stdint-1.c (test for excess errors)
FAIL: gcc.dg/c99-stdint-7.c (test for excess errors)
FAIL: gcc.dg/cproj-fails-with-broken-glibc.c execution test
FAIL: gcc.dg/pr17957.c (internal compiler error)
FAIL: gcc.dg/pr17957.c (test for excess errors)
FAIL: gcc.dg/uninit-13.c unconditional (test for warnings, line 8)
FAIL: gcc.dg/uninit-13.c (test for excess errors)
FAIL: gcc.dg/torture/fp-int-convert-double.c -O1 execution test
FAIL: gcc.dg/torture/fp-int-convert-double.c -Os execution test
FAIL: gcc.dg/torture/fp-int-convert-long-double.c -O1 execution test
FAIL: gcc.dg/torture/fp-int-convert-long-double.c -Os execution test
FAIL: gcc.dg/torture/fp-int-convert-timode.c -O1 execution test
XPASS: gcc.dg/tree-ssa/20031106-3.c scan-tree-dump-times optimized "link_error" 0
XPASS: gcc.dg/tree-ssa/20040204-1.c scan-tree-dump-times optimized "link_error" 0
XPASS: gcc.dg/tree-ssa/fre-vce-1.c scan-tree-dump-times fre "sv.i" 2
FAIL: gcc.dg/tree-ssa/pr42585.c scan-tree-dump-times optimized "struct _fat_ptr _ans" 0
FAIL: gcc.dg/tree-ssa/pr42585.c scan-tree-dump-times optimized "struct _fat_ptr _T2" 0
XPASS: gcc.dg/vect/pr33804.c scan-tree-dump-times vect "vectorized 1 loops" 1
XPASS: gcc.dg/vect/pr33804.c scan-tree-dump-times vect "vectorizing stmts using SLP" 1
XPASS: gcc.dg/vect/pr33953.c scan-tree-dump-times vect "vectorized 1 loops" 1
XPASS: gcc.dg/vect/pr33953.c scan-tree-dump-times vect "vectorizing stmts using SLP" 1
FAIL: gcc.dg/vect/pr43430-1.c scan-tree-dump-times vect "vectorized 1 loops" 1
XPASS: gcc.dg/vect/vect-16.c scan-tree-dump-times vect "vectorized 1 loops" 1
FAIL: gcc.dg/vect/vect-35.c scan-tree-dump-times vect "vectorized 2 loops" 1
XPASS: gcc.dg/vect/vect-peel-1.c scan-tree-dump-times vect "vectorized 1 loops" 2
XPASS: gcc.dg/vect/vect-peel-1.c scan-tree-dump-times vect "Alignment of access forced using peeling" 1
XPASS: gcc.dg/vect/vect-peel-2.c scan-tree-dump-times vect "vectorized 1 loops" 2
FAIL: gcc.dg/vect/vect-peel-3.c scan-tree-dump-times vect "Vectorizing an unaligned access" 1
FAIL: gcc.dg/vect/vect-peel-4.c scan-tree-dump-times vect "Vectorizing an unaligned access" 1
XPASS: gcc.dg/vect/vect-vfa-slp.c scan-tree-dump-times vect "vectorized 1 loops" 1
XPASS: gcc.dg/vect/slp-23.c scan-tree-dump-times vect "vectorizing stmts using SLP" 1
XPASS: gcc.dg/vect/slp-24.c scan-tree-dump-times vect "vectorized 1 loops" 1
XPASS: gcc.dg/vect/slp-24.c scan-tree-dump-times vect "vectorizing stmts using SLP" 2
XPASS: gcc.dg/vect/slp-35.c scan-tree-dump-times vect "vectorized 1 loops" 1
XPASS: gcc.dg/vect/slp-35.c scan-tree-dump-times vect "vectorizing stmts using SLP" 1
FAIL: gcc.dg/vect/slp-reduc-3.c scan-tree-dump-times vect "vectorizing stmts using SLP" 1
FAIL: gcc.dg/vect/slp-reduc-6.c scan-tree-dump-times vect "vectorized 1 loops" 2
XPASS: gcc.dg/vect/no-tree-pre-slp-29.c scan-tree-dump-times vect "vectorized 1 loops" 2
XPASS: gcc.dg/vect/no-tree-pre-slp-29.c scan-tree-dump-times vect "vectorizing stmts using SLP" 2
=== gcc Summary ===
# of expected passes 60450
# of unexpected failures 20
# of unexpected successes 19
# of expected failures 224
# of unsupported tests 669
/var/builds/opt/trunk/objdir/gcc/xgcc version 4.6.0 20100811 (experimental) [trunk revision 163178] (GCC)
Compiler version: 4.6.0 20100811 (experimental) [trunk revision 163178] (GCC)
Platform: armv7l-unknown-linux-gnueabi
configure flags: --prefix=/opt/install-gcc-trunk --enable-languages=c --with-cpu=cortex-a8 --with-fpu=neon --with-float=softfp --disable-werror
Build Logs: http://rcn-ee.homeip.net:81/dl/gcc/