This is the mail archive of the
gcc-testresults@gcc.gnu.org
mailing list for the GCC project.
Results for 4.6.0 20100809 (experimental) (GCC) testsuite on s390x-ibm-linux-gnu
- From: Andreas Krebbel <Andreas dot Krebbel at de dot ibm dot com>
- To: gcc-testresults at gcc dot gnu dot org
- Date: Mon, 9 Aug 2010 15:12:45 +0200
- Subject: Results for 4.6.0 20100809 (experimental) (GCC) testsuite on s390x-ibm-linux-gnu
LAST_UPDATED: Mon Aug 9 06:23:31 UTC 2010 (revision 163026M)
Native configuration is s390x-ibm-linux-gnu
=== g++ tests ===
Running target unix
FAIL: g++.dg/debug/nullptr01.C -gdwarf-2 -g1 (internal compiler error)
FAIL: g++.dg/debug/nullptr01.C -gdwarf-2 -g1 (test for excess errors)
ERROR: g++.dg/debug/nullptr01.C: error executing dg-final: couldn't open "nullptr01.s": no such file or directory
UNRESOLVED: g++.dg/debug/nullptr01.C: error executing dg-final: couldn't open "nullptr01.s": no such file or directory
FAIL: g++.dg/debug/nullptr01.C -gdwarf-2 -g1 -O2 (internal compiler error)
FAIL: g++.dg/debug/nullptr01.C -gdwarf-2 -g1 -O2 (test for excess errors)
ERROR: g++.dg/debug/nullptr01.C: error executing dg-final: couldn't open "nullptr01.s": no such file or directory
UNRESOLVED: g++.dg/debug/nullptr01.C: error executing dg-final: couldn't open "nullptr01.s": no such file or directory
FAIL: g++.dg/debug/nullptr01.C -gdwarf-2 -g1 -O3 (internal compiler error)
FAIL: g++.dg/debug/nullptr01.C -gdwarf-2 -g1 -O3 (test for excess errors)
ERROR: g++.dg/debug/nullptr01.C: error executing dg-final: couldn't open "nullptr01.s": no such file or directory
UNRESOLVED: g++.dg/debug/nullptr01.C: error executing dg-final: couldn't open "nullptr01.s": no such file or directory
FAIL: g++.dg/debug/nullptr01.C -gdwarf-2 (internal compiler error)
FAIL: g++.dg/debug/nullptr01.C -gdwarf-2 (test for excess errors)
ERROR: g++.dg/debug/nullptr01.C: error executing dg-final: couldn't open "nullptr01.s": no such file or directory
UNRESOLVED: g++.dg/debug/nullptr01.C: error executing dg-final: couldn't open "nullptr01.s": no such file or directory
FAIL: g++.dg/debug/nullptr01.C -gdwarf-2 -O2 (internal compiler error)
FAIL: g++.dg/debug/nullptr01.C -gdwarf-2 -O2 (test for excess errors)
ERROR: g++.dg/debug/nullptr01.C: error executing dg-final: couldn't open "nullptr01.s": no such file or directory
UNRESOLVED: g++.dg/debug/nullptr01.C: error executing dg-final: couldn't open "nullptr01.s": no such file or directory
FAIL: g++.dg/debug/nullptr01.C -gdwarf-2 -O3 (internal compiler error)
FAIL: g++.dg/debug/nullptr01.C -gdwarf-2 -O3 (test for excess errors)
ERROR: g++.dg/debug/nullptr01.C: error executing dg-final: couldn't open "nullptr01.s": no such file or directory
UNRESOLVED: g++.dg/debug/nullptr01.C: error executing dg-final: couldn't open "nullptr01.s": no such file or directory
FAIL: g++.dg/debug/nullptr01.C -gdwarf-2 -g3 (internal compiler error)
FAIL: g++.dg/debug/nullptr01.C -gdwarf-2 -g3 (test for excess errors)
ERROR: g++.dg/debug/nullptr01.C: error executing dg-final: couldn't open "nullptr01.s": no such file or directory
UNRESOLVED: g++.dg/debug/nullptr01.C: error executing dg-final: couldn't open "nullptr01.s": no such file or directory
FAIL: g++.dg/debug/nullptr01.C -gdwarf-2 -g3 -O2 (internal compiler error)
FAIL: g++.dg/debug/nullptr01.C -gdwarf-2 -g3 -O2 (test for excess errors)
ERROR: g++.dg/debug/nullptr01.C: error executing dg-final: couldn't open "nullptr01.s": no such file or directory
UNRESOLVED: g++.dg/debug/nullptr01.C: error executing dg-final: couldn't open "nullptr01.s": no such file or directory
FAIL: g++.dg/debug/nullptr01.C -gdwarf-2 -g3 -O3 (internal compiler error)
FAIL: g++.dg/debug/nullptr01.C -gdwarf-2 -g3 -O3 (test for excess errors)
ERROR: g++.dg/debug/nullptr01.C: error executing dg-final: couldn't open "nullptr01.s": no such file or directory
UNRESOLVED: g++.dg/debug/nullptr01.C: error executing dg-final: couldn't open "nullptr01.s": no such file or directory
FAIL: g++.dg/debug/nullptr01.C -gstabs1 (internal compiler error)
FAIL: g++.dg/debug/nullptr01.C -gstabs1 (test for excess errors)
ERROR: g++.dg/debug/nullptr01.C: error executing dg-final: couldn't open "nullptr01.s": no such file or directory
UNRESOLVED: g++.dg/debug/nullptr01.C: error executing dg-final: couldn't open "nullptr01.s": no such file or directory
FAIL: g++.dg/debug/nullptr01.C -gstabs1 -O2 (internal compiler error)
FAIL: g++.dg/debug/nullptr01.C -gstabs1 -O2 (test for excess errors)
ERROR: g++.dg/debug/nullptr01.C: error executing dg-final: couldn't open "nullptr01.s": no such file or directory
UNRESOLVED: g++.dg/debug/nullptr01.C: error executing dg-final: couldn't open "nullptr01.s": no such file or directory
FAIL: g++.dg/debug/nullptr01.C -gstabs1 -O3 (internal compiler error)
FAIL: g++.dg/debug/nullptr01.C -gstabs1 -O3 (test for excess errors)
ERROR: g++.dg/debug/nullptr01.C: error executing dg-final: couldn't open "nullptr01.s": no such file or directory
UNRESOLVED: g++.dg/debug/nullptr01.C: error executing dg-final: couldn't open "nullptr01.s": no such file or directory
FAIL: g++.dg/debug/nullptr01.C -gstabs (internal compiler error)
FAIL: g++.dg/debug/nullptr01.C -gstabs (test for excess errors)
ERROR: g++.dg/debug/nullptr01.C: error executing dg-final: couldn't open "nullptr01.s": no such file or directory
UNRESOLVED: g++.dg/debug/nullptr01.C: error executing dg-final: couldn't open "nullptr01.s": no such file or directory
FAIL: g++.dg/debug/nullptr01.C -gstabs -O2 (internal compiler error)
FAIL: g++.dg/debug/nullptr01.C -gstabs -O2 (test for excess errors)
ERROR: g++.dg/debug/nullptr01.C: error executing dg-final: couldn't open "nullptr01.s": no such file or directory
UNRESOLVED: g++.dg/debug/nullptr01.C: error executing dg-final: couldn't open "nullptr01.s": no such file or directory
FAIL: g++.dg/debug/nullptr01.C -gstabs -O3 (internal compiler error)
FAIL: g++.dg/debug/nullptr01.C -gstabs -O3 (test for excess errors)
ERROR: g++.dg/debug/nullptr01.C: error executing dg-final: couldn't open "nullptr01.s": no such file or directory
UNRESOLVED: g++.dg/debug/nullptr01.C: error executing dg-final: couldn't open "nullptr01.s": no such file or directory
FAIL: g++.dg/debug/nullptr01.C -gstabs3 (internal compiler error)
FAIL: g++.dg/debug/nullptr01.C -gstabs3 (test for excess errors)
ERROR: g++.dg/debug/nullptr01.C: error executing dg-final: couldn't open "nullptr01.s": no such file or directory
UNRESOLVED: g++.dg/debug/nullptr01.C: error executing dg-final: couldn't open "nullptr01.s": no such file or directory
FAIL: g++.dg/debug/nullptr01.C -gstabs3 -O2 (internal compiler error)
FAIL: g++.dg/debug/nullptr01.C -gstabs3 -O2 (test for excess errors)
ERROR: g++.dg/debug/nullptr01.C: error executing dg-final: couldn't open "nullptr01.s": no such file or directory
UNRESOLVED: g++.dg/debug/nullptr01.C: error executing dg-final: couldn't open "nullptr01.s": no such file or directory
FAIL: g++.dg/debug/nullptr01.C -gstabs3 -O3 (internal compiler error)
FAIL: g++.dg/debug/nullptr01.C -gstabs3 -O3 (test for excess errors)
ERROR: g++.dg/debug/nullptr01.C: error executing dg-final: couldn't open "nullptr01.s": no such file or directory
UNRESOLVED: g++.dg/debug/nullptr01.C: error executing dg-final: couldn't open "nullptr01.s": no such file or directory
FAIL: g++.dg/debug/nullptr01.C -gstabs+1 (internal compiler error)
FAIL: g++.dg/debug/nullptr01.C -gstabs+1 (test for excess errors)
ERROR: g++.dg/debug/nullptr01.C: error executing dg-final: couldn't open "nullptr01.s": no such file or directory
UNRESOLVED: g++.dg/debug/nullptr01.C: error executing dg-final: couldn't open "nullptr01.s": no such file or directory
FAIL: g++.dg/debug/nullptr01.C -gstabs+1 -O2 (internal compiler error)
FAIL: g++.dg/debug/nullptr01.C -gstabs+1 -O2 (test for excess errors)
ERROR: g++.dg/debug/nullptr01.C: error executing dg-final: couldn't open "nullptr01.s": no such file or directory
UNRESOLVED: g++.dg/debug/nullptr01.C: error executing dg-final: couldn't open "nullptr01.s": no such file or directory
FAIL: g++.dg/debug/nullptr01.C -gstabs+1 -O3 (internal compiler error)
FAIL: g++.dg/debug/nullptr01.C -gstabs+1 -O3 (test for excess errors)
ERROR: g++.dg/debug/nullptr01.C: error executing dg-final: couldn't open "nullptr01.s": no such file or directory
UNRESOLVED: g++.dg/debug/nullptr01.C: error executing dg-final: couldn't open "nullptr01.s": no such file or directory
FAIL: g++.dg/debug/nullptr01.C -gstabs+ (internal compiler error)
FAIL: g++.dg/debug/nullptr01.C -gstabs+ (test for excess errors)
ERROR: g++.dg/debug/nullptr01.C: error executing dg-final: couldn't open "nullptr01.s": no such file or directory
UNRESOLVED: g++.dg/debug/nullptr01.C: error executing dg-final: couldn't open "nullptr01.s": no such file or directory
FAIL: g++.dg/debug/nullptr01.C -gstabs+ -O2 (internal compiler error)
FAIL: g++.dg/debug/nullptr01.C -gstabs+ -O2 (test for excess errors)
ERROR: g++.dg/debug/nullptr01.C: error executing dg-final: couldn't open "nullptr01.s": no such file or directory
UNRESOLVED: g++.dg/debug/nullptr01.C: error executing dg-final: couldn't open "nullptr01.s": no such file or directory
FAIL: g++.dg/debug/nullptr01.C -gstabs+ -O3 (internal compiler error)
FAIL: g++.dg/debug/nullptr01.C -gstabs+ -O3 (test for excess errors)
ERROR: g++.dg/debug/nullptr01.C: error executing dg-final: couldn't open "nullptr01.s": no such file or directory
UNRESOLVED: g++.dg/debug/nullptr01.C: error executing dg-final: couldn't open "nullptr01.s": no such file or directory
FAIL: g++.dg/debug/nullptr01.C -gstabs+3 (internal compiler error)
FAIL: g++.dg/debug/nullptr01.C -gstabs+3 (test for excess errors)
ERROR: g++.dg/debug/nullptr01.C: error executing dg-final: couldn't open "nullptr01.s": no such file or directory
UNRESOLVED: g++.dg/debug/nullptr01.C: error executing dg-final: couldn't open "nullptr01.s": no such file or directory
FAIL: g++.dg/debug/nullptr01.C -gstabs+3 -O2 (internal compiler error)
FAIL: g++.dg/debug/nullptr01.C -gstabs+3 -O2 (test for excess errors)
ERROR: g++.dg/debug/nullptr01.C: error executing dg-final: couldn't open "nullptr01.s": no such file or directory
UNRESOLVED: g++.dg/debug/nullptr01.C: error executing dg-final: couldn't open "nullptr01.s": no such file or directory
FAIL: g++.dg/debug/nullptr01.C -gstabs+3 -O3 (internal compiler error)
FAIL: g++.dg/debug/nullptr01.C -gstabs+3 -O3 (test for excess errors)
ERROR: g++.dg/debug/nullptr01.C: error executing dg-final: couldn't open "nullptr01.s": no such file or directory
UNRESOLVED: g++.dg/debug/nullptr01.C: error executing dg-final: couldn't open "nullptr01.s": no such file or directory
FAIL: g++.dg/cpp0x/nullptr16.C (internal compiler error)
FAIL: g++.dg/cpp0x/nullptr16.C (test for excess errors)
FAIL: g++.dg/guality/redeclaration1.C -O0 line 16 i == 24
FAIL: g++.dg/guality/redeclaration1.C -O1 line 16 i == 24
FAIL: g++.dg/guality/redeclaration1.C -O2 line 16 i == 24
FAIL: g++.dg/guality/redeclaration1.C -O3 -fomit-frame-pointer line 16 i == 24
FAIL: g++.dg/guality/redeclaration1.C -O3 -g line 16 i == 24
FAIL: g++.dg/guality/redeclaration1.C -Os line 16 i == 24
FAIL: g++.dg/guality/redeclaration1.C -O2 -flto line 16 i == 24
FAIL: g++.dg/guality/redeclaration1.C -O2 -fwhopr line 16 i == 24
=== g++ Summary ===
# of expected passes 24197
# of unexpected failures 64
# of expected failures 149
# of unresolved testcases 27
# of unsupported tests 208
/31bit/build-extralong/BUILD/gcc/obj-s390x-redhat-linux/gcc/testsuite/g++/../../g++ version 4.6.0 20100809 (experimental) (GCC)
=== gcc tests ===
Running target unix
FAIL: gcc.dg/cproj-fails-with-broken-glibc.c execution test
FAIL: gcc.dg/march.c (test for excess errors)
FAIL: gcc.dg/uninit-13.c unconditional (test for warnings, line 8)
FAIL: gcc.dg/uninit-13.c (test for excess errors)
FAIL: gcc.dg/uninit-pred-7_a.c bogus warning (test for bogus messages, line 26)
FAIL: gcc.dg/uninit-pred-8_a.c bogus warning (test for bogus messages, line 26)
FAIL: gcc.dg/guality/asm-1.c -O0 (test for excess errors)
WARNING: gcc.dg/guality/asm-1.c -O0 compilation failed to produce executable
FAIL: gcc.dg/guality/asm-1.c -O1 (test for excess errors)
WARNING: gcc.dg/guality/asm-1.c -O1 compilation failed to produce executable
FAIL: gcc.dg/guality/asm-1.c -O2 (test for excess errors)
WARNING: gcc.dg/guality/asm-1.c -O2 compilation failed to produce executable
FAIL: gcc.dg/guality/asm-1.c -O3 -fomit-frame-pointer (test for excess errors)
WARNING: gcc.dg/guality/asm-1.c -O3 -fomit-frame-pointer compilation failed to produce executable
FAIL: gcc.dg/guality/asm-1.c -O3 -g (test for excess errors)
WARNING: gcc.dg/guality/asm-1.c -O3 -g compilation failed to produce executable
FAIL: gcc.dg/guality/asm-1.c -Os (test for excess errors)
WARNING: gcc.dg/guality/asm-1.c -Os compilation failed to produce executable
FAIL: gcc.dg/guality/asm-1.c -O2 -flto (test for excess errors)
WARNING: gcc.dg/guality/asm-1.c -O2 -flto compilation failed to produce executable
FAIL: gcc.dg/guality/asm-1.c -O2 -fwhopr (test for excess errors)
WARNING: gcc.dg/guality/asm-1.c -O2 -fwhopr compilation failed to produce executable
XPASS: gcc.dg/guality/example.c -O0 execution test
XPASS: gcc.dg/guality/guality.c -O0 execution test
FAIL: gcc.dg/guality/inline-params.c -O0 execution test
FAIL: gcc.dg/guality/inline-params.c -O1 execution test
FAIL: gcc.dg/guality/nrv-1.c -O2 line 20 a2.i[0] == 42
FAIL: gcc.dg/guality/nrv-1.c -Os line 20 a2.i[0] == 42
FAIL: gcc.dg/guality/nrv-1.c -O2 -flto line 20 a2.i[0] == 42
FAIL: gcc.dg/guality/nrv-1.c -O2 -fwhopr line 20 a2.i[0] == 42
FAIL: gcc.dg/guality/pr36728-1.c -O1 line 12 arg1 == 1
FAIL: gcc.dg/guality/pr36728-1.c -O1 line 14 arg1 == 1
FAIL: gcc.dg/guality/pr36728-1.c -Os line 12 arg1 == 1
FAIL: gcc.dg/guality/pr36728-1.c -Os line 14 arg1 == 1
XPASS: gcc.dg/guality/pr41353-1.c -O0 line 28 j == 28 + 37
FAIL: gcc.dg/guality/pr41353-1.c -O1 line 28 i == 37
XPASS: gcc.dg/guality/pr41353-1.c -O1 line 28 j == 28 + 37
FAIL: gcc.dg/guality/pr41353-1.c -O1 line 28 i1 == 2 * 37
FAIL: gcc.dg/guality/pr41353-1.c -O1 line 28 i2 == 3 * 37
FAIL: gcc.dg/guality/pr41353-1.c -O2 line 28 i == 37
XPASS: gcc.dg/guality/pr41353-1.c -O2 line 28 j == 28 + 37
FAIL: gcc.dg/guality/pr41353-1.c -O2 line 28 i1 == 2 * 37
FAIL: gcc.dg/guality/pr41353-1.c -O2 line 28 i2 == 3 * 37
FAIL: gcc.dg/guality/pr41353-1.c -O3 -fomit-frame-pointer line 28 i == 37
XPASS: gcc.dg/guality/pr41353-1.c -O3 -fomit-frame-pointer line 28 j == 28 + 37
FAIL: gcc.dg/guality/pr41353-1.c -O3 -fomit-frame-pointer line 28 i1 == 2 * 37
FAIL: gcc.dg/guality/pr41353-1.c -O3 -fomit-frame-pointer line 28 i2 == 3 * 37
FAIL: gcc.dg/guality/pr41353-1.c -O3 -g line 28 i == 37
XPASS: gcc.dg/guality/pr41353-1.c -O3 -g line 28 j == 28 + 37
FAIL: gcc.dg/guality/pr41353-1.c -O3 -g line 28 i1 == 2 * 37
FAIL: gcc.dg/guality/pr41353-1.c -O3 -g line 28 i2 == 3 * 37
FAIL: gcc.dg/guality/pr41353-1.c -Os line 28 i == 37
XPASS: gcc.dg/guality/pr41353-1.c -Os line 28 j == 28 + 37
FAIL: gcc.dg/guality/pr41353-1.c -Os line 28 i1 == 2 * 37
FAIL: gcc.dg/guality/pr41353-1.c -Os line 28 i2 == 3 * 37
FAIL: gcc.dg/guality/pr41353-1.c -O2 -flto line 28 i == 37
FAIL: gcc.dg/guality/pr41353-1.c -O2 -fwhopr line 28 i == 37
XPASS: gcc.dg/guality/pr41447-1.c -O0 execution test
XPASS: gcc.dg/guality/pr41447-1.c -O1 execution test
XPASS: gcc.dg/guality/pr41447-1.c -O2 execution test
XPASS: gcc.dg/guality/pr41447-1.c -O3 -fomit-frame-pointer execution test
XPASS: gcc.dg/guality/pr41447-1.c -O3 -g execution test
XPASS: gcc.dg/guality/pr41447-1.c -Os execution test
XPASS: gcc.dg/guality/pr41447-1.c -O2 -flto execution test
XPASS: gcc.dg/guality/pr41447-1.c -O2 -fwhopr execution test
XPASS: gcc.dg/guality/pr41616-1.c -O0 execution test
FAIL: gcc.dg/guality/pr43051-1.c -O1 line 35 v == 1
FAIL: gcc.dg/guality/pr43051-1.c -O1 line 40 v == 1
FAIL: gcc.dg/guality/pr43051-1.c -O2 line 35 v == 1
FAIL: gcc.dg/guality/pr43051-1.c -O2 line 40 v == 1
FAIL: gcc.dg/guality/pr43051-1.c -O3 -fomit-frame-pointer line 35 v == 1
FAIL: gcc.dg/guality/pr43051-1.c -O3 -fomit-frame-pointer line 40 v == 1
FAIL: gcc.dg/guality/pr43051-1.c -O3 -fomit-frame-pointer -funroll-loops line 35 v == 1
FAIL: gcc.dg/guality/pr43051-1.c -O3 -fomit-frame-pointer -funroll-loops line 40 v == 1
FAIL: gcc.dg/guality/pr43051-1.c -O3 -fomit-frame-pointer -funroll-all-loops -finline-functions line 35 v == 1
FAIL: gcc.dg/guality/pr43051-1.c -O3 -fomit-frame-pointer -funroll-all-loops -finline-functions line 40 v == 1
FAIL: gcc.dg/guality/pr43051-1.c -O3 -g line 35 v == 1
FAIL: gcc.dg/guality/pr43051-1.c -O3 -g line 40 v == 1
FAIL: gcc.dg/guality/pr43051-1.c -Os line 35 v == 1
FAIL: gcc.dg/guality/pr43051-1.c -Os line 40 v == 1
FAIL: gcc.dg/guality/pr43051-1.c -O2 -flto line 35 v == 1
FAIL: gcc.dg/guality/pr43051-1.c -O2 -flto line 40 v == 1
FAIL: gcc.dg/guality/pr43051-1.c -O2 -fwhopr line 35 v == 1
FAIL: gcc.dg/guality/pr43051-1.c -O2 -fwhopr line 40 v == 1
FAIL: gcc.dg/guality/pr43077-1.c -O0 line 42 b == 2
FAIL: gcc.dg/guality/pr43077-1.c -O0 line 42 c == 3
FAIL: gcc.dg/guality/pr43077-1.c -O0 line 42 varb == 2
FAIL: gcc.dg/guality/pr43077-1.c -O0 line 42 varc == 3
FAIL: gcc.dg/guality/pr43077-1.c -O1 line 42 b == 2
FAIL: gcc.dg/guality/pr43077-1.c -O1 line 42 varb == 2
FAIL: gcc.dg/guality/pr43077-1.c -O2 line 42 b == 2
FAIL: gcc.dg/guality/pr43077-1.c -O2 line 42 varb == 2
FAIL: gcc.dg/guality/pr43077-1.c -O3 -fomit-frame-pointer line 42 b == 2
FAIL: gcc.dg/guality/pr43077-1.c -O3 -fomit-frame-pointer line 42 varb == 2
FAIL: gcc.dg/guality/pr43077-1.c -O3 -g line 42 b == 2
FAIL: gcc.dg/guality/pr43077-1.c -O3 -g line 42 varb == 2
FAIL: gcc.dg/guality/pr43077-1.c -Os line 42 b == 2
FAIL: gcc.dg/guality/pr43077-1.c -Os line 42 varb == 2
FAIL: gcc.dg/guality/pr43077-1.c -O2 -flto line 42 b == 2
FAIL: gcc.dg/guality/pr43077-1.c -O2 -flto line 42 varb == 2
FAIL: gcc.dg/guality/pr43077-1.c -O2 -fwhopr line 42 b == 2
FAIL: gcc.dg/guality/pr43077-1.c -O2 -fwhopr line 42 varb == 2
FAIL: gcc.dg/guality/pr43329-1.c -O0 (test for excess errors)
WARNING: gcc.dg/guality/pr43329-1.c -O0 compilation failed to produce executable
FAIL: gcc.dg/guality/pr43329-1.c -O1 (test for excess errors)
WARNING: gcc.dg/guality/pr43329-1.c -O1 compilation failed to produce executable
FAIL: gcc.dg/guality/pr43329-1.c -O2 (test for excess errors)
WARNING: gcc.dg/guality/pr43329-1.c -O2 compilation failed to produce executable
FAIL: gcc.dg/guality/pr43329-1.c -O3 -fomit-frame-pointer (test for excess errors)
WARNING: gcc.dg/guality/pr43329-1.c -O3 -fomit-frame-pointer compilation failed to produce executable
FAIL: gcc.dg/guality/pr43329-1.c -O3 -g (test for excess errors)
WARNING: gcc.dg/guality/pr43329-1.c -O3 -g compilation failed to produce executable
FAIL: gcc.dg/guality/pr43329-1.c -Os (test for excess errors)
WARNING: gcc.dg/guality/pr43329-1.c -Os compilation failed to produce executable
FAIL: gcc.dg/guality/pr43329-1.c -O2 -flto (test for excess errors)
WARNING: gcc.dg/guality/pr43329-1.c -O2 -flto compilation failed to produce executable
FAIL: gcc.dg/guality/pr43329-1.c -O2 -fwhopr (test for excess errors)
WARNING: gcc.dg/guality/pr43329-1.c -O2 -fwhopr compilation failed to produce executable
FAIL: gcc.dg/guality/sra-1.c -O1 line 20 a.i == 4
FAIL: gcc.dg/guality/sra-1.c -O1 line 20 a.j == 14
FAIL: gcc.dg/guality/vla-1.c -O0 line 17 sizeof (a) == 6
FAIL: gcc.dg/guality/vla-1.c -O0 line 24 sizeof (a) == 17 * sizeof (short)
FAIL: gcc.dg/guality/vla-1.c -O1 line 17 sizeof (a) == 6
FAIL: gcc.dg/guality/vla-1.c -O1 line 24 sizeof (a) == 17 * sizeof (short)
FAIL: gcc.dg/guality/vla-1.c -O2 line 17 sizeof (a) == 6
FAIL: gcc.dg/guality/vla-1.c -O2 line 24 sizeof (a) == 17 * sizeof (short)
FAIL: gcc.dg/guality/vla-1.c -O3 -fomit-frame-pointer line 17 sizeof (a) == 6
FAIL: gcc.dg/guality/vla-1.c -O3 -fomit-frame-pointer line 24 sizeof (a) == 17 * sizeof (short)
FAIL: gcc.dg/guality/vla-1.c -O3 -g line 17 sizeof (a) == 6
FAIL: gcc.dg/guality/vla-1.c -O3 -g line 24 sizeof (a) == 17 * sizeof (short)
FAIL: gcc.dg/guality/vla-1.c -Os line 17 sizeof (a) == 6
FAIL: gcc.dg/guality/vla-1.c -Os line 24 sizeof (a) == 17 * sizeof (short)
FAIL: gcc.dg/guality/vla-1.c -O2 -flto line 17 sizeof (a) == 6
FAIL: gcc.dg/guality/vla-1.c -O2 -flto line 24 sizeof (a) == 17 * sizeof (short)
FAIL: gcc.dg/guality/vla-1.c -O2 -fwhopr line 17 sizeof (a) == 6
FAIL: gcc.dg/guality/vla-1.c -O2 -fwhopr line 24 sizeof (a) == 17 * sizeof (short)
FAIL: gcc.dg/guality/vla-2.c -O0 line 16 sizeof (a) == 5 * sizeof (int)
FAIL: gcc.dg/guality/vla-2.c -O0 line 25 sizeof (a) == 6 * sizeof (int)
FAIL: gcc.dg/guality/vla-2.c -O1 line 16 sizeof (a) == 5 * sizeof (int)
FAIL: gcc.dg/guality/vla-2.c -O2 line 16 sizeof (a) == 5 * sizeof (int)
FAIL: gcc.dg/guality/vla-2.c -O3 -fomit-frame-pointer line 16 sizeof (a) == 5 * sizeof (int)
FAIL: gcc.dg/guality/vla-2.c -O3 -g line 16 sizeof (a) == 5 * sizeof (int)
FAIL: gcc.dg/guality/vla-2.c -Os line 16 sizeof (a) == 5 * sizeof (int)
FAIL: gcc.dg/guality/vla-2.c -Os line 25 sizeof (a) == 6 * sizeof (int)
FAIL: gcc.dg/guality/vla-2.c -O2 -flto line 16 sizeof (a) == 5 * sizeof (int)
FAIL: gcc.dg/guality/vla-2.c -O2 -fwhopr line 16 sizeof (a) == 5 * sizeof (int)
FAIL: gcc.dg/lto/20091216-1 c_lto_20091216-1_0.o assemble, -O0 -fwhopr
UNRESOLVED: gcc.dg/lto/20091216-1 c_lto_20091216-1_0.o-c_lto_20091216-1_0.o link -O0 -fwhopr
UNRESOLVED: gcc.dg/lto/20091216-1 c_lto_20091216-1_0.o-c_lto_20091216-1_0.o execute -O0 -fwhopr
FAIL: gcc.dg/lto/20091216-1 c_lto_20091216-1_0.o assemble, -O2 -fwhopr
UNRESOLVED: gcc.dg/lto/20091216-1 c_lto_20091216-1_0.o-c_lto_20091216-1_0.o link -O2 -fwhopr
UNRESOLVED: gcc.dg/lto/20091216-1 c_lto_20091216-1_0.o-c_lto_20091216-1_0.o execute -O2 -fwhopr
FAIL: gcc.dg/lto/20091216-1 c_lto_20091216-1_0.o assemble, -O0 -flto
UNRESOLVED: gcc.dg/lto/20091216-1 c_lto_20091216-1_0.o-c_lto_20091216-1_0.o link -O0 -flto
UNRESOLVED: gcc.dg/lto/20091216-1 c_lto_20091216-1_0.o-c_lto_20091216-1_0.o execute -O0 -flto
FAIL: gcc.dg/lto/20091216-1 c_lto_20091216-1_0.o assemble, -O2 -flto
UNRESOLVED: gcc.dg/lto/20091216-1 c_lto_20091216-1_0.o-c_lto_20091216-1_0.o link -O2 -flto
UNRESOLVED: gcc.dg/lto/20091216-1 c_lto_20091216-1_0.o-c_lto_20091216-1_0.o execute -O2 -flto
XPASS: gcc.dg/tree-ssa/20031106-3.c scan-tree-dump-times optimized "link_error" 0
XPASS: gcc.dg/tree-ssa/20040204-1.c scan-tree-dump-times optimized "link_error" 0
XPASS: gcc.dg/tree-ssa/fre-vce-1.c scan-tree-dump-times fre "sv.i" 2
FAIL: gcc.dg/tree-ssa/pr42585.c scan-tree-dump-times optimized "struct _fat_ptr _ans" 0
FAIL: gcc.dg/tree-ssa/pr42585.c scan-tree-dump-times optimized "struct _fat_ptr _T2" 0
=== gcc Summary ===
# of expected passes 66267
# of unexpected failures 119
# of unexpected successes 20
# of expected failures 141
# of unresolved testcases 8
# of unsupported tests 1044
/31bit/build-extralong/BUILD/gcc/obj-s390x-redhat-linux/gcc/xgcc version 4.6.0 20100809 (experimental) (GCC)
=== gfortran tests ===
Running target unix
FAIL: gfortran.dg/alloc_comp_scalar_1.f90 -O0 execution test
FAIL: gfortran.dg/alloc_comp_scalar_1.f90 -O1 execution test
FAIL: gfortran.dg/alloc_comp_scalar_1.f90 -O2 execution test
FAIL: gfortran.dg/alloc_comp_scalar_1.f90 -O3 -fomit-frame-pointer execution test
FAIL: gfortran.dg/alloc_comp_scalar_1.f90 -O3 -fomit-frame-pointer -funroll-loops execution test
FAIL: gfortran.dg/alloc_comp_scalar_1.f90 -O3 -fomit-frame-pointer -funroll-all-loops -finline-functions execution test
FAIL: gfortran.dg/alloc_comp_scalar_1.f90 -O3 -g execution test
FAIL: gfortran.dg/alloc_comp_scalar_1.f90 -Os execution test
=== gfortran Summary ===
# of expected passes 34994
# of unexpected failures 8
# of expected failures 38
# of unsupported tests 54
/31bit/build-extralong/BUILD/gcc/obj-s390x-redhat-linux/gcc/testsuite/gfortran/../../gfortran version 4.6.0 20100809 (experimental) (GCC)
=== obj-c++ tests ===
Running target unix
WARNING: obj-c++.dg/lookup-2.mm -fgnu-runtime compilation failed to produce executable
WARNING: obj-c++.dg/try-catch-2.mm -fgnu-runtime compilation failed to produce executable
WARNING: obj-c++.dg/try-catch-9.mm -fgnu-runtime compilation failed to produce executable
=== obj-c++ Summary ===
# of expected passes 558
# of expected failures 11
# of unsupported tests 15
/31bit/build-extralong/BUILD/gcc/obj-s390x-redhat-linux/gcc/testsuite/obj-c++/../../g++ version 4.6.0 20100809 (experimental) (GCC)
=== objc tests ===
Running target unix
FAIL: objc/execute/forward-1.m execution, -O0 -fgnu-runtime
FAIL: objc/execute/forward-1.m execution, -O1 -fgnu-runtime
FAIL: objc/execute/forward-1.m execution, -O2 -fgnu-runtime
FAIL: objc/execute/forward-1.m execution, -O3 -fomit-frame-pointer -fgnu-runtime
FAIL: objc/execute/forward-1.m execution, -O3 -fomit-frame-pointer -funroll-loops -fgnu-runtime
FAIL: objc/execute/forward-1.m execution, -O3 -fomit-frame-pointer -funroll-all-loops -finline-functions -fgnu-runtime
FAIL: objc/execute/forward-1.m execution, -O3 -g -fgnu-runtime
FAIL: objc/execute/forward-1.m execution, -Os -fgnu-runtime
=== objc Summary ===
# of expected passes 1999
# of unexpected failures 8
# of expected failures 7
# of unsupported tests 20
/31bit/build-extralong/BUILD/gcc/obj-s390x-redhat-linux/gcc/xgcc version 4.6.0 20100809 (experimental) (GCC)
=== libffi tests ===
Running target unix
=== libffi Summary ===
# of expected passes 1624
# of expected failures 10
# of unsupported tests 15
=== libgomp tests ===
Running target unix
=== libgomp Summary ===
# of expected passes 2494
=== libjava tests ===
Running target unix
=== libjava Summary ===
# of expected passes 2574
=== libmudflap tests ===
Running target unix
FAIL: libmudflap.c/pass49-frag.c execution test
FAIL: libmudflap.c/pass49-frag.c output pattern test
FAIL: libmudflap.c/pass49-frag.c execution test
FAIL: libmudflap.c/pass49-frag.c output pattern test
FAIL: libmudflap.c/pass49-frag.c (-static) execution test
FAIL: libmudflap.c/pass49-frag.c (-static) output pattern test
FAIL: libmudflap.c/pass49-frag.c (-static) execution test
FAIL: libmudflap.c/pass49-frag.c (-static) output pattern test
FAIL: libmudflap.c/pass49-frag.c (-O2) execution test
FAIL: libmudflap.c/pass49-frag.c (-O2) output pattern test
FAIL: libmudflap.c/pass49-frag.c (-O2) execution test
FAIL: libmudflap.c/pass49-frag.c (-O2) output pattern test
FAIL: libmudflap.c/pass49-frag.c (-O3) execution test
FAIL: libmudflap.c/pass49-frag.c (-O3) output pattern test
FAIL: libmudflap.c/pass49-frag.c (-O3) execution test
FAIL: libmudflap.c/pass49-frag.c (-O3) output pattern test
FAIL: libmudflap.c++/pass41-frag.cxx (test for excess errors)
FAIL: libmudflap.c++/pass41-frag.cxx execution test
FAIL: libmudflap.c++/pass58-frag.cxx (test for excess errors)
FAIL: libmudflap.c++/pass41-frag.cxx (-static) (test for excess errors)
FAIL: libmudflap.c++/pass41-frag.cxx (-static) execution test
FAIL: libmudflap.c++/pass58-frag.cxx (-static) (test for excess errors)
FAIL: libmudflap.c++/pass58-frag.cxx ( -O) (test for excess errors)
FAIL: libmudflap.c++/pass41-frag.cxx (-O2) (test for excess errors)
FAIL: libmudflap.c++/pass41-frag.cxx (-O2) execution test
FAIL: libmudflap.c++/pass58-frag.cxx (-O2) (test for excess errors)
FAIL: libmudflap.c++/pass41-frag.cxx (-O3) (test for excess errors)
FAIL: libmudflap.c++/pass41-frag.cxx (-O3) execution test
FAIL: libmudflap.c++/pass58-frag.cxx (-O3) (test for excess errors)
=== libmudflap Summary ===
# of expected passes 1865
# of unexpected failures 29
=== libstdc++ tests ===
Running target unix
FAIL: 18_support/exception_ptr/40296.cc (test for excess errors)
FAIL: 18_support/exception_ptr/current_exception.cc (test for excess errors)
WARNING: 18_support/exception_ptr/current_exception.cc compilation failed to produce executable
FAIL: 18_support/exception_ptr/make_exception_ptr.cc (test for excess errors)
WARNING: 18_support/exception_ptr/make_exception_ptr.cc compilation failed to produce executable
FAIL: 18_support/exception_ptr/move.cc (test for excess errors)
WARNING: 18_support/exception_ptr/move.cc compilation failed to produce executable
FAIL: 18_support/exception_ptr/requirements.cc (test for excess errors)
WARNING: 18_support/exception_ptr/requirements.cc compilation failed to produce executable
FAIL: 18_support/nested_exception/cons.cc (test for excess errors)
WARNING: 18_support/nested_exception/cons.cc compilation failed to produce executable
FAIL: 18_support/nested_exception/nested_ptr.cc (test for excess errors)
WARNING: 18_support/nested_exception/nested_ptr.cc compilation failed to produce executable
FAIL: 18_support/nested_exception/throw_with_nested.cc (test for excess errors)
WARNING: 18_support/nested_exception/throw_with_nested.cc compilation failed to produce executable
FAIL: 20_util/function/1.cc (test for excess errors)
WARNING: 20_util/function/1.cc compilation failed to produce executable
FAIL: 20_util/function/2.cc (test for excess errors)
WARNING: 20_util/function/2.cc compilation failed to produce executable
FAIL: 20_util/function/3.cc (test for excess errors)
WARNING: 20_util/function/3.cc compilation failed to produce executable
FAIL: 20_util/function/4.cc (test for excess errors)
WARNING: 20_util/function/4.cc compilation failed to produce executable
FAIL: 20_util/function/7.cc (test for excess errors)
WARNING: 20_util/function/7.cc compilation failed to produce executable
FAIL: 20_util/function/null_pointer_comparisons.cc (test for excess errors)
FAIL: 20_util/function/requirements/explicit_instantiation.cc (test for excess errors)
FAIL: 20_util/ratio/cons/cons_overflow_neg.cc (test for excess errors)
FAIL: 20_util/shared_ptr/cons/nullptr.cc (test for excess errors)
WARNING: 20_util/shared_ptr/cons/nullptr.cc compilation failed to produce executable
FAIL: 20_util/shared_ptr/requirements/explicit_instantiation/1.cc (test for excess errors)
FAIL: 20_util/shared_ptr/requirements/explicit_instantiation/2.cc (test for excess errors)
FAIL: 20_util/unique_ptr/assign/nullptr.cc (test for excess errors)
WARNING: 20_util/unique_ptr/assign/nullptr.cc compilation failed to produce executable
FAIL: 20_util/unique_ptr/cons/nullptr.cc (test for excess errors)
WARNING: 20_util/unique_ptr/cons/nullptr.cc compilation failed to produce executable
FAIL: 20_util/unique_ptr/requirements/explicit_instantiation/explicit_instantiation.cc (test for excess errors)
FAIL: 23_containers/array/range_access.cc (test for excess errors)
FAIL: 30_threads/async/42819.cc (test for excess errors)
WARNING: 30_threads/async/42819.cc compilation failed to produce executable
FAIL: 30_threads/async/any.cc (test for excess errors)
WARNING: 30_threads/async/any.cc compilation failed to produce executable
FAIL: 30_threads/async/async.cc (test for excess errors)
WARNING: 30_threads/async/async.cc compilation failed to produce executable
FAIL: 30_threads/async/sync.cc (test for excess errors)
WARNING: 30_threads/async/sync.cc compilation failed to produce executable
FAIL: 30_threads/future/members/get.cc (test for excess errors)
WARNING: 30_threads/future/members/get.cc compilation failed to produce executable
FAIL: 30_threads/future/members/get2.cc (test for excess errors)
WARNING: 30_threads/future/members/get2.cc compilation failed to produce executable
FAIL: 30_threads/future/requirements/explicit_instantiation.cc (test for excess errors)
FAIL: 30_threads/packaged_task/members/get_future.cc (test for excess errors)
WARNING: 30_threads/packaged_task/members/get_future.cc compilation failed to produce executable
FAIL: 30_threads/packaged_task/members/invoke.cc (test for excess errors)
WARNING: 30_threads/packaged_task/members/invoke.cc compilation failed to produce executable
FAIL: 30_threads/packaged_task/members/invoke4.cc (test for excess errors)
WARNING: 30_threads/packaged_task/members/invoke4.cc compilation failed to produce executable
FAIL: 30_threads/packaged_task/members/reset.cc (test for excess errors)
WARNING: 30_threads/packaged_task/members/reset.cc compilation failed to produce executable
FAIL: 30_threads/packaged_task/members/reset2.cc (test for excess errors)
WARNING: 30_threads/packaged_task/members/reset2.cc compilation failed to produce executable
FAIL: 30_threads/promise/cons/move.cc (test for excess errors)
WARNING: 30_threads/promise/cons/move.cc compilation failed to produce executable
FAIL: 30_threads/promise/cons/move_assign.cc (test for excess errors)
WARNING: 30_threads/promise/cons/move_assign.cc compilation failed to produce executable
FAIL: 30_threads/promise/members/get_future.cc (test for excess errors)
WARNING: 30_threads/promise/members/get_future.cc compilation failed to produce executable
FAIL: 30_threads/promise/members/set_exception.cc (test for excess errors)
WARNING: 30_threads/promise/members/set_exception.cc compilation failed to produce executable
FAIL: 30_threads/promise/members/set_exception2.cc (test for excess errors)
WARNING: 30_threads/promise/members/set_exception2.cc compilation failed to produce executable
FAIL: 30_threads/promise/members/set_value.cc (test for excess errors)
WARNING: 30_threads/promise/members/set_value.cc compilation failed to produce executable
FAIL: 30_threads/promise/members/set_value2.cc (test for excess errors)
WARNING: 30_threads/promise/members/set_value2.cc compilation failed to produce executable
FAIL: 30_threads/shared_future/members/get.cc (test for excess errors)
WARNING: 30_threads/shared_future/members/get.cc compilation failed to produce executable
FAIL: 30_threads/shared_future/members/get2.cc (test for excess errors)
WARNING: 30_threads/shared_future/members/get2.cc compilation failed to produce executable
FAIL: 30_threads/shared_future/requirements/explicit_instantiation.cc (test for excess errors)
FAIL: ext/stdio_sync_filebuf/char/1.cc (test for excess errors)
FAIL: ext/stdio_sync_filebuf/wchar_t/1.cc (test for excess errors)
=== libstdc++ Summary ===
# of expected passes 7585
# of unexpected failures 47
# of expected failures 59
# of unsupported tests 29
Compiler version: 4.6.0 20100809 (experimental) (GCC)
Platform: s390x-ibm-linux-gnu
configure flags: --prefix=/usr --mandir=/usr/share/man --infodir=/usr/share/info --enable-shared --enable-threads=posix --enable-checking --with-system-zlib --enable-__cxa_atexit --with-long-double-128 --host=s390x-redhat-linux --build=s390x-redhat-linux --target=s390x-redhat-linux --enable-languages=c,c++,objc,obj-c++,java,fortran