This is the mail archive of the
gcc-testresults@gcc.gnu.org
mailing list for the GCC project.
Results for 4.6.0 20100805 (experimental) [trunk revision 162918] (GCC) testsuite on x86_64-unknown-linux-gnu
- From: Laurent GUERBY gcc17 <guerby at gcc17 dot fsffrance dot org>
- To: gcc-testresults at gcc dot gnu dot org
- Date: Thu, 05 Aug 2010 21:30:41 +0200
- Subject: Results for 4.6.0 20100805 (experimental) [trunk revision 162918] (GCC) testsuite on x86_64-unknown-linux-gnu
LAST_UPDATED: Thu Aug 5 17:54:37 UTC 2010 (revision 162918)
=== acats tests ===
FAIL: c43205b
FAIL: c43205c
FAIL: c43205d
FAIL: c43205e
FAIL: c43205h
FAIL: c43205i
FAIL: c52102b
FAIL: c52102d
=== acats Summary ===
# of expected passes 2313
# of unexpected failures 8
Native configuration is x86_64-unknown-linux-gnu
=== gcc tests ===
Running target unix/-m32
FAIL: gcc.dg/cproj-fails-with-broken-glibc.c execution test
XPASS: gcc.dg/guality/example.c -O0 execution test
XPASS: gcc.dg/guality/example.c -O1 execution test
XPASS: gcc.dg/guality/guality.c -O0 execution test
XPASS: gcc.dg/guality/guality.c -O1 execution test
XPASS: gcc.dg/guality/guality.c -O2 execution test
XPASS: gcc.dg/guality/guality.c -O3 -fomit-frame-pointer execution test
XPASS: gcc.dg/guality/guality.c -O3 -g execution test
XPASS: gcc.dg/guality/guality.c -Os execution test
FAIL: gcc.dg/guality/inline-params.c -O0 execution test
FAIL: gcc.dg/guality/inline-params.c -O1 execution test
XPASS: gcc.dg/guality/pr41353-1.c -O0 line 28 j == 28 + 37
XPASS: gcc.dg/guality/pr41447-1.c -O0 execution test
XPASS: gcc.dg/guality/pr41447-1.c -O1 execution test
XPASS: gcc.dg/guality/pr41447-1.c -O2 execution test
XPASS: gcc.dg/guality/pr41447-1.c -O3 -g execution test
XPASS: gcc.dg/guality/pr41447-1.c -Os execution test
XPASS: gcc.dg/guality/pr41616-1.c -O0 execution test
FAIL: gcc.dg/guality/vla-1.c -O0 line 17 sizeof (a) == 6
FAIL: gcc.dg/guality/vla-1.c -O0 line 24 sizeof (a) == 17 * sizeof (short)
FAIL: gcc.dg/guality/vla-1.c -O1 line 24 sizeof (a) == 17 * sizeof (short)
FAIL: gcc.dg/guality/vla-1.c -O2 line 24 sizeof (a) == 17 * sizeof (short)
FAIL: gcc.dg/guality/vla-1.c -O3 -fomit-frame-pointer line 24 sizeof (a) == 17 * sizeof (short)
FAIL: gcc.dg/guality/vla-1.c -O3 -g line 24 sizeof (a) == 17 * sizeof (short)
FAIL: gcc.dg/guality/vla-1.c -Os line 24 sizeof (a) == 17 * sizeof (short)
XPASS: gcc.dg/tree-ssa/20031106-3.c scan-tree-dump-times optimized "link_error" 0
XPASS: gcc.dg/tree-ssa/20040204-1.c scan-tree-dump-times optimized "link_error" 0
XPASS: gcc.dg/tree-ssa/fre-vce-1.c scan-tree-dump-times fre "sv.i" 2
FAIL: gcc.dg/tree-ssa/loadpre15.c (test for excess errors)
FAIL: gcc.dg/tree-ssa/loadpre15.c scan-tree-dump-times pre "Eliminated: 1" 1: dump file does not exist
FAIL: gcc.dg/tree-ssa/loadpre2.c (test for excess errors)
FAIL: gcc.dg/tree-ssa/loadpre2.c scan-tree-dump-times pre "Eliminated: 1" 1: dump file does not exist
ERROR: gcc.dg/tree-ssa/loadpre25.c: error executing dg-final: couldn't fork child process: not enough memory
UNRESOLVED: gcc.dg/tree-ssa/loadpre25.c: error executing dg-final: couldn't fork child process: not enough memory
FAIL: gcc.dg/tree-ssa/loadpre3.c (test for excess errors)
FAIL: gcc.dg/tree-ssa/loadpre3.c scan-tree-dump-times pre "Eliminated: 2" 1: dump file does not exist
FAIL: gcc.dg/tree-ssa/loadpre4.c (test for excess errors)
FAIL: gcc.dg/tree-ssa/loadpre4.c scan-tree-dump-times pre "Eliminated: 1" 1: dump file does not exist
ERROR: gcc.dg/tree-ssa/loadpre6.c: error executing dg-final: couldn't fork child process: not enough memory
UNRESOLVED: gcc.dg/tree-ssa/loadpre6.c: error executing dg-final: couldn't fork child process: not enough memory
FAIL: gcc.dg/tree-ssa/loadpre7.c (test for excess errors)
FAIL: gcc.dg/tree-ssa/loadpre7.c scan-tree-dump-not pre "Eliminated:": dump file does not exist
ERROR: gcc.dg/tree-ssa/local-pure-const.c: error executing dg-final: couldn't fork child process: not enough memory
UNRESOLVED: gcc.dg/tree-ssa/local-pure-const.c: error executing dg-final: couldn't fork child process: not enough memory
FAIL: gcc.dg/tree-ssa/loop-1.c (test for excess errors)
FAIL: gcc.dg/tree-ssa/loop-1.c scan-tree-dump-times ivcanon "Added canonical iv to loop 1, 4 iterations" 1: dump file does not exist
FAIL: gcc.dg/tree-ssa/loop-1.c scan-tree-dump-times cunroll "Unrolled loop 1 completely" 1: dump file does not exist
FAIL: gcc.dg/tree-ssa/loop-1.c scan-tree-dump-times optimized "foo" 5: dump file does not exist
ERROR: gcc.dg/tree-ssa/loop-1.c: error executing dg-final: couldn't open "loop-1.s": no such file or directory
UNRESOLVED: gcc.dg/tree-ssa/loop-1.c: error executing dg-final: couldn't open "loop-1.s": no such file or directory
FAIL: gcc.dg/tree-ssa/loop-10.c (test for excess errors)
FAIL: gcc.dg/tree-ssa/loop-10.c scan-tree-dump-times optimized "if " 3: dump file does not exist
FAIL: gcc.dg/tree-ssa/loop-10.c scan-tree-dump-times optimized "bar " 2: dump file does not exist
FAIL: gcc.dg/tree-ssa/loop-11.c (test for excess errors)
FAIL: gcc.dg/tree-ssa/loop-11.c scan-tree-dump-times optimized "\\(16\\)" 1: dump file does not exist
FAIL: gcc.dg/tree-ssa/loop-11.c scan-tree-dump-times optimized "if " 0: dump file does not exist
FAIL: gcc.dg/tree-ssa/loop-14.c (test for excess errors)
FAIL: gcc.dg/tree-ssa/loop-14.c scan-tree-dump-times optimized "\\+ 100" 1: dump file does not exist
FAIL: gcc.dg/tree-ssa/loop-15.c (test for excess errors)
FAIL: gcc.dg/tree-ssa/loop-15.c scan-tree-dump-times optimized "\\+" 0: dump file does not exist
FAIL: gcc.dg/tree-ssa/loop-15.c scan-tree-dump-times optimized "n_. \\* n_." 1: dump file does not exist
FAIL: gcc.dg/tree-ssa/loop-15.c scan-tree-dump-times optimized "if " 1: dump file does not exist
ERROR: gcc.dg/tree-ssa/loop-17.c: error executing dg-final: couldn't fork child process: not enough memory
UNRESOLVED: gcc.dg/tree-ssa/loop-17.c: error executing dg-final: couldn't fork child process: not enough memory
FAIL: gcc.dg/tree-ssa/loop-18.c (test for excess errors)
FAIL: gcc.dg/tree-ssa/loop-18.c scan-tree-dump-times optimized "MEM" 1: dump file does not exist
FAIL: gcc.dg/tree-ssa/loop-18.c scan-tree-dump-times optimized "[^\\n\\r]*= \\* " 0: dump file does not exist
FAIL: gcc.dg/tree-ssa/loop-19.c (test for excess errors)
FAIL: gcc.dg/tree-ssa/loop-19.c scan-tree-dump-times optimized "MEM.(base: &|symbol: )a," 2: dump file does not exist
FAIL: gcc.dg/tree-ssa/loop-19.c scan-tree-dump-times optimized "MEM.(base: &|symbol: )c," 2: dump file does not exist
FAIL: gcc.dg/tree-ssa/loop-20.c (test for excess errors)
FAIL: gcc.dg/tree-ssa/loop-20.c scan-tree-dump-times ivopts "\\* [0-9]*B;" 0: dump file does not exist
FAIL: gcc.dg/tree-ssa/loop-21.c (test for excess errors)
FAIL: gcc.dg/tree-ssa/loop-21.c scan-tree-dump-times optimized "~" 0: dump file does not exist
FAIL: gcc.dg/tree-ssa/loop-22.c (test for excess errors)
FAIL: gcc.dg/tree-ssa/loop-22.c scan-tree-dump-times optimized "/" 0: dump file does not exist
FAIL: gcc.dg/tree-ssa/loop-23.c (test for excess errors)
FAIL: gcc.dg/tree-ssa/loop-23.c scan-tree-dump-times cunroll "Unrolled loop 1 completely" 1: dump file does not exist
FAIL: gcc.dg/tree-ssa/loop-24.c (test for excess errors)
FAIL: gcc.dg/tree-ssa/loop-24.c scan-tree-dump-not optimized "if": dump file does not exist
=== gcc Summary for unix/-m32 ===
# of expected passes 62530
# of unexpected failures 52
# of unexpected successes 18
# of expected failures 211
# of unresolved testcases 5
# of unsupported tests 1244
Running target unix/-m64
FAIL: gcc.dg/cproj-fails-with-broken-glibc.c execution test
XPASS: gcc.dg/guality/example.c -O0 execution test
XPASS: gcc.dg/guality/example.c -O1 execution test
XPASS: gcc.dg/guality/example.c -O2 execution test
XPASS: gcc.dg/guality/example.c -Os execution test
XPASS: gcc.dg/guality/guality.c -O0 execution test
XPASS: gcc.dg/guality/guality.c -O1 execution test
XPASS: gcc.dg/guality/guality.c -O2 execution test
XPASS: gcc.dg/guality/guality.c -O3 -fomit-frame-pointer execution test
XPASS: gcc.dg/guality/guality.c -O3 -g execution test
XPASS: gcc.dg/guality/guality.c -Os execution test
FAIL: gcc.dg/guality/inline-params.c -O0 execution test
FAIL: gcc.dg/guality/inline-params.c -O1 execution test
XPASS: gcc.dg/guality/pr41353-1.c -O0 line 28 j == 28 + 37
XPASS: gcc.dg/guality/pr41447-1.c -O0 execution test
XPASS: gcc.dg/guality/pr41447-1.c -O1 execution test
XPASS: gcc.dg/guality/pr41447-1.c -O2 execution test
XPASS: gcc.dg/guality/pr41447-1.c -O3 -fomit-frame-pointer execution test
XPASS: gcc.dg/guality/pr41447-1.c -O3 -g execution test
XPASS: gcc.dg/guality/pr41447-1.c -Os execution test
XPASS: gcc.dg/guality/pr41616-1.c -O0 execution test
FAIL: gcc.dg/guality/vla-1.c -O0 line 17 sizeof (a) == 6
FAIL: gcc.dg/guality/vla-1.c -O0 line 24 sizeof (a) == 17 * sizeof (short)
FAIL: gcc.dg/guality/vla-1.c -O1 line 17 sizeof (a) == 6
FAIL: gcc.dg/guality/vla-1.c -O1 line 24 sizeof (a) == 17 * sizeof (short)
FAIL: gcc.dg/guality/vla-1.c -O2 line 17 sizeof (a) == 6
FAIL: gcc.dg/guality/vla-1.c -O2 line 24 sizeof (a) == 17 * sizeof (short)
FAIL: gcc.dg/guality/vla-1.c -O3 -fomit-frame-pointer line 17 sizeof (a) == 6
FAIL: gcc.dg/guality/vla-1.c -O3 -fomit-frame-pointer line 24 sizeof (a) == 17 * sizeof (short)
FAIL: gcc.dg/guality/vla-1.c -O3 -g line 17 sizeof (a) == 6
FAIL: gcc.dg/guality/vla-1.c -O3 -g line 24 sizeof (a) == 17 * sizeof (short)
FAIL: gcc.dg/guality/vla-1.c -Os line 17 sizeof (a) == 6
FAIL: gcc.dg/guality/vla-1.c -Os line 24 sizeof (a) == 17 * sizeof (short)
FAIL: gcc.dg/guality/vla-2.c -O0 line 16 sizeof (a) == 5 * sizeof (int)
FAIL: gcc.dg/guality/vla-2.c -O0 line 25 sizeof (a) == 6 * sizeof (int)
FAIL: gcc.dg/guality/vla-2.c -O1 line 16 sizeof (a) == 5 * sizeof (int)
FAIL: gcc.dg/guality/vla-2.c -O2 line 16 sizeof (a) == 5 * sizeof (int)
FAIL: gcc.dg/guality/vla-2.c -O3 -fomit-frame-pointer line 16 sizeof (a) == 5 * sizeof (int)
FAIL: gcc.dg/guality/vla-2.c -O3 -g line 16 sizeof (a) == 5 * sizeof (int)
FAIL: gcc.dg/guality/vla-2.c -Os line 16 sizeof (a) == 5 * sizeof (int)
XPASS: gcc.dg/tree-ssa/20031106-3.c scan-tree-dump-times optimized "link_error" 0
XPASS: gcc.dg/tree-ssa/20040204-1.c scan-tree-dump-times optimized "link_error" 0
XPASS: gcc.dg/tree-ssa/fre-vce-1.c scan-tree-dump-times fre "sv.i" 2
=== gcc Summary for unix/-m64 ===
# of expected passes 62827
# of unexpected failures 22
# of unexpected successes 21
# of expected failures 207
# of unsupported tests 1560
=== gcc Summary ===
# of expected passes 125357
# of unexpected failures 74
# of unexpected successes 39
# of expected failures 418
# of unresolved testcases 5
# of unsupported tests 2804
/home/guerby/build/gcc/xgcc version 4.6.0 20100805 (experimental) [trunk revision 162918] (GCC)
=== gnat tests ===
Running target unix/-m32
=== gnat Summary for unix/-m32 ===
# of expected passes 815
# of expected failures 10
# of unsupported tests 4
Running target unix/-m64
=== gnat Summary for unix/-m64 ===
# of expected passes 815
# of expected failures 10
# of unsupported tests 4
=== gnat Summary ===
# of expected passes 1630
# of expected failures 20
# of unsupported tests 8
=== libgomp tests ===
Running target unix/-m32
=== libgomp Summary for unix/-m32 ===
# of expected passes 266
Running target unix/-m64
=== libgomp Summary for unix/-m64 ===
# of expected passes 266
=== libgomp Summary ===
# of expected passes 532
=== libmudflap tests ===
Running target unix/-m32
FAIL: libmudflap.c/pass49-frag.c execution test
FAIL: libmudflap.c/pass49-frag.c output pattern test
FAIL: libmudflap.c/pass49-frag.c execution test
FAIL: libmudflap.c/pass49-frag.c output pattern test
FAIL: libmudflap.c/pass49-frag.c (-static) execution test
FAIL: libmudflap.c/pass49-frag.c (-static) output pattern test
FAIL: libmudflap.c/pass49-frag.c (-static) execution test
FAIL: libmudflap.c/pass49-frag.c (-static) output pattern test
FAIL: libmudflap.c/pass49-frag.c (-O2) execution test
FAIL: libmudflap.c/pass49-frag.c (-O2) output pattern test
FAIL: libmudflap.c/pass49-frag.c (-O2) execution test
FAIL: libmudflap.c/pass49-frag.c (-O2) output pattern test
FAIL: libmudflap.c/pass49-frag.c (-O3) execution test
FAIL: libmudflap.c/pass49-frag.c (-O3) output pattern test
FAIL: libmudflap.c/pass49-frag.c (-O3) execution test
FAIL: libmudflap.c/pass49-frag.c (-O3) output pattern test
=== libmudflap Summary for unix/-m32 ===
# of expected passes 1724
# of unexpected failures 16
# of unsupported tests 2
Running target unix/-m64
FAIL: libmudflap.c/pass49-frag.c execution test
FAIL: libmudflap.c/pass49-frag.c output pattern test
FAIL: libmudflap.c/pass49-frag.c execution test
FAIL: libmudflap.c/pass49-frag.c output pattern test
FAIL: libmudflap.c/pass49-frag.c (-static) execution test
FAIL: libmudflap.c/pass49-frag.c (-static) output pattern test
FAIL: libmudflap.c/pass49-frag.c (-static) execution test
FAIL: libmudflap.c/pass49-frag.c (-static) output pattern test
FAIL: libmudflap.c/pass49-frag.c (-O2) execution test
FAIL: libmudflap.c/pass49-frag.c (-O2) output pattern test
FAIL: libmudflap.c/pass49-frag.c (-O2) execution test
FAIL: libmudflap.c/pass49-frag.c (-O2) output pattern test
FAIL: libmudflap.c/pass49-frag.c (-O3) execution test
FAIL: libmudflap.c/pass49-frag.c (-O3) output pattern test
FAIL: libmudflap.c/pass49-frag.c (-O3) execution test
FAIL: libmudflap.c/pass49-frag.c (-O3) output pattern test
WARNING: program timed out.
FAIL: libmudflap.cth/pass37-frag.c (rerun 8) execution test
=== libmudflap Summary for unix/-m64 ===
# of expected passes 1723
# of unexpected failures 17
# of unsupported tests 2
=== libmudflap Summary ===
# of expected passes 3447
# of unexpected failures 33
# of unsupported tests 4
Compiler version: 4.6.0 20100805 (experimental) [trunk revision 162918] (GCC)
Platform: x86_64-unknown-linux-gnu
configure flags: --disable-nls --enable-__cxa_atexit --enable-threads=posix --with-mpfr=/opt/cfarm/mpfr-2.4.1 --enable-languages=c,ada --prefix=/n/17/guerby/install-trunk --with-gmp=/opt/cfarm/gmp-4.2.4 --with-mpc=/opt/cfarm/mpc-0.8