This is the mail archive of the
gcc-testresults@gcc.gnu.org
mailing list for the GCC project.
ACATS results for 4.5.1 on powerpc-rtems4.11
- From: Michael Gurlitz <michael dot gurlitz at gmail dot com>
- To: gcc-testresults at gcc dot gnu dot org
- Date: Thu, 5 Aug 2010 08:04:11 -0400
- Subject: ACATS results for 4.5.1 on powerpc-rtems4.11
=== acats configuration ===
target gcc is powerpc-rtems4.11-gcc
Using built-in specs. COLLECT_GCC=powerpc-rtems4.11-gcc
COLLECT_LTO_WRAPPER=/export/home/rtems-4.11/bin/../libexec/gcc/powerpc-rtems4.11/4.5.1/lto-wrapper
Target: powerpc-rtems4.11 Configured with: ../gcc-4.5.1/configure
--enable-threads=rtems --with-gnu-as --with-gnu-ld --enable-multilib
--enable-newlib-mb --enable-newlib-iconv --verbose --with-newlib
--disable-nls --with-system-zlib
--enable-version-specific-runtime-libs --enable-languages=c,ada
CFLAGS_FOR_TARGET=-B/opt/rtems-4.11/powerpc-rtems4.11/beatnik/lib/
--prefix=/opt/rtems-4.11 --target=powerpc-rtems4.11 Thread model:
rtems gcc version 4.5.1 (GCC)
host=i386-pc-solaris2.10
target=powerpc-rtems4.11
gnatmake is /opt/rtems-4.11/bin/gnatmake
=== acats support ===
Generating support files... done.
Compiling support files... done.
=== acats tests ===
FAIL: c380004
FAIL: c52103x
FAIL: c52104x
FAIL: c52104y
FAIL: c974013
FAIL: cb1010a
FAIL: cb1010c
FAIL: cb1010d
UNSUPPORTED: ce2108f
UNSUPPORTED: ce2108h
UNSUPPORTED: ce3112d
=== acats Summary ===
# of expected passes 2310
# of unexpected failures 8
# of unsupported tests 3
*** FAILURES: yes