This is the mail archive of the
gcc-testresults@gcc.gnu.org
mailing list for the GCC project.
Results for 4.6.0 20100730 (experimental) [trunk revision 162713] (GCC) testsuite on i686-pc-linux-gnu
- From: hjl at gnu-17 dot sc dot intel dot com (H.J. Lu (ia32))
- To: gcc-testresults at gcc dot gnu dot org
- Date: Fri, 30 Jul 2010 08:49:09 -0700 (PDT)
- Subject: Results for 4.6.0 20100730 (experimental) [trunk revision 162713] (GCC) testsuite on i686-pc-linux-gnu
LAST_UPDATED: Fri Jul 30 14:35:00 UTC 2010 (revision 162713)
Native configuration is i686-pc-linux-gnu
=== gcc tests ===
Running target unix
FAIL: gcc.c-torture/compile/limits-exprparen.c -O0 (internal compiler error)
FAIL: gcc.c-torture/compile/limits-exprparen.c -O0 (test for excess errors)
FAIL: gcc.c-torture/compile/limits-exprparen.c -O1 (internal compiler error)
FAIL: gcc.c-torture/compile/limits-exprparen.c -O1 (test for excess errors)
FAIL: gcc.c-torture/compile/limits-exprparen.c -O2 (internal compiler error)
FAIL: gcc.c-torture/compile/limits-exprparen.c -O2 (test for excess errors)
FAIL: gcc.c-torture/compile/limits-exprparen.c -O3 -fomit-frame-pointer (internal compiler error)
FAIL: gcc.c-torture/compile/limits-exprparen.c -O3 -fomit-frame-pointer (test for excess errors)
FAIL: gcc.c-torture/compile/limits-exprparen.c -O3 -g (internal compiler error)
FAIL: gcc.c-torture/compile/limits-exprparen.c -O3 -g (test for excess errors)
FAIL: gcc.c-torture/compile/limits-exprparen.c -Os (internal compiler error)
FAIL: gcc.c-torture/compile/limits-exprparen.c -Os (test for excess errors)
FAIL: gcc.c-torture/compile/limits-exprparen.c -O2 -flto (internal compiler error)
FAIL: gcc.c-torture/compile/limits-exprparen.c -O2 -flto (test for excess errors)
FAIL: gcc.c-torture/compile/limits-exprparen.c -O2 -fwhopr (internal compiler error)
FAIL: gcc.c-torture/compile/limits-exprparen.c -O2 -fwhopr (test for excess errors)
FAIL: gcc.dg/cproj-fails-with-broken-glibc.c execution test
FAIL: c-c++-common/uninit-17.c -Wc++-compat (test for warnings, line 12)
FAIL: c-c++-common/uninit-17.c -Wc++-compat (test for warnings, line 14)
FAIL: c-c++-common/uninit-17.c -Wc++-compat (test for excess errors)
XPASS: gcc.dg/guality/example.c -O0 execution test
XPASS: gcc.dg/guality/example.c -O1 execution test
XPASS: gcc.dg/guality/example.c -O2 execution test
XPASS: gcc.dg/guality/example.c -O2 -flto execution test
XPASS: gcc.dg/guality/example.c -O2 -fwhopr execution test
XPASS: gcc.dg/guality/guality.c -O0 execution test
XPASS: gcc.dg/guality/guality.c -O1 execution test
XPASS: gcc.dg/guality/guality.c -O2 execution test
XPASS: gcc.dg/guality/guality.c -O3 -fomit-frame-pointer execution test
XPASS: gcc.dg/guality/guality.c -O3 -g execution test
XPASS: gcc.dg/guality/guality.c -Os execution test
XPASS: gcc.dg/guality/guality.c -O2 -flto execution test
XPASS: gcc.dg/guality/guality.c -O2 -fwhopr execution test
FAIL: gcc.dg/guality/inline-params.c -O1 execution test
XPASS: gcc.dg/guality/pr41353-1.c -O0 line 28 j == 28 + 37
XPASS: gcc.dg/guality/pr41353-1.c -O1 line 28 j == 28 + 37
XPASS: gcc.dg/guality/pr41353-1.c -O2 line 28 j == 28 + 37
XPASS: gcc.dg/guality/pr41353-1.c -O3 -fomit-frame-pointer line 28 j == 28 + 37
XPASS: gcc.dg/guality/pr41353-1.c -O3 -g line 28 j == 28 + 37
XPASS: gcc.dg/guality/pr41353-1.c -Os line 28 j == 28 + 37
FAIL: gcc.dg/guality/pr41353-1.c -O2 -flto line 28 i == 37
FAIL: gcc.dg/guality/pr41353-1.c -O2 -flto line 28 i1 == 2 * 37
FAIL: gcc.dg/guality/pr41353-1.c -O2 -flto line 28 i2 == 3 * 37
FAIL: gcc.dg/guality/pr41353-1.c -O2 -fwhopr line 28 i == 37
FAIL: gcc.dg/guality/pr41353-1.c -O2 -fwhopr line 28 i1 == 2 * 37
FAIL: gcc.dg/guality/pr41353-1.c -O2 -fwhopr line 28 i2 == 3 * 37
XPASS: gcc.dg/guality/pr41447-1.c -O0 execution test
XPASS: gcc.dg/guality/pr41447-1.c -O1 execution test
XPASS: gcc.dg/guality/pr41447-1.c -O2 execution test
XPASS: gcc.dg/guality/pr41447-1.c -O3 -g execution test
XPASS: gcc.dg/guality/pr41447-1.c -Os execution test
XPASS: gcc.dg/guality/pr41447-1.c -O2 -flto execution test
XPASS: gcc.dg/guality/pr41447-1.c -O2 -fwhopr execution test
XPASS: gcc.dg/guality/pr41616-1.c -O0 execution test
XPASS: gcc.dg/guality/pr41616-1.c -O1 execution test
XPASS: gcc.dg/guality/pr41616-1.c -O2 execution test
XPASS: gcc.dg/guality/pr41616-1.c -O3 -fomit-frame-pointer execution test
XPASS: gcc.dg/guality/pr41616-1.c -O3 -g execution test
XPASS: gcc.dg/guality/pr41616-1.c -Os execution test
XPASS: gcc.dg/guality/pr41616-1.c -O2 -flto execution test
XPASS: gcc.dg/guality/pr41616-1.c -O2 -fwhopr execution test
FAIL: gcc.dg/guality/sra-1.c -O1 line 20 a.j == 14
FAIL: gcc.dg/guality/sra-1.c -O2 line 20 a.j == 14
FAIL: gcc.dg/guality/sra-1.c -O3 -fomit-frame-pointer line 20 a.j == 14
FAIL: gcc.dg/guality/sra-1.c -O3 -g line 20 a.j == 14
FAIL: gcc.dg/guality/sra-1.c -Os line 20 a.j == 14
FAIL: gcc.dg/guality/sra-1.c -O2 -flto line 20 a.i == 4
FAIL: gcc.dg/guality/sra-1.c -O2 -flto line 20 a.j == 14
FAIL: gcc.dg/guality/sra-1.c -O2 -flto line 42 a.i == 4
FAIL: gcc.dg/guality/sra-1.c -O2 -flto line 42 a.j == 14
FAIL: gcc.dg/guality/sra-1.c -O2 -fwhopr line 20 a.i == 4
FAIL: gcc.dg/guality/sra-1.c -O2 -fwhopr line 20 a.j == 14
FAIL: gcc.dg/guality/sra-1.c -O2 -fwhopr line 42 a.i == 4
FAIL: gcc.dg/guality/sra-1.c -O2 -fwhopr line 42 a.j == 14
FAIL: gcc.dg/guality/vla-1.c -O2 -flto line 17 sizeof (a) == 6
FAIL: gcc.dg/guality/vla-1.c -O2 -flto line 24 sizeof (a) == 17 * sizeof (short)
FAIL: gcc.dg/guality/vla-1.c -O2 -fwhopr line 17 sizeof (a) == 6
FAIL: gcc.dg/guality/vla-1.c -O2 -fwhopr line 24 sizeof (a) == 17 * sizeof (short)
FAIL: gcc.dg/guality/vla-2.c -O1 line 25 sizeof (a) == 6 * sizeof (int)
FAIL: gcc.dg/guality/vla-2.c -O2 line 25 sizeof (a) == 6 * sizeof (int)
FAIL: gcc.dg/guality/vla-2.c -O3 -fomit-frame-pointer line 25 sizeof (a) == 6 * sizeof (int)
FAIL: gcc.dg/guality/vla-2.c -O3 -g line 25 sizeof (a) == 6 * sizeof (int)
FAIL: gcc.dg/guality/vla-2.c -Os line 25 sizeof (a) == 6 * sizeof (int)
XPASS: gcc.dg/tree-ssa/20031106-3.c scan-tree-dump-times optimized "link_error" 0
XPASS: gcc.dg/tree-ssa/20040204-1.c scan-tree-dump-times optimized "link_error" 0
XPASS: gcc.dg/tree-ssa/fre-vce-1.c scan-tree-dump-times fre "sv.i" 2
=== gcc Summary ===
# of expected passes 75044
# of unexpected failures 49
# of unexpected successes 37
# of expected failures 207
# of unsupported tests 712
/export/build/gnu/gcc/build-i686-linux/gcc/xgcc version 4.6.0 20100730 (experimental) [trunk revision 162713] (GCC)
=== gfortran tests ===
Running target unix
FAIL: gfortran.dg/inquire_size.f90 -O0 execution test
FAIL: gfortran.dg/inquire_size.f90 -O1 execution test
FAIL: gfortran.dg/inquire_size.f90 -O2 execution test
FAIL: gfortran.dg/inquire_size.f90 -O3 -fomit-frame-pointer execution test
FAIL: gfortran.dg/inquire_size.f90 -O3 -fomit-frame-pointer -funroll-loops execution test
FAIL: gfortran.dg/inquire_size.f90 -O3 -fomit-frame-pointer -funroll-all-loops -finline-functions execution test
FAIL: gfortran.dg/inquire_size.f90 -O3 -g execution test
FAIL: gfortran.dg/inquire_size.f90 -Os execution test
FAIL: gfortran.dg/streamio_10.f90 -O0 execution test
FAIL: gfortran.dg/streamio_10.f90 -O1 execution test
FAIL: gfortran.dg/streamio_10.f90 -O2 execution test
FAIL: gfortran.dg/streamio_10.f90 -O3 -fomit-frame-pointer execution test
FAIL: gfortran.dg/streamio_10.f90 -O3 -fomit-frame-pointer -funroll-loops execution test
FAIL: gfortran.dg/streamio_10.f90 -O3 -fomit-frame-pointer -funroll-all-loops -finline-functions execution test
FAIL: gfortran.dg/streamio_10.f90 -O3 -g execution test
FAIL: gfortran.dg/streamio_10.f90 -Os execution test
FAIL: gfortran.dg/streamio_15.f90 -O0 execution test
FAIL: gfortran.dg/streamio_15.f90 -O1 execution test
FAIL: gfortran.dg/streamio_15.f90 -O2 execution test
FAIL: gfortran.dg/streamio_15.f90 -O3 -fomit-frame-pointer execution test
FAIL: gfortran.dg/streamio_15.f90 -O3 -fomit-frame-pointer -funroll-loops execution test
FAIL: gfortran.dg/streamio_15.f90 -O3 -fomit-frame-pointer -funroll-all-loops -finline-functions execution test
FAIL: gfortran.dg/streamio_15.f90 -O3 -g execution test
FAIL: gfortran.dg/streamio_15.f90 -Os execution test
FAIL: gfortran.dg/streamio_16.f90 -O0 execution test
FAIL: gfortran.dg/streamio_16.f90 -O1 execution test
FAIL: gfortran.dg/streamio_16.f90 -O2 execution test
FAIL: gfortran.dg/streamio_16.f90 -O3 -fomit-frame-pointer execution test
FAIL: gfortran.dg/streamio_16.f90 -O3 -fomit-frame-pointer -funroll-loops execution test
FAIL: gfortran.dg/streamio_16.f90 -O3 -fomit-frame-pointer -funroll-all-loops -finline-functions execution test
FAIL: gfortran.dg/streamio_16.f90 -O3 -g execution test
FAIL: gfortran.dg/streamio_16.f90 -Os execution test
FAIL: gfortran.dg/streamio_8.f90 -O0 execution test
FAIL: gfortran.dg/streamio_8.f90 -O1 execution test
FAIL: gfortran.dg/streamio_8.f90 -O2 execution test
FAIL: gfortran.dg/streamio_8.f90 -O3 -fomit-frame-pointer execution test
FAIL: gfortran.dg/streamio_8.f90 -O3 -fomit-frame-pointer -funroll-loops execution test
FAIL: gfortran.dg/streamio_8.f90 -O3 -fomit-frame-pointer -funroll-all-loops -finline-functions execution test
FAIL: gfortran.dg/streamio_8.f90 -O3 -g execution test
FAIL: gfortran.dg/streamio_8.f90 -Os execution test
FAIL: gfortran.fortran-torture/execute/inquire_3.f90 execution, -O0
FAIL: gfortran.fortran-torture/execute/inquire_3.f90 execution, -O1
FAIL: gfortran.fortran-torture/execute/inquire_3.f90 execution, -O2
FAIL: gfortran.fortran-torture/execute/inquire_3.f90 execution, -O2 -fomit-frame-pointer -finline-functions
FAIL: gfortran.fortran-torture/execute/inquire_3.f90 execution, -O2 -fomit-frame-pointer -finline-functions -funroll-loops
FAIL: gfortran.fortran-torture/execute/inquire_3.f90 execution, -O2 -fbounds-check
FAIL: gfortran.fortran-torture/execute/inquire_3.f90 execution, -O3 -g
FAIL: gfortran.fortran-torture/execute/inquire_3.f90 execution, -Os
FAIL: gfortran.fortran-torture/execute/inquire_3.f90 execution, -O2 -ftree-vectorize -msse2
FAIL: gfortran.fortran-torture/execute/inquire_4.f90 execution, -O0
FAIL: gfortran.fortran-torture/execute/inquire_4.f90 execution, -O1
FAIL: gfortran.fortran-torture/execute/inquire_4.f90 execution, -O2
FAIL: gfortran.fortran-torture/execute/inquire_4.f90 execution, -O2 -fomit-frame-pointer -finline-functions
FAIL: gfortran.fortran-torture/execute/inquire_4.f90 execution, -O2 -fomit-frame-pointer -finline-functions -funroll-loops
FAIL: gfortran.fortran-torture/execute/inquire_4.f90 execution, -O2 -fbounds-check
FAIL: gfortran.fortran-torture/execute/inquire_4.f90 execution, -O3 -g
FAIL: gfortran.fortran-torture/execute/inquire_4.f90 execution, -Os
FAIL: gfortran.fortran-torture/execute/inquire_4.f90 execution, -O2 -ftree-vectorize -msse2
=== gfortran Summary ===
# of expected passes 35237
# of unexpected failures 58
# of expected failures 38
# of unsupported tests 121
/export/build/gnu/gcc/build-i686-linux/gcc/testsuite/gfortran/../../gfortran version 4.6.0 20100730 (experimental) [trunk revision 162713] (GCC)
=== g++ tests ===
Running target unix
FAIL: c-c++-common/uninit-17.c (test for warnings, line 12)
FAIL: c-c++-common/uninit-17.c (test for warnings, line 14)
FAIL: c-c++-common/uninit-17.c (test for excess errors)
FAIL: g++.dg/guality/redeclaration1.C -O0 line 16 i == 24
FAIL: g++.dg/guality/redeclaration1.C -O1 line 16 i == 24
FAIL: g++.dg/guality/redeclaration1.C -O2 line 16 i == 24
FAIL: g++.dg/guality/redeclaration1.C -O3 -fomit-frame-pointer line 16 i == 24
FAIL: g++.dg/guality/redeclaration1.C -O3 -g line 16 i == 24
FAIL: g++.dg/guality/redeclaration1.C -Os line 16 i == 24
FAIL: g++.dg/guality/redeclaration1.C -O2 -flto line 16 i == 24
FAIL: g++.dg/guality/redeclaration1.C -O2 -fwhopr line 16 i == 24
FAIL: g++.dg/lto/20081109 cp_lto_20081109_0.o-cp_lto_20081109_1.o execute -O2 -fwhopr
=== g++ Summary ===
# of expected passes 25863
# of unexpected failures 12
# of expected failures 149
# of unsupported tests 122
/export/build/gnu/gcc/build-i686-linux/gcc/testsuite/g++/../../g++ version 4.6.0 20100730 (experimental) [trunk revision 162713] (GCC)
=== objc tests ===
Running target unix
=== objc Summary ===
# of expected passes 2007
# of expected failures 7
# of unsupported tests 20
/export/build/gnu/gcc/build-i686-linux/gcc/xgcc version 4.6.0 20100730 (experimental) [trunk revision 162713] (GCC)
=== libffi tests ===
Running target unix
=== libffi Summary ===
# of expected passes 1624
# of expected failures 10
# of unsupported tests 15
=== libgomp tests ===
Running target unix
=== libgomp Summary ===
# of expected passes 2494
=== libjava tests ===
Running target unix
=== libjava Summary ===
# of expected passes 2574
=== libmudflap tests ===
Running target unix
FAIL: libmudflap.c/pass49-frag.c execution test
FAIL: libmudflap.c/pass49-frag.c output pattern test
FAIL: libmudflap.c/pass49-frag.c execution test
FAIL: libmudflap.c/pass49-frag.c output pattern test
FAIL: libmudflap.c/pass49-frag.c (-static) execution test
FAIL: libmudflap.c/pass49-frag.c (-static) output pattern test
FAIL: libmudflap.c/pass49-frag.c (-static) execution test
FAIL: libmudflap.c/pass49-frag.c (-static) output pattern test
FAIL: libmudflap.c/pass49-frag.c (-O2) execution test
FAIL: libmudflap.c/pass49-frag.c (-O2) output pattern test
FAIL: libmudflap.c/pass49-frag.c (-O2) execution test
FAIL: libmudflap.c/pass49-frag.c (-O2) output pattern test
FAIL: libmudflap.c/pass49-frag.c (-O3) execution test
FAIL: libmudflap.c/pass49-frag.c (-O3) output pattern test
FAIL: libmudflap.c/pass49-frag.c (-O3) execution test
FAIL: libmudflap.c/pass49-frag.c (-O3) output pattern test
FAIL: libmudflap.c++/pass41-frag.cxx execution test
FAIL: libmudflap.c++/pass41-frag.cxx (-static) execution test
FAIL: libmudflap.c++/pass41-frag.cxx (-O2) execution test
FAIL: libmudflap.c++/pass41-frag.cxx (-O3) execution test
=== libmudflap Summary ===
# of expected passes 1874
# of unexpected failures 20
=== libstdc++ tests ===
Running target unix
FAIL: abi/demangle/regression/cw-13.cc execution test
FAIL: ext/pb_ds/regression/hash_data_map_rand.cc execution test
FAIL: ext/pb_ds/regression/hash_no_data_map_rand.cc execution test
FAIL: ext/pb_ds/regression/list_update_data_map_rand.cc execution test
FAIL: ext/pb_ds/regression/list_update_no_data_map_rand.cc execution test
FAIL: ext/pb_ds/regression/tree_data_map_rand.cc execution test
FAIL: ext/pb_ds/regression/tree_no_data_map_rand.cc execution test
FAIL: ext/pb_ds/regression/trie_data_map_rand.cc execution test
FAIL: ext/pb_ds/regression/trie_no_data_map_rand.cc execution test
WARNING: program timed out.
=== libstdc++ Summary ===
# of expected passes 7886
# of unexpected failures 9
# of expected failures 62
# of unsupported tests 13
Compiler version: 4.6.0 20100730 (experimental) [trunk revision 162713] (GCC)
Platform: i686-pc-linux-gnu
configure flags: --enable-clocale=gnu --with-system-zlib --enable-checking=assert --with-demangler-in-ld --enable-shared --enable-threads=posix --enable-haifa --prefix=/usr/gcc-4.6 --with-local-prefix=/usr/local --with-plugin-ld=ld.gold --enable-gold --with-fpmath=sse