This is the mail archive of the
gcc-testresults@gcc.gnu.org
mailing list for the GCC project.
Results for 4.6.0 20100730 (experimental) [trunk revision 162701] (GCC) testsuite on moxie-unknown-elf
- From: green at gcc14 dot fsffrance dot org
- To: gcc-testresults at gcc dot gnu dot org
- Date: Fri, 30 Jul 2010 03:42:12 +0200
- Subject: Results for 4.6.0 20100730 (experimental) [trunk revision 162701] (GCC) testsuite on moxie-unknown-elf
LAST_UPDATED: Fri Jul 30 00:26:47 UTC 2010 (revision 162701)
Target is moxie-unknown-elf
Host is x86_64-unknown-linux-gnu
=== gcc tests ===
Running target moxie-sim
WARNING: program timed out.
FAIL: gcc.c-torture/compile/20050622-1.c -O3 -g (test for excess errors)
FAIL: gcc.c-torture/execute/pr42833.c compilation, -O0
UNRESOLVED: gcc.c-torture/execute/pr42833.c execution, -O0
FAIL: gcc.c-torture/execute/pr42833.c compilation, -O1
UNRESOLVED: gcc.c-torture/execute/pr42833.c execution, -O1
FAIL: gcc.c-torture/execute/pr42833.c compilation, -O2
UNRESOLVED: gcc.c-torture/execute/pr42833.c execution, -O2
FAIL: gcc.c-torture/execute/pr42833.c compilation, -O3 -fomit-frame-pointer
UNRESOLVED: gcc.c-torture/execute/pr42833.c execution, -O3 -fomit-frame-pointer
FAIL: gcc.c-torture/execute/pr42833.c compilation, -O3 -fomit-frame-pointer -funroll-loops
UNRESOLVED: gcc.c-torture/execute/pr42833.c execution, -O3 -fomit-frame-pointer -funroll-loops
FAIL: gcc.c-torture/execute/pr42833.c compilation, -O3 -fomit-frame-pointer -funroll-all-loops -finline-functions
UNRESOLVED: gcc.c-torture/execute/pr42833.c execution, -O3 -fomit-frame-pointer -funroll-all-loops -finline-functions
FAIL: gcc.c-torture/execute/pr42833.c compilation, -O3 -g
UNRESOLVED: gcc.c-torture/execute/pr42833.c execution, -O3 -g
FAIL: gcc.c-torture/execute/pr42833.c compilation, -Os
UNRESOLVED: gcc.c-torture/execute/pr42833.c execution, -Os
FAIL: gcc.c-torture/execute/pr42833.c compilation, -O2 -flto
UNRESOLVED: gcc.c-torture/execute/pr42833.c execution, -O2 -flto
FAIL: gcc.c-torture/execute/pr42833.c compilation, -O2 -fwhopr
UNRESOLVED: gcc.c-torture/execute/pr42833.c execution, -O2 -fwhopr
FAIL: gcc.dg/builtin-apply2.c execution test
FAIL: gcc.dg/c99-stdint-1.c (test for excess errors)
FAIL: gcc.dg/c99-stdint-2.c (test for excess errors)
FAIL: gcc.dg/c99-stdint-4.c (test for excess errors)
FAIL: gcc.dg/c99-stdint-5.c (test for excess errors)
FAIL: gcc.dg/c99-stdint-6.c (test for excess errors)
FAIL: gcc.dg/c99-stdint-7.c (test for excess errors)
FAIL: gcc.dg/c99-stdint-8.c (test for excess errors)
FAIL: gcc.dg/large-size-array-2.c (internal compiler error)
FAIL: gcc.dg/large-size-array-2.c (test for errors, line 6)
FAIL: gcc.dg/large-size-array-2.c (test for excess errors)
FAIL: gcc.dg/large-size-array-4.c (internal compiler error)
FAIL: gcc.dg/large-size-array-4.c (test for errors, line 6)
FAIL: gcc.dg/large-size-array-4.c (test for excess errors)
FAIL: gcc.dg/pr41340.c (test for excess errors)
FAIL: gcc.dg/pr42629.c (test for excess errors)
FAIL: gcc.dg/sibcall-3.c execution test
FAIL: gcc.dg/sibcall-4.c execution test
FAIL: gcc.dg/uninit-pred-7_a.c bogus warning (test for bogus messages, line 26)
FAIL: gcc.dg/uninit-pred-8_a.c bogus warning (test for bogus messages, line 26)
FAIL: c-c++-common/uninit-17.c -Wc++-compat (test for warnings, line 12)
FAIL: c-c++-common/uninit-17.c -Wc++-compat (test for warnings, line 14)
FAIL: c-c++-common/uninit-17.c -Wc++-compat (test for excess errors)
FAIL: gcc.dg/lto/20090210 c_lto_20090210_0.o-c_lto_20090210_1.o link, -O0 -fwhopr
UNRESOLVED: gcc.dg/lto/20090210 c_lto_20090210_0.o-c_lto_20090210_1.o execute -O0 -fwhopr
FAIL: gcc.dg/lto/20090210 c_lto_20090210_0.o-c_lto_20090210_1.o link, -O2 -fwhopr
UNRESOLVED: gcc.dg/lto/20090210 c_lto_20090210_0.o-c_lto_20090210_1.o execute -O2 -fwhopr
FAIL: gcc.dg/lto/20090210 c_lto_20090210_0.o-c_lto_20090210_1.o link, -O0 -flto
UNRESOLVED: gcc.dg/lto/20090210 c_lto_20090210_0.o-c_lto_20090210_1.o execute -O0 -flto
FAIL: gcc.dg/lto/20090210 c_lto_20090210_0.o-c_lto_20090210_1.o link, -O2 -flto
UNRESOLVED: gcc.dg/lto/20090210 c_lto_20090210_0.o-c_lto_20090210_1.o execute -O2 -flto
FAIL: gcc.dg/torture/pr37868.c -O0 execution test
FAIL: gcc.dg/torture/pr37868.c -O1 execution test
FAIL: gcc.dg/torture/pr37868.c -O2 execution test
FAIL: gcc.dg/torture/pr37868.c -O3 -fomit-frame-pointer execution test
FAIL: gcc.dg/torture/pr37868.c -O3 -g execution test
FAIL: gcc.dg/torture/pr37868.c -Os execution test
FAIL: gcc.dg/torture/pr37868.c -O2 -flto execution test
FAIL: gcc.dg/torture/pr37868.c -O2 -fwhopr execution test
XPASS: gcc.dg/tree-ssa/20031106-3.c scan-tree-dump-times optimized "link_error" 0
FAIL: gcc.dg/tree-ssa/asm-2.c (test for excess errors)
XPASS: gcc.dg/tree-ssa/fre-vce-1.c scan-tree-dump-times fre "sv.i" 2
FAIL: gcc.dg/tree-ssa/loop-1.c scan-assembler-times foo 5
FAIL: gcc.dg/tree-ssa/vrp47.c scan-tree-dump-times vrp1 "[xy][^ ]* !=" 0
FAIL: gcc.dg/tree-ssa/vrp47.c scan-tree-dump-times dom1 "x[^ ]* & y" 1
FAIL: gcc.dg/tree-ssa/vrp47.c scan-tree-dump-times vrp1 "x[^ ]* [|] y" 1
=== gcc Summary ===
# of expected passes 63735
# of unexpected failures 51
# of unexpected successes 2
# of expected failures 95
# of unresolved testcases 14
# of unsupported tests 847
/home/green/gcc-moxie-elf/gcc/xgcc version 4.6.0 20100730 (experimental) [trunk revision 162701] (GCC)
Host is x86_64-unknown-linux-gnu
=== g++ tests ===
Running target moxie-sim
FAIL: g++.dg/abi/packed1.C (test for excess errors)
FAIL: g++.dg/cpp/_Pragma1.C (test for excess errors)
FAIL: g++.dg/cpp0x/noexcept04.C execution test
FAIL: g++.dg/cpp0x/noexcept05.C scan-assembler LSDA
FAIL: g++.dg/cpp0x/nullptr04.C (test for excess errors)
FAIL: g++.dg/eh/spec10.C execution test
FAIL: g++.dg/eh/spec11.C scan-assembler LSDA
FAIL: g++.dg/init/array15.C execution test
FAIL: g++.dg/init/array16.C execution test
FAIL: g++.dg/opt/asm1.C double sized union element should be addressible (test for bogus messages, line 8)
FAIL: g++.dg/opt/pr15551.C execution test
FAIL: g++.dg/opt/pr23478.C (test for excess errors)
UNRESOLVED: g++.dg/opt/pr23478.C compilation failed to produce executable
FAIL: g++.dg/opt/pr36449.C execution test
FAIL: g++.dg/other/pr25632.C (test for excess errors)
FAIL: g++.dg/pr45056.C (test for excess errors)
FAIL: c-c++-common/uninit-17.c (test for warnings, line 12)
FAIL: c-c++-common/uninit-17.c (test for warnings, line 14)
FAIL: c-c++-common/uninit-17.c (test for excess errors)
FAIL: g++.dg/torture/pr37922.C -Os execution test
FAIL: g++.old-deja/g++.eh/ia64-1.C (test for excess errors)
UNRESOLVED: g++.old-deja/g++.eh/ia64-1.C compilation failed to produce executable
FAIL: g++.old-deja/g++.jason/thunk3.C (test for excess errors)
UNRESOLVED: g++.old-deja/g++.jason/thunk3.C compilation failed to produce executable
=== g++ Summary ===
# of expected passes 22813
# of unexpected failures 21
# of expected failures 148
# of unresolved testcases 3
# of unsupported tests 240
/home/green/gcc-moxie-elf/gcc/testsuite/g++/../../g++ version 4.6.0 20100730 (experimental) [trunk revision 162701] (GCC)
Compiler version: 4.6.0 20100730 (experimental) [trunk revision 162701] (GCC)
Platform: moxie-unknown-elf
configure flags: --prefix=/home/green/root/usr --target=moxie-elf --enable-languages=c,c++ --disable-libssp --with-newlib --with-headers=/home/green/root/usr/moxie-elf/include --enable-lto --with-libelf=/opt/cfarm/libelf-0.8.12 --with-mpfr=/opt/cfarm/mpfr-2.4.1 --with-gmp=/opt/cfarm/gmp-4.2.4 --with-mpc=/opt/cfarm/mpc-0.8