This is the mail archive of the gcc-testresults@gcc.gnu.org mailing list for the GCC project.


Index Nav: [Date Index] [Subject Index] [Author Index] [Thread Index]
Message Nav: [Date Prev] [Date Next] [Thread Prev] [Thread Next]
Other format: [Raw text]

Results for 4.5.1 20100726 (prerelease) [gcc-4_5-branch revision 162525] (GCC) testsuite on hppa-unknown-linux-gnu


LAST_UPDATED: Mon Jul 26 01:00:05 UTC 2010 (revision 162525)

		=== acats tests ===

		=== acats Summary ===
# of expected passes		2321
# of unexpected failures	0
Native configuration is hppa-unknown-linux-gnu

		=== g++ tests ===


Running target unix

		=== g++ Summary ===

# of expected passes		22181
# of expected failures		151
# of unsupported tests		201
/home/dave/gnu/gcc/objdir/gcc/testsuite/g++/../../g++  version 4.5.1 20100726 (prerelease) [gcc-4_5-branch revision 162525] (GCC) 

		=== gcc tests ===


Running target unix
WARNING: program timed out.
FAIL: gcc.c-torture/execute/20040709-1.c compilation,  -O2 -fwhopr 
UNRESOLVED: gcc.c-torture/execute/20040709-1.c execution,  -O2 -fwhopr 
XPASS: gcc.dg/tree-ssa/loop-1.c scan-assembler-times foo 5

		=== gcc Summary ===

# of expected passes		63675
# of unexpected failures	1
# of unexpected successes	1
# of expected failures		98
# of unresolved testcases	1
# of unsupported tests		726
/home/dave/gnu/gcc/objdir/gcc/xgcc  version 4.5.1 20100726 (prerelease) [gcc-4_5-branch revision 162525] (GCC) 

		=== gfortran tests ===


Running target unix
WARNING: program timed out.
FAIL: gfortran.dg/alloc_comp_assign_2.f90  -O3 -fomit-frame-pointer -funroll-all-loops -finline-functions  (test for excess errors)
UNRESOLVED: gfortran.dg/alloc_comp_assign_2.f90  -O3 -fomit-frame-pointer -funroll-all-loops -finline-functions  compilation failed to produce executable
WARNING: program timed out.
FAIL: gfortran.dg/alloc_comp_constructor_3.f90  -O0  (test for excess errors)
UNRESOLVED: gfortran.dg/alloc_comp_constructor_3.f90  -O0  compilation failed to produce executable
WARNING: program timed out.
FAIL: gfortran.dg/direct_io_2.f90  -O3 -fomit-frame-pointer -funroll-all-loops -finline-functions  (test for excess errors)
UNRESOLVED: gfortran.dg/direct_io_2.f90  -O3 -fomit-frame-pointer -funroll-all-loops -finline-functions  compilation failed to produce executable
WARNING: program timed out.
FAIL: gfortran.dg/f2003_io_1.f03  -O3 -fomit-frame-pointer -funroll-all-loops -finline-functions  (test for excess errors)
UNRESOLVED: gfortran.dg/f2003_io_1.f03  -O3 -fomit-frame-pointer -funroll-all-loops -finline-functions  compilation failed to produce executable
WARNING: program timed out.
FAIL: gfortran.dg/list_read_3.f90  -O3 -fomit-frame-pointer -funroll-all-loops -finline-functions  (test for excess errors)
UNRESOLVED: gfortran.dg/list_read_3.f90  -O3 -fomit-frame-pointer -funroll-all-loops -finline-functions  compilation failed to produce executable
WARNING: program timed out.
FAIL: gfortran.dg/list_read_7.f90  -O0  (test for excess errors)
UNRESOLVED: gfortran.dg/list_read_7.f90  -O0  compilation failed to produce executable
FAIL: gfortran.dg/pr41928.f90  -O  (internal compiler error)
FAIL: gfortran.dg/pr41928.f90  -O  (test for excess errors)
WARNING: program timed out.
FAIL: gfortran.dg/transfer_assumed_size_1.f90  -O1  (test for excess errors)
UNRESOLVED: gfortran.dg/transfer_assumed_size_1.f90  -O1  compilation failed to produce executable
WARNING: program timed out.
FAIL: gfortran.fortran-torture/execute/elemental.f90 compilation,  -O0 
WARNING: program timed out.
FAIL: gfortran.fortran-torture/execute/f2_edit_1.f90 compilation,  -O0 

		=== gfortran Summary ===

# of expected passes		33232
# of unexpected failures	11
# of expected failures		31
# of unresolved testcases	7
# of untested testcases		2
# of unsupported tests		290
/home/dave/gnu/gcc/objdir/gcc/testsuite/gfortran/../../gfortran  version 4.5.1 20100726 (prerelease) [gcc-4_5-branch revision 162525] (GCC) 

		=== gnat tests ===


Running target unix

		=== gnat Summary ===

# of expected passes		759
# of expected failures		7
# of unsupported tests		2
		=== obj-c++ tests ===


Running target unix
UNRESOLVED: obj-c++.dg/lookup-2.mm -fgnu-runtime compilation failed to produce executable
UNRESOLVED: obj-c++.dg/try-catch-2.mm -fgnu-runtime compilation failed to produce executable
UNRESOLVED: obj-c++.dg/try-catch-9.mm -fgnu-runtime compilation failed to produce executable

		=== obj-c++ Summary ===

# of expected passes		440
# of expected failures		3
# of unresolved testcases	3
# of unsupported tests		14
/home/dave/gnu/gcc/objdir/gcc/testsuite/obj-c++/../../g++  version 4.5.1 20100726 (prerelease) [gcc-4_5-branch revision 162525] (GCC) 

		=== objc tests ===


Running target unix

		=== objc Summary ===

# of expected passes		1874
# of expected failures		15
# of unsupported tests		20
/home/dave/gnu/gcc/objdir/gcc/xgcc  version 4.5.1 20100726 (prerelease) [gcc-4_5-branch revision 162525] (GCC) 

		=== libffi tests ===


Running target unix

		=== libffi Summary ===

# of expected passes		1624
# of expected failures		10
# of unsupported tests		15
		=== libgomp tests ===


Running target unix
WARNING: program timed out.
FAIL: libgomp.fortran/pr32359.f90  -O  (test for excess errors)

		=== libgomp Summary ===

# of expected passes		2525
# of unexpected failures	1
# of unsupported tests		7
		=== libjava tests ===


Running target unix

		=== libjava Summary ===

# of expected passes		2574
		=== libmudflap tests ===


Running target unix
FAIL: libmudflap.c/pass46-frag.c (-O2) (test for excess errors)
FAIL: libmudflap.c/pass46-frag.c (-O2) (test for excess errors)
FAIL: libmudflap.c/fail31-frag.c (-O3) crash test
FAIL: libmudflap.c/fail31-frag.c (-O3) output pattern test
FAIL: libmudflap.c/pass45-frag.c (-O3) execution test
FAIL: libmudflap.c/pass45-frag.c (-O3) output pattern test
FAIL: libmudflap.c/pass45-frag.c (-O3) execution test
FAIL: libmudflap.c/pass45-frag.c (-O3) output pattern test
FAIL: libmudflap.c/pass46-frag.c (-O3) (test for excess errors)
FAIL: libmudflap.c/pass46-frag.c (-O3) (test for excess errors)
FAIL: libmudflap.c++/pass41-frag.cxx execution test
FAIL: libmudflap.c++/pass41-frag.cxx (-static) execution test
FAIL: libmudflap.c++/pass41-frag.cxx ( -O) execution test
FAIL: libmudflap.c++/pass41-frag.cxx (-O2) execution test
FAIL: libmudflap.c++/pass41-frag.cxx (-O3) execution test

		=== libmudflap Summary ===

# of expected passes		1879
# of unexpected failures	15
		=== libstdc++ tests ===


Running target unix

		=== libstdc++ Summary ===

# of expected passes		6847
# of expected failures		93
# of unsupported tests		355

Compiler version: 4.5.1 20100726 (prerelease) [gcc-4_5-branch revision 162525] (GCC) 
Platform: hppa-unknown-linux-gnu
configure flags: --with-gnu-as --with-gnu-ld --enable-shared --prefix=/home/dave/opt/gnu/gcc/gcc-4.5.1 --with-local-prefix=/home/dave/opt/gnu --enable-threads=posix --enable-__cxa_atexit --build=hppa-linux --enable-clocale=gnu --enable-java-gc=boehm --enable-java-awt=xlib --enable-languages=c,c++,objc,fortran,obj-c++,java,ada


Index Nav: [Date Index] [Subject Index] [Author Index] [Thread Index]
Message Nav: [Date Prev] [Date Next] [Thread Prev] [Thread Next]