This is the mail archive of the gcc-testresults@gcc.gnu.org mailing list for the GCC project.


Index Nav: [Date Index] [Subject Index] [Author Index] [Thread Index]
Message Nav: [Date Prev] [Date Next] [Thread Prev] [Thread Next]
Other format: [Raw text]

Results for 4.4.5 20100725 (prerelease) [gcc-4_4-branch revision 162515] (GCC) testsuite on x86_64-suse-linux-gnu


Bootstrap and regtesting on x86_64-suse-linux-gnu.
SVN sources: branch: 4.4 release branch.
LAST_UPDATED: Sun Jul 25 16:48:16 UTC 2010 (revision 162515)

		=== acats tests ===

		=== acats Summary ===
# of expected passes		2315
# of unexpected failures	0
Native configuration is x86_64-suse-linux-gnu

		=== gcc tests ===


Running target unix
FAIL: gcc.dg/tree-prof/bb-reorg.c compilation,  -fprofile-use -D_PROFILE_USE
UNRESOLVED: gcc.dg/tree-prof/bb-reorg.c execution,    -fprofile-use -D_PROFILE_USE
FAIL: gcc.dg/tree-prof/pr34999.c compilation,  -fprofile-use -D_PROFILE_USE
UNRESOLVED: gcc.dg/tree-prof/pr34999.c execution,    -fprofile-use -D_PROFILE_USE

		=== gcc Summary for unix ===

# of expected passes		57850
# of unexpected failures	2
# of expected failures		190
# of unresolved testcases	2
# of unsupported tests		736

Running target unix/-m32

		=== gcc Summary for unix/-m32 ===

# of expected passes		58208
# of expected failures		191
# of unsupported tests		448

		=== gcc Summary ===

# of expected passes		116058
# of unexpected failures	2
# of expected failures		381
# of unresolved testcases	2
# of unsupported tests		1184
/build/gcc/gcc/xgcc  version 4.4.5 20100725 (prerelease) [gcc-4_4-branch revision 162515] (GCC) 

		=== gfortran tests ===


Running target unix

		=== gfortran Summary for unix ===

# of expected passes		30408
# of expected failures		9
# of unsupported tests		44

Running target unix/-m32

		=== gfortran Summary for unix/-m32 ===

# of expected passes		30279
# of expected failures		9
# of unsupported tests		105

		=== gfortran Summary ===

# of expected passes		60687
# of expected failures		18
# of unsupported tests		149
/build/gcc/gcc/testsuite/gfortran/../../gfortran  version 4.4.5 20100725 (prerelease) [gcc-4_4-branch revision 162515] (GCC) 

		=== g++ tests ===


Running target unix

		=== g++ Summary for unix ===

# of expected passes		19944
# of expected failures		157
# of unsupported tests		252

Running target unix/-m32

		=== g++ Summary for unix/-m32 ===

# of expected passes		20263
# of expected failures		157
# of unsupported tests		100

		=== g++ Summary ===

# of expected passes		40207
# of expected failures		314
# of unsupported tests		352
/build/gcc/gcc/testsuite/g++/../../g++  version 4.4.5 20100725 (prerelease) [gcc-4_4-branch revision 162515] (GCC) 

		=== gnat tests ===


Running target unix/-m32

		=== gnat Summary for unix/-m32 ===

# of expected passes		619
# of expected failures		6

Running target unix

		=== gnat Summary for unix ===

# of expected passes		619
# of expected failures		6

		=== gnat Summary ===

# of expected passes		1238
# of expected failures		12
		=== objc tests ===


Running target unix/-m32

		=== objc Summary for unix/-m32 ===

# of expected passes		1874
# of expected failures		7
# of unsupported tests		24

Running target unix

		=== objc Summary for unix ===

# of expected passes		1866
# of expected failures		15
# of unsupported tests		24

		=== objc Summary ===

# of expected passes		3740
# of expected failures		22
# of unsupported tests		48
/build/gcc/gcc/xgcc  version 4.4.5 20100725 (prerelease) [gcc-4_4-branch revision 162515] (GCC) 

		=== libffi tests ===


Running target unix/-m32

		=== libffi Summary for unix/-m32 ===

# of expected passes		1389
# of unsupported tests		10

Running target unix

		=== libffi Summary for unix ===

# of expected passes		1389
# of unsupported tests		10

		=== libffi Summary ===

# of expected passes		2778
# of unsupported tests		20
		=== libgomp tests ===


Running target unix/-m32

		=== libgomp Summary for unix/-m32 ===

# of expected passes		2476

Running target unix

		=== libgomp Summary for unix ===

# of expected passes		2476

		=== libgomp Summary ===

# of expected passes		4952
		=== libjava tests ===


Running target unix/-m32

		=== libjava Summary for unix/-m32 ===

# of expected passes		2574

Running target unix

		=== libjava Summary for unix ===

# of expected passes		2574

		=== libjava Summary ===

# of expected passes		5148
		=== libmudflap tests ===


Running target unix/-m32
FAIL: libmudflap.c++/pass41-frag.cxx execution test
FAIL: libmudflap.c++/pass41-frag.cxx (-static) execution test
FAIL: libmudflap.c++/pass41-frag.cxx ( -O) execution test
FAIL: libmudflap.c++/pass41-frag.cxx (-O2) execution test
FAIL: libmudflap.c++/pass41-frag.cxx (-O3) execution test

		=== libmudflap Summary for unix/-m32 ===

# of expected passes		1889
# of unexpected failures	5

Running target unix
FAIL: libmudflap.c++/pass41-frag.cxx execution test
FAIL: libmudflap.c++/pass41-frag.cxx (-static) execution test
FAIL: libmudflap.c++/pass41-frag.cxx ( -O) execution test
FAIL: libmudflap.c++/pass41-frag.cxx (-O2) execution test
FAIL: libmudflap.c++/pass41-frag.cxx (-O3) execution test

		=== libmudflap Summary for unix ===

# of expected passes		1889
# of unexpected failures	5

		=== libmudflap Summary ===

# of expected passes		3778
# of unexpected failures	10
		=== libstdc++ tests ===


Running target unix

		=== libstdc++ Summary for unix ===

# of expected passes		6519
# of expected failures		80
# of unsupported tests		13

Running target unix/-m32

		=== libstdc++ Summary for unix/-m32 ===

# of expected passes		6510
# of expected failures		80
# of unsupported tests		18

		=== libstdc++ Summary ===

# of expected passes		13029
# of expected failures		160
# of unsupported tests		31

Compiler version: 4.4.5 20100725 (prerelease) [gcc-4_4-branch revision 162515] (GCC) 
Platform: x86_64-suse-linux-gnu
configure flags: --prefix=/opt/gcc/4.4-devel --enable-checking=yes,rtl --enable-gold --enable-lto --enable-decimal-float --enable-threads=posix --enable-clocale=gnu --enable-ssp --disable-libssp --enable-libstdcxx-allocator=new --enable-__cxa_atexit --enable-shared --enable-languages=c,c++,ada,java,fortran,objc --with-system-zlib x86_64-suse-linux-gnu
Version of binutils: GNU ld (GNU Binutils; openSUSE 11.3) 2.20.0.20100122-6
Version of glibc (/lib/libc.so.6): 2.11.2 (20100531)
Version of glibc (/lib64/libc.so.6): 2.11.2 (20100531)


Index Nav: [Date Index] [Subject Index] [Author Index] [Thread Index]
Message Nav: [Date Prev] [Date Next] [Thread Prev] [Thread Next]