This is the mail archive of the gcc-testresults@gcc.gnu.org mailing list for the GCC project.


Index Nav: [Date Index] [Subject Index] [Author Index] [Thread Index]
Message Nav: [Date Prev] [Date Next] [Thread Prev] [Thread Next]
Other format: [Raw text]

Results for 4.5.1 20100722 (prerelease) (Blastwave.org Inc. Sat Jul 24 00:24:19 GMT 2010) testsuite on i386-pc-solaris2.10


Build System :
----------------------------------------------------------------------------
[fortius] uname -a
SunOS fortius 5.10 Generic_142901-11 i86pc i386 i86pc

[fortius] cat /etc/release
                       Solaris 10 10/09 s10x_u8wos_08a X86
           Copyright 2009 Sun Microsystems, Inc.  All Rights Reserved.
                        Use is subject to license terms.
                           Assembled 16 September 2009
[fortius] psrinfo -pv
The physical processor has 2 virtual processors (0 1)
  x86 (chipid 0x0 AuthenticAMD family 15 model 65 step 3 clock 2593 MHz)
        Dual-Core AMD Opteron(tm) Processor 2218 HE
The physical processor has 2 virtual processors (2 3)
  x86 (chipid 0x1 AuthenticAMD family 15 model 65 step 3 clock 2593 MHz)
        Dual-Core AMD Opteron(tm) Processor 2218 HE
[fortius] as --version
GNU assembler (GNU Binutils) 2.20.1.20100303
Copyright 2009 Free Software Foundation, Inc.
This program is free software; you may redistribute it under the terms of
the GNU General Public License version 3 or later.
This program has absolutely no warranty.
This assembler was configured for a target of `i386-pc-solaris2.10'.
[fortius]


SPECIAL NOTES : This is a triple bootstrap in that this release
version is built with gcc 4.4.4 which in turn was bootstrapped
with gcc 4.3.4.

Initial Compiler Details :

[fortius] pkginfo -l CSWgcc4
   PKGINST:  CSWgcc4
      NAME:  gcc4 - GNU Compiler Collection Version 4.3.4
  CATEGORY:  application
      ARCH:  i386
   VERSION:  4.3.4,REV=2009.09.29
   BASEDIR:  /opt/csw
    VENDOR:  http://gcc.gnu.org/gcc-4.3 packaged for CSW by Blastwave(tm)
      DESC:  CSWgcc4 - GNU Compiler Collection Version 4.3.4
    PSTAMP:  orcus20090929031415
  INSTDATE:  Jul 11 2010 17:30
   HOTLINE:  http://www.blastwave.org/
     EMAIL:  dclarke@blastwave.org
    STATUS:  completely installed
     FILES:      991 installed pathnames
                   9 shared pathnames
                 130 directories
                  32 executables
              376000 blocks used (approx)

This was used to bootstrap 4.4.4 thus :

[fortius] gcc --version
gcc (Blastwave.org Inc. Fri Jul 23 15:32:37 GMT 2010) 4.4.4
Copyright (C) 2010 Free Software Foundation, Inc.
This is free software; see the source for copying conditions.  There is NO
warranty; not even for MERCHANTABILITY or FITNESS FOR A PARTICULAR PURPOSE.


Then gcc 4.4.4 was used to bootstrap this 4.5.1 Release Candidate.

Configure Line :

../gcc-4.5.1-RC-20100722/configure --host=i386-pc-solaris2.10
--build=i386-pc-solaris2.10 --with-gnu-as
--with-as=/usr/local/bin/as --without-gnu-ld
--with-ld=/usr/ccs/bin/ld --with-cpu-32=i386
--with-cpu-64=opteron --with-arch-32=i386
--with-arch-64=opteron --enable-stage1-languages=c
--enable-nls --with-libiconv-prefix=/usr/local
--enable-threads=posix --with-gmp=/usr/local
--with-mpfr=/usr/local --with-mpc=/usr/local
--prefix=/usr/local/gcc4 --with-local-prefix=/usr/local
--enable-shared --enable-multilib --with-system-zlib
--with-pkgversion=Blastwave.org\ Inc.\ Sat\ Jul\ 24\ 00\:24\:19\ GMT\ 2010
--with-bugurl=http\:\/\/www.blastwave.org\/support
--enable-languages=c,c++,objc,fortran --enable-bootstrap


[fortius] ../gcc-4.5.1-RC-20100722/contrib/test_summary
cat <<'EOF' |
LAST_UPDATED: Obtained from SVN: branches/gcc-4_5-branch revision 162405

Native configuration is i386-pc-solaris2.10

                === g++ tests ===


Running target unix

                === g++ Summary ===

# of expected passes            22904
# of expected failures          152
# of unsupported tests          163
/export/home/dclarke/build/GCC/gcc-4.5.1-RC-20100722-002/gcc/testsuite/g++/../../g++
 version 4.5.1 20100722 (prerelease) (Blastwave.org Inc. Sat Jul 24
00:24:19 GMT 2010)

                === gcc tests ===


Running target unix
FAIL: gcc.target/i386/abi-2.c scan-assembler-times ymm0 1
FAIL: gcc.target/i386/pr22076.c scan-assembler-times movq 3
FAIL: gcc.target/i386/pr22076.c scan-assembler-not movl

                === gcc Summary ===

# of expected passes            70954
# of unexpected failures        3
# of expected failures          166
# of unsupported tests          698
/export/home/dclarke/build/GCC/gcc-4.5.1-RC-20100722-002/gcc/xgcc  version
4.5.1 20100722 (prerelease) (Blastwave.org Inc. Sat Jul 24 00:24:19 GMT
2010)

                === gfortran tests ===


Running target unix

                === gfortran Summary ===

# of expected passes            34040
# of expected failures          20
# of unsupported tests          153
/export/home/dclarke/build/GCC/gcc-4.5.1-RC-20100722-002/gcc/testsuite/gfortran/../../gfortran
 version 4.5.1 20100722 (prerelease) (Blastwave.org Inc. Sat Jul 24
00:24:19 GMT 2010)

                === objc tests ===


Running target unix

                === objc Summary ===

# of expected passes            1882
# of expected failures          7
# of unsupported tests          20
/export/home/dclarke/build/GCC/gcc-4.5.1-RC-20100722-002/gcc/xgcc  version
4.5.1 20100722 (prerelease) (Blastwave.org Inc. Sat Jul 24 00:24:19 GMT
2010)

                === libgomp tests ===


Running target unix

                === libgomp Summary ===

# of expected passes            2490
# of unsupported tests          2
                === libstdc++ tests ===


Running target unix

                === libstdc++ Summary ===

# of expected passes            6534
# of expected failures          92
# of unsupported tests          518

Compiler version: 4.5.1 20100722 (prerelease) (Blastwave.org Inc. Sat Jul
24 00:24:19 GMT 2010)
Platform: i386-pc-solaris2.10
configure flags: --host=i386-pc-solaris2.10 --build=i386-pc-solaris2.10
--with-gnu-as --with-as=/usr/local/bin/as --without-gnu-ld
--with-ld=/usr/ccs/bin/ld --with-cpu-32=i386 --with-cpu-64=opteron
--with-arch-32=i386 --with-arch-64=opteron --enable-stage1-languages=c
--enable-nls --with-libiconv-prefix=/usr/local --enable-threads=posix
--with-gmp=/usr/local --with-mpfr=/usr/local --with-mpc=/usr/local
--prefix=/usr/local/gcc4 --with-local-prefix=/usr/local --enable-shared
--enable-multilib --with-system-zlib --with-pkgversion='Blastwave.org Inc.
Sat Jul 24 00:24:19 GMT 2010'
--with-bugurl=http://www.blastwave.org/support
--enable-languages=c,c++,objc,fortran --enable-bootstrap
EOF

-- 
Dennis Clarke
dclarke@opensolaris.ca  <- Email related to the open source Solaris
dclarke@blastwave.org   <- Email related to open source for Solaris



Index Nav: [Date Index] [Subject Index] [Author Index] [Thread Index]
Message Nav: [Date Prev] [Date Next] [Thread Prev] [Thread Next]