This is the mail archive of the
gcc-testresults@gcc.gnu.org
mailing list for the GCC project.
Results for 4.5.1 20100718 (prerelease) [gcc-4_5-branch revision 162282] (GCC) testsuite on hppa-unknown-linux-gnu
- From: dave at mx3210 dot hia dot nrc dot ca (John David Anglin)
- To: dave dot anglin at nrc-cnrc dot gc dot ca, gcc-testresults at gcc dot gnu dot org
- Date: Mon, 19 Jul 2010 18:41:27 -0400 (EDT)
- Subject: Results for 4.5.1 20100718 (prerelease) [gcc-4_5-branch revision 162282] (GCC) testsuite on hppa-unknown-linux-gnu
LAST_UPDATED: Sun Jul 18 00:44:27 UTC 2010 (revision 162282)
=== acats tests ===
=== acats Summary ===
# of expected passes 2321
# of unexpected failures 0
Native configuration is hppa-unknown-linux-gnu
=== g++ tests ===
Running target unix
=== g++ Summary ===
# of expected passes 22178
# of expected failures 151
# of unsupported tests 193
/home/dave/gnu/gcc/objdir/gcc/testsuite/g++/../../g++ version 4.5.1 20100718 (prerelease) [gcc-4_5-branch revision 162282] (GCC)
=== gcc tests ===
Running target unix
WARNING: program timed out.
FAIL: gcc.c-torture/execute/builtins/strncpy-chk.c compilation, -O3 -fomit-frame-pointer
UNRESOLVED: gcc.c-torture/execute/builtins/strncpy-chk.c execution, -O3 -fomit-frame-pointer
WARNING: program timed out.
FAIL: gcc.c-torture/execute/20020508-2.c compilation, -O3 -fomit-frame-pointer
UNRESOLVED: gcc.c-torture/execute/20020508-2.c execution, -O3 -fomit-frame-pointer
XPASS: gcc.dg/tree-ssa/loop-1.c scan-assembler-times foo 5
=== gcc Summary ===
# of expected passes 63637
# of unexpected failures 2
# of unexpected successes 1
# of expected failures 98
# of unresolved testcases 2
# of unsupported tests 726
/home/dave/gnu/gcc/objdir/gcc/xgcc version 4.5.1 20100718 (prerelease) [gcc-4_5-branch revision 162282] (GCC)
=== gfortran tests ===
Running target unix
WARNING: program timed out.
FAIL: gfortran.dg/entry_1.f90 -O3 -g (test for excess errors)
UNRESOLVED: gfortran.dg/entry_1.f90 -O3 -g compilation failed to produce executable
WARNING: program timed out.
FAIL: gfortran.dg/intrinsic_product_1.f90 -O3 -g (test for excess errors)
UNRESOLVED: gfortran.dg/intrinsic_product_1.f90 -O3 -g compilation failed to produce executable
WARNING: program timed out.
FAIL: gfortran.dg/pr15324.f90 -O1 (test for excess errors)
UNRESOLVED: gfortran.dg/pr15324.f90 -O1 compilation failed to produce executable
FAIL: gfortran.dg/pr41928.f90 -O (internal compiler error)
FAIL: gfortran.dg/pr41928.f90 -O (test for excess errors)
WARNING: program timed out.
FAIL: gfortran.dg/reshape_rank7.f90 -O1 (test for excess errors)
UNRESOLVED: gfortran.dg/reshape_rank7.f90 -O1 compilation failed to produce executable
WARNING: program timed out.
FAIL: gfortran.dg/shift-kind_2.f90 -Os (test for excess errors)
UNRESOLVED: gfortran.dg/shift-kind_2.f90 -Os compilation failed to produce executable
WARNING: program timed out.
FAIL: gfortran.dg/g77/strlen0.f -O1 (test for excess errors)
UNRESOLVED: gfortran.dg/g77/strlen0.f -O1 compilation failed to produce executable
WARNING: program timed out.
FAIL: gfortran.fortran-torture/execute/intrinsic_mmloc_2.f90 compilation, -O2 -fbounds-check
WARNING: program timed out.
FAIL: gfortran.fortran-torture/execute/intrinsic_trim.f90 compilation, -O2 -fbounds-check
=== gfortran Summary ===
# of expected passes 33226
# of unexpected failures 10
# of expected failures 31
# of unresolved testcases 6
# of untested testcases 2
# of unsupported tests 290
/home/dave/gnu/gcc/objdir/gcc/testsuite/gfortran/../../gfortran version 4.5.1 20100718 (prerelease) [gcc-4_5-branch revision 162282] (GCC)
=== gnat tests ===
Running target unix
=== gnat Summary ===
# of expected passes 759
# of expected failures 7
# of unsupported tests 2
=== obj-c++ tests ===
Running target unix
UNRESOLVED: obj-c++.dg/lookup-2.mm -fgnu-runtime compilation failed to produce executable
UNRESOLVED: obj-c++.dg/try-catch-2.mm -fgnu-runtime compilation failed to produce executable
UNRESOLVED: obj-c++.dg/try-catch-9.mm -fgnu-runtime compilation failed to produce executable
=== obj-c++ Summary ===
# of expected passes 440
# of expected failures 3
# of unresolved testcases 3
# of unsupported tests 14
/home/dave/gnu/gcc/objdir/gcc/testsuite/obj-c++/../../g++ version 4.5.1 20100718 (prerelease) [gcc-4_5-branch revision 162282] (GCC)
=== objc tests ===
Running target unix
=== objc Summary ===
# of expected passes 1874
# of expected failures 15
# of unsupported tests 20
/home/dave/gnu/gcc/objdir/gcc/xgcc version 4.5.1 20100718 (prerelease) [gcc-4_5-branch revision 162282] (GCC)
=== libffi tests ===
Running target unix
=== libffi Summary ===
# of expected passes 1624
# of expected failures 10
# of unsupported tests 15
=== libgomp tests ===
Running target unix
WARNING: program timed out.
FAIL: libgomp.fortran/vla5.f90 -O1 (test for warnings, line 69)
FAIL: libgomp.fortran/vla5.f90 -O1 (test for excess errors)
UNRESOLVED: libgomp.fortran/vla5.f90 -O1 compilation failed to produce executable
=== libgomp Summary ===
# of expected passes 2523
# of unexpected failures 2
# of unresolved testcases 1
# of unsupported tests 7
=== libjava tests ===
Running target unix
=== libjava Summary ===
# of expected passes 2574
=== libmudflap tests ===
Running target unix
FAIL: libmudflap.c/pass46-frag.c (-O2) (test for excess errors)
FAIL: libmudflap.c/pass46-frag.c (-O2) (test for excess errors)
FAIL: libmudflap.c/fail31-frag.c (-O3) crash test
FAIL: libmudflap.c/fail31-frag.c (-O3) output pattern test
FAIL: libmudflap.c/pass45-frag.c (-O3) execution test
FAIL: libmudflap.c/pass45-frag.c (-O3) output pattern test
FAIL: libmudflap.c/pass45-frag.c (-O3) execution test
FAIL: libmudflap.c/pass45-frag.c (-O3) output pattern test
FAIL: libmudflap.c/pass46-frag.c (-O3) (test for excess errors)
FAIL: libmudflap.c/pass46-frag.c (-O3) (test for excess errors)
FAIL: libmudflap.c++/pass41-frag.cxx execution test
FAIL: libmudflap.c++/pass41-frag.cxx (-static) execution test
FAIL: libmudflap.c++/pass41-frag.cxx ( -O) execution test
FAIL: libmudflap.c++/pass41-frag.cxx (-O2) execution test
FAIL: libmudflap.c++/pass41-frag.cxx (-O3) execution test
=== libmudflap Summary ===
# of expected passes 1879
# of unexpected failures 15
=== libstdc++ tests ===
Running target unix
=== libstdc++ Summary ===
# of expected passes 6847
# of expected failures 93
# of unsupported tests 355
Compiler version: 4.5.1 20100718 (prerelease) [gcc-4_5-branch revision 162282] (GCC)
Platform: hppa-unknown-linux-gnu
configure flags: --with-gnu-as --with-gnu-ld --enable-shared --prefix=/home/dave/opt/gnu/gcc/gcc-4.5.1 --with-local-prefix=/home/dave/opt/gnu --enable-threads=posix --enable-__cxa_atexit --build=hppa-linux --enable-clocale=gnu --enable-java-gc=boehm --enable-java-awt=xlib --enable-languages=c,c++,objc,fortran,obj-c++,java,ada