This is the mail archive of the gcc-testresults@gcc.gnu.org mailing list for the GCC project.


Index Nav: [Date Index] [Subject Index] [Author Index] [Thread Index]
Message Nav: [Date Prev] [Date Next] [Thread Prev] [Thread Next]
Other format: [Raw text]

Results for 4.6.0 20100714 (experimental) [trunk revision 162165] (GCC) testsuite on hppa2.0w-hp-hpux11.11


		=== acats tests ===

		=== acats Summary ===
# of expected passes		2321
# of unexpected failures	0
Native configuration is hppa2.0w-hp-hpux11.11

		=== g++ tests ===


Running target unix
WARNING: g++.dg/ext/label13.C compilation failed to produce executable
FAIL: c-c++-common/uninit-17.c  (test for warnings, line 14)
FAIL: c-c++-common/uninit-17.c (test for excess errors)
FAIL: g++.dg/torture/pr36745.C  -O0  (test for excess errors)
FAIL: g++.dg/torture/pr36745.C  -O1  (test for excess errors)
FAIL: g++.dg/torture/pr36745.C  -O2  (test for excess errors)
FAIL: g++.dg/torture/pr36745.C  -O3 -fomit-frame-pointer  (test for excess errors)
FAIL: g++.dg/torture/pr36745.C  -O3 -fomit-frame-pointer -funroll-loops  (test for excess errors)
FAIL: g++.dg/torture/pr36745.C  -O3 -fomit-frame-pointer -funroll-all-loops -finline-functions  (test for excess errors)
FAIL: g++.dg/torture/pr36745.C  -O3 -g  (test for excess errors)
FAIL: g++.dg/torture/pr36745.C  -Os  (test for excess errors)

		=== g++ Summary ===

# of expected passes		21290
# of unexpected failures	10
# of expected failures		149
# of unsupported tests		300
/test/gnu/gcc/objdir/gcc/testsuite/g++/../../g++  version 4.6.0 20100714 (experimental) [trunk revision 162165] (GCC) 

		=== gcc tests ===


Running target unix
FAIL: gcc.dg/attr-weak-hidden-1a.c (test for excess errors)
FAIL: gcc.dg/pr35258.c execution test
FAIL: c-c++-common/Wunused-var-12.c  -Wc++-compat  (test for excess errors)
FAIL: c-c++-common/uninit-17.c  -Wc++-compat   (test for warnings, line 14)
FAIL: c-c++-common/uninit-17.c  -Wc++-compat  (test for excess errors)
WARNING: program timed out.
XPASS: gcc.dg/tree-ssa/20031106-3.c scan-tree-dump-times optimized "link_error" 0
XPASS: gcc.dg/tree-ssa/20040204-1.c scan-tree-dump-times optimized "link_error" 0
XPASS: gcc.dg/tree-ssa/fre-vce-1.c scan-tree-dump-times fre "sv.i" 2

		=== gcc Summary ===

# of expected passes		53239
# of unexpected failures	5
# of unexpected successes	3
# of expected failures		112
# of unsupported tests		782
/test/gnu/gcc/objdir/gcc/xgcc  version 4.6.0 20100714 (experimental) [trunk revision 162165] (GCC) 

		=== gfortran tests ===


Running target unix
FAIL: gfortran.dg/char4_iunit_1.f03  -O0  execution test
FAIL: gfortran.dg/char4_iunit_1.f03  -O1  execution test
FAIL: gfortran.dg/char4_iunit_1.f03  -O2  execution test
FAIL: gfortran.dg/char4_iunit_1.f03  -O3 -fomit-frame-pointer  execution test
FAIL: gfortran.dg/char4_iunit_1.f03  -O3 -fomit-frame-pointer -funroll-loops  execution test
FAIL: gfortran.dg/char4_iunit_1.f03  -O3 -fomit-frame-pointer -funroll-all-loops -finline-functions  execution test
FAIL: gfortran.dg/char4_iunit_1.f03  -O3 -g  execution test
FAIL: gfortran.dg/char4_iunit_1.f03  -Os  execution test
FAIL: gfortran.dg/pr41928.f90  -O  (internal compiler error)
FAIL: gfortran.dg/pr41928.f90  -O  (test for excess errors)

		=== gfortran Summary ===

# of expected passes		33856
# of unexpected failures	10
# of expected failures		22
# of unsupported tests		306
/test/gnu/gcc/objdir/gcc/testsuite/gfortran/../../gfortran  version 4.6.0 20100714 (experimental) [trunk revision 162165] (GCC) 

		=== gnat tests ===


Running target unix
FAIL: gnat.dg/unchecked_convert5.adb (test for excess errors)
WARNING: gnat.dg/unchecked_convert5.adb compilation failed to produce executable

		=== gnat Summary ===

# of expected passes		809
# of unexpected failures	1
# of expected failures		10
# of unsupported tests		2
		=== obj-c++ tests ===


Running target unix
WARNING: obj-c++.dg/lookup-2.mm -fgnu-runtime compilation failed to produce executable
WARNING: obj-c++.dg/try-catch-2.mm -fgnu-runtime compilation failed to produce executable
WARNING: obj-c++.dg/try-catch-9.mm -fgnu-runtime compilation failed to produce executable

		=== obj-c++ Summary ===

# of expected passes		532
# of expected failures		3
# of unsupported tests		16
/test/gnu/gcc/objdir/gcc/testsuite/obj-c++/../../g++  version 4.6.0 20100714 (experimental) [trunk revision 162165] (GCC) 

		=== objc tests ===


Running target unix

		=== objc Summary ===

# of expected passes		1961
# of expected failures		15
# of unsupported tests		23
/test/gnu/gcc/objdir/gcc/xgcc  version 4.6.0 20100714 (experimental) [trunk revision 162165] (GCC) 

		=== libffi tests ===


Running target unix

		=== libffi Summary ===

# of expected passes		1624
# of expected failures		10
# of unsupported tests		15
		=== libgomp tests ===


Running target unix

		=== libgomp Summary ===

# of expected passes		2476
# of unsupported tests		9
		=== libjava tests ===


Running target unix
FAIL: LargeFile execution - source compiled test
FAIL: LargeFile -findirect-dispatch execution - source compiled test
FAIL: LargeFile -O3 execution - source compiled test
FAIL: LargeFile -O3 -findirect-dispatch execution - source compiled test

		=== libjava Summary ===

# of expected passes		2566
# of unexpected failures	4
# of untested testcases		4
		=== libstdc++ tests ===


Running target unix
FAIL: 27_io/basic_stringbuf/sputbackc/char/1.cc (test for excess errors)
WARNING: 27_io/basic_stringbuf/sputbackc/char/1.cc compilation failed to produce executable
FAIL: 27_io/basic_stringbuf/sputbackc/wchar_t/1.cc (test for excess errors)
WARNING: 27_io/basic_stringbuf/sputbackc/wchar_t/1.cc compilation failed to produce executable
FAIL: 27_io/basic_stringbuf/sungetc/char/1.cc (test for excess errors)
WARNING: 27_io/basic_stringbuf/sungetc/char/1.cc compilation failed to produce executable
FAIL: 27_io/basic_stringbuf/sungetc/wchar_t/1.cc (test for excess errors)
WARNING: 27_io/basic_stringbuf/sungetc/wchar_t/1.cc compilation failed to produce executable

		=== libstdc++ Summary ===

# of expected passes		6489
# of unexpected failures	4
# of expected failures		57
# of unsupported tests		621

Compiler version: 4.6.0 20100714 (experimental) [trunk revision 162165] (GCC) 
Platform: hppa2.0w-hp-hpux11.11
configure flags:Test Run By dave on Wed Jul 14 05:44:51 EDT 2010


Index Nav: [Date Index] [Subject Index] [Author Index] [Thread Index]
Message Nav: [Date Prev] [Date Next] [Thread Prev] [Thread Next]