This is the mail archive of the gcc-testresults@gcc.gnu.org mailing list for the GCC project.


Index Nav: [Date Index] [Subject Index] [Author Index] [Thread Index]
Message Nav: [Date Prev] [Date Next] [Thread Prev] [Thread Next]
Other format: [Raw text]

Results for 4.6.0 20100709 (experimental) (GCC) testsuite on arm-none-linux-gnueabi


LAST_UPDATED: Fri Jul  9 07:11:14 UTC 2010 (/trunk revision 161984)

Target is arm-none-linux-gnueabi
Host   is i686-pc-linux-gnu

		=== g++ tests ===


Running target qemu-default
FAIL: g++.dg/abi/local1.C execution test
FAIL: g++.dg/abi/packed1.C (test for excess errors)
FAIL: g++.dg/opt/pr30965.C scan-tree-dump-times optimized "variable_..D. = v_..D." 2
XPASS: g++.dg/other/packed1.C execution test
FAIL: g++.dg/template/cond5.C (internal compiler error)
FAIL: g++.dg/template/cond5.C (test for excess errors)
FAIL: g++.dg/warn/Wunused-parm-3.C (test for excess errors)
FAIL: c-c++-common/uninit-17.c  (test for warnings, line 14)
FAIL: c-c++-common/uninit-17.c (test for excess errors)
FAIL: g++.dg/lto/20081109 cp_lto_20081109_0.o-cp_lto_20081109_1.o execute -O2 -fwhopr
FAIL: g++.dg/torture/pr36745.C  -O0  (test for excess errors)
FAIL: g++.dg/torture/pr36745.C  -O1  (test for excess errors)
FAIL: g++.dg/torture/pr36745.C  -O2  (test for excess errors)
FAIL: g++.dg/torture/pr36745.C  -O3 -fomit-frame-pointer  (test for excess errors)
FAIL: g++.dg/torture/pr36745.C  -O3 -fomit-frame-pointer -funroll-loops  (test for excess errors)
FAIL: g++.dg/torture/pr36745.C  -O3 -fomit-frame-pointer -funroll-all-loops -finline-functions  (test for excess errors)
FAIL: g++.dg/torture/pr36745.C  -O3 -g  (test for excess errors)
FAIL: g++.dg/torture/pr36745.C  -Os  (test for excess errors)
FAIL: g++.dg/torture/pr36745.C  -O2 -flto  (test for excess errors)
FAIL: g++.dg/torture/pr36745.C  -O2 -fwhopr  (test for excess errors)

		=== g++ Summary ===

# of expected passes		23454
# of unexpected failures	19
# of unexpected successes	1
# of expected failures		148
# of unsupported tests		186
/scratch/gcc/nightly-2010-07-09-mainline/arm-none-linux-gnueabi/obj/test-mainline-0-arm-none-linux-gnueabi/host-i686-pc-linux-gnu/fsf-mainline/bin/arm-none-linux-gnueabi-g++  version 4.6.0 20100709 (experimental) (GCC) 

Host   is i686-pc-linux-gnu

		=== gcc tests ===


Running target qemu-default
FAIL: gcc.c-torture/compile/20011119-2.c  -O2 -flto  (internal compiler error)
FAIL: gcc.c-torture/compile/20011119-2.c  -O2 -flto  (test for excess errors)
FAIL: gcc.c-torture/compile/20011119-2.c  -O2 -fwhopr  (internal compiler error)
FAIL: gcc.c-torture/compile/20011119-2.c  -O2 -fwhopr  (test for excess errors)
FAIL: gcc.c-torture/execute/builtins/abs-1.c execution,  -O2 -fwhopr 
FAIL: gcc.c-torture/execute/builtins/strstr-asm.c execution,  -O2 -fwhopr 
FAIL: gcc.dg/uninit-13.c unconditional (test for warnings, line 8)
FAIL: gcc.dg/uninit-13.c (test for excess errors)
FAIL: c-c++-common/uninit-17.c  -Wc++-compat   (test for warnings, line 14)
FAIL: c-c++-common/uninit-17.c  -Wc++-compat  (test for excess errors)
WARNING: program timed out.
FAIL: gcc.dg/graphite/block-4.c execution test
FAIL: gcc.dg/graphite/pr44391.c (test for excess errors)
FAIL: gcc.dg/lto/20081111 c_lto_20081111_0.o-c_lto_20081111_1.o execute -O2 -fwhopr
FAIL: gcc.dg/lto/20081112 c_lto_20081112_0.o-c_lto_20081112_1.o execute -O2 -fwhopr
FAIL: gcc.dg/lto/ipareference2 c_lto_ipareference2_0.o-c_lto_ipareference2_1.o execute  -O1 -fwhopr -fwhole-program
FAIL: gcc.dg/torture/pr43879_1.c  -O2 -fwhopr  execution test
XPASS: gcc.dg/tree-ssa/20031106-3.c scan-tree-dump-times optimized "link_error" 0
XPASS: gcc.dg/tree-ssa/20040204-1.c scan-tree-dump-times optimized "link_error" 0
XPASS: gcc.dg/tree-ssa/fre-vce-1.c scan-tree-dump-times fre "sv.i" 2
FAIL: gcc.dg/tree-ssa/pr42585.c scan-tree-dump-times optimized "struct _fat_ptr _ans" 0
FAIL: gcc.dg/tree-ssa/pr42585.c scan-tree-dump-times optimized "struct _fat_ptr _T2" 0
XPASS: gcc.dg/vect/pr33804.c scan-tree-dump-times vect "vectorized 1 loops" 1
XPASS: gcc.dg/vect/pr33804.c scan-tree-dump-times vect "vectorizing stmts using SLP" 1
XPASS: gcc.dg/vect/pr33953.c scan-tree-dump-times vect "vectorized 1 loops" 1
XPASS: gcc.dg/vect/pr33953.c scan-tree-dump-times vect "vectorizing stmts using SLP" 1
FAIL: gcc.dg/vect/pr43430-1.c scan-tree-dump-times vect "vectorized 1 loops" 1
XPASS: gcc.dg/vect/vect-16.c scan-tree-dump-times vect "vectorized 1 loops" 1
FAIL: gcc.dg/vect/vect-35.c scan-tree-dump-times vect "vectorized 2 loops" 1
XPASS: gcc.dg/vect/vect-peel-1.c scan-tree-dump-times vect "vectorized 1 loops" 2
XPASS: gcc.dg/vect/vect-peel-1.c scan-tree-dump-times vect "Alignment of access forced using peeling" 1
XPASS: gcc.dg/vect/vect-peel-2.c scan-tree-dump-times vect "vectorized 1 loops" 2
FAIL: gcc.dg/vect/vect-peel-3.c scan-tree-dump-times vect "Vectorizing an unaligned access" 1
FAIL: gcc.dg/vect/vect-peel-4.c scan-tree-dump-times vect "Vectorizing an unaligned access" 1
XPASS: gcc.dg/vect/vect-vfa-slp.c scan-tree-dump-times vect "vectorized 1 loops" 1
XPASS: gcc.dg/vect/slp-23.c scan-tree-dump-times vect "vectorizing stmts using SLP" 1
XPASS: gcc.dg/vect/slp-24.c scan-tree-dump-times vect "vectorized 1 loops" 1
XPASS: gcc.dg/vect/slp-24.c scan-tree-dump-times vect "vectorizing stmts using SLP" 2
XPASS: gcc.dg/vect/slp-35.c scan-tree-dump-times vect "vectorized 1 loops" 1
XPASS: gcc.dg/vect/slp-35.c scan-tree-dump-times vect "vectorizing stmts using SLP" 1
FAIL: gcc.dg/vect/slp-reduc-3.c scan-tree-dump-times vect "vectorizing stmts using SLP" 1
FAIL: gcc.dg/vect/slp-reduc-6.c scan-tree-dump-times vect "vectorized 1 loops" 2
XPASS: gcc.dg/vect/no-tree-pre-slp-29.c scan-tree-dump-times vect "vectorized 1 loops" 2
XPASS: gcc.dg/vect/no-tree-pre-slp-29.c scan-tree-dump-times vect "vectorizing stmts using SLP" 2

		=== gcc Summary ===

# of expected passes		69793
# of unexpected failures	24
# of unexpected successes	19
# of expected failures		234
# of unsupported tests		762
/scratch/gcc/nightly-2010-07-09-mainline/arm-none-linux-gnueabi/obj/test-mainline-0-arm-none-linux-gnueabi/host-i686-pc-linux-gnu/fsf-mainline/bin/arm-none-linux-gnueabi-gcc  version 4.6.0 20100709 (experimental) (GCC) 

Host   is i686-pc-linux-gnu

		=== libstdc++ tests ===


Running target qemu-default
FAIL: 20_util/temporary_buffer.cc (test for excess errors)
UNRESOLVED: 20_util/temporary_buffer.cc compilation failed to produce executable
FAIL: 21_strings/basic_string/inserters_extractors/wchar_t/28277.cc execution test
FAIL: 21_strings/basic_string/numeric_conversions/char/stof.cc execution test
FAIL: 21_strings/basic_string/numeric_conversions/wchar_t/stof.cc execution test
FAIL: 26_numerics/complex/inserters_extractors/char/1.cc execution test
FAIL: 26_numerics/complex/inserters_extractors/wchar_t/1.cc execution test
FAIL: 27_io/basic_istream/extractors_arithmetic/char/01.cc execution test
FAIL: 27_io/basic_istream/extractors_arithmetic/char/07.cc execution test
FAIL: 27_io/basic_istream/extractors_arithmetic/wchar_t/01.cc execution test
FAIL: 27_io/basic_istream/extractors_arithmetic/wchar_t/07.cc execution test
FAIL: 27_io/basic_ostream/inserters_character/wchar_t/28277-3.cc execution test
FAIL: 27_io/basic_ostream/inserters_character/wchar_t/28277-4.cc execution test
FAIL: ext/vstring/inserters_extractors/wchar_t/28277.cc execution test
FAIL: tr1/6_containers/unordered_map/requirements/iterator_null_neg.cc  (test for errors, line 26)
FAIL: tr1/6_containers/unordered_map/requirements/iterator_null_neg.cc  (test for errors, line 27)
FAIL: tr1/6_containers/unordered_map/requirements/iterator_null_neg.cc (test for excess errors)
FAIL: tr1/6_containers/unordered_set/requirements/iterator_null_neg.cc  (test for errors, line 26)
FAIL: tr1/6_containers/unordered_set/requirements/iterator_null_neg.cc  (test for errors, line 27)
FAIL: tr1/6_containers/unordered_set/requirements/iterator_null_neg.cc (test for excess errors)

		=== libstdc++ Summary ===

# of expected passes		6980
# of unexpected failures	19
# of expected failures		60
# of unresolved testcases	1
# of unsupported tests		357
Host   is i686-pc-linux-gnu

		=== g++ tests ===


Running target qemu-default-thumb/-mthumb
FAIL: g++.dg/abi/local1.C execution test
FAIL: g++.dg/abi/packed1.C (test for excess errors)
FAIL: g++.dg/opt/pr30965.C scan-tree-dump-times optimized "variable_..D. = v_..D." 2
XPASS: g++.dg/other/packed1.C execution test
FAIL: g++.dg/template/cond5.C (internal compiler error)
FAIL: g++.dg/template/cond5.C (test for excess errors)
FAIL: g++.dg/warn/Wunused-parm-3.C (test for excess errors)
FAIL: c-c++-common/uninit-17.c  (test for warnings, line 12)
FAIL: c-c++-common/uninit-17.c  (test for warnings, line 14)
FAIL: c-c++-common/uninit-17.c (test for excess errors)
FAIL: g++.dg/lto/20081109 cp_lto_20081109_0.o-cp_lto_20081109_1.o execute -O2 -fwhopr
FAIL: g++.dg/torture/pr36745.C  -O0  (test for excess errors)
FAIL: g++.dg/torture/pr36745.C  -O1  (test for excess errors)
FAIL: g++.dg/torture/pr36745.C  -O2  (test for excess errors)
FAIL: g++.dg/torture/pr36745.C  -O3 -fomit-frame-pointer  (test for excess errors)
FAIL: g++.dg/torture/pr36745.C  -O3 -fomit-frame-pointer -funroll-loops  (test for excess errors)
FAIL: g++.dg/torture/pr36745.C  -O3 -fomit-frame-pointer -funroll-all-loops -finline-functions  (test for excess errors)
FAIL: g++.dg/torture/pr36745.C  -O3 -g  (test for excess errors)
FAIL: g++.dg/torture/pr36745.C  -Os  (test for excess errors)
FAIL: g++.dg/torture/pr36745.C  -O2 -flto  (test for excess errors)
FAIL: g++.dg/torture/pr36745.C  -O2 -fwhopr  (test for excess errors)

		=== g++ Summary ===

# of expected passes		23301
# of unexpected failures	20
# of unexpected successes	1
# of expected failures		148
# of unsupported tests		211
/scratch/gcc/nightly-2010-07-09-mainline/arm-none-linux-gnueabi/obj/test-mainline-0-arm-none-linux-gnueabi/host-i686-pc-linux-gnu/fsf-mainline/bin/arm-none-linux-gnueabi-g++  version 4.6.0 20100709 (experimental) (GCC) 

Host   is i686-pc-linux-gnu

		=== gcc tests ===


Running target qemu-default-thumb/-mthumb
FAIL: gcc.c-torture/compile/20011119-2.c  -O2 -flto  (internal compiler error)
FAIL: gcc.c-torture/compile/20011119-2.c  -O2 -flto  (test for excess errors)
FAIL: gcc.c-torture/compile/20011119-2.c  -O2 -fwhopr  (internal compiler error)
FAIL: gcc.c-torture/compile/20011119-2.c  -O2 -fwhopr  (test for excess errors)
FAIL: gcc.c-torture/execute/builtins/abs-1.c execution,  -O2 -fwhopr 
FAIL: gcc.c-torture/execute/builtins/strstr-asm.c execution,  -O2 -fwhopr 
XPASS: gcc.c-torture/execute/941014-1.c execution,  -O0 
FAIL: gcc.dg/uninit-13.c unconditional (test for warnings, line 8)
FAIL: gcc.dg/uninit-13.c (test for excess errors)
FAIL: c-c++-common/uninit-17.c  -Wc++-compat   (test for warnings, line 12)
FAIL: c-c++-common/uninit-17.c  -Wc++-compat   (test for warnings, line 14)
FAIL: c-c++-common/uninit-17.c  -Wc++-compat  (test for excess errors)
WARNING: program timed out.
FAIL: gcc.dg/graphite/block-4.c execution test
FAIL: gcc.dg/graphite/pr44391.c (test for excess errors)
FAIL: gcc.dg/lto/20081111 c_lto_20081111_0.o-c_lto_20081111_1.o execute -O2 -fwhopr
FAIL: gcc.dg/lto/20081112 c_lto_20081112_0.o-c_lto_20081112_1.o execute -O2 -fwhopr
FAIL: gcc.dg/lto/ipareference2 c_lto_ipareference2_0.o-c_lto_ipareference2_1.o execute  -O1 -fwhopr -fwhole-program
FAIL: gcc.dg/torture/pr43879_1.c  -O2 -fwhopr  execution test
XPASS: gcc.dg/tree-ssa/20031106-3.c scan-tree-dump-times optimized "link_error" 0
XPASS: gcc.dg/tree-ssa/20040204-1.c scan-tree-dump-times optimized "link_error" 0
XPASS: gcc.dg/tree-ssa/fre-vce-1.c scan-tree-dump-times fre "sv.i" 2
FAIL: gcc.dg/tree-ssa/pr42585.c scan-tree-dump-times optimized "struct _fat_ptr _ans" 0
FAIL: gcc.dg/tree-ssa/pr42585.c scan-tree-dump-times optimized "struct _fat_ptr _T2" 0
FAIL: gcc.target/arm/mla-1.c (test for excess errors)

		=== gcc Summary ===

# of expected passes		64743
# of unexpected failures	20
# of unexpected successes	4
# of expected failures		123
# of unsupported tests		2703
/scratch/gcc/nightly-2010-07-09-mainline/arm-none-linux-gnueabi/obj/test-mainline-0-arm-none-linux-gnueabi/host-i686-pc-linux-gnu/fsf-mainline/bin/arm-none-linux-gnueabi-gcc  version 4.6.0 20100709 (experimental) (GCC) 

Host   is i686-pc-linux-gnu

		=== libstdc++ tests ===


Running target qemu-default-thumb/-mthumb
FAIL: 20_util/temporary_buffer.cc (test for excess errors)
UNRESOLVED: 20_util/temporary_buffer.cc compilation failed to produce executable
FAIL: 21_strings/basic_string/inserters_extractors/wchar_t/28277.cc execution test
FAIL: 21_strings/basic_string/numeric_conversions/char/stof.cc execution test
FAIL: 21_strings/basic_string/numeric_conversions/wchar_t/stof.cc execution test
FAIL: 26_numerics/complex/inserters_extractors/char/1.cc execution test
FAIL: 26_numerics/complex/inserters_extractors/wchar_t/1.cc execution test
FAIL: 27_io/basic_istream/extractors_arithmetic/char/01.cc execution test
FAIL: 27_io/basic_istream/extractors_arithmetic/char/07.cc execution test
FAIL: 27_io/basic_istream/extractors_arithmetic/wchar_t/01.cc execution test
FAIL: 27_io/basic_istream/extractors_arithmetic/wchar_t/07.cc execution test
FAIL: 27_io/basic_ostream/inserters_character/wchar_t/28277-3.cc execution test
FAIL: 27_io/basic_ostream/inserters_character/wchar_t/28277-4.cc execution test
FAIL: ext/profile/all.cc (test for excess errors)
FAIL: ext/vstring/inserters_extractors/wchar_t/28277.cc execution test
FAIL: tr1/6_containers/unordered_map/requirements/iterator_null_neg.cc  (test for errors, line 26)
FAIL: tr1/6_containers/unordered_map/requirements/iterator_null_neg.cc  (test for errors, line 27)
FAIL: tr1/6_containers/unordered_map/requirements/iterator_null_neg.cc (test for excess errors)
FAIL: tr1/6_containers/unordered_set/requirements/iterator_null_neg.cc  (test for errors, line 26)
FAIL: tr1/6_containers/unordered_set/requirements/iterator_null_neg.cc  (test for errors, line 27)
FAIL: tr1/6_containers/unordered_set/requirements/iterator_null_neg.cc (test for excess errors)

		=== libstdc++ Summary ===

# of expected passes		6979
# of unexpected failures	20
# of expected failures		60
# of unresolved testcases	1
# of unsupported tests		357

Compiler version: 4.6.0 20100709 (experimental) (GCC) 
Platform: arm-none-linux-gnueabi
configure flags: --build=i686-pc-linux-gnu --host=i686-pc-linux-gnu --target=arm-none-linux-gnueabi --enable-threads --disable-libmudflap --disable-libssp --disable-libstdcxx-pch --with-gnu-as --with-gnu-ld --enable-languages=c,c++ --enable-shared --enable-lto --enable-symvers=gnu --enable-__cxa_atexit --disable-nls --prefix=/opt/codesourcery --with-sysroot=/opt/codesourcery/arm-none-linux-gnueabi/libc --with-build-sysroot=/scratch/gcc/nightly-2010-07-09-mainline/arm-none-linux-gnueabi/install/arm-none-linux-gnueabi/libc --with-gmp=/scratch/gcc/nightly-2010-07-09-mainline/arm-none-linux-gnueabi/obj/host-libs-mainline-0-arm-none-linux-gnueabi-i686-pc-linux-gnu/usr --with-mpfr=/scratch/gcc/nightly-2010-07-09-mainline/arm-none-linux-gnueabi/obj/host-libs-mainline-0-arm-none-linux-gnueabi-i686-pc-linux-gnu/usr --with-mpc=/scratch/gcc/nightly-2010-07-09-mainline/arm-none-linux-gnueabi/obj/host-libs-mainline-0-arm-none-linux-gnueabi-i686-pc-linux-gnu/usr --with-ppl=/scratch/gcc/nig
 htly-2010-07-09-mainline/arm-none-linux-gnueabi/obj/host-libs-mainline-0-arm-none-linux-gnueabi-i686-pc-linux-gnu/usr --with-host-libstdcxx='-static-libgcc -Wl,-Bstatic,-lstdc++,-Bdynamic -lm' --with-cloog=/scratch/gcc/nightly-2010-07-09-mainline/arm-none-linux-gnueabi/obj/host-libs-mainline-0-arm-none-linux-gnueabi-i686-pc-linux-gnu/usr --with-libelf=/scratch/gcc/nightly-2010-07-09-mainline/arm-none-linux-gnueabi/obj/host-libs-mainline-0-arm-none-linux-gnueabi-i686-pc-linux-gnu/usr --disable-libgomp --enable-poison-system-directories --with-build-time-tools=/scratch/gcc/nightly-2010-07-09-mainline/arm-none-linux-gnueabi/install/arm-none-linux-gnueabi/bin --with-build-time-tools=/scratch/gcc/nightly-2010-07-09-mainline/arm-none-linux-gnueabi/install/arm-none-linux-gnueabi/bin


Index Nav: [Date Index] [Subject Index] [Author Index] [Thread Index]
Message Nav: [Date Prev] [Date Next] [Thread Prev] [Thread Next]