This is the mail archive of the gcc-testresults@gcc.gnu.org mailing list for the GCC project.


Index Nav: [Date Index] [Subject Index] [Author Index] [Thread Index]
Message Nav: [Date Prev] [Date Next] [Thread Prev] [Thread Next]
Other format: [Raw text]

Results for 4.6.0 20100707 (experimental) [trunk revision 161899] (GCC) testsuite on powerpc-unknown-linux-gnu


LAST_UPDATED: Wed Jul  7 07:23:22 UTC 2010 (revision 161899)

		=== acats tests ===

		=== acats Summary ===
# of expected passes		2321
# of unexpected failures	0
Native configuration is powerpc-unknown-linux-gnu

		=== gcc tests ===


Running target unix
FAIL: gcc.c-torture/execute/pr44828.c execution,  -O0 
FAIL: gcc.c-torture/execute/pr44828.c execution,  -O1 
FAIL: gcc.c-torture/execute/pr44828.c execution,  -O2 
FAIL: gcc.c-torture/execute/pr44828.c execution,  -O3 -fomit-frame-pointer 
FAIL: gcc.c-torture/execute/pr44828.c execution,  -O3 -g 
FAIL: gcc.c-torture/execute/pr44828.c execution,  -Os 
FAIL: gcc.dg/and-1.c scan-assembler-not nand
FAIL: gcc.dg/cproj-fails-with-broken-glibc.c execution test
FAIL: gcc.dg/pr39794.c execution test
FAIL: gcc.dg/sms-2.c scan-rtl-dump-times sms "SMS succeeded" 1
FAIL: gcc.dg/sms-3.c scan-rtl-dump-times sms "SMS succeeded" 1
FAIL: gcc.dg/sms-4.c scan-rtl-dump-times sms "SMS succeeded" 1
FAIL: gcc.dg/sms-5.c scan-rtl-dump-times sms "SMS succeeded" 1
FAIL: gcc.dg/sms-6.c scan-rtl-dump-times sms "SMS succeeded" 3
FAIL: gcc.dg/sms-7.c scan-rtl-dump-times sms "SMS succeeded" 3
FAIL: gcc.dg/sms-8.c scan-rtl-dump-times sms "SMS succeeded" 1
FAIL: gcc.dg/uninit-pred-9_b.c bogus warning (test for bogus messages, line 24)
FAIL: c-c++-common/uninit-17.c  -Wc++-compat   (test for warnings, line 14)
FAIL: c-c++-common/uninit-17.c  -Wc++-compat  (test for excess errors)
XPASS: gcc.dg/guality/example.c  -O0  execution test
XPASS: gcc.dg/guality/example.c  -O1  execution test
XPASS: gcc.dg/guality/guality.c  -O0  execution test
XPASS: gcc.dg/guality/guality.c  -O1  execution test
XPASS: gcc.dg/guality/guality.c  -O2  execution test
XPASS: gcc.dg/guality/guality.c  -O3 -fomit-frame-pointer  execution test
XPASS: gcc.dg/guality/guality.c  -O3 -g  execution test
XPASS: gcc.dg/guality/guality.c  -Os  execution test
FAIL: gcc.dg/guality/inline-params.c  -O0  execution test
FAIL: gcc.dg/guality/inline-params.c  -O1  execution test
FAIL: gcc.dg/guality/nrv-1.c  -O2  line 20 a2.i[0] == 42
FAIL: gcc.dg/guality/nrv-1.c  -O3 -fomit-frame-pointer  line 20 a2.i[0] == 42
FAIL: gcc.dg/guality/nrv-1.c  -O3 -g  line 20 a2.i[0] == 42
FAIL: gcc.dg/guality/nrv-1.c  -Os  line 20 a2.i[0] == 42
FAIL: gcc.dg/guality/pr36728-1.c  -O1  line 12 arg7 == 30
FAIL: gcc.dg/guality/pr36728-1.c  -O1  line 14 arg7 == 30
FAIL: gcc.dg/guality/pr36728-1.c  -O2  line 12 arg7 == 30
FAIL: gcc.dg/guality/pr36728-1.c  -O2  line 14 arg7 == 30
FAIL: gcc.dg/guality/pr36728-1.c  -O3 -fomit-frame-pointer  line 12 arg7 == 30
FAIL: gcc.dg/guality/pr36728-1.c  -O3 -fomit-frame-pointer  line 14 arg7 == 30
FAIL: gcc.dg/guality/pr36728-1.c  -O3 -g  line 12 arg7 == 30
FAIL: gcc.dg/guality/pr36728-1.c  -O3 -g  line 14 arg7 == 30
FAIL: gcc.dg/guality/pr36728-1.c  -Os  line 12 arg7 == 30
FAIL: gcc.dg/guality/pr36728-1.c  -Os  line 14 arg7 == 30
XPASS: gcc.dg/guality/pr41353-1.c  -O0  line 28 j == 28 + 37
XPASS: gcc.dg/guality/pr41447-1.c  -O0  execution test
XPASS: gcc.dg/guality/pr41447-1.c  -O1  execution test
XPASS: gcc.dg/guality/pr41447-1.c  -O2  execution test
XPASS: gcc.dg/guality/pr41447-1.c  -O3 -fomit-frame-pointer  execution test
XPASS: gcc.dg/guality/pr41447-1.c  -O3 -g  execution test
XPASS: gcc.dg/guality/pr41447-1.c  -Os  execution test
XPASS: gcc.dg/guality/pr41616-1.c  -O0  execution test
FAIL: gcc.dg/guality/pr43077-1.c  -O1  line 42 c == 3
FAIL: gcc.dg/guality/pr43077-1.c  -O2  line 42 c == 3
FAIL: gcc.dg/guality/pr43077-1.c  -O3 -fomit-frame-pointer  line 42 c == 3
FAIL: gcc.dg/guality/pr43077-1.c  -O3 -g  line 42 c == 3
FAIL: gcc.dg/guality/pr43077-1.c  -Os  line 42 c == 3
FAIL: gcc.dg/guality/vla-1.c  -O0  line 17 sizeof (a) == 6
FAIL: gcc.dg/guality/vla-1.c  -O0  line 24 sizeof (a) == 17 * sizeof (short)
FAIL: gcc.dg/guality/vla-1.c  -O1  line 24 sizeof (a) == 17 * sizeof (short)
FAIL: gcc.dg/guality/vla-1.c  -O2  line 24 sizeof (a) == 17 * sizeof (short)
FAIL: gcc.dg/guality/vla-1.c  -O3 -fomit-frame-pointer  line 24 sizeof (a) == 17 * sizeof (short)
FAIL: gcc.dg/guality/vla-1.c  -O3 -g  line 24 sizeof (a) == 17 * sizeof (short)
FAIL: gcc.dg/guality/vla-1.c  -Os  line 24 sizeof (a) == 17 * sizeof (short)
XPASS: gcc.dg/tree-ssa/20031106-3.c scan-tree-dump-times optimized "link_error" 0
XPASS: gcc.dg/tree-ssa/fre-vce-1.c scan-tree-dump-times fre "sv.i" 2
FAIL: gcc.dg/tree-ssa/pr42585.c scan-tree-dump-times optimized "struct _fat_ptr _ans" 0
FAIL: gcc.dg/tree-ssa/pr42585.c scan-tree-dump-times optimized "struct _fat_ptr _T2" 0
FAIL: gcc.dg/tree-ssa/vrp47.c scan-tree-dump-times vrp1 "[xy][^ ]* !=" 0
FAIL: gcc.dg/tree-ssa/vrp47.c scan-tree-dump-times dom1 "x[^ ]* & y" 1
FAIL: gcc.target/powerpc/asm-es-2.c scan-assembler asm2u 16\\\\(3\\\\)
FAIL: gcc.target/powerpc/popcount-2.c scan-assembler popcntw
FAIL: gcc.target/powerpc/ppc-vector-memcpy.c scan-assembler lvx
FAIL: gcc.target/powerpc/ppc64-double-1.c scan-assembler-not stfd

		=== gcc Summary ===

# of expected passes		59508
# of unexpected failures	55
# of unexpected successes	18
# of expected failures		191
# of unsupported tests		913
/home/guerby/build/gcc/xgcc  version 4.6.0 20100707 (experimental) [trunk revision 161899] (GCC) 

		=== gnat tests ===


Running target unix
FAIL: gnat.dg/aliasing3.adb execution test
FAIL: gnat.dg/unchecked_convert5.adb (test for excess errors)
UNRESOLVED: gnat.dg/unchecked_convert5.adb compilation failed to produce executable

		=== gnat Summary ===

# of expected passes		807
# of unexpected failures	2
# of expected failures		10
# of unresolved testcases	1
# of unsupported tests		1
		=== libgomp tests ===


Running target unix

		=== libgomp Summary ===

# of expected passes		266
		=== libmudflap tests ===


Running target unix
FAIL: libmudflap.c/pass49-frag.c execution test
FAIL: libmudflap.c/pass49-frag.c output pattern test
FAIL: libmudflap.c/pass49-frag.c execution test
FAIL: libmudflap.c/pass49-frag.c output pattern test
FAIL: libmudflap.c/pass49-frag.c (-static) execution test
FAIL: libmudflap.c/pass49-frag.c (-static) output pattern test
FAIL: libmudflap.c/pass49-frag.c (-static) execution test
FAIL: libmudflap.c/pass49-frag.c (-static) output pattern test
FAIL: libmudflap.c/pass49-frag.c (-O2) execution test
FAIL: libmudflap.c/pass49-frag.c (-O2) output pattern test
FAIL: libmudflap.c/pass49-frag.c (-O2) execution test
FAIL: libmudflap.c/pass49-frag.c (-O2) output pattern test
FAIL: libmudflap.c/pass49-frag.c (-O3) execution test
FAIL: libmudflap.c/pass49-frag.c (-O3) output pattern test
FAIL: libmudflap.c/pass49-frag.c (-O3) execution test
FAIL: libmudflap.c/pass49-frag.c (-O3) output pattern test

		=== libmudflap Summary ===

# of expected passes		1724
# of unexpected failures	16
# of unsupported tests		2

Compiler version: 4.6.0 20100707 (experimental) [trunk revision 161899] (GCC) 
Platform: powerpc-unknown-linux-gnu
configure flags: --disable-nls --enable-__cxa_atexit --enable-threads=posix --with-mpfr=/opt/cfarm/mpfr-3.0.0 --enable-languages=c,ada --prefix=/n/43/guerby/install-trunk --with-gmp=/opt/cfarm/gmp-5.0.1/ --disable-multilib --enable-stage1-checking=release --with-mpc=/opt/cfarm/mpc-0.8.2


Index Nav: [Date Index] [Subject Index] [Author Index] [Thread Index]
Message Nav: [Date Prev] [Date Next] [Thread Prev] [Thread Next]