This is the mail archive of the
gcc-testresults@gcc.gnu.org
mailing list for the GCC project.
Results for 4.6.0 20100707 (experimental) [trunk revision 161902] (GCC) testsuite on x86_64-unknown-linux-gnu
- From: Laurent GUERBY gcc17 <guerby at gcc17 dot fsffrance dot org>
- To: gcc-testresults at gcc dot gnu dot org
- Date: Wed, 07 Jul 2010 12:37:42 +0200
- Subject: Results for 4.6.0 20100707 (experimental) [trunk revision 161902] (GCC) testsuite on x86_64-unknown-linux-gnu
LAST_UPDATED: Wed Jul 7 09:09:55 UTC 2010 (revision 161902)
=== acats tests ===
=== acats Summary ===
# of expected passes 2321
# of unexpected failures 0
Native configuration is x86_64-unknown-linux-gnu
=== gcc tests ===
Running target unix/-m32
FAIL: gcc.dg/cleanup-10.c execution test
FAIL: gcc.dg/cleanup-11.c execution test
FAIL: gcc.dg/cleanup-12.c execution test
FAIL: gcc.dg/cleanup-13.c execution test
FAIL: gcc.dg/cleanup-5.c execution test
FAIL: gcc.dg/cleanup-8.c execution test
FAIL: gcc.dg/cleanup-9.c execution test
FAIL: gcc.dg/cproj-fails-with-broken-glibc.c execution test
FAIL: c-c++-common/uninit-17.c -Wc++-compat (test for warnings, line 14)
FAIL: c-c++-common/uninit-17.c -Wc++-compat (test for excess errors)
XPASS: gcc.dg/guality/example.c -O0 execution test
XPASS: gcc.dg/guality/example.c -O1 execution test
XPASS: gcc.dg/guality/guality.c -O0 execution test
XPASS: gcc.dg/guality/guality.c -O1 execution test
XPASS: gcc.dg/guality/guality.c -O2 execution test
XPASS: gcc.dg/guality/guality.c -O3 -fomit-frame-pointer execution test
XPASS: gcc.dg/guality/guality.c -O3 -g execution test
XPASS: gcc.dg/guality/guality.c -Os execution test
FAIL: gcc.dg/guality/inline-params.c -O0 execution test
FAIL: gcc.dg/guality/inline-params.c -O1 execution test
XPASS: gcc.dg/guality/pr41353-1.c -O0 line 28 j == 28 + 37
XPASS: gcc.dg/guality/pr41447-1.c -O0 execution test
XPASS: gcc.dg/guality/pr41447-1.c -O1 execution test
XPASS: gcc.dg/guality/pr41447-1.c -O2 execution test
XPASS: gcc.dg/guality/pr41447-1.c -O3 -g execution test
XPASS: gcc.dg/guality/pr41447-1.c -Os execution test
XPASS: gcc.dg/guality/pr41616-1.c -O0 execution test
FAIL: gcc.dg/guality/vla-1.c -O0 line 17 sizeof (a) == 6
FAIL: gcc.dg/guality/vla-1.c -O0 line 24 sizeof (a) == 17 * sizeof (short)
FAIL: gcc.dg/guality/vla-1.c -O1 line 24 sizeof (a) == 17 * sizeof (short)
FAIL: gcc.dg/guality/vla-1.c -O2 line 24 sizeof (a) == 17 * sizeof (short)
FAIL: gcc.dg/guality/vla-1.c -O3 -fomit-frame-pointer line 24 sizeof (a) == 17 * sizeof (short)
FAIL: gcc.dg/guality/vla-1.c -O3 -g line 24 sizeof (a) == 17 * sizeof (short)
FAIL: gcc.dg/guality/vla-1.c -Os line 24 sizeof (a) == 17 * sizeof (short)
XPASS: gcc.dg/tree-ssa/20031106-3.c scan-tree-dump-times optimized "link_error" 0
XPASS: gcc.dg/tree-ssa/20040204-1.c scan-tree-dump-times optimized "link_error" 0
XPASS: gcc.dg/tree-ssa/fre-vce-1.c scan-tree-dump-times fre "sv.i" 2
FAIL: gcc.target/i386/cleanup-1.c execution test
=== gcc Summary for unix/-m32 ===
# of expected passes 62323
# of unexpected failures 20
# of unexpected successes 18
# of expected failures 211
# of unsupported tests 1205
Running target unix/-m64
FAIL: gcc.dg/cleanup-10.c execution test
FAIL: gcc.dg/cleanup-11.c execution test
FAIL: gcc.dg/cleanup-12.c execution test
FAIL: gcc.dg/cleanup-13.c execution test
FAIL: gcc.dg/cleanup-5.c execution test
FAIL: gcc.dg/cleanup-8.c execution test
FAIL: gcc.dg/cleanup-9.c execution test
FAIL: gcc.dg/cproj-fails-with-broken-glibc.c execution test
FAIL: gcc.dg/pr39794.c execution test
FAIL: c-c++-common/uninit-17.c -Wc++-compat (test for warnings, line 14)
FAIL: c-c++-common/uninit-17.c -Wc++-compat (test for excess errors)
XPASS: gcc.dg/guality/example.c -O0 execution test
XPASS: gcc.dg/guality/example.c -O1 execution test
XPASS: gcc.dg/guality/example.c -O2 execution test
XPASS: gcc.dg/guality/example.c -Os execution test
XPASS: gcc.dg/guality/guality.c -O0 execution test
XPASS: gcc.dg/guality/guality.c -O1 execution test
XPASS: gcc.dg/guality/guality.c -O2 execution test
XPASS: gcc.dg/guality/guality.c -O3 -fomit-frame-pointer execution test
XPASS: gcc.dg/guality/guality.c -O3 -g execution test
XPASS: gcc.dg/guality/guality.c -Os execution test
FAIL: gcc.dg/guality/inline-params.c -O0 execution test
FAIL: gcc.dg/guality/inline-params.c -O1 execution test
XPASS: gcc.dg/guality/pr41353-1.c -O0 line 28 j == 28 + 37
XPASS: gcc.dg/guality/pr41447-1.c -O0 execution test
XPASS: gcc.dg/guality/pr41616-1.c -O0 execution test
FAIL: gcc.dg/guality/vla-1.c -O0 line 17 sizeof (a) == 6
FAIL: gcc.dg/guality/vla-1.c -O0 line 24 sizeof (a) == 17 * sizeof (short)
FAIL: gcc.dg/guality/vla-1.c -O1 line 17 sizeof (a) == 6
FAIL: gcc.dg/guality/vla-1.c -O1 line 24 sizeof (a) == 17 * sizeof (short)
FAIL: gcc.dg/guality/vla-1.c -O2 line 17 sizeof (a) == 6
FAIL: gcc.dg/guality/vla-1.c -O2 line 24 sizeof (a) == 17 * sizeof (short)
FAIL: gcc.dg/guality/vla-1.c -O3 -fomit-frame-pointer line 17 sizeof (a) == 6
FAIL: gcc.dg/guality/vla-1.c -O3 -fomit-frame-pointer line 24 sizeof (a) == 17 * sizeof (short)
FAIL: gcc.dg/guality/vla-1.c -O3 -g line 17 sizeof (a) == 6
FAIL: gcc.dg/guality/vla-1.c -O3 -g line 24 sizeof (a) == 17 * sizeof (short)
FAIL: gcc.dg/guality/vla-1.c -Os line 17 sizeof (a) == 6
FAIL: gcc.dg/guality/vla-1.c -Os line 24 sizeof (a) == 17 * sizeof (short)
FAIL: gcc.dg/guality/vla-2.c -O0 line 16 sizeof (a) == 5 * sizeof (int)
FAIL: gcc.dg/guality/vla-2.c -O0 line 25 sizeof (a) == 6 * sizeof (int)
FAIL: gcc.dg/guality/vla-2.c -O1 line 16 sizeof (a) == 5 * sizeof (int)
FAIL: gcc.dg/guality/vla-2.c -O2 line 16 sizeof (a) == 5 * sizeof (int)
FAIL: gcc.dg/guality/vla-2.c -O3 -fomit-frame-pointer line 16 sizeof (a) == 5 * sizeof (int)
FAIL: gcc.dg/guality/vla-2.c -O3 -g line 16 sizeof (a) == 5 * sizeof (int)
FAIL: gcc.dg/guality/vla-2.c -Os line 16 sizeof (a) == 5 * sizeof (int)
XPASS: gcc.dg/tree-ssa/20031106-3.c scan-tree-dump-times optimized "link_error" 0
XPASS: gcc.dg/tree-ssa/20040204-1.c scan-tree-dump-times optimized "link_error" 0
XPASS: gcc.dg/tree-ssa/fre-vce-1.c scan-tree-dump-times fre "sv.i" 2
FAIL: gcc.target/i386/cleanup-1.c execution test
FAIL: gcc.target/i386/cleanup-2.c execution test
=== gcc Summary for unix/-m64 ===
# of expected passes 62478
# of unexpected failures 34
# of unexpected successes 16
# of expected failures 212
# of unsupported tests 1532
=== gcc Summary ===
# of expected passes 124801
# of unexpected failures 54
# of unexpected successes 34
# of expected failures 423
# of unsupported tests 2737
/home/guerby/build/gcc/xgcc version 4.6.0 20100707 (experimental) [trunk revision 161902] (GCC)
=== gnat tests ===
Running target unix/-m32
FAIL: gnat.dg/aliasing3.adb execution test
=== gnat Summary for unix/-m32 ===
# of expected passes 808
# of unexpected failures 1
# of expected failures 10
# of unsupported tests 1
Running target unix/-m64
FAIL: gnat.dg/loop_optimization1.adb (test for excess errors)
=== gnat Summary for unix/-m64 ===
# of expected passes 808
# of unexpected failures 1
# of expected failures 10
# of unsupported tests 1
=== gnat Summary ===
# of expected passes 1616
# of unexpected failures 2
# of expected failures 20
# of unsupported tests 2
=== libgomp tests ===
Running target unix/-m32
FAIL: libgomp.c/appendix-a/a.15.1.c execution test
FAIL: libgomp.c/appendix-a/a.16.1.c execution test
FAIL: libgomp.c/appendix-a/a.18.1.c execution test
FAIL: libgomp.c/appendix-a/a.19.1.c execution test
FAIL: libgomp.c/appendix-a/a.2.1.c execution test
FAIL: libgomp.c/appendix-a/a.21.1.c execution test
FAIL: libgomp.c/appendix-a/a.26.1.c execution test
FAIL: libgomp.c/appendix-a/a.29.1.c execution test
FAIL: libgomp.c/appendix-a/a.36.1.c execution test
FAIL: libgomp.c/appendix-a/a.39.1.c execution test
FAIL: libgomp.c/appendix-a/a.4.1.c execution test
FAIL: libgomp.c/appendix-a/a.5.1.c execution test
FAIL: libgomp.c/atomic-2.c execution test
FAIL: libgomp.c/atomic-3.c execution test
FAIL: libgomp.c/atomic-4.c execution test
FAIL: libgomp.c/atomic-5.c execution test
FAIL: libgomp.c/autopar-1.c execution test
FAIL: libgomp.c/barrier-1.c execution test
FAIL: libgomp.c/collapse-1.c execution test
FAIL: libgomp.c/collapse-2.c execution test
FAIL: libgomp.c/collapse-3.c execution test
FAIL: libgomp.c/copyin-1.c execution test
FAIL: libgomp.c/copyin-2.c execution test
FAIL: libgomp.c/copyin-3.c execution test
FAIL: libgomp.c/critical-1.c execution test
FAIL: libgomp.c/critical-2.c execution test
FAIL: libgomp.c/debug-1.c execution test
FAIL: libgomp.c/icv-1.c execution test
FAIL: libgomp.c/icv-2.c execution test
FAIL: libgomp.c/lib-1.c execution test
FAIL: libgomp.c/lib-2.c execution test
FAIL: libgomp.c/lock-1.c execution test
FAIL: libgomp.c/lock-2.c execution test
FAIL: libgomp.c/lock-3.c execution test
FAIL: libgomp.c/loop-1.c execution test
FAIL: libgomp.c/loop-10.c execution test
FAIL: libgomp.c/loop-11.c execution test
FAIL: libgomp.c/loop-12.c execution test
FAIL: libgomp.c/loop-2.c execution test
FAIL: libgomp.c/loop-3.c execution test
FAIL: libgomp.c/loop-4.c execution test
FAIL: libgomp.c/loop-5.c execution test
FAIL: libgomp.c/loop-6.c execution test
FAIL: libgomp.c/loop-7.c execution test
FAIL: libgomp.c/loop-8.c execution test
FAIL: libgomp.c/loop-9.c execution test
FAIL: libgomp.c/nested-1.c execution test
FAIL: libgomp.c/nested-2.c execution test
FAIL: libgomp.c/nested-3.c execution test
FAIL: libgomp.c/nestedfn-1.c execution test
FAIL: libgomp.c/nestedfn-2.c execution test
FAIL: libgomp.c/nestedfn-3.c execution test
FAIL: libgomp.c/nestedfn-4.c execution test
FAIL: libgomp.c/nestedfn-5.c execution test
FAIL: libgomp.c/nestedfn-6.c execution test
FAIL: libgomp.c/nqueens-1.c execution test
FAIL: libgomp.c/omp-loop01.c execution test
FAIL: libgomp.c/omp-loop02.c execution test
FAIL: libgomp.c/omp-loop03.c execution test
FAIL: libgomp.c/omp-nested-1.c execution test
FAIL: libgomp.c/omp-parallel-for.c execution test
FAIL: libgomp.c/omp-parallel-if.c execution test
FAIL: libgomp.c/omp-single-1.c execution test
FAIL: libgomp.c/omp-single-2.c execution test
FAIL: libgomp.c/omp-single-3.c execution test
FAIL: libgomp.c/omp_hello.c execution test
FAIL: libgomp.c/omp_matvec.c execution test
FAIL: libgomp.c/omp_orphan.c execution test
FAIL: libgomp.c/omp_reduction.c execution test
FAIL: libgomp.c/omp_workshare1.c execution test
FAIL: libgomp.c/omp_workshare2.c execution test
FAIL: libgomp.c/omp_workshare4.c execution test
FAIL: libgomp.c/ordered-1.c execution test
FAIL: libgomp.c/ordered-2.c execution test
FAIL: libgomp.c/ordered-3.c execution test
FAIL: libgomp.c/parallel-1.c execution test
FAIL: libgomp.c/pr24455.c execution test
FAIL: libgomp.c/pr26943-1.c execution test
FAIL: libgomp.c/pr26943-2.c execution test
FAIL: libgomp.c/pr26943-3.c execution test
FAIL: libgomp.c/pr26943-4.c execution test
FAIL: libgomp.c/pr29947-1.c execution test
FAIL: libgomp.c/pr29947-2.c execution test
FAIL: libgomp.c/pr30494.c execution test
FAIL: libgomp.c/pr32362-1.c execution test
FAIL: libgomp.c/pr32362-2.c execution test
FAIL: libgomp.c/pr32362-3.c execution test
FAIL: libgomp.c/pr32468.c execution test
FAIL: libgomp.c/pr33880.c execution test
FAIL: libgomp.c/pr34513.c execution test
FAIL: libgomp.c/pr35130.c execution test
FAIL: libgomp.c/pr35196.c execution test
FAIL: libgomp.c/pr35549.c execution test
FAIL: libgomp.c/pr35625.c execution test
FAIL: libgomp.c/pr36802-1.c execution test
FAIL: libgomp.c/pr36802-2.c execution test
FAIL: libgomp.c/pr36802-3.c execution test
FAIL: libgomp.c/pr38650.c execution test
FAIL: libgomp.c/pr39591-1.c execution test
FAIL: libgomp.c/pr39591-2.c execution test
FAIL: libgomp.c/pr39591-3.c execution test
FAIL: libgomp.c/pr42029.c execution test
FAIL: libgomp.c/pr42942.c execution test
FAIL: libgomp.c/pr43893.c execution test
FAIL: libgomp.c/private-1.c execution test
FAIL: libgomp.c/reduction-1.c execution test
FAIL: libgomp.c/reduction-2.c execution test
FAIL: libgomp.c/reduction-3.c execution test
FAIL: libgomp.c/reduction-4.c execution test
FAIL: libgomp.c/reduction-5.c execution test
FAIL: libgomp.c/sections-1.c execution test
FAIL: libgomp.c/shared-1.c execution test
FAIL: libgomp.c/shared-2.c execution test
FAIL: libgomp.c/shared-3.c execution test
FAIL: libgomp.c/single-1.c execution test
FAIL: libgomp.c/single-2.c execution test
FAIL: libgomp.c/sort-1.c execution test
FAIL: libgomp.c/task-1.c execution test
FAIL: libgomp.c/task-2.c execution test
FAIL: libgomp.c/task-3.c execution test
FAIL: libgomp.c/task-4.c execution test
FAIL: libgomp.c/vla-1.c execution test
=== libgomp Summary for unix/-m32 ===
# of expected passes 144
# of unexpected failures 122
Running target unix/-m64
FAIL: libgomp.c/appendix-a/a.15.1.c execution test
FAIL: libgomp.c/appendix-a/a.16.1.c execution test
FAIL: libgomp.c/appendix-a/a.18.1.c execution test
FAIL: libgomp.c/appendix-a/a.19.1.c execution test
FAIL: libgomp.c/appendix-a/a.2.1.c execution test
FAIL: libgomp.c/appendix-a/a.21.1.c execution test
FAIL: libgomp.c/appendix-a/a.26.1.c execution test
FAIL: libgomp.c/appendix-a/a.29.1.c execution test
FAIL: libgomp.c/appendix-a/a.36.1.c execution test
FAIL: libgomp.c/appendix-a/a.39.1.c execution test
FAIL: libgomp.c/appendix-a/a.4.1.c execution test
FAIL: libgomp.c/appendix-a/a.5.1.c execution test
FAIL: libgomp.c/atomic-3.c execution test
FAIL: libgomp.c/atomic-4.c execution test
FAIL: libgomp.c/atomic-5.c execution test
FAIL: libgomp.c/autopar-1.c execution test
FAIL: libgomp.c/barrier-1.c execution test
FAIL: libgomp.c/collapse-1.c execution test
FAIL: libgomp.c/collapse-2.c execution test
FAIL: libgomp.c/collapse-3.c execution test
FAIL: libgomp.c/copyin-1.c execution test
FAIL: libgomp.c/copyin-2.c execution test
FAIL: libgomp.c/copyin-3.c execution test
FAIL: libgomp.c/critical-1.c execution test
FAIL: libgomp.c/critical-2.c execution test
FAIL: libgomp.c/debug-1.c execution test
FAIL: libgomp.c/icv-1.c execution test
FAIL: libgomp.c/icv-2.c execution test
FAIL: libgomp.c/lib-1.c execution test
FAIL: libgomp.c/lib-2.c execution test
FAIL: libgomp.c/lock-1.c execution test
FAIL: libgomp.c/lock-2.c execution test
FAIL: libgomp.c/lock-3.c execution test
FAIL: libgomp.c/loop-1.c execution test
FAIL: libgomp.c/loop-10.c execution test
FAIL: libgomp.c/loop-11.c execution test
FAIL: libgomp.c/loop-12.c execution test
FAIL: libgomp.c/loop-2.c execution test
FAIL: libgomp.c/loop-3.c execution test
FAIL: libgomp.c/loop-4.c execution test
FAIL: libgomp.c/loop-5.c execution test
FAIL: libgomp.c/loop-6.c execution test
FAIL: libgomp.c/loop-7.c execution test
FAIL: libgomp.c/loop-8.c execution test
FAIL: libgomp.c/loop-9.c execution test
FAIL: libgomp.c/nested-1.c execution test
FAIL: libgomp.c/nested-2.c execution test
FAIL: libgomp.c/nested-3.c execution test
FAIL: libgomp.c/nestedfn-1.c execution test
FAIL: libgomp.c/nestedfn-2.c execution test
FAIL: libgomp.c/nestedfn-3.c execution test
FAIL: libgomp.c/nestedfn-4.c execution test
FAIL: libgomp.c/nestedfn-5.c execution test
FAIL: libgomp.c/nestedfn-6.c execution test
FAIL: libgomp.c/nqueens-1.c execution test
FAIL: libgomp.c/omp-loop01.c execution test
FAIL: libgomp.c/omp-loop02.c execution test
FAIL: libgomp.c/omp-loop03.c execution test
FAIL: libgomp.c/omp-nested-1.c execution test
FAIL: libgomp.c/omp-parallel-for.c execution test
FAIL: libgomp.c/omp-parallel-if.c execution test
FAIL: libgomp.c/omp-single-1.c execution test
FAIL: libgomp.c/omp-single-2.c execution test
FAIL: libgomp.c/omp-single-3.c execution test
FAIL: libgomp.c/omp_hello.c execution test
FAIL: libgomp.c/omp_matvec.c execution test
FAIL: libgomp.c/omp_orphan.c execution test
FAIL: libgomp.c/omp_reduction.c execution test
FAIL: libgomp.c/omp_workshare1.c execution test
FAIL: libgomp.c/omp_workshare2.c execution test
FAIL: libgomp.c/omp_workshare4.c execution test
FAIL: libgomp.c/ordered-1.c execution test
FAIL: libgomp.c/ordered-2.c execution test
FAIL: libgomp.c/ordered-3.c execution test
FAIL: libgomp.c/parallel-1.c execution test
FAIL: libgomp.c/pr24455.c execution test
FAIL: libgomp.c/pr26943-1.c execution test
FAIL: libgomp.c/pr26943-2.c execution test
FAIL: libgomp.c/pr26943-3.c execution test
FAIL: libgomp.c/pr26943-4.c execution test
FAIL: libgomp.c/pr29947-1.c execution test
FAIL: libgomp.c/pr29947-2.c execution test
FAIL: libgomp.c/pr30494.c execution test
FAIL: libgomp.c/pr32362-1.c execution test
FAIL: libgomp.c/pr32362-2.c execution test
FAIL: libgomp.c/pr32362-3.c execution test
FAIL: libgomp.c/pr32468.c execution test
FAIL: libgomp.c/pr33880.c execution test
FAIL: libgomp.c/pr34513.c execution test
FAIL: libgomp.c/pr35130.c execution test
FAIL: libgomp.c/pr35196.c execution test
FAIL: libgomp.c/pr35549.c execution test
FAIL: libgomp.c/pr35625.c execution test
FAIL: libgomp.c/pr36802-1.c execution test
FAIL: libgomp.c/pr36802-2.c execution test
FAIL: libgomp.c/pr36802-3.c execution test
FAIL: libgomp.c/pr38650.c execution test
FAIL: libgomp.c/pr39591-1.c execution test
FAIL: libgomp.c/pr39591-2.c execution test
FAIL: libgomp.c/pr39591-3.c execution test
FAIL: libgomp.c/pr42029.c execution test
FAIL: libgomp.c/pr42942.c execution test
FAIL: libgomp.c/pr43893.c execution test
FAIL: libgomp.c/private-1.c execution test
FAIL: libgomp.c/reduction-1.c execution test
FAIL: libgomp.c/reduction-2.c execution test
FAIL: libgomp.c/reduction-3.c execution test
FAIL: libgomp.c/reduction-4.c execution test
FAIL: libgomp.c/reduction-5.c execution test
FAIL: libgomp.c/sections-1.c execution test
FAIL: libgomp.c/shared-1.c execution test
FAIL: libgomp.c/shared-2.c execution test
FAIL: libgomp.c/shared-3.c execution test
FAIL: libgomp.c/single-1.c execution test
FAIL: libgomp.c/single-2.c execution test
FAIL: libgomp.c/sort-1.c execution test
FAIL: libgomp.c/task-1.c execution test
FAIL: libgomp.c/task-2.c execution test
FAIL: libgomp.c/task-3.c execution test
FAIL: libgomp.c/task-4.c execution test
FAIL: libgomp.c/vla-1.c execution test
=== libgomp Summary for unix/-m64 ===
# of expected passes 145
# of unexpected failures 121
=== libgomp Summary ===
# of expected passes 289
# of unexpected failures 243
=== libmudflap tests ===
Running target unix/-m32
FAIL: libmudflap.c/fail1-frag.c output pattern test
FAIL: libmudflap.c/fail10-frag.c output pattern test
FAIL: libmudflap.c/fail11-frag.c output pattern test
FAIL: libmudflap.c/fail12-frag.c output pattern test
FAIL: libmudflap.c/fail13-frag.c output pattern test
FAIL: libmudflap.c/fail14-frag.c output pattern test
FAIL: libmudflap.c/fail15-frag.c output pattern test
FAIL: libmudflap.c/fail16-frag.c output pattern test
FAIL: libmudflap.c/fail17-frag.c output pattern test
FAIL: libmudflap.c/fail18-frag.c output pattern test
FAIL: libmudflap.c/fail19-frag.c output pattern test
FAIL: libmudflap.c/fail2-frag.c output pattern test
FAIL: libmudflap.c/fail20-frag.c output pattern test
FAIL: libmudflap.c/fail21-frag.c output pattern test
FAIL: libmudflap.c/fail22-frag.c output pattern test
FAIL: libmudflap.c/fail23-frag.c output pattern test
FAIL: libmudflap.c/fail25-frag.c output pattern test
FAIL: libmudflap.c/fail26-frag.c output pattern test
FAIL: libmudflap.c/fail27-frag.c output pattern test
FAIL: libmudflap.c/fail28-frag.c output pattern test
FAIL: libmudflap.c/fail29-frag.c output pattern test
FAIL: libmudflap.c/fail3-frag.c output pattern test
FAIL: libmudflap.c/fail30-frag.c output pattern test
FAIL: libmudflap.c/fail31-frag.c output pattern test
FAIL: libmudflap.c/fail32-frag.c output pattern test
FAIL: libmudflap.c/fail33-frag.c output pattern test
FAIL: libmudflap.c/fail34-frag.c output pattern test
FAIL: libmudflap.c/fail35-frag.c output pattern test
FAIL: libmudflap.c/fail36-frag.c output pattern test
FAIL: libmudflap.c/fail37-frag.c output pattern test
FAIL: libmudflap.c/fail38-frag.c output pattern test
FAIL: libmudflap.c/fail39-frag.c output pattern test
FAIL: libmudflap.c/fail4-frag.c output pattern test
FAIL: libmudflap.c/fail40-frag.c output pattern test
FAIL: libmudflap.c/fail5-frag.c output pattern test
FAIL: libmudflap.c/fail6-frag.c output pattern test
FAIL: libmudflap.c/fail7-frag.c output pattern test
FAIL: libmudflap.c/fail8-frag.c output pattern test
FAIL: libmudflap.c/fail9-frag.c output pattern test
FAIL: libmudflap.c/heap-scalestress.c execution test
FAIL: libmudflap.c/heap-scalestress.c output pattern test
FAIL: libmudflap.c/hook-allocstuff.c execution test
FAIL: libmudflap.c/hook-allocstuff.c output pattern test
FAIL: libmudflap.c/hook2-allocstuff.c execution test
FAIL: libmudflap.c/pass-stratcliff.c execution test
FAIL: libmudflap.c/pass1-frag.c execution test
FAIL: libmudflap.c/pass1-frag.c execution test
FAIL: libmudflap.c/pass10-frag.c execution test
FAIL: libmudflap.c/pass10-frag.c execution test
FAIL: libmudflap.c/pass11-frag.c execution test
FAIL: libmudflap.c/pass11-frag.c execution test
FAIL: libmudflap.c/pass12-frag.c execution test
FAIL: libmudflap.c/pass12-frag.c execution test
FAIL: libmudflap.c/pass13-frag.c execution test
FAIL: libmudflap.c/pass13-frag.c execution test
FAIL: libmudflap.c/pass14-frag.c execution test
FAIL: libmudflap.c/pass14-frag.c execution test
FAIL: libmudflap.c/pass15-frag.c execution test
FAIL: libmudflap.c/pass15-frag.c execution test
FAIL: libmudflap.c/pass16-frag.c execution test
FAIL: libmudflap.c/pass16-frag.c execution test
FAIL: libmudflap.c/pass17-frag.c execution test
FAIL: libmudflap.c/pass17-frag.c execution test
FAIL: libmudflap.c/pass18-frag.c execution test
FAIL: libmudflap.c/pass18-frag.c execution test
FAIL: libmudflap.c/pass19-frag.c execution test
FAIL: libmudflap.c/pass19-frag.c execution test
FAIL: libmudflap.c/pass2-frag.c execution test
FAIL: libmudflap.c/pass2-frag.c execution test
FAIL: libmudflap.c/pass20-frag.c execution test
FAIL: libmudflap.c/pass20-frag.c execution test
FAIL: libmudflap.c/pass21-frag.c execution test
FAIL: libmudflap.c/pass21-frag.c execution test
FAIL: libmudflap.c/pass22-frag.c execution test
FAIL: libmudflap.c/pass22-frag.c execution test
FAIL: libmudflap.c/pass23-frag.c execution test
FAIL: libmudflap.c/pass23-frag.c execution test
FAIL: libmudflap.c/pass24-frag.c execution test
FAIL: libmudflap.c/pass24-frag.c execution test
FAIL: libmudflap.c/pass25-frag.c execution test
FAIL: libmudflap.c/pass25-frag.c execution test
FAIL: libmudflap.c/pass26-frag.c execution test
FAIL: libmudflap.c/pass26-frag.c execution test
FAIL: libmudflap.c/pass29-frag.c execution test
FAIL: libmudflap.c/pass29-frag.c execution test
FAIL: libmudflap.c/pass3-frag.c execution test
FAIL: libmudflap.c/pass3-frag.c execution test
FAIL: libmudflap.c/pass30-frag.c execution test
FAIL: libmudflap.c/pass30-frag.c execution test
FAIL: libmudflap.c/pass32-frag.c execution test
FAIL: libmudflap.c/pass32-frag.c execution test
FAIL: libmudflap.c/pass33-frag.c execution test
FAIL: libmudflap.c/pass33-frag.c execution test
FAIL: libmudflap.c/pass34-frag.c execution test
FAIL: libmudflap.c/pass34-frag.c execution test
FAIL: libmudflap.c/pass35-frag.c execution test
FAIL: libmudflap.c/pass35-frag.c execution test
FAIL: libmudflap.c/pass36-frag.c execution test
FAIL: libmudflap.c/pass36-frag.c output pattern test
FAIL: libmudflap.c/pass36-frag.c execution test
FAIL: libmudflap.c/pass36-frag.c output pattern test
FAIL: libmudflap.c/pass38-frag.c execution test
FAIL: libmudflap.c/pass38-frag.c execution test
FAIL: libmudflap.c/pass4-frag.c execution test
FAIL: libmudflap.c/pass4-frag.c execution test
FAIL: libmudflap.c/pass42-frag.c execution test
FAIL: libmudflap.c/pass42-frag.c output pattern test
FAIL: libmudflap.c/pass42-frag.c execution test
FAIL: libmudflap.c/pass42-frag.c output pattern test
FAIL: libmudflap.c/pass43-frag.c execution test
FAIL: libmudflap.c/pass43-frag.c execution test
FAIL: libmudflap.c/pass44-frag.c execution test
FAIL: libmudflap.c/pass44-frag.c execution test
FAIL: libmudflap.c/pass45-frag.c execution test
FAIL: libmudflap.c/pass45-frag.c output pattern test
FAIL: libmudflap.c/pass45-frag.c execution test
FAIL: libmudflap.c/pass45-frag.c output pattern test
FAIL: libmudflap.c/pass46-frag.c execution test
FAIL: libmudflap.c/pass46-frag.c execution test
FAIL: libmudflap.c/pass47-frag.c execution test
FAIL: libmudflap.c/pass47-frag.c execution test
FAIL: libmudflap.c/pass48-frag.c execution test
FAIL: libmudflap.c/pass48-frag.c execution test
FAIL: libmudflap.c/pass49-frag.c execution test
FAIL: libmudflap.c/pass49-frag.c output pattern test
FAIL: libmudflap.c/pass49-frag.c execution test
FAIL: libmudflap.c/pass49-frag.c output pattern test
FAIL: libmudflap.c/pass5-frag.c execution test
FAIL: libmudflap.c/pass5-frag.c execution test
FAIL: libmudflap.c/pass50-frag.c execution test
FAIL: libmudflap.c/pass50-frag.c execution test
FAIL: libmudflap.c/pass51-frag.c execution test
FAIL: libmudflap.c/pass51-frag.c execution test
FAIL: libmudflap.c/pass52-frag.c execution test
FAIL: libmudflap.c/pass52-frag.c execution test
FAIL: libmudflap.c/pass53-frag.c execution test
FAIL: libmudflap.c/pass53-frag.c execution test
FAIL: libmudflap.c/pass54-frag.c execution test
FAIL: libmudflap.c/pass54-frag.c execution test
FAIL: libmudflap.c/pass56-frag.c execution test
FAIL: libmudflap.c/pass56-frag.c execution test
FAIL: libmudflap.c/pass6-frag.c execution test
FAIL: libmudflap.c/pass6-frag.c execution test
FAIL: libmudflap.c/pass64-frag.c execution test
FAIL: libmudflap.c/pass64-frag.c execution test
FAIL: libmudflap.c/pass7-frag.c execution test
FAIL: libmudflap.c/pass7-frag.c execution test
FAIL: libmudflap.c/pass8-frag.c execution test
FAIL: libmudflap.c/pass8-frag.c execution test
FAIL: libmudflap.c/pass9-frag.c execution test
FAIL: libmudflap.c/pass9-frag.c execution test
FAIL: libmudflap.c/pass49-frag.c (-static) execution test
FAIL: libmudflap.c/pass49-frag.c (-static) output pattern test
FAIL: libmudflap.c/pass49-frag.c (-static) execution test
FAIL: libmudflap.c/pass49-frag.c (-static) output pattern test
FAIL: libmudflap.c/fail1-frag.c (-O2) output pattern test
FAIL: libmudflap.c/fail10-frag.c (-O2) output pattern test
FAIL: libmudflap.c/fail11-frag.c (-O2) output pattern test
FAIL: libmudflap.c/fail12-frag.c (-O2) output pattern test
FAIL: libmudflap.c/fail13-frag.c (-O2) output pattern test
FAIL: libmudflap.c/fail14-frag.c (-O2) output pattern test
FAIL: libmudflap.c/fail15-frag.c (-O2) output pattern test
FAIL: libmudflap.c/fail16-frag.c (-O2) output pattern test
FAIL: libmudflap.c/fail17-frag.c (-O2) output pattern test
FAIL: libmudflap.c/fail18-frag.c (-O2) output pattern test
FAIL: libmudflap.c/fail19-frag.c (-O2) output pattern test
FAIL: libmudflap.c/fail2-frag.c (-O2) output pattern test
FAIL: libmudflap.c/fail20-frag.c (-O2) output pattern test
FAIL: libmudflap.c/fail21-frag.c (-O2) output pattern test
FAIL: libmudflap.c/fail22-frag.c (-O2) output pattern test
FAIL: libmudflap.c/fail23-frag.c (-O2) output pattern test
FAIL: libmudflap.c/fail25-frag.c (-O2) output pattern test
FAIL: libmudflap.c/fail26-frag.c (-O2) output pattern test
FAIL: libmudflap.c/fail27-frag.c (-O2) output pattern test
FAIL: libmudflap.c/fail28-frag.c (-O2) output pattern test
FAIL: libmudflap.c/fail29-frag.c (-O2) output pattern test
FAIL: libmudflap.c/fail3-frag.c (-O2) output pattern test
FAIL: libmudflap.c/fail30-frag.c (-O2) output pattern test
FAIL: libmudflap.c/fail31-frag.c (-O2) output pattern test
FAIL: libmudflap.c/fail32-frag.c (-O2) output pattern test
FAIL: libmudflap.c/fail33-frag.c (-O2) output pattern test
FAIL: libmudflap.c/fail34-frag.c (-O2) output pattern test
FAIL: libmudflap.c/fail35-frag.c (-O2) output pattern test
FAIL: libmudflap.c/fail36-frag.c (-O2) output pattern test
FAIL: libmudflap.c/fail37-frag.c (-O2) output pattern test
FAIL: libmudflap.c/fail38-frag.c (-O2) output pattern test
FAIL: libmudflap.c/fail39-frag.c (-O2) output pattern test
FAIL: libmudflap.c/fail4-frag.c (-O2) output pattern test
FAIL: libmudflap.c/fail40-frag.c (-O2) output pattern test
FAIL: libmudflap.c/fail5-frag.c (-O2) output pattern test
FAIL: libmudflap.c/fail6-frag.c (-O2) output pattern test
FAIL: libmudflap.c/fail7-frag.c (-O2) output pattern test
FAIL: libmudflap.c/fail8-frag.c (-O2) output pattern test
FAIL: libmudflap.c/fail9-frag.c (-O2) output pattern test
FAIL: libmudflap.c/heap-scalestress.c (-O2) execution test
FAIL: libmudflap.c/heap-scalestress.c (-O2) output pattern test
FAIL: libmudflap.c/hook-allocstuff.c (-O2) execution test
FAIL: libmudflap.c/hook-allocstuff.c (-O2) output pattern test
FAIL: libmudflap.c/hook2-allocstuff.c (-O2) execution test
FAIL: libmudflap.c/pass-stratcliff.c (-O2) execution test
FAIL: libmudflap.c/pass1-frag.c (-O2) execution test
FAIL: libmudflap.c/pass1-frag.c (-O2) execution test
FAIL: libmudflap.c/pass10-frag.c (-O2) execution test
FAIL: libmudflap.c/pass10-frag.c (-O2) execution test
FAIL: libmudflap.c/pass11-frag.c (-O2) execution test
FAIL: libmudflap.c/pass11-frag.c (-O2) execution test
FAIL: libmudflap.c/pass12-frag.c (-O2) execution test
FAIL: libmudflap.c/pass12-frag.c (-O2) execution test
FAIL: libmudflap.c/pass13-frag.c (-O2) execution test
FAIL: libmudflap.c/pass13-frag.c (-O2) execution test
FAIL: libmudflap.c/pass14-frag.c (-O2) execution test
FAIL: libmudflap.c/pass14-frag.c (-O2) execution test
FAIL: libmudflap.c/pass15-frag.c (-O2) execution test
FAIL: libmudflap.c/pass15-frag.c (-O2) execution test
FAIL: libmudflap.c/pass16-frag.c (-O2) execution test
FAIL: libmudflap.c/pass16-frag.c (-O2) execution test
FAIL: libmudflap.c/pass17-frag.c (-O2) execution test
FAIL: libmudflap.c/pass17-frag.c (-O2) execution test
FAIL: libmudflap.c/pass18-frag.c (-O2) execution test
FAIL: libmudflap.c/pass18-frag.c (-O2) execution test
FAIL: libmudflap.c/pass19-frag.c (-O2) execution test
FAIL: libmudflap.c/pass19-frag.c (-O2) execution test
FAIL: libmudflap.c/pass2-frag.c (-O2) execution test
FAIL: libmudflap.c/pass2-frag.c (-O2) execution test
FAIL: libmudflap.c/pass20-frag.c (-O2) execution test
FAIL: libmudflap.c/pass20-frag.c (-O2) execution test
FAIL: libmudflap.c/pass21-frag.c (-O2) execution test
FAIL: libmudflap.c/pass21-frag.c (-O2) execution test
FAIL: libmudflap.c/pass22-frag.c (-O2) execution test
FAIL: libmudflap.c/pass22-frag.c (-O2) execution test
FAIL: libmudflap.c/pass23-frag.c (-O2) execution test
FAIL: libmudflap.c/pass23-frag.c (-O2) execution test
FAIL: libmudflap.c/pass24-frag.c (-O2) execution test
FAIL: libmudflap.c/pass24-frag.c (-O2) execution test
FAIL: libmudflap.c/pass25-frag.c (-O2) execution test
FAIL: libmudflap.c/pass25-frag.c (-O2) execution test
FAIL: libmudflap.c/pass26-frag.c (-O2) execution test
FAIL: libmudflap.c/pass26-frag.c (-O2) execution test
FAIL: libmudflap.c/pass29-frag.c (-O2) execution test
FAIL: libmudflap.c/pass29-frag.c (-O2) execution test
FAIL: libmudflap.c/pass3-frag.c (-O2) execution test
FAIL: libmudflap.c/pass3-frag.c (-O2) execution test
FAIL: libmudflap.c/pass30-frag.c (-O2) execution test
FAIL: libmudflap.c/pass30-frag.c (-O2) execution test
FAIL: libmudflap.c/pass32-frag.c (-O2) execution test
FAIL: libmudflap.c/pass32-frag.c (-O2) execution test
FAIL: libmudflap.c/pass33-frag.c (-O2) execution test
FAIL: libmudflap.c/pass33-frag.c (-O2) execution test
FAIL: libmudflap.c/pass34-frag.c (-O2) execution test
FAIL: libmudflap.c/pass34-frag.c (-O2) execution test
FAIL: libmudflap.c/pass35-frag.c (-O2) execution test
FAIL: libmudflap.c/pass35-frag.c (-O2) execution test
FAIL: libmudflap.c/pass36-frag.c (-O2) execution test
FAIL: libmudflap.c/pass36-frag.c (-O2) output pattern test
FAIL: libmudflap.c/pass36-frag.c (-O2) execution test
FAIL: libmudflap.c/pass36-frag.c (-O2) output pattern test
FAIL: libmudflap.c/pass38-frag.c (-O2) execution test
FAIL: libmudflap.c/pass38-frag.c (-O2) execution test
FAIL: libmudflap.c/pass4-frag.c (-O2) execution test
FAIL: libmudflap.c/pass4-frag.c (-O2) execution test
FAIL: libmudflap.c/pass42-frag.c (-O2) execution test
FAIL: libmudflap.c/pass42-frag.c (-O2) output pattern test
FAIL: libmudflap.c/pass42-frag.c (-O2) execution test
FAIL: libmudflap.c/pass42-frag.c (-O2) output pattern test
FAIL: libmudflap.c/pass43-frag.c (-O2) execution test
FAIL: libmudflap.c/pass43-frag.c (-O2) execution test
FAIL: libmudflap.c/pass44-frag.c (-O2) execution test
FAIL: libmudflap.c/pass44-frag.c (-O2) execution test
FAIL: libmudflap.c/pass45-frag.c (-O2) execution test
FAIL: libmudflap.c/pass45-frag.c (-O2) output pattern test
FAIL: libmudflap.c/pass45-frag.c (-O2) execution test
FAIL: libmudflap.c/pass45-frag.c (-O2) output pattern test
FAIL: libmudflap.c/pass46-frag.c (-O2) execution test
FAIL: libmudflap.c/pass46-frag.c (-O2) execution test
FAIL: libmudflap.c/pass47-frag.c (-O2) execution test
FAIL: libmudflap.c/pass47-frag.c (-O2) execution test
FAIL: libmudflap.c/pass48-frag.c (-O2) execution test
FAIL: libmudflap.c/pass48-frag.c (-O2) execution test
FAIL: libmudflap.c/pass49-frag.c (-O2) execution test
FAIL: libmudflap.c/pass49-frag.c (-O2) output pattern test
FAIL: libmudflap.c/pass49-frag.c (-O2) execution test
FAIL: libmudflap.c/pass49-frag.c (-O2) output pattern test
FAIL: libmudflap.c/pass5-frag.c (-O2) execution test
FAIL: libmudflap.c/pass5-frag.c (-O2) execution test
FAIL: libmudflap.c/pass50-frag.c (-O2) execution test
FAIL: libmudflap.c/pass50-frag.c (-O2) execution test
FAIL: libmudflap.c/pass51-frag.c (-O2) execution test
FAIL: libmudflap.c/pass51-frag.c (-O2) execution test
FAIL: libmudflap.c/pass52-frag.c (-O2) execution test
FAIL: libmudflap.c/pass52-frag.c (-O2) execution test
FAIL: libmudflap.c/pass53-frag.c (-O2) execution test
FAIL: libmudflap.c/pass53-frag.c (-O2) execution test
FAIL: libmudflap.c/pass54-frag.c (-O2) execution test
FAIL: libmudflap.c/pass54-frag.c (-O2) execution test
FAIL: libmudflap.c/pass56-frag.c (-O2) execution test
FAIL: libmudflap.c/pass56-frag.c (-O2) execution test
FAIL: libmudflap.c/pass6-frag.c (-O2) execution test
FAIL: libmudflap.c/pass6-frag.c (-O2) execution test
FAIL: libmudflap.c/pass64-frag.c (-O2) execution test
FAIL: libmudflap.c/pass64-frag.c (-O2) execution test
FAIL: libmudflap.c/pass7-frag.c (-O2) execution test
FAIL: libmudflap.c/pass7-frag.c (-O2) execution test
FAIL: libmudflap.c/pass8-frag.c (-O2) execution test
FAIL: libmudflap.c/pass8-frag.c (-O2) execution test
FAIL: libmudflap.c/pass9-frag.c (-O2) execution test
FAIL: libmudflap.c/pass9-frag.c (-O2) execution test
FAIL: libmudflap.c/fail1-frag.c (-O3) output pattern test
FAIL: libmudflap.c/fail10-frag.c (-O3) output pattern test
FAIL: libmudflap.c/fail11-frag.c (-O3) output pattern test
FAIL: libmudflap.c/fail12-frag.c (-O3) output pattern test
FAIL: libmudflap.c/fail13-frag.c (-O3) output pattern test
FAIL: libmudflap.c/fail14-frag.c (-O3) output pattern test
FAIL: libmudflap.c/fail15-frag.c (-O3) output pattern test
FAIL: libmudflap.c/fail16-frag.c (-O3) output pattern test
FAIL: libmudflap.c/fail17-frag.c (-O3) output pattern test
FAIL: libmudflap.c/fail18-frag.c (-O3) output pattern test
FAIL: libmudflap.c/fail19-frag.c (-O3) output pattern test
FAIL: libmudflap.c/fail2-frag.c (-O3) output pattern test
FAIL: libmudflap.c/fail20-frag.c (-O3) output pattern test
FAIL: libmudflap.c/fail21-frag.c (-O3) output pattern test
FAIL: libmudflap.c/fail22-frag.c (-O3) output pattern test
FAIL: libmudflap.c/fail23-frag.c (-O3) output pattern test
FAIL: libmudflap.c/fail25-frag.c (-O3) output pattern test
FAIL: libmudflap.c/fail26-frag.c (-O3) output pattern test
FAIL: libmudflap.c/fail27-frag.c (-O3) output pattern test
FAIL: libmudflap.c/fail28-frag.c (-O3) output pattern test
FAIL: libmudflap.c/fail29-frag.c (-O3) output pattern test
FAIL: libmudflap.c/fail3-frag.c (-O3) output pattern test
FAIL: libmudflap.c/fail30-frag.c (-O3) output pattern test
FAIL: libmudflap.c/fail31-frag.c (-O3) output pattern test
FAIL: libmudflap.c/fail32-frag.c (-O3) output pattern test
FAIL: libmudflap.c/fail33-frag.c (-O3) output pattern test
FAIL: libmudflap.c/fail34-frag.c (-O3) output pattern test
FAIL: libmudflap.c/fail35-frag.c (-O3) output pattern test
FAIL: libmudflap.c/fail36-frag.c (-O3) output pattern test
FAIL: libmudflap.c/fail37-frag.c (-O3) output pattern test
FAIL: libmudflap.c/fail38-frag.c (-O3) output pattern test
FAIL: libmudflap.c/fail39-frag.c (-O3) output pattern test
FAIL: libmudflap.c/fail4-frag.c (-O3) output pattern test
FAIL: libmudflap.c/fail40-frag.c (-O3) output pattern test
FAIL: libmudflap.c/fail5-frag.c (-O3) output pattern test
FAIL: libmudflap.c/fail6-frag.c (-O3) output pattern test
FAIL: libmudflap.c/fail7-frag.c (-O3) output pattern test
FAIL: libmudflap.c/fail8-frag.c (-O3) output pattern test
FAIL: libmudflap.c/fail9-frag.c (-O3) output pattern test
FAIL: libmudflap.c/heap-scalestress.c (-O3) execution test
FAIL: libmudflap.c/heap-scalestress.c (-O3) output pattern test
FAIL: libmudflap.c/hook-allocstuff.c (-O3) execution test
FAIL: libmudflap.c/hook-allocstuff.c (-O3) output pattern test
FAIL: libmudflap.c/hook2-allocstuff.c (-O3) execution test
FAIL: libmudflap.c/pass-stratcliff.c (-O3) execution test
FAIL: libmudflap.c/pass1-frag.c (-O3) execution test
FAIL: libmudflap.c/pass1-frag.c (-O3) execution test
FAIL: libmudflap.c/pass10-frag.c (-O3) execution test
FAIL: libmudflap.c/pass10-frag.c (-O3) execution test
FAIL: libmudflap.c/pass11-frag.c (-O3) execution test
FAIL: libmudflap.c/pass11-frag.c (-O3) execution test
FAIL: libmudflap.c/pass12-frag.c (-O3) execution test
FAIL: libmudflap.c/pass12-frag.c (-O3) execution test
FAIL: libmudflap.c/pass13-frag.c (-O3) execution test
FAIL: libmudflap.c/pass13-frag.c (-O3) execution test
FAIL: libmudflap.c/pass14-frag.c (-O3) execution test
FAIL: libmudflap.c/pass14-frag.c (-O3) execution test
FAIL: libmudflap.c/pass15-frag.c (-O3) execution test
FAIL: libmudflap.c/pass15-frag.c (-O3) execution test
FAIL: libmudflap.c/pass16-frag.c (-O3) execution test
FAIL: libmudflap.c/pass16-frag.c (-O3) execution test
FAIL: libmudflap.c/pass17-frag.c (-O3) execution test
FAIL: libmudflap.c/pass17-frag.c (-O3) execution test
FAIL: libmudflap.c/pass18-frag.c (-O3) execution test
FAIL: libmudflap.c/pass18-frag.c (-O3) execution test
FAIL: libmudflap.c/pass19-frag.c (-O3) execution test
FAIL: libmudflap.c/pass19-frag.c (-O3) execution test
FAIL: libmudflap.c/pass2-frag.c (-O3) execution test
FAIL: libmudflap.c/pass2-frag.c (-O3) execution test
FAIL: libmudflap.c/pass20-frag.c (-O3) execution test
FAIL: libmudflap.c/pass20-frag.c (-O3) execution test
FAIL: libmudflap.c/pass21-frag.c (-O3) execution test
FAIL: libmudflap.c/pass21-frag.c (-O3) execution test
FAIL: libmudflap.c/pass22-frag.c (-O3) execution test
FAIL: libmudflap.c/pass22-frag.c (-O3) execution test
FAIL: libmudflap.c/pass23-frag.c (-O3) execution test
FAIL: libmudflap.c/pass23-frag.c (-O3) execution test
FAIL: libmudflap.c/pass24-frag.c (-O3) execution test
FAIL: libmudflap.c/pass24-frag.c (-O3) execution test
FAIL: libmudflap.c/pass25-frag.c (-O3) execution test
FAIL: libmudflap.c/pass25-frag.c (-O3) execution test
FAIL: libmudflap.c/pass26-frag.c (-O3) execution test
FAIL: libmudflap.c/pass26-frag.c (-O3) execution test
FAIL: libmudflap.c/pass29-frag.c (-O3) execution test
FAIL: libmudflap.c/pass29-frag.c (-O3) execution test
FAIL: libmudflap.c/pass3-frag.c (-O3) execution test
FAIL: libmudflap.c/pass3-frag.c (-O3) execution test
FAIL: libmudflap.c/pass30-frag.c (-O3) execution test
FAIL: libmudflap.c/pass30-frag.c (-O3) execution test
FAIL: libmudflap.c/pass32-frag.c (-O3) execution test
FAIL: libmudflap.c/pass32-frag.c (-O3) execution test
FAIL: libmudflap.c/pass33-frag.c (-O3) execution test
FAIL: libmudflap.c/pass33-frag.c (-O3) execution test
FAIL: libmudflap.c/pass34-frag.c (-O3) execution test
FAIL: libmudflap.c/pass34-frag.c (-O3) execution test
FAIL: libmudflap.c/pass35-frag.c (-O3) execution test
FAIL: libmudflap.c/pass35-frag.c (-O3) execution test
FAIL: libmudflap.c/pass36-frag.c (-O3) execution test
FAIL: libmudflap.c/pass36-frag.c (-O3) output pattern test
FAIL: libmudflap.c/pass36-frag.c (-O3) execution test
FAIL: libmudflap.c/pass36-frag.c (-O3) output pattern test
FAIL: libmudflap.c/pass38-frag.c (-O3) execution test
FAIL: libmudflap.c/pass38-frag.c (-O3) execution test
FAIL: libmudflap.c/pass4-frag.c (-O3) execution test
FAIL: libmudflap.c/pass4-frag.c (-O3) execution test
FAIL: libmudflap.c/pass42-frag.c (-O3) execution test
FAIL: libmudflap.c/pass42-frag.c (-O3) output pattern test
FAIL: libmudflap.c/pass42-frag.c (-O3) execution test
FAIL: libmudflap.c/pass42-frag.c (-O3) output pattern test
FAIL: libmudflap.c/pass43-frag.c (-O3) execution test
FAIL: libmudflap.c/pass43-frag.c (-O3) execution test
FAIL: libmudflap.c/pass44-frag.c (-O3) execution test
FAIL: libmudflap.c/pass44-frag.c (-O3) execution test
FAIL: libmudflap.c/pass45-frag.c (-O3) execution test
FAIL: libmudflap.c/pass45-frag.c (-O3) output pattern test
FAIL: libmudflap.c/pass45-frag.c (-O3) execution test
FAIL: libmudflap.c/pass45-frag.c (-O3) output pattern test
FAIL: libmudflap.c/pass46-frag.c (-O3) execution test
FAIL: libmudflap.c/pass46-frag.c (-O3) execution test
FAIL: libmudflap.c/pass47-frag.c (-O3) execution test
FAIL: libmudflap.c/pass47-frag.c (-O3) execution test
FAIL: libmudflap.c/pass48-frag.c (-O3) execution test
FAIL: libmudflap.c/pass48-frag.c (-O3) execution test
FAIL: libmudflap.c/pass49-frag.c (-O3) execution test
FAIL: libmudflap.c/pass49-frag.c (-O3) output pattern test
FAIL: libmudflap.c/pass49-frag.c (-O3) execution test
FAIL: libmudflap.c/pass49-frag.c (-O3) output pattern test
FAIL: libmudflap.c/pass5-frag.c (-O3) execution test
FAIL: libmudflap.c/pass5-frag.c (-O3) execution test
FAIL: libmudflap.c/pass50-frag.c (-O3) execution test
FAIL: libmudflap.c/pass50-frag.c (-O3) execution test
FAIL: libmudflap.c/pass51-frag.c (-O3) execution test
FAIL: libmudflap.c/pass51-frag.c (-O3) execution test
FAIL: libmudflap.c/pass52-frag.c (-O3) execution test
FAIL: libmudflap.c/pass52-frag.c (-O3) execution test
FAIL: libmudflap.c/pass53-frag.c (-O3) execution test
FAIL: libmudflap.c/pass53-frag.c (-O3) execution test
FAIL: libmudflap.c/pass54-frag.c (-O3) execution test
FAIL: libmudflap.c/pass54-frag.c (-O3) execution test
FAIL: libmudflap.c/pass56-frag.c (-O3) execution test
FAIL: libmudflap.c/pass56-frag.c (-O3) execution test
FAIL: libmudflap.c/pass6-frag.c (-O3) execution test
FAIL: libmudflap.c/pass6-frag.c (-O3) execution test
FAIL: libmudflap.c/pass64-frag.c (-O3) execution test
FAIL: libmudflap.c/pass64-frag.c (-O3) execution test
FAIL: libmudflap.c/pass7-frag.c (-O3) execution test
FAIL: libmudflap.c/pass7-frag.c (-O3) execution test
FAIL: libmudflap.c/pass8-frag.c (-O3) execution test
FAIL: libmudflap.c/pass8-frag.c (-O3) execution test
FAIL: libmudflap.c/pass9-frag.c (-O3) execution test
FAIL: libmudflap.c/pass9-frag.c (-O3) execution test
FAIL: externs-12 execution
FAIL: externs-21 execution
FAIL: externs-12 execution -static
FAIL: externs-21 execution -static
FAIL: externs-12 execution -O2
FAIL: externs-21 execution -O2
FAIL: externs-12 execution -O3
FAIL: externs-21 execution -O3
FAIL: libmudflap.cth/pass37-frag.c execution test
FAIL: libmudflap.cth/pass37-frag.c output pattern test
FAIL: libmudflap.cth/pass37-frag.c (rerun 1) execution test
FAIL: libmudflap.cth/pass37-frag.c (rerun 1) output pattern test
FAIL: libmudflap.cth/pass37-frag.c (rerun 2) execution test
FAIL: libmudflap.cth/pass37-frag.c (rerun 2) output pattern test
FAIL: libmudflap.cth/pass37-frag.c (rerun 3) execution test
FAIL: libmudflap.cth/pass37-frag.c (rerun 3) output pattern test
FAIL: libmudflap.cth/pass37-frag.c (rerun 4) execution test
FAIL: libmudflap.cth/pass37-frag.c (rerun 4) output pattern test
FAIL: libmudflap.cth/pass37-frag.c (rerun 5) execution test
FAIL: libmudflap.cth/pass37-frag.c (rerun 5) output pattern test
FAIL: libmudflap.cth/pass37-frag.c (rerun 6) execution test
FAIL: libmudflap.cth/pass37-frag.c (rerun 6) output pattern test
FAIL: libmudflap.cth/pass37-frag.c (rerun 7) execution test
FAIL: libmudflap.cth/pass37-frag.c (rerun 7) output pattern test
FAIL: libmudflap.cth/pass37-frag.c (rerun 8) execution test
FAIL: libmudflap.cth/pass37-frag.c (rerun 8) output pattern test
FAIL: libmudflap.cth/pass37-frag.c (rerun 9) execution test
FAIL: libmudflap.cth/pass37-frag.c (rerun 9) output pattern test
FAIL: libmudflap.cth/pass37-frag.c (rerun 10) execution test
FAIL: libmudflap.cth/pass37-frag.c (rerun 10) output pattern test
FAIL: libmudflap.cth/pass37-frag.c (rerun 11) execution test
FAIL: libmudflap.cth/pass37-frag.c (rerun 11) output pattern test
FAIL: libmudflap.cth/pass37-frag.c (rerun 12) execution test
FAIL: libmudflap.cth/pass37-frag.c (rerun 12) output pattern test
FAIL: libmudflap.cth/pass37-frag.c (rerun 13) execution test
FAIL: libmudflap.cth/pass37-frag.c (rerun 13) output pattern test
FAIL: libmudflap.cth/pass37-frag.c (rerun 14) execution test
FAIL: libmudflap.cth/pass37-frag.c (rerun 14) output pattern test
FAIL: libmudflap.cth/pass37-frag.c (rerun 15) execution test
FAIL: libmudflap.cth/pass37-frag.c (rerun 15) output pattern test
FAIL: libmudflap.cth/pass37-frag.c (rerun 16) execution test
FAIL: libmudflap.cth/pass37-frag.c (rerun 16) output pattern test
FAIL: libmudflap.cth/pass37-frag.c (rerun 17) execution test
FAIL: libmudflap.cth/pass37-frag.c (rerun 17) output pattern test
FAIL: libmudflap.cth/pass37-frag.c (rerun 18) execution test
FAIL: libmudflap.cth/pass37-frag.c (rerun 18) output pattern test
FAIL: libmudflap.cth/pass37-frag.c (rerun 19) execution test
FAIL: libmudflap.cth/pass37-frag.c (rerun 19) output pattern test
FAIL: libmudflap.cth/pass39-frag.c execution test
FAIL: libmudflap.cth/pass39-frag.c output pattern test
FAIL: libmudflap.cth/pass39-frag.c (rerun 1) execution test
FAIL: libmudflap.cth/pass39-frag.c (rerun 1) output pattern test
FAIL: libmudflap.cth/pass39-frag.c (rerun 2) execution test
FAIL: libmudflap.cth/pass39-frag.c (rerun 2) output pattern test
FAIL: libmudflap.cth/pass39-frag.c (rerun 3) execution test
FAIL: libmudflap.cth/pass39-frag.c (rerun 3) output pattern test
FAIL: libmudflap.cth/pass39-frag.c (rerun 4) execution test
FAIL: libmudflap.cth/pass39-frag.c (rerun 4) output pattern test
FAIL: libmudflap.cth/pass39-frag.c (rerun 5) execution test
FAIL: libmudflap.cth/pass39-frag.c (rerun 5) output pattern test
FAIL: libmudflap.cth/pass39-frag.c (rerun 6) execution test
FAIL: libmudflap.cth/pass39-frag.c (rerun 6) output pattern test
FAIL: libmudflap.cth/pass39-frag.c (rerun 7) execution test
FAIL: libmudflap.cth/pass39-frag.c (rerun 7) output pattern test
FAIL: libmudflap.cth/pass39-frag.c (rerun 8) execution test
FAIL: libmudflap.cth/pass39-frag.c (rerun 8) output pattern test
FAIL: libmudflap.cth/pass39-frag.c (rerun 9) execution test
FAIL: libmudflap.cth/pass39-frag.c (rerun 9) output pattern test
FAIL: libmudflap.cth/pass39-frag.c (rerun 10) execution test
FAIL: libmudflap.cth/pass39-frag.c (rerun 10) output pattern test
FAIL: libmudflap.cth/pass39-frag.c (rerun 11) execution test
FAIL: libmudflap.cth/pass39-frag.c (rerun 11) output pattern test
FAIL: libmudflap.cth/pass39-frag.c (rerun 12) execution test
FAIL: libmudflap.cth/pass39-frag.c (rerun 12) output pattern test
FAIL: libmudflap.cth/pass39-frag.c (rerun 13) execution test
FAIL: libmudflap.cth/pass39-frag.c (rerun 13) output pattern test
FAIL: libmudflap.cth/pass39-frag.c (rerun 14) execution test
FAIL: libmudflap.cth/pass39-frag.c (rerun 14) output pattern test
FAIL: libmudflap.cth/pass39-frag.c (rerun 15) execution test
FAIL: libmudflap.cth/pass39-frag.c (rerun 15) output pattern test
FAIL: libmudflap.cth/pass39-frag.c (rerun 16) execution test
FAIL: libmudflap.cth/pass39-frag.c (rerun 16) output pattern test
FAIL: libmudflap.cth/pass39-frag.c (rerun 17) execution test
FAIL: libmudflap.cth/pass39-frag.c (rerun 17) output pattern test
FAIL: libmudflap.cth/pass39-frag.c (rerun 18) execution test
FAIL: libmudflap.cth/pass39-frag.c (rerun 18) output pattern test
FAIL: libmudflap.cth/pass39-frag.c (rerun 19) execution test
FAIL: libmudflap.cth/pass39-frag.c (rerun 19) output pattern test
FAIL: libmudflap.cth/pass40-frag.c execution test
FAIL: libmudflap.cth/pass40-frag.c output pattern test
FAIL: libmudflap.cth/pass59-frag.c execution test
FAIL: libmudflap.cth/pass59-frag.c output pattern test
FAIL: libmudflap.cth/pass37-frag.c (-O2) execution test
FAIL: libmudflap.cth/pass37-frag.c (-O2) output pattern test
FAIL: libmudflap.cth/pass37-frag.c (-O2) (rerun 1) execution test
FAIL: libmudflap.cth/pass37-frag.c (-O2) (rerun 1) output pattern test
FAIL: libmudflap.cth/pass37-frag.c (-O2) (rerun 2) execution test
FAIL: libmudflap.cth/pass37-frag.c (-O2) (rerun 2) output pattern test
FAIL: libmudflap.cth/pass37-frag.c (-O2) (rerun 3) execution test
FAIL: libmudflap.cth/pass37-frag.c (-O2) (rerun 3) output pattern test
FAIL: libmudflap.cth/pass37-frag.c (-O2) (rerun 4) execution test
FAIL: libmudflap.cth/pass37-frag.c (-O2) (rerun 4) output pattern test
FAIL: libmudflap.cth/pass37-frag.c (-O2) (rerun 5) execution test
FAIL: libmudflap.cth/pass37-frag.c (-O2) (rerun 5) output pattern test
FAIL: libmudflap.cth/pass37-frag.c (-O2) (rerun 6) execution test
FAIL: libmudflap.cth/pass37-frag.c (-O2) (rerun 6) output pattern test
FAIL: libmudflap.cth/pass37-frag.c (-O2) (rerun 7) execution test
FAIL: libmudflap.cth/pass37-frag.c (-O2) (rerun 7) output pattern test
FAIL: libmudflap.cth/pass37-frag.c (-O2) (rerun 8) execution test
FAIL: libmudflap.cth/pass37-frag.c (-O2) (rerun 8) output pattern test
FAIL: libmudflap.cth/pass37-frag.c (-O2) (rerun 9) execution test
FAIL: libmudflap.cth/pass37-frag.c (-O2) (rerun 9) output pattern test
FAIL: libmudflap.cth/pass37-frag.c (-O2) (rerun 10) execution test
FAIL: libmudflap.cth/pass37-frag.c (-O2) (rerun 10) output pattern test
FAIL: libmudflap.cth/pass37-frag.c (-O2) (rerun 11) execution test
FAIL: libmudflap.cth/pass37-frag.c (-O2) (rerun 11) output pattern test
FAIL: libmudflap.cth/pass37-frag.c (-O2) (rerun 12) execution test
FAIL: libmudflap.cth/pass37-frag.c (-O2) (rerun 12) output pattern test
FAIL: libmudflap.cth/pass37-frag.c (-O2) (rerun 13) execution test
FAIL: libmudflap.cth/pass37-frag.c (-O2) (rerun 13) output pattern test
FAIL: libmudflap.cth/pass37-frag.c (-O2) (rerun 14) execution test
FAIL: libmudflap.cth/pass37-frag.c (-O2) (rerun 14) output pattern test
FAIL: libmudflap.cth/pass37-frag.c (-O2) (rerun 15) execution test
FAIL: libmudflap.cth/pass37-frag.c (-O2) (rerun 15) output pattern test
FAIL: libmudflap.cth/pass37-frag.c (-O2) (rerun 16) execution test
FAIL: libmudflap.cth/pass37-frag.c (-O2) (rerun 16) output pattern test
FAIL: libmudflap.cth/pass37-frag.c (-O2) (rerun 17) execution test
FAIL: libmudflap.cth/pass37-frag.c (-O2) (rerun 17) output pattern test
FAIL: libmudflap.cth/pass37-frag.c (-O2) (rerun 18) execution test
FAIL: libmudflap.cth/pass37-frag.c (-O2) (rerun 18) output pattern test
FAIL: libmudflap.cth/pass37-frag.c (-O2) (rerun 19) execution test
FAIL: libmudflap.cth/pass37-frag.c (-O2) (rerun 19) output pattern test
FAIL: libmudflap.cth/pass39-frag.c (-O2) execution test
FAIL: libmudflap.cth/pass39-frag.c (-O2) output pattern test
FAIL: libmudflap.cth/pass39-frag.c (-O2) (rerun 1) execution test
FAIL: libmudflap.cth/pass39-frag.c (-O2) (rerun 1) output pattern test
FAIL: libmudflap.cth/pass39-frag.c (-O2) (rerun 2) execution test
FAIL: libmudflap.cth/pass39-frag.c (-O2) (rerun 2) output pattern test
FAIL: libmudflap.cth/pass39-frag.c (-O2) (rerun 3) execution test
FAIL: libmudflap.cth/pass39-frag.c (-O2) (rerun 3) output pattern test
FAIL: libmudflap.cth/pass39-frag.c (-O2) (rerun 4) execution test
FAIL: libmudflap.cth/pass39-frag.c (-O2) (rerun 4) output pattern test
FAIL: libmudflap.cth/pass39-frag.c (-O2) (rerun 5) execution test
FAIL: libmudflap.cth/pass39-frag.c (-O2) (rerun 5) output pattern test
FAIL: libmudflap.cth/pass39-frag.c (-O2) (rerun 6) execution test
FAIL: libmudflap.cth/pass39-frag.c (-O2) (rerun 6) output pattern test
FAIL: libmudflap.cth/pass39-frag.c (-O2) (rerun 7) execution test
FAIL: libmudflap.cth/pass39-frag.c (-O2) (rerun 7) output pattern test
FAIL: libmudflap.cth/pass39-frag.c (-O2) (rerun 8) execution test
FAIL: libmudflap.cth/pass39-frag.c (-O2) (rerun 8) output pattern test
FAIL: libmudflap.cth/pass39-frag.c (-O2) (rerun 9) execution test
FAIL: libmudflap.cth/pass39-frag.c (-O2) (rerun 9) output pattern test
FAIL: libmudflap.cth/pass39-frag.c (-O2) (rerun 10) execution test
FAIL: libmudflap.cth/pass39-frag.c (-O2) (rerun 10) output pattern test
FAIL: libmudflap.cth/pass39-frag.c (-O2) (rerun 11) execution test
FAIL: libmudflap.cth/pass39-frag.c (-O2) (rerun 11) output pattern test
FAIL: libmudflap.cth/pass39-frag.c (-O2) (rerun 12) execution test
FAIL: libmudflap.cth/pass39-frag.c (-O2) (rerun 12) output pattern test
FAIL: libmudflap.cth/pass39-frag.c (-O2) (rerun 13) execution test
FAIL: libmudflap.cth/pass39-frag.c (-O2) (rerun 13) output pattern test
FAIL: libmudflap.cth/pass39-frag.c (-O2) (rerun 14) execution test
FAIL: libmudflap.cth/pass39-frag.c (-O2) (rerun 14) output pattern test
FAIL: libmudflap.cth/pass39-frag.c (-O2) (rerun 15) execution test
FAIL: libmudflap.cth/pass39-frag.c (-O2) (rerun 15) output pattern test
FAIL: libmudflap.cth/pass39-frag.c (-O2) (rerun 16) execution test
FAIL: libmudflap.cth/pass39-frag.c (-O2) (rerun 16) output pattern test
FAIL: libmudflap.cth/pass39-frag.c (-O2) (rerun 17) execution test
FAIL: libmudflap.cth/pass39-frag.c (-O2) (rerun 17) output pattern test
FAIL: libmudflap.cth/pass39-frag.c (-O2) (rerun 18) execution test
FAIL: libmudflap.cth/pass39-frag.c (-O2) (rerun 18) output pattern test
FAIL: libmudflap.cth/pass39-frag.c (-O2) (rerun 19) execution test
FAIL: libmudflap.cth/pass39-frag.c (-O2) (rerun 19) output pattern test
FAIL: libmudflap.cth/pass40-frag.c (-O2) execution test
FAIL: libmudflap.cth/pass40-frag.c (-O2) output pattern test
FAIL: libmudflap.cth/pass59-frag.c (-O2) execution test
FAIL: libmudflap.cth/pass59-frag.c (-O2) output pattern test
FAIL: libmudflap.cth/pass37-frag.c (-O3) execution test
FAIL: libmudflap.cth/pass37-frag.c (-O3) output pattern test
FAIL: libmudflap.cth/pass37-frag.c (-O3) (rerun 1) execution test
FAIL: libmudflap.cth/pass37-frag.c (-O3) (rerun 1) output pattern test
FAIL: libmudflap.cth/pass37-frag.c (-O3) (rerun 2) execution test
FAIL: libmudflap.cth/pass37-frag.c (-O3) (rerun 2) output pattern test
FAIL: libmudflap.cth/pass37-frag.c (-O3) (rerun 3) execution test
FAIL: libmudflap.cth/pass37-frag.c (-O3) (rerun 3) output pattern test
FAIL: libmudflap.cth/pass37-frag.c (-O3) (rerun 4) execution test
FAIL: libmudflap.cth/pass37-frag.c (-O3) (rerun 4) output pattern test
FAIL: libmudflap.cth/pass37-frag.c (-O3) (rerun 5) execution test
FAIL: libmudflap.cth/pass37-frag.c (-O3) (rerun 5) output pattern test
FAIL: libmudflap.cth/pass37-frag.c (-O3) (rerun 6) execution test
FAIL: libmudflap.cth/pass37-frag.c (-O3) (rerun 6) output pattern test
FAIL: libmudflap.cth/pass37-frag.c (-O3) (rerun 7) execution test
FAIL: libmudflap.cth/pass37-frag.c (-O3) (rerun 7) output pattern test
FAIL: libmudflap.cth/pass37-frag.c (-O3) (rerun 8) execution test
FAIL: libmudflap.cth/pass37-frag.c (-O3) (rerun 8) output pattern test
FAIL: libmudflap.cth/pass37-frag.c (-O3) (rerun 9) execution test
FAIL: libmudflap.cth/pass37-frag.c (-O3) (rerun 9) output pattern test
FAIL: libmudflap.cth/pass37-frag.c (-O3) (rerun 10) execution test
FAIL: libmudflap.cth/pass37-frag.c (-O3) (rerun 10) output pattern test
FAIL: libmudflap.cth/pass37-frag.c (-O3) (rerun 11) execution test
FAIL: libmudflap.cth/pass37-frag.c (-O3) (rerun 11) output pattern test
FAIL: libmudflap.cth/pass37-frag.c (-O3) (rerun 12) execution test
FAIL: libmudflap.cth/pass37-frag.c (-O3) (rerun 12) output pattern test
FAIL: libmudflap.cth/pass37-frag.c (-O3) (rerun 13) execution test
FAIL: libmudflap.cth/pass37-frag.c (-O3) (rerun 13) output pattern test
FAIL: libmudflap.cth/pass37-frag.c (-O3) (rerun 14) execution test
FAIL: libmudflap.cth/pass37-frag.c (-O3) (rerun 14) output pattern test
FAIL: libmudflap.cth/pass37-frag.c (-O3) (rerun 15) execution test
FAIL: libmudflap.cth/pass37-frag.c (-O3) (rerun 15) output pattern test
FAIL: libmudflap.cth/pass37-frag.c (-O3) (rerun 16) execution test
FAIL: libmudflap.cth/pass37-frag.c (-O3) (rerun 16) output pattern test
FAIL: libmudflap.cth/pass37-frag.c (-O3) (rerun 17) execution test
FAIL: libmudflap.cth/pass37-frag.c (-O3) (rerun 17) output pattern test
FAIL: libmudflap.cth/pass37-frag.c (-O3) (rerun 18) execution test
FAIL: libmudflap.cth/pass37-frag.c (-O3) (rerun 18) output pattern test
FAIL: libmudflap.cth/pass37-frag.c (-O3) (rerun 19) execution test
FAIL: libmudflap.cth/pass37-frag.c (-O3) (rerun 19) output pattern test
FAIL: libmudflap.cth/pass39-frag.c (-O3) execution test
FAIL: libmudflap.cth/pass39-frag.c (-O3) output pattern test
FAIL: libmudflap.cth/pass39-frag.c (-O3) (rerun 1) execution test
FAIL: libmudflap.cth/pass39-frag.c (-O3) (rerun 1) output pattern test
FAIL: libmudflap.cth/pass39-frag.c (-O3) (rerun 2) execution test
FAIL: libmudflap.cth/pass39-frag.c (-O3) (rerun 2) output pattern test
FAIL: libmudflap.cth/pass39-frag.c (-O3) (rerun 3) execution test
FAIL: libmudflap.cth/pass39-frag.c (-O3) (rerun 3) output pattern test
FAIL: libmudflap.cth/pass39-frag.c (-O3) (rerun 4) execution test
FAIL: libmudflap.cth/pass39-frag.c (-O3) (rerun 4) output pattern test
FAIL: libmudflap.cth/pass39-frag.c (-O3) (rerun 5) execution test
FAIL: libmudflap.cth/pass39-frag.c (-O3) (rerun 5) output pattern test
FAIL: libmudflap.cth/pass39-frag.c (-O3) (rerun 6) execution test
FAIL: libmudflap.cth/pass39-frag.c (-O3) (rerun 6) output pattern test
FAIL: libmudflap.cth/pass39-frag.c (-O3) (rerun 7) execution test
FAIL: libmudflap.cth/pass39-frag.c (-O3) (rerun 7) output pattern test
FAIL: libmudflap.cth/pass39-frag.c (-O3) (rerun 8) execution test
FAIL: libmudflap.cth/pass39-frag.c (-O3) (rerun 8) output pattern test
FAIL: libmudflap.cth/pass39-frag.c (-O3) (rerun 9) execution test
FAIL: libmudflap.cth/pass39-frag.c (-O3) (rerun 9) output pattern test
FAIL: libmudflap.cth/pass39-frag.c (-O3) (rerun 10) execution test
FAIL: libmudflap.cth/pass39-frag.c (-O3) (rerun 10) output pattern test
FAIL: libmudflap.cth/pass39-frag.c (-O3) (rerun 11) execution test
FAIL: libmudflap.cth/pass39-frag.c (-O3) (rerun 11) output pattern test
FAIL: libmudflap.cth/pass39-frag.c (-O3) (rerun 12) execution test
FAIL: libmudflap.cth/pass39-frag.c (-O3) (rerun 12) output pattern test
FAIL: libmudflap.cth/pass39-frag.c (-O3) (rerun 13) execution test
FAIL: libmudflap.cth/pass39-frag.c (-O3) (rerun 13) output pattern test
FAIL: libmudflap.cth/pass39-frag.c (-O3) (rerun 14) execution test
FAIL: libmudflap.cth/pass39-frag.c (-O3) (rerun 14) output pattern test
FAIL: libmudflap.cth/pass39-frag.c (-O3) (rerun 15) execution test
FAIL: libmudflap.cth/pass39-frag.c (-O3) (rerun 15) output pattern test
FAIL: libmudflap.cth/pass39-frag.c (-O3) (rerun 16) execution test
FAIL: libmudflap.cth/pass39-frag.c (-O3) (rerun 16) output pattern test
FAIL: libmudflap.cth/pass39-frag.c (-O3) (rerun 17) execution test
FAIL: libmudflap.cth/pass39-frag.c (-O3) (rerun 17) output pattern test
FAIL: libmudflap.cth/pass39-frag.c (-O3) (rerun 18) execution test
FAIL: libmudflap.cth/pass39-frag.c (-O3) (rerun 18) output pattern test
FAIL: libmudflap.cth/pass39-frag.c (-O3) (rerun 19) execution test
FAIL: libmudflap.cth/pass39-frag.c (-O3) (rerun 19) output pattern test
FAIL: libmudflap.cth/pass40-frag.c (-O3) execution test
FAIL: libmudflap.cth/pass40-frag.c (-O3) output pattern test
FAIL: libmudflap.cth/pass59-frag.c (-O3) execution test
FAIL: libmudflap.cth/pass59-frag.c (-O3) output pattern test
=== libmudflap Summary for unix/-m32 ===
# of expected passes 1023
# of unexpected failures 717
# of unsupported tests 2
Running target unix/-m64
FAIL: libmudflap.c/fail1-frag.c output pattern test
FAIL: libmudflap.c/fail10-frag.c output pattern test
FAIL: libmudflap.c/fail11-frag.c output pattern test
FAIL: libmudflap.c/fail12-frag.c output pattern test
FAIL: libmudflap.c/fail13-frag.c output pattern test
FAIL: libmudflap.c/fail14-frag.c output pattern test
FAIL: libmudflap.c/fail15-frag.c output pattern test
FAIL: libmudflap.c/fail16-frag.c output pattern test
FAIL: libmudflap.c/fail17-frag.c output pattern test
FAIL: libmudflap.c/fail18-frag.c output pattern test
FAIL: libmudflap.c/fail19-frag.c output pattern test
FAIL: libmudflap.c/fail2-frag.c output pattern test
FAIL: libmudflap.c/fail20-frag.c output pattern test
FAIL: libmudflap.c/fail21-frag.c output pattern test
FAIL: libmudflap.c/fail22-frag.c output pattern test
FAIL: libmudflap.c/fail23-frag.c output pattern test
FAIL: libmudflap.c/fail25-frag.c output pattern test
FAIL: libmudflap.c/fail26-frag.c output pattern test
FAIL: libmudflap.c/fail27-frag.c output pattern test
FAIL: libmudflap.c/fail28-frag.c output pattern test
FAIL: libmudflap.c/fail29-frag.c output pattern test
FAIL: libmudflap.c/fail3-frag.c output pattern test
FAIL: libmudflap.c/fail30-frag.c output pattern test
FAIL: libmudflap.c/fail31-frag.c output pattern test
FAIL: libmudflap.c/fail32-frag.c output pattern test
FAIL: libmudflap.c/fail33-frag.c output pattern test
FAIL: libmudflap.c/fail34-frag.c output pattern test
FAIL: libmudflap.c/fail35-frag.c output pattern test
FAIL: libmudflap.c/fail36-frag.c output pattern test
FAIL: libmudflap.c/fail37-frag.c output pattern test
FAIL: libmudflap.c/fail38-frag.c output pattern test
FAIL: libmudflap.c/fail39-frag.c output pattern test
FAIL: libmudflap.c/fail4-frag.c output pattern test
FAIL: libmudflap.c/fail40-frag.c output pattern test
FAIL: libmudflap.c/fail5-frag.c output pattern test
FAIL: libmudflap.c/fail6-frag.c output pattern test
FAIL: libmudflap.c/fail7-frag.c output pattern test
FAIL: libmudflap.c/fail8-frag.c output pattern test
FAIL: libmudflap.c/fail9-frag.c output pattern test
FAIL: libmudflap.c/heap-scalestress.c execution test
FAIL: libmudflap.c/heap-scalestress.c output pattern test
FAIL: libmudflap.c/hook-allocstuff.c execution test
FAIL: libmudflap.c/hook-allocstuff.c output pattern test
FAIL: libmudflap.c/hook2-allocstuff.c execution test
FAIL: libmudflap.c/pass-stratcliff.c execution test
FAIL: libmudflap.c/pass1-frag.c execution test
FAIL: libmudflap.c/pass1-frag.c execution test
FAIL: libmudflap.c/pass10-frag.c execution test
FAIL: libmudflap.c/pass10-frag.c execution test
FAIL: libmudflap.c/pass11-frag.c execution test
FAIL: libmudflap.c/pass11-frag.c execution test
FAIL: libmudflap.c/pass12-frag.c execution test
FAIL: libmudflap.c/pass12-frag.c execution test
FAIL: libmudflap.c/pass13-frag.c execution test
FAIL: libmudflap.c/pass13-frag.c execution test
FAIL: libmudflap.c/pass14-frag.c execution test
FAIL: libmudflap.c/pass14-frag.c execution test
FAIL: libmudflap.c/pass15-frag.c execution test
FAIL: libmudflap.c/pass15-frag.c execution test
FAIL: libmudflap.c/pass16-frag.c execution test
FAIL: libmudflap.c/pass16-frag.c execution test
FAIL: libmudflap.c/pass17-frag.c execution test
FAIL: libmudflap.c/pass17-frag.c execution test
FAIL: libmudflap.c/pass18-frag.c execution test
FAIL: libmudflap.c/pass18-frag.c execution test
FAIL: libmudflap.c/pass19-frag.c execution test
FAIL: libmudflap.c/pass19-frag.c execution test
FAIL: libmudflap.c/pass2-frag.c execution test
FAIL: libmudflap.c/pass2-frag.c execution test
FAIL: libmudflap.c/pass20-frag.c execution test
FAIL: libmudflap.c/pass20-frag.c execution test
FAIL: libmudflap.c/pass21-frag.c execution test
FAIL: libmudflap.c/pass21-frag.c execution test
FAIL: libmudflap.c/pass22-frag.c execution test
FAIL: libmudflap.c/pass22-frag.c execution test
FAIL: libmudflap.c/pass23-frag.c execution test
FAIL: libmudflap.c/pass23-frag.c execution test
FAIL: libmudflap.c/pass24-frag.c execution test
FAIL: libmudflap.c/pass24-frag.c execution test
FAIL: libmudflap.c/pass25-frag.c execution test
FAIL: libmudflap.c/pass25-frag.c execution test
FAIL: libmudflap.c/pass26-frag.c execution test
FAIL: libmudflap.c/pass26-frag.c execution test
FAIL: libmudflap.c/pass29-frag.c execution test
FAIL: libmudflap.c/pass29-frag.c execution test
FAIL: libmudflap.c/pass3-frag.c execution test
FAIL: libmudflap.c/pass3-frag.c execution test
FAIL: libmudflap.c/pass30-frag.c execution test
FAIL: libmudflap.c/pass30-frag.c execution test
FAIL: libmudflap.c/pass32-frag.c execution test
FAIL: libmudflap.c/pass32-frag.c execution test
FAIL: libmudflap.c/pass33-frag.c execution test
FAIL: libmudflap.c/pass33-frag.c execution test
FAIL: libmudflap.c/pass34-frag.c execution test
FAIL: libmudflap.c/pass34-frag.c execution test
FAIL: libmudflap.c/pass35-frag.c execution test
FAIL: libmudflap.c/pass35-frag.c execution test
FAIL: libmudflap.c/pass36-frag.c execution test
FAIL: libmudflap.c/pass36-frag.c output pattern test
FAIL: libmudflap.c/pass36-frag.c execution test
FAIL: libmudflap.c/pass36-frag.c output pattern test
FAIL: libmudflap.c/pass38-frag.c execution test
FAIL: libmudflap.c/pass38-frag.c execution test
FAIL: libmudflap.c/pass4-frag.c execution test
FAIL: libmudflap.c/pass4-frag.c execution test
FAIL: libmudflap.c/pass42-frag.c execution test
FAIL: libmudflap.c/pass42-frag.c output pattern test
FAIL: libmudflap.c/pass42-frag.c execution test
FAIL: libmudflap.c/pass42-frag.c output pattern test
FAIL: libmudflap.c/pass43-frag.c execution test
FAIL: libmudflap.c/pass43-frag.c execution test
FAIL: libmudflap.c/pass44-frag.c execution test
FAIL: libmudflap.c/pass44-frag.c execution test
FAIL: libmudflap.c/pass45-frag.c execution test
FAIL: libmudflap.c/pass45-frag.c output pattern test
FAIL: libmudflap.c/pass45-frag.c execution test
FAIL: libmudflap.c/pass45-frag.c output pattern test
FAIL: libmudflap.c/pass46-frag.c execution test
FAIL: libmudflap.c/pass46-frag.c execution test
FAIL: libmudflap.c/pass47-frag.c execution test
FAIL: libmudflap.c/pass47-frag.c execution test
FAIL: libmudflap.c/pass48-frag.c execution test
FAIL: libmudflap.c/pass48-frag.c execution test
FAIL: libmudflap.c/pass49-frag.c execution test
FAIL: libmudflap.c/pass49-frag.c output pattern test
FAIL: libmudflap.c/pass49-frag.c execution test
FAIL: libmudflap.c/pass49-frag.c output pattern test
FAIL: libmudflap.c/pass5-frag.c execution test
FAIL: libmudflap.c/pass5-frag.c execution test
FAIL: libmudflap.c/pass50-frag.c execution test
FAIL: libmudflap.c/pass50-frag.c execution test
FAIL: libmudflap.c/pass51-frag.c execution test
FAIL: libmudflap.c/pass51-frag.c execution test
FAIL: libmudflap.c/pass52-frag.c execution test
FAIL: libmudflap.c/pass52-frag.c execution test
FAIL: libmudflap.c/pass53-frag.c execution test
FAIL: libmudflap.c/pass53-frag.c execution test
FAIL: libmudflap.c/pass54-frag.c execution test
FAIL: libmudflap.c/pass54-frag.c execution test
FAIL: libmudflap.c/pass56-frag.c execution test
FAIL: libmudflap.c/pass56-frag.c execution test
FAIL: libmudflap.c/pass6-frag.c execution test
FAIL: libmudflap.c/pass6-frag.c execution test
FAIL: libmudflap.c/pass64-frag.c execution test
FAIL: libmudflap.c/pass64-frag.c execution test
FAIL: libmudflap.c/pass7-frag.c execution test
FAIL: libmudflap.c/pass7-frag.c execution test
FAIL: libmudflap.c/pass8-frag.c execution test
FAIL: libmudflap.c/pass8-frag.c execution test
FAIL: libmudflap.c/pass9-frag.c execution test
FAIL: libmudflap.c/pass9-frag.c execution test
FAIL: libmudflap.c/pass49-frag.c (-static) execution test
FAIL: libmudflap.c/pass49-frag.c (-static) output pattern test
FAIL: libmudflap.c/pass49-frag.c (-static) execution test
FAIL: libmudflap.c/pass49-frag.c (-static) output pattern test
FAIL: libmudflap.c/fail1-frag.c (-O2) output pattern test
FAIL: libmudflap.c/fail10-frag.c (-O2) output pattern test
FAIL: libmudflap.c/fail11-frag.c (-O2) output pattern test
FAIL: libmudflap.c/fail12-frag.c (-O2) output pattern test
FAIL: libmudflap.c/fail13-frag.c (-O2) output pattern test
FAIL: libmudflap.c/fail14-frag.c (-O2) output pattern test
FAIL: libmudflap.c/fail15-frag.c (-O2) output pattern test
FAIL: libmudflap.c/fail16-frag.c (-O2) output pattern test
FAIL: libmudflap.c/fail17-frag.c (-O2) output pattern test
FAIL: libmudflap.c/fail18-frag.c (-O2) output pattern test
FAIL: libmudflap.c/fail19-frag.c (-O2) output pattern test
FAIL: libmudflap.c/fail2-frag.c (-O2) output pattern test
FAIL: libmudflap.c/fail20-frag.c (-O2) output pattern test
FAIL: libmudflap.c/fail21-frag.c (-O2) output pattern test
FAIL: libmudflap.c/fail22-frag.c (-O2) output pattern test
FAIL: libmudflap.c/fail23-frag.c (-O2) output pattern test
FAIL: libmudflap.c/fail25-frag.c (-O2) output pattern test
FAIL: libmudflap.c/fail26-frag.c (-O2) output pattern test
FAIL: libmudflap.c/fail27-frag.c (-O2) output pattern test
FAIL: libmudflap.c/fail28-frag.c (-O2) output pattern test
FAIL: libmudflap.c/fail29-frag.c (-O2) output pattern test
FAIL: libmudflap.c/fail3-frag.c (-O2) output pattern test
FAIL: libmudflap.c/fail30-frag.c (-O2) output pattern test
FAIL: libmudflap.c/fail31-frag.c (-O2) output pattern test
FAIL: libmudflap.c/fail32-frag.c (-O2) output pattern test
FAIL: libmudflap.c/fail33-frag.c (-O2) output pattern test
FAIL: libmudflap.c/fail34-frag.c (-O2) output pattern test
FAIL: libmudflap.c/fail35-frag.c (-O2) output pattern test
FAIL: libmudflap.c/fail36-frag.c (-O2) output pattern test
FAIL: libmudflap.c/fail37-frag.c (-O2) output pattern test
FAIL: libmudflap.c/fail38-frag.c (-O2) output pattern test
FAIL: libmudflap.c/fail39-frag.c (-O2) output pattern test
FAIL: libmudflap.c/fail4-frag.c (-O2) output pattern test
FAIL: libmudflap.c/fail40-frag.c (-O2) output pattern test
FAIL: libmudflap.c/fail5-frag.c (-O2) output pattern test
FAIL: libmudflap.c/fail6-frag.c (-O2) output pattern test
FAIL: libmudflap.c/fail7-frag.c (-O2) output pattern test
FAIL: libmudflap.c/fail8-frag.c (-O2) output pattern test
FAIL: libmudflap.c/fail9-frag.c (-O2) output pattern test
FAIL: libmudflap.c/heap-scalestress.c (-O2) execution test
FAIL: libmudflap.c/heap-scalestress.c (-O2) output pattern test
FAIL: libmudflap.c/hook-allocstuff.c (-O2) execution test
FAIL: libmudflap.c/hook-allocstuff.c (-O2) output pattern test
FAIL: libmudflap.c/hook2-allocstuff.c (-O2) execution test
FAIL: libmudflap.c/pass-stratcliff.c (-O2) execution test
FAIL: libmudflap.c/pass1-frag.c (-O2) execution test
FAIL: libmudflap.c/pass1-frag.c (-O2) execution test
FAIL: libmudflap.c/pass10-frag.c (-O2) execution test
FAIL: libmudflap.c/pass10-frag.c (-O2) execution test
FAIL: libmudflap.c/pass11-frag.c (-O2) execution test
FAIL: libmudflap.c/pass11-frag.c (-O2) execution test
FAIL: libmudflap.c/pass12-frag.c (-O2) execution test
FAIL: libmudflap.c/pass12-frag.c (-O2) execution test
FAIL: libmudflap.c/pass13-frag.c (-O2) execution test
FAIL: libmudflap.c/pass13-frag.c (-O2) execution test
FAIL: libmudflap.c/pass14-frag.c (-O2) execution test
FAIL: libmudflap.c/pass14-frag.c (-O2) execution test
FAIL: libmudflap.c/pass15-frag.c (-O2) execution test
FAIL: libmudflap.c/pass15-frag.c (-O2) execution test
FAIL: libmudflap.c/pass16-frag.c (-O2) execution test
FAIL: libmudflap.c/pass16-frag.c (-O2) execution test
FAIL: libmudflap.c/pass17-frag.c (-O2) execution test
FAIL: libmudflap.c/pass17-frag.c (-O2) execution test
FAIL: libmudflap.c/pass18-frag.c (-O2) execution test
FAIL: libmudflap.c/pass18-frag.c (-O2) execution test
FAIL: libmudflap.c/pass19-frag.c (-O2) execution test
FAIL: libmudflap.c/pass19-frag.c (-O2) execution test
FAIL: libmudflap.c/pass2-frag.c (-O2) execution test
FAIL: libmudflap.c/pass2-frag.c (-O2) execution test
FAIL: libmudflap.c/pass20-frag.c (-O2) execution test
FAIL: libmudflap.c/pass20-frag.c (-O2) execution test
FAIL: libmudflap.c/pass21-frag.c (-O2) execution test
FAIL: libmudflap.c/pass21-frag.c (-O2) execution test
FAIL: libmudflap.c/pass22-frag.c (-O2) execution test
FAIL: libmudflap.c/pass22-frag.c (-O2) execution test
FAIL: libmudflap.c/pass23-frag.c (-O2) execution test
FAIL: libmudflap.c/pass23-frag.c (-O2) execution test
FAIL: libmudflap.c/pass24-frag.c (-O2) execution test
FAIL: libmudflap.c/pass24-frag.c (-O2) execution test
FAIL: libmudflap.c/pass25-frag.c (-O2) execution test
FAIL: libmudflap.c/pass25-frag.c (-O2) execution test
FAIL: libmudflap.c/pass26-frag.c (-O2) execution test
FAIL: libmudflap.c/pass26-frag.c (-O2) execution test
FAIL: libmudflap.c/pass29-frag.c (-O2) execution test
FAIL: libmudflap.c/pass29-frag.c (-O2) execution test
FAIL: libmudflap.c/pass3-frag.c (-O2) execution test
FAIL: libmudflap.c/pass3-frag.c (-O2) execution test
FAIL: libmudflap.c/pass30-frag.c (-O2) execution test
FAIL: libmudflap.c/pass30-frag.c (-O2) execution test
FAIL: libmudflap.c/pass32-frag.c (-O2) execution test
FAIL: libmudflap.c/pass32-frag.c (-O2) execution test
FAIL: libmudflap.c/pass33-frag.c (-O2) execution test
FAIL: libmudflap.c/pass33-frag.c (-O2) execution test
FAIL: libmudflap.c/pass34-frag.c (-O2) execution test
FAIL: libmudflap.c/pass34-frag.c (-O2) execution test
FAIL: libmudflap.c/pass35-frag.c (-O2) execution test
FAIL: libmudflap.c/pass35-frag.c (-O2) execution test
FAIL: libmudflap.c/pass36-frag.c (-O2) execution test
FAIL: libmudflap.c/pass36-frag.c (-O2) output pattern test
FAIL: libmudflap.c/pass36-frag.c (-O2) execution test
FAIL: libmudflap.c/pass36-frag.c (-O2) output pattern test
FAIL: libmudflap.c/pass38-frag.c (-O2) execution test
FAIL: libmudflap.c/pass38-frag.c (-O2) execution test
FAIL: libmudflap.c/pass4-frag.c (-O2) execution test
FAIL: libmudflap.c/pass4-frag.c (-O2) execution test
FAIL: libmudflap.c/pass42-frag.c (-O2) execution test
FAIL: libmudflap.c/pass42-frag.c (-O2) output pattern test
FAIL: libmudflap.c/pass42-frag.c (-O2) execution test
FAIL: libmudflap.c/pass42-frag.c (-O2) output pattern test
FAIL: libmudflap.c/pass43-frag.c (-O2) execution test
FAIL: libmudflap.c/pass43-frag.c (-O2) execution test
FAIL: libmudflap.c/pass44-frag.c (-O2) execution test
FAIL: libmudflap.c/pass44-frag.c (-O2) execution test
FAIL: libmudflap.c/pass45-frag.c (-O2) execution test
FAIL: libmudflap.c/pass45-frag.c (-O2) output pattern test
FAIL: libmudflap.c/pass45-frag.c (-O2) execution test
FAIL: libmudflap.c/pass45-frag.c (-O2) output pattern test
FAIL: libmudflap.c/pass46-frag.c (-O2) execution test
FAIL: libmudflap.c/pass46-frag.c (-O2) execution test
FAIL: libmudflap.c/pass47-frag.c (-O2) execution test
FAIL: libmudflap.c/pass47-frag.c (-O2) execution test
FAIL: libmudflap.c/pass48-frag.c (-O2) execution test
FAIL: libmudflap.c/pass48-frag.c (-O2) execution test
FAIL: libmudflap.c/pass49-frag.c (-O2) execution test
FAIL: libmudflap.c/pass49-frag.c (-O2) output pattern test
FAIL: libmudflap.c/pass49-frag.c (-O2) execution test
FAIL: libmudflap.c/pass49-frag.c (-O2) output pattern test
FAIL: libmudflap.c/pass5-frag.c (-O2) execution test
FAIL: libmudflap.c/pass5-frag.c (-O2) execution test
FAIL: libmudflap.c/pass50-frag.c (-O2) execution test
FAIL: libmudflap.c/pass50-frag.c (-O2) execution test
FAIL: libmudflap.c/pass51-frag.c (-O2) execution test
FAIL: libmudflap.c/pass51-frag.c (-O2) execution test
FAIL: libmudflap.c/pass52-frag.c (-O2) execution test
FAIL: libmudflap.c/pass52-frag.c (-O2) execution test
FAIL: libmudflap.c/pass53-frag.c (-O2) execution test
FAIL: libmudflap.c/pass53-frag.c (-O2) execution test
FAIL: libmudflap.c/pass54-frag.c (-O2) execution test
FAIL: libmudflap.c/pass54-frag.c (-O2) execution test
FAIL: libmudflap.c/pass56-frag.c (-O2) execution test
FAIL: libmudflap.c/pass56-frag.c (-O2) execution test
FAIL: libmudflap.c/pass6-frag.c (-O2) execution test
FAIL: libmudflap.c/pass6-frag.c (-O2) execution test
FAIL: libmudflap.c/pass64-frag.c (-O2) execution test
FAIL: libmudflap.c/pass64-frag.c (-O2) execution test
FAIL: libmudflap.c/pass7-frag.c (-O2) execution test
FAIL: libmudflap.c/pass7-frag.c (-O2) execution test
FAIL: libmudflap.c/pass8-frag.c (-O2) execution test
FAIL: libmudflap.c/pass8-frag.c (-O2) execution test
FAIL: libmudflap.c/pass9-frag.c (-O2) execution test
FAIL: libmudflap.c/pass9-frag.c (-O2) execution test
FAIL: libmudflap.c/fail1-frag.c (-O3) output pattern test
FAIL: libmudflap.c/fail10-frag.c (-O3) output pattern test
FAIL: libmudflap.c/fail11-frag.c (-O3) output pattern test
FAIL: libmudflap.c/fail12-frag.c (-O3) output pattern test
FAIL: libmudflap.c/fail13-frag.c (-O3) output pattern test
FAIL: libmudflap.c/fail14-frag.c (-O3) output pattern test
FAIL: libmudflap.c/fail15-frag.c (-O3) output pattern test
FAIL: libmudflap.c/fail16-frag.c (-O3) output pattern test
FAIL: libmudflap.c/fail17-frag.c (-O3) output pattern test
FAIL: libmudflap.c/fail18-frag.c (-O3) output pattern test
FAIL: libmudflap.c/fail19-frag.c (-O3) output pattern test
FAIL: libmudflap.c/fail2-frag.c (-O3) output pattern test
FAIL: libmudflap.c/fail20-frag.c (-O3) output pattern test
FAIL: libmudflap.c/fail21-frag.c (-O3) output pattern test
FAIL: libmudflap.c/fail22-frag.c (-O3) output pattern test
FAIL: libmudflap.c/fail23-frag.c (-O3) output pattern test
FAIL: libmudflap.c/fail25-frag.c (-O3) output pattern test
FAIL: libmudflap.c/fail26-frag.c (-O3) output pattern test
FAIL: libmudflap.c/fail27-frag.c (-O3) output pattern test
FAIL: libmudflap.c/fail28-frag.c (-O3) output pattern test
FAIL: libmudflap.c/fail29-frag.c (-O3) output pattern test
FAIL: libmudflap.c/fail3-frag.c (-O3) output pattern test
FAIL: libmudflap.c/fail30-frag.c (-O3) output pattern test
FAIL: libmudflap.c/fail31-frag.c (-O3) output pattern test
FAIL: libmudflap.c/fail32-frag.c (-O3) output pattern test
FAIL: libmudflap.c/fail33-frag.c (-O3) output pattern test
FAIL: libmudflap.c/fail34-frag.c (-O3) output pattern test
FAIL: libmudflap.c/fail35-frag.c (-O3) output pattern test
FAIL: libmudflap.c/fail36-frag.c (-O3) output pattern test
FAIL: libmudflap.c/fail37-frag.c (-O3) output pattern test
FAIL: libmudflap.c/fail38-frag.c (-O3) output pattern test
FAIL: libmudflap.c/fail39-frag.c (-O3) output pattern test
FAIL: libmudflap.c/fail4-frag.c (-O3) output pattern test
FAIL: libmudflap.c/fail40-frag.c (-O3) output pattern test
FAIL: libmudflap.c/fail5-frag.c (-O3) output pattern test
FAIL: libmudflap.c/fail6-frag.c (-O3) output pattern test
FAIL: libmudflap.c/fail7-frag.c (-O3) output pattern test
FAIL: libmudflap.c/fail8-frag.c (-O3) output pattern test
FAIL: libmudflap.c/fail9-frag.c (-O3) output pattern test
FAIL: libmudflap.c/heap-scalestress.c (-O3) execution test
FAIL: libmudflap.c/heap-scalestress.c (-O3) output pattern test
FAIL: libmudflap.c/hook-allocstuff.c (-O3) execution test
FAIL: libmudflap.c/hook-allocstuff.c (-O3) output pattern test
FAIL: libmudflap.c/hook2-allocstuff.c (-O3) execution test
FAIL: libmudflap.c/pass-stratcliff.c (-O3) execution test
FAIL: libmudflap.c/pass1-frag.c (-O3) execution test
FAIL: libmudflap.c/pass1-frag.c (-O3) execution test
FAIL: libmudflap.c/pass10-frag.c (-O3) execution test
FAIL: libmudflap.c/pass10-frag.c (-O3) execution test
FAIL: libmudflap.c/pass11-frag.c (-O3) execution test
FAIL: libmudflap.c/pass11-frag.c (-O3) execution test
FAIL: libmudflap.c/pass12-frag.c (-O3) execution test
FAIL: libmudflap.c/pass12-frag.c (-O3) execution test
FAIL: libmudflap.c/pass13-frag.c (-O3) execution test
FAIL: libmudflap.c/pass13-frag.c (-O3) execution test
FAIL: libmudflap.c/pass14-frag.c (-O3) execution test
FAIL: libmudflap.c/pass14-frag.c (-O3) execution test
FAIL: libmudflap.c/pass15-frag.c (-O3) execution test
FAIL: libmudflap.c/pass15-frag.c (-O3) execution test
FAIL: libmudflap.c/pass16-frag.c (-O3) execution test
FAIL: libmudflap.c/pass16-frag.c (-O3) execution test
FAIL: libmudflap.c/pass17-frag.c (-O3) execution test
FAIL: libmudflap.c/pass17-frag.c (-O3) execution test
FAIL: libmudflap.c/pass18-frag.c (-O3) execution test
FAIL: libmudflap.c/pass18-frag.c (-O3) execution test
FAIL: libmudflap.c/pass19-frag.c (-O3) execution test
FAIL: libmudflap.c/pass19-frag.c (-O3) execution test
FAIL: libmudflap.c/pass2-frag.c (-O3) execution test
FAIL: libmudflap.c/pass2-frag.c (-O3) execution test
FAIL: libmudflap.c/pass20-frag.c (-O3) execution test
FAIL: libmudflap.c/pass20-frag.c (-O3) execution test
FAIL: libmudflap.c/pass21-frag.c (-O3) execution test
FAIL: libmudflap.c/pass21-frag.c (-O3) execution test
FAIL: libmudflap.c/pass22-frag.c (-O3) execution test
FAIL: libmudflap.c/pass22-frag.c (-O3) execution test
FAIL: libmudflap.c/pass23-frag.c (-O3) execution test
FAIL: libmudflap.c/pass23-frag.c (-O3) execution test
FAIL: libmudflap.c/pass24-frag.c (-O3) execution test
FAIL: libmudflap.c/pass24-frag.c (-O3) execution test
FAIL: libmudflap.c/pass25-frag.c (-O3) execution test
FAIL: libmudflap.c/pass25-frag.c (-O3) execution test
FAIL: libmudflap.c/pass26-frag.c (-O3) execution test
FAIL: libmudflap.c/pass26-frag.c (-O3) execution test
FAIL: libmudflap.c/pass29-frag.c (-O3) execution test
FAIL: libmudflap.c/pass29-frag.c (-O3) execution test
FAIL: libmudflap.c/pass3-frag.c (-O3) execution test
FAIL: libmudflap.c/pass3-frag.c (-O3) execution test
FAIL: libmudflap.c/pass30-frag.c (-O3) execution test
FAIL: libmudflap.c/pass30-frag.c (-O3) execution test
FAIL: libmudflap.c/pass32-frag.c (-O3) execution test
FAIL: libmudflap.c/pass32-frag.c (-O3) execution test
FAIL: libmudflap.c/pass33-frag.c (-O3) execution test
FAIL: libmudflap.c/pass33-frag.c (-O3) execution test
FAIL: libmudflap.c/pass34-frag.c (-O3) execution test
FAIL: libmudflap.c/pass34-frag.c (-O3) execution test
FAIL: libmudflap.c/pass35-frag.c (-O3) execution test
FAIL: libmudflap.c/pass35-frag.c (-O3) execution test
FAIL: libmudflap.c/pass36-frag.c (-O3) execution test
FAIL: libmudflap.c/pass36-frag.c (-O3) output pattern test
FAIL: libmudflap.c/pass36-frag.c (-O3) execution test
FAIL: libmudflap.c/pass36-frag.c (-O3) output pattern test
FAIL: libmudflap.c/pass38-frag.c (-O3) execution test
FAIL: libmudflap.c/pass38-frag.c (-O3) execution test
FAIL: libmudflap.c/pass4-frag.c (-O3) execution test
FAIL: libmudflap.c/pass4-frag.c (-O3) execution test
FAIL: libmudflap.c/pass42-frag.c (-O3) execution test
FAIL: libmudflap.c/pass42-frag.c (-O3) output pattern test
FAIL: libmudflap.c/pass42-frag.c (-O3) execution test
FAIL: libmudflap.c/pass42-frag.c (-O3) output pattern test
FAIL: libmudflap.c/pass43-frag.c (-O3) execution test
FAIL: libmudflap.c/pass43-frag.c (-O3) execution test
FAIL: libmudflap.c/pass44-frag.c (-O3) execution test
FAIL: libmudflap.c/pass44-frag.c (-O3) execution test
FAIL: libmudflap.c/pass45-frag.c (-O3) execution test
FAIL: libmudflap.c/pass45-frag.c (-O3) output pattern test
FAIL: libmudflap.c/pass45-frag.c (-O3) execution test
FAIL: libmudflap.c/pass45-frag.c (-O3) output pattern test
FAIL: libmudflap.c/pass46-frag.c (-O3) execution test
FAIL: libmudflap.c/pass46-frag.c (-O3) execution test
FAIL: libmudflap.c/pass47-frag.c (-O3) execution test
FAIL: libmudflap.c/pass47-frag.c (-O3) execution test
FAIL: libmudflap.c/pass48-frag.c (-O3) execution test
FAIL: libmudflap.c/pass48-frag.c (-O3) execution test
FAIL: libmudflap.c/pass49-frag.c (-O3) execution test
FAIL: libmudflap.c/pass49-frag.c (-O3) output pattern test
FAIL: libmudflap.c/pass49-frag.c (-O3) execution test
FAIL: libmudflap.c/pass49-frag.c (-O3) output pattern test
FAIL: libmudflap.c/pass5-frag.c (-O3) execution test
FAIL: libmudflap.c/pass5-frag.c (-O3) execution test
FAIL: libmudflap.c/pass50-frag.c (-O3) execution test
FAIL: libmudflap.c/pass50-frag.c (-O3) execution test
FAIL: libmudflap.c/pass51-frag.c (-O3) execution test
FAIL: libmudflap.c/pass51-frag.c (-O3) execution test
FAIL: libmudflap.c/pass52-frag.c (-O3) execution test
FAIL: libmudflap.c/pass52-frag.c (-O3) execution test
FAIL: libmudflap.c/pass53-frag.c (-O3) execution test
FAIL: libmudflap.c/pass53-frag.c (-O3) execution test
FAIL: libmudflap.c/pass54-frag.c (-O3) execution test
FAIL: libmudflap.c/pass54-frag.c (-O3) execution test
FAIL: libmudflap.c/pass56-frag.c (-O3) execution test
FAIL: libmudflap.c/pass56-frag.c (-O3) execution test
FAIL: libmudflap.c/pass6-frag.c (-O3) execution test
FAIL: libmudflap.c/pass6-frag.c (-O3) execution test
FAIL: libmudflap.c/pass64-frag.c (-O3) execution test
FAIL: libmudflap.c/pass64-frag.c (-O3) execution test
FAIL: libmudflap.c/pass7-frag.c (-O3) execution test
FAIL: libmudflap.c/pass7-frag.c (-O3) execution test
FAIL: libmudflap.c/pass8-frag.c (-O3) execution test
FAIL: libmudflap.c/pass8-frag.c (-O3) execution test
FAIL: libmudflap.c/pass9-frag.c (-O3) execution test
FAIL: libmudflap.c/pass9-frag.c (-O3) execution test
FAIL: externs-12 execution
FAIL: externs-21 execution
FAIL: externs-12 execution -static
FAIL: externs-21 execution -static
FAIL: externs-12 execution -O2
FAIL: externs-21 execution -O2
FAIL: externs-12 execution -O3
FAIL: externs-21 execution -O3
FAIL: libmudflap.cth/pass37-frag.c execution test
FAIL: libmudflap.cth/pass37-frag.c output pattern test
FAIL: libmudflap.cth/pass37-frag.c (rerun 1) execution test
FAIL: libmudflap.cth/pass37-frag.c (rerun 1) output pattern test
FAIL: libmudflap.cth/pass37-frag.c (rerun 2) execution test
FAIL: libmudflap.cth/pass37-frag.c (rerun 2) output pattern test
FAIL: libmudflap.cth/pass37-frag.c (rerun 3) execution test
FAIL: libmudflap.cth/pass37-frag.c (rerun 3) output pattern test
FAIL: libmudflap.cth/pass37-frag.c (rerun 4) execution test
FAIL: libmudflap.cth/pass37-frag.c (rerun 4) output pattern test
FAIL: libmudflap.cth/pass37-frag.c (rerun 5) execution test
FAIL: libmudflap.cth/pass37-frag.c (rerun 5) output pattern test
FAIL: libmudflap.cth/pass37-frag.c (rerun 6) execution test
FAIL: libmudflap.cth/pass37-frag.c (rerun 6) output pattern test
FAIL: libmudflap.cth/pass37-frag.c (rerun 7) execution test
FAIL: libmudflap.cth/pass37-frag.c (rerun 7) output pattern test
FAIL: libmudflap.cth/pass37-frag.c (rerun 8) execution test
FAIL: libmudflap.cth/pass37-frag.c (rerun 8) output pattern test
FAIL: libmudflap.cth/pass37-frag.c (rerun 9) execution test
FAIL: libmudflap.cth/pass37-frag.c (rerun 9) output pattern test
FAIL: libmudflap.cth/pass37-frag.c (rerun 10) execution test
FAIL: libmudflap.cth/pass37-frag.c (rerun 10) output pattern test
FAIL: libmudflap.cth/pass37-frag.c (rerun 11) execution test
FAIL: libmudflap.cth/pass37-frag.c (rerun 11) output pattern test
FAIL: libmudflap.cth/pass37-frag.c (rerun 12) execution test
FAIL: libmudflap.cth/pass37-frag.c (rerun 12) output pattern test
FAIL: libmudflap.cth/pass37-frag.c (rerun 13) execution test
FAIL: libmudflap.cth/pass37-frag.c (rerun 13) output pattern test
FAIL: libmudflap.cth/pass37-frag.c (rerun 14) execution test
FAIL: libmudflap.cth/pass37-frag.c (rerun 14) output pattern test
FAIL: libmudflap.cth/pass37-frag.c (rerun 15) execution test
FAIL: libmudflap.cth/pass37-frag.c (rerun 15) output pattern test
FAIL: libmudflap.cth/pass37-frag.c (rerun 16) execution test
FAIL: libmudflap.cth/pass37-frag.c (rerun 16) output pattern test
FAIL: libmudflap.cth/pass37-frag.c (rerun 17) execution test
FAIL: libmudflap.cth/pass37-frag.c (rerun 17) output pattern test
FAIL: libmudflap.cth/pass37-frag.c (rerun 18) execution test
FAIL: libmudflap.cth/pass37-frag.c (rerun 18) output pattern test
FAIL: libmudflap.cth/pass37-frag.c (rerun 19) execution test
FAIL: libmudflap.cth/pass37-frag.c (rerun 19) output pattern test
FAIL: libmudflap.cth/pass39-frag.c execution test
FAIL: libmudflap.cth/pass39-frag.c output pattern test
FAIL: libmudflap.cth/pass39-frag.c (rerun 1) execution test
FAIL: libmudflap.cth/pass39-frag.c (rerun 1) output pattern test
FAIL: libmudflap.cth/pass39-frag.c (rerun 2) execution test
FAIL: libmudflap.cth/pass39-frag.c (rerun 2) output pattern test
FAIL: libmudflap.cth/pass39-frag.c (rerun 3) execution test
FAIL: libmudflap.cth/pass39-frag.c (rerun 3) output pattern test
FAIL: libmudflap.cth/pass39-frag.c (rerun 4) execution test
FAIL: libmudflap.cth/pass39-frag.c (rerun 4) output pattern test
FAIL: libmudflap.cth/pass39-frag.c (rerun 5) execution test
FAIL: libmudflap.cth/pass39-frag.c (rerun 5) output pattern test
FAIL: libmudflap.cth/pass39-frag.c (rerun 6) execution test
FAIL: libmudflap.cth/pass39-frag.c (rerun 6) output pattern test
FAIL: libmudflap.cth/pass39-frag.c (rerun 7) execution test
FAIL: libmudflap.cth/pass39-frag.c (rerun 7) output pattern test
FAIL: libmudflap.cth/pass39-frag.c (rerun 8) execution test
FAIL: libmudflap.cth/pass39-frag.c (rerun 8) output pattern test
FAIL: libmudflap.cth/pass39-frag.c (rerun 9) execution test
FAIL: libmudflap.cth/pass39-frag.c (rerun 9) output pattern test
FAIL: libmudflap.cth/pass39-frag.c (rerun 10) execution test
FAIL: libmudflap.cth/pass39-frag.c (rerun 10) output pattern test
FAIL: libmudflap.cth/pass39-frag.c (rerun 11) execution test
FAIL: libmudflap.cth/pass39-frag.c (rerun 11) output pattern test
FAIL: libmudflap.cth/pass39-frag.c (rerun 12) execution test
FAIL: libmudflap.cth/pass39-frag.c (rerun 12) output pattern test
FAIL: libmudflap.cth/pass39-frag.c (rerun 13) execution test
FAIL: libmudflap.cth/pass39-frag.c (rerun 13) output pattern test
FAIL: libmudflap.cth/pass39-frag.c (rerun 14) execution test
FAIL: libmudflap.cth/pass39-frag.c (rerun 14) output pattern test
FAIL: libmudflap.cth/pass39-frag.c (rerun 15) execution test
FAIL: libmudflap.cth/pass39-frag.c (rerun 15) output pattern test
FAIL: libmudflap.cth/pass39-frag.c (rerun 16) execution test
FAIL: libmudflap.cth/pass39-frag.c (rerun 16) output pattern test
FAIL: libmudflap.cth/pass39-frag.c (rerun 17) execution test
FAIL: libmudflap.cth/pass39-frag.c (rerun 17) output pattern test
FAIL: libmudflap.cth/pass39-frag.c (rerun 18) execution test
FAIL: libmudflap.cth/pass39-frag.c (rerun 18) output pattern test
FAIL: libmudflap.cth/pass39-frag.c (rerun 19) execution test
FAIL: libmudflap.cth/pass39-frag.c (rerun 19) output pattern test
FAIL: libmudflap.cth/pass40-frag.c execution test
FAIL: libmudflap.cth/pass40-frag.c output pattern test
FAIL: libmudflap.cth/pass59-frag.c execution test
FAIL: libmudflap.cth/pass59-frag.c output pattern test
FAIL: libmudflap.cth/pass37-frag.c (-O2) execution test
FAIL: libmudflap.cth/pass37-frag.c (-O2) output pattern test
FAIL: libmudflap.cth/pass37-frag.c (-O2) (rerun 1) execution test
FAIL: libmudflap.cth/pass37-frag.c (-O2) (rerun 1) output pattern test
FAIL: libmudflap.cth/pass37-frag.c (-O2) (rerun 2) execution test
FAIL: libmudflap.cth/pass37-frag.c (-O2) (rerun 2) output pattern test
FAIL: libmudflap.cth/pass37-frag.c (-O2) (rerun 3) execution test
FAIL: libmudflap.cth/pass37-frag.c (-O2) (rerun 3) output pattern test
FAIL: libmudflap.cth/pass37-frag.c (-O2) (rerun 4) execution test
FAIL: libmudflap.cth/pass37-frag.c (-O2) (rerun 4) output pattern test
FAIL: libmudflap.cth/pass37-frag.c (-O2) (rerun 5) execution test
FAIL: libmudflap.cth/pass37-frag.c (-O2) (rerun 5) output pattern test
FAIL: libmudflap.cth/pass37-frag.c (-O2) (rerun 6) execution test
FAIL: libmudflap.cth/pass37-frag.c (-O2) (rerun 6) output pattern test
FAIL: libmudflap.cth/pass37-frag.c (-O2) (rerun 7) execution test
FAIL: libmudflap.cth/pass37-frag.c (-O2) (rerun 7) output pattern test
FAIL: libmudflap.cth/pass37-frag.c (-O2) (rerun 8) execution test
FAIL: libmudflap.cth/pass37-frag.c (-O2) (rerun 8) output pattern test
FAIL: libmudflap.cth/pass37-frag.c (-O2) (rerun 9) execution test
FAIL: libmudflap.cth/pass37-frag.c (-O2) (rerun 9) output pattern test
FAIL: libmudflap.cth/pass37-frag.c (-O2) (rerun 10) execution test
FAIL: libmudflap.cth/pass37-frag.c (-O2) (rerun 10) output pattern test
FAIL: libmudflap.cth/pass37-frag.c (-O2) (rerun 11) execution test
FAIL: libmudflap.cth/pass37-frag.c (-O2) (rerun 11) output pattern test
FAIL: libmudflap.cth/pass37-frag.c (-O2) (rerun 12) execution test
FAIL: libmudflap.cth/pass37-frag.c (-O2) (rerun 12) output pattern test
FAIL: libmudflap.cth/pass37-frag.c (-O2) (rerun 13) execution test
FAIL: libmudflap.cth/pass37-frag.c (-O2) (rerun 13) output pattern test
FAIL: libmudflap.cth/pass37-frag.c (-O2) (rerun 14) execution test
FAIL: libmudflap.cth/pass37-frag.c (-O2) (rerun 14) output pattern test
FAIL: libmudflap.cth/pass37-frag.c (-O2) (rerun 15) execution test
FAIL: libmudflap.cth/pass37-frag.c (-O2) (rerun 15) output pattern test
FAIL: libmudflap.cth/pass37-frag.c (-O2) (rerun 16) execution test
FAIL: libmudflap.cth/pass37-frag.c (-O2) (rerun 16) output pattern test
FAIL: libmudflap.cth/pass37-frag.c (-O2) (rerun 17) execution test
FAIL: libmudflap.cth/pass37-frag.c (-O2) (rerun 17) output pattern test
FAIL: libmudflap.cth/pass37-frag.c (-O2) (rerun 18) execution test
FAIL: libmudflap.cth/pass37-frag.c (-O2) (rerun 18) output pattern test
FAIL: libmudflap.cth/pass37-frag.c (-O2) (rerun 19) execution test
FAIL: libmudflap.cth/pass37-frag.c (-O2) (rerun 19) output pattern test
FAIL: libmudflap.cth/pass39-frag.c (-O2) execution test
FAIL: libmudflap.cth/pass39-frag.c (-O2) output pattern test
FAIL: libmudflap.cth/pass39-frag.c (-O2) (rerun 1) execution test
FAIL: libmudflap.cth/pass39-frag.c (-O2) (rerun 1) output pattern test
FAIL: libmudflap.cth/pass39-frag.c (-O2) (rerun 2) execution test
FAIL: libmudflap.cth/pass39-frag.c (-O2) (rerun 2) output pattern test
FAIL: libmudflap.cth/pass39-frag.c (-O2) (rerun 3) execution test
FAIL: libmudflap.cth/pass39-frag.c (-O2) (rerun 3) output pattern test
FAIL: libmudflap.cth/pass39-frag.c (-O2) (rerun 4) execution test
FAIL: libmudflap.cth/pass39-frag.c (-O2) (rerun 4) output pattern test
FAIL: libmudflap.cth/pass39-frag.c (-O2) (rerun 5) execution test
FAIL: libmudflap.cth/pass39-frag.c (-O2) (rerun 5) output pattern test
FAIL: libmudflap.cth/pass39-frag.c (-O2) (rerun 6) execution test
FAIL: libmudflap.cth/pass39-frag.c (-O2) (rerun 6) output pattern test
FAIL: libmudflap.cth/pass39-frag.c (-O2) (rerun 7) execution test
FAIL: libmudflap.cth/pass39-frag.c (-O2) (rerun 7) output pattern test
FAIL: libmudflap.cth/pass39-frag.c (-O2) (rerun 8) execution test
FAIL: libmudflap.cth/pass39-frag.c (-O2) (rerun 8) output pattern test
FAIL: libmudflap.cth/pass39-frag.c (-O2) (rerun 9) execution test
FAIL: libmudflap.cth/pass39-frag.c (-O2) (rerun 9) output pattern test
FAIL: libmudflap.cth/pass39-frag.c (-O2) (rerun 10) execution test
FAIL: libmudflap.cth/pass39-frag.c (-O2) (rerun 10) output pattern test
FAIL: libmudflap.cth/pass39-frag.c (-O2) (rerun 11) execution test
FAIL: libmudflap.cth/pass39-frag.c (-O2) (rerun 11) output pattern test
FAIL: libmudflap.cth/pass39-frag.c (-O2) (rerun 12) execution test
FAIL: libmudflap.cth/pass39-frag.c (-O2) (rerun 12) output pattern test
FAIL: libmudflap.cth/pass39-frag.c (-O2) (rerun 13) execution test
FAIL: libmudflap.cth/pass39-frag.c (-O2) (rerun 13) output pattern test
FAIL: libmudflap.cth/pass39-frag.c (-O2) (rerun 14) execution test
FAIL: libmudflap.cth/pass39-frag.c (-O2) (rerun 14) output pattern test
FAIL: libmudflap.cth/pass39-frag.c (-O2) (rerun 15) execution test
FAIL: libmudflap.cth/pass39-frag.c (-O2) (rerun 15) output pattern test
FAIL: libmudflap.cth/pass39-frag.c (-O2) (rerun 16) execution test
FAIL: libmudflap.cth/pass39-frag.c (-O2) (rerun 16) output pattern test
FAIL: libmudflap.cth/pass39-frag.c (-O2) (rerun 17) execution test
FAIL: libmudflap.cth/pass39-frag.c (-O2) (rerun 17) output pattern test
FAIL: libmudflap.cth/pass39-frag.c (-O2) (rerun 18) execution test
FAIL: libmudflap.cth/pass39-frag.c (-O2) (rerun 18) output pattern test
FAIL: libmudflap.cth/pass39-frag.c (-O2) (rerun 19) execution test
FAIL: libmudflap.cth/pass39-frag.c (-O2) (rerun 19) output pattern test
FAIL: libmudflap.cth/pass40-frag.c (-O2) execution test
FAIL: libmudflap.cth/pass40-frag.c (-O2) output pattern test
FAIL: libmudflap.cth/pass59-frag.c (-O2) execution test
FAIL: libmudflap.cth/pass59-frag.c (-O2) output pattern test
FAIL: libmudflap.cth/pass37-frag.c (-O3) execution test
FAIL: libmudflap.cth/pass37-frag.c (-O3) output pattern test
FAIL: libmudflap.cth/pass37-frag.c (-O3) (rerun 1) execution test
FAIL: libmudflap.cth/pass37-frag.c (-O3) (rerun 1) output pattern test
FAIL: libmudflap.cth/pass37-frag.c (-O3) (rerun 2) execution test
FAIL: libmudflap.cth/pass37-frag.c (-O3) (rerun 2) output pattern test
FAIL: libmudflap.cth/pass37-frag.c (-O3) (rerun 3) execution test
FAIL: libmudflap.cth/pass37-frag.c (-O3) (rerun 3) output pattern test
FAIL: libmudflap.cth/pass37-frag.c (-O3) (rerun 4) execution test
FAIL: libmudflap.cth/pass37-frag.c (-O3) (rerun 4) output pattern test
FAIL: libmudflap.cth/pass37-frag.c (-O3) (rerun 5) execution test
FAIL: libmudflap.cth/pass37-frag.c (-O3) (rerun 5) output pattern test
FAIL: libmudflap.cth/pass37-frag.c (-O3) (rerun 6) execution test
FAIL: libmudflap.cth/pass37-frag.c (-O3) (rerun 6) output pattern test
FAIL: libmudflap.cth/pass37-frag.c (-O3) (rerun 7) execution test
FAIL: libmudflap.cth/pass37-frag.c (-O3) (rerun 7) output pattern test
FAIL: libmudflap.cth/pass37-frag.c (-O3) (rerun 8) execution test
FAIL: libmudflap.cth/pass37-frag.c (-O3) (rerun 8) output pattern test
FAIL: libmudflap.cth/pass37-frag.c (-O3) (rerun 9) execution test
FAIL: libmudflap.cth/pass37-frag.c (-O3) (rerun 9) output pattern test
FAIL: libmudflap.cth/pass37-frag.c (-O3) (rerun 10) execution test
FAIL: libmudflap.cth/pass37-frag.c (-O3) (rerun 10) output pattern test
FAIL: libmudflap.cth/pass37-frag.c (-O3) (rerun 11) execution test
FAIL: libmudflap.cth/pass37-frag.c (-O3) (rerun 11) output pattern test
FAIL: libmudflap.cth/pass37-frag.c (-O3) (rerun 12) execution test
FAIL: libmudflap.cth/pass37-frag.c (-O3) (rerun 12) output pattern test
FAIL: libmudflap.cth/pass37-frag.c (-O3) (rerun 13) execution test
FAIL: libmudflap.cth/pass37-frag.c (-O3) (rerun 13) output pattern test
FAIL: libmudflap.cth/pass37-frag.c (-O3) (rerun 14) execution test
FAIL: libmudflap.cth/pass37-frag.c (-O3) (rerun 14) output pattern test
FAIL: libmudflap.cth/pass37-frag.c (-O3) (rerun 15) execution test
FAIL: libmudflap.cth/pass37-frag.c (-O3) (rerun 15) output pattern test
FAIL: libmudflap.cth/pass37-frag.c (-O3) (rerun 16) execution test
FAIL: libmudflap.cth/pass37-frag.c (-O3) (rerun 16) output pattern test
FAIL: libmudflap.cth/pass37-frag.c (-O3) (rerun 17) execution test
FAIL: libmudflap.cth/pass37-frag.c (-O3) (rerun 17) output pattern test
FAIL: libmudflap.cth/pass37-frag.c (-O3) (rerun 18) execution test
FAIL: libmudflap.cth/pass37-frag.c (-O3) (rerun 18) output pattern test
FAIL: libmudflap.cth/pass37-frag.c (-O3) (rerun 19) execution test
FAIL: libmudflap.cth/pass37-frag.c (-O3) (rerun 19) output pattern test
FAIL: libmudflap.cth/pass39-frag.c (-O3) execution test
FAIL: libmudflap.cth/pass39-frag.c (-O3) output pattern test
FAIL: libmudflap.cth/pass39-frag.c (-O3) (rerun 1) execution test
FAIL: libmudflap.cth/pass39-frag.c (-O3) (rerun 1) output pattern test
FAIL: libmudflap.cth/pass39-frag.c (-O3) (rerun 2) execution test
FAIL: libmudflap.cth/pass39-frag.c (-O3) (rerun 2) output pattern test
FAIL: libmudflap.cth/pass39-frag.c (-O3) (rerun 3) execution test
FAIL: libmudflap.cth/pass39-frag.c (-O3) (rerun 3) output pattern test
FAIL: libmudflap.cth/pass39-frag.c (-O3) (rerun 4) execution test
FAIL: libmudflap.cth/pass39-frag.c (-O3) (rerun 4) output pattern test
FAIL: libmudflap.cth/pass39-frag.c (-O3) (rerun 5) execution test
FAIL: libmudflap.cth/pass39-frag.c (-O3) (rerun 5) output pattern test
FAIL: libmudflap.cth/pass39-frag.c (-O3) (rerun 6) execution test
FAIL: libmudflap.cth/pass39-frag.c (-O3) (rerun 6) output pattern test
FAIL: libmudflap.cth/pass39-frag.c (-O3) (rerun 7) execution test
FAIL: libmudflap.cth/pass39-frag.c (-O3) (rerun 7) output pattern test
FAIL: libmudflap.cth/pass39-frag.c (-O3) (rerun 8) execution test
FAIL: libmudflap.cth/pass39-frag.c (-O3) (rerun 8) output pattern test
FAIL: libmudflap.cth/pass39-frag.c (-O3) (rerun 9) execution test
FAIL: libmudflap.cth/pass39-frag.c (-O3) (rerun 9) output pattern test
FAIL: libmudflap.cth/pass39-frag.c (-O3) (rerun 10) execution test
FAIL: libmudflap.cth/pass39-frag.c (-O3) (rerun 10) output pattern test
FAIL: libmudflap.cth/pass39-frag.c (-O3) (rerun 11) execution test
FAIL: libmudflap.cth/pass39-frag.c (-O3) (rerun 11) output pattern test
FAIL: libmudflap.cth/pass39-frag.c (-O3) (rerun 12) execution test
FAIL: libmudflap.cth/pass39-frag.c (-O3) (rerun 12) output pattern test
FAIL: libmudflap.cth/pass39-frag.c (-O3) (rerun 13) execution test
FAIL: libmudflap.cth/pass39-frag.c (-O3) (rerun 13) output pattern test
FAIL: libmudflap.cth/pass39-frag.c (-O3) (rerun 14) execution test
FAIL: libmudflap.cth/pass39-frag.c (-O3) (rerun 14) output pattern test
FAIL: libmudflap.cth/pass39-frag.c (-O3) (rerun 15) execution test
FAIL: libmudflap.cth/pass39-frag.c (-O3) (rerun 15) output pattern test
FAIL: libmudflap.cth/pass39-frag.c (-O3) (rerun 16) execution test
FAIL: libmudflap.cth/pass39-frag.c (-O3) (rerun 16) output pattern test
FAIL: libmudflap.cth/pass39-frag.c (-O3) (rerun 17) execution test
FAIL: libmudflap.cth/pass39-frag.c (-O3) (rerun 17) output pattern test
FAIL: libmudflap.cth/pass39-frag.c (-O3) (rerun 18) execution test
FAIL: libmudflap.cth/pass39-frag.c (-O3) (rerun 18) output pattern test
FAIL: libmudflap.cth/pass39-frag.c (-O3) (rerun 19) execution test
FAIL: libmudflap.cth/pass39-frag.c (-O3) (rerun 19) output pattern test
FAIL: libmudflap.cth/pass40-frag.c (-O3) execution test
FAIL: libmudflap.cth/pass40-frag.c (-O3) output pattern test
FAIL: libmudflap.cth/pass59-frag.c (-O3) execution test
FAIL: libmudflap.cth/pass59-frag.c (-O3) output pattern test
=== libmudflap Summary for unix/-m64 ===
# of expected passes 1023
# of unexpected failures 717
# of unsupported tests 2
=== libmudflap Summary ===
# of expected passes 2046
# of unexpected failures 1434
# of unsupported tests 4
Compiler version: 4.6.0 20100707 (experimental) [trunk revision 161902] (GCC)
Platform: x86_64-unknown-linux-gnu
configure flags: --disable-nls --enable-__cxa_atexit --enable-threads=posix --with-mpfr=/opt/cfarm/mpfr-2.4.1 --enable-languages=c,ada --prefix=/n/17/guerby/install-trunk --with-gmp=/opt/cfarm/gmp-4.2.4 --with-mpc=/opt/cfarm/mpc-0.8