This is the mail archive of the gcc-testresults@gcc.gnu.org mailing list for the GCC project.


Index Nav: [Date Index] [Subject Index] [Author Index] [Thread Index]
Message Nav: [Date Prev] [Date Next] [Thread Prev] [Thread Next]
Other format: [Raw text]

Results for 4.6.0 20100702 (experimental) [trunk revision 161740] (Debian 20100702-1) testsuite on ia64-unknown-linux-gnu


LAST_UPDATED: Fri Jul  2 20:13:19 UTC 2010 (revision 161740)

Target: ia64-linux-gnu
gcc version 4.6.0 20100702 (experimental) [trunk revision 161740] (Debian 20100702-1) 

		=== acats tests ===
FAIL:	c390002
FAIL:	c392002
FAIL:	c392003
FAIL:	c392013
FAIL:	c393008
FAIL:	c393009
FAIL:	c760013
FAIL:	cb1010a
FAIL:	cb1010c
FAIL:	cb1010d
FAIL:	cd72a02
FAIL:	cdd2a01
FAIL:	cdd2a03

		=== acats Summary ===
# of expected passes		2308
# of unexpected failures	13
Native configuration is ia64-unknown-linux-gnu

		=== g++ tests ===


Running target unix
FAIL: c-c++-common/uninit-17.c  (test for warnings, line 14)
FAIL: c-c++-common/uninit-17.c (test for excess errors)
FAIL: c-c++-common/torture/complex-sign-add.c  -O0  execution test
FAIL: c-c++-common/torture/complex-sign-sub.c  -O0  execution test
FAIL: g++.dg/torture/pr36745.C  -O0  (test for excess errors)
FAIL: g++.dg/torture/pr36745.C  -O1  (test for excess errors)
FAIL: g++.dg/torture/pr36745.C  -O2  (test for excess errors)
FAIL: g++.dg/torture/pr36745.C  -O3 -fomit-frame-pointer  (test for excess errors)
FAIL: g++.dg/torture/pr36745.C  -O3 -fomit-frame-pointer -funroll-loops  (test for excess errors)
FAIL: g++.dg/torture/pr36745.C  -O3 -fomit-frame-pointer -funroll-all-loops -finline-functions  (test for excess errors)
FAIL: g++.dg/torture/pr36745.C  -O3 -g  (test for excess errors)
FAIL: g++.dg/torture/pr36745.C  -Os  (test for excess errors)
FAIL: g++.dg/torture/pr36745.C  -O2 -flto  (test for excess errors)
FAIL: g++.dg/torture/pr36745.C  -O2 -fwhopr  (test for excess errors)

		=== g++ Summary ===

# of expected passes		23209
# of unexpected failures	14
# of expected failures		148
# of unsupported tests		189
/build/buildd-gcc-snapshot_20100702-1-ia64-DPnueO/gcc-snapshot-20100702/build/gcc/testsuite/g++/../../g++  version 4.6.0 20100702 (experimental) [trunk revision 161740] (Debian 20100702-1) 

		=== gcc tests ===


Running target unix
FAIL: gcc.c-torture/execute/vector-2.c execution,  -O2 -flto 
FAIL: gcc.c-torture/execute/vector-2.c execution,  -O2 -fwhopr 
FAIL: gcc.dg/builtin-apply4.c execution test
FAIL: gcc.dg/cproj-fails-with-broken-glibc.c execution test
FAIL: c-c++-common/uninit-17.c  -Wc++-compat   (test for warnings, line 14)
FAIL: c-c++-common/uninit-17.c  -Wc++-compat  (test for excess errors)
FAIL: gcc.dg/graphite/pr44391.c (test for excess errors)
FAIL: gcc.dg/lto/20100518 c_lto_20100518_0.o assemble, -O0 -fwhopr
UNRESOLVED: gcc.dg/lto/20100518 c_lto_20100518_0.o-c_lto_20100518_0.o link -O0 -fwhopr
UNRESOLVED: gcc.dg/lto/20100518 c_lto_20100518_0.o-c_lto_20100518_0.o execute -O0 -fwhopr
FAIL: gcc.dg/lto/20100518 c_lto_20100518_0.o assemble, -O2 -fwhopr
UNRESOLVED: gcc.dg/lto/20100518 c_lto_20100518_0.o-c_lto_20100518_0.o link -O2 -fwhopr
UNRESOLVED: gcc.dg/lto/20100518 c_lto_20100518_0.o-c_lto_20100518_0.o execute -O2 -fwhopr
FAIL: gcc.dg/lto/20100518 c_lto_20100518_0.o assemble, -O0 -flto
UNRESOLVED: gcc.dg/lto/20100518 c_lto_20100518_0.o-c_lto_20100518_0.o link -O0 -flto
UNRESOLVED: gcc.dg/lto/20100518 c_lto_20100518_0.o-c_lto_20100518_0.o execute -O0 -flto
FAIL: gcc.dg/lto/20100518 c_lto_20100518_0.o assemble, -O2 -flto
UNRESOLVED: gcc.dg/lto/20100518 c_lto_20100518_0.o-c_lto_20100518_0.o link -O2 -flto
UNRESOLVED: gcc.dg/lto/20100518 c_lto_20100518_0.o-c_lto_20100518_0.o execute -O2 -flto
XPASS: gcc.dg/tree-ssa/20031106-3.c scan-tree-dump-times optimized "link_error" 0
XPASS: gcc.dg/tree-ssa/20040204-1.c scan-tree-dump-times optimized "link_error" 0
XPASS: gcc.dg/tree-ssa/fre-vce-1.c scan-tree-dump-times fre "sv.i" 2
XPASS: gcc.dg/tree-ssa/loop-1.c scan-assembler-times foo 5
FAIL: gcc.dg/vect/vect-109.c scan-tree-dump-times vect "vectorized 1 loops" 2
FAIL: gcc.dg/vect/slp-reduc-3.c scan-tree-dump-times vect "vectorized 1 loops" 2
FAIL: gcc.dg/vect/slp-reduc-3.c scan-tree-dump-times vect "vectorizing stmts using SLP" 1
FAIL: gcc.dg/vect/slp-reduc-6.c scan-tree-dump-times vect "vectorized 1 loops" 2

		=== gcc Summary ===

# of expected passes		65549
# of unexpected failures	15
# of unexpected successes	4
# of expected failures		258
# of unresolved testcases	8
# of unsupported tests		681
/build/buildd-gcc-snapshot_20100702-1-ia64-DPnueO/gcc-snapshot-20100702/build/gcc/xgcc  version 4.6.0 20100702 (experimental) [trunk revision 161740] (Debian 20100702-1) 

		=== gfortran tests ===


Running target unix
FAIL: gfortran.dg/dynamic_dispatch_6.f03  -O2  execution test
FAIL: gfortran.dg/dynamic_dispatch_6.f03  -O3 -fomit-frame-pointer  execution test
FAIL: gfortran.dg/dynamic_dispatch_6.f03  -O3 -fomit-frame-pointer -funroll-loops  execution test
FAIL: gfortran.dg/dynamic_dispatch_6.f03  -O3 -fomit-frame-pointer -funroll-all-loops -finline-functions  execution test
FAIL: gfortran.dg/dynamic_dispatch_6.f03  -O3 -g  execution test
FAIL: gfortran.dg/dynamic_dispatch_6.f03  -Os  execution test
FAIL: gfortran.dg/maxlocval_3.f90  -O3 -fomit-frame-pointer  (test for excess errors)
FAIL: gfortran.dg/maxlocval_3.f90  -O3 -g  (test for excess errors)

		=== gfortran Summary ===

# of expected passes		35034
# of unexpected failures	8
# of expected failures		42
# of unsupported tests		57
/build/buildd-gcc-snapshot_20100702-1-ia64-DPnueO/gcc-snapshot-20100702/build/gcc/testsuite/gfortran/../../gfortran  version 4.6.0 20100702 (experimental) [trunk revision 161740] (Debian 20100702-1) 

		=== gnat tests ===


Running target unix
FAIL: gnat.dg/lto1.adb (internal compiler error)
FAIL: gnat.dg/lto1.adb (test for excess errors)
UNRESOLVED: gnat.dg/lto1.adb compilation failed to produce executable
FAIL: gnat.dg/stack_check1.adb execution test
FAIL: gnat.dg/stack_check2.adb execution test

		=== gnat Summary ===

# of expected passes		801
# of unexpected failures	4
# of expected failures		10
# of unresolved testcases	1
# of unsupported tests		2
		=== obj-c++ tests ===


Running target unix
UNRESOLVED: obj-c++.dg/lookup-2.mm -fgnu-runtime compilation failed to produce executable
UNRESOLVED: obj-c++.dg/try-catch-2.mm -fgnu-runtime compilation failed to produce executable
UNRESOLVED: obj-c++.dg/try-catch-9.mm -fgnu-runtime compilation failed to produce executable

		=== obj-c++ Summary ===

# of expected passes		530
# of expected failures		11
# of unresolved testcases	3
# of unsupported tests		23
/build/buildd-gcc-snapshot_20100702-1-ia64-DPnueO/gcc-snapshot-20100702/build/gcc/testsuite/obj-c++/../../g++  version 4.6.0 20100702 (experimental) [trunk revision 161740] (Debian 20100702-1) 

		=== objc tests ===


Running target unix

		=== objc Summary ===

# of expected passes		1969
# of expected failures		15
# of unsupported tests		29
/build/buildd-gcc-snapshot_20100702-1-ia64-DPnueO/gcc-snapshot-20100702/build/gcc/xgcc  version 4.6.0 20100702 (experimental) [trunk revision 161740] (Debian 20100702-1) 

		=== libffi tests ===


Running target unix

		=== libffi Summary ===

# of expected passes		1624
# of expected failures		10
# of unsupported tests		15
		=== libgomp tests ===


Running target unix

		=== libgomp Summary ===

# of expected passes		2540
		=== libjava tests ===


Running target unix
FAIL: PR16923.c compilation
FAIL: getlocalvartable output
FAIL: Throw_3 -O3 output - source compiled test
FAIL: Throw_3 -O3 -findirect-dispatch output - source compiled test

		=== libjava Summary ===

# of expected passes		2569
# of unexpected failures	4
		=== libmudflap tests ===


Running target unix
FAIL: libmudflap.c/pass49-frag.c execution test
FAIL: libmudflap.c/pass49-frag.c output pattern test
FAIL: libmudflap.c/pass49-frag.c execution test
FAIL: libmudflap.c/pass49-frag.c output pattern test
FAIL: libmudflap.c/pass49-frag.c (-static) execution test
FAIL: libmudflap.c/pass49-frag.c (-static) output pattern test
FAIL: libmudflap.c/pass49-frag.c (-static) execution test
FAIL: libmudflap.c/pass49-frag.c (-static) output pattern test
FAIL: libmudflap.c/pass49-frag.c (-O2) execution test
FAIL: libmudflap.c/pass49-frag.c (-O2) output pattern test
FAIL: libmudflap.c/pass49-frag.c (-O2) execution test
FAIL: libmudflap.c/pass49-frag.c (-O2) output pattern test
FAIL: libmudflap.c/pass49-frag.c (-O3) execution test
FAIL: libmudflap.c/pass49-frag.c (-O3) output pattern test
FAIL: libmudflap.c/pass49-frag.c (-O3) execution test
FAIL: libmudflap.c/pass49-frag.c (-O3) output pattern test
FAIL: libmudflap.c++/pass41-frag.cxx execution test
FAIL: libmudflap.c++/pass41-frag.cxx (-static) execution test
FAIL: libmudflap.c++/pass41-frag.cxx (-O2) execution test
FAIL: libmudflap.c++/pass41-frag.cxx (-O3) execution test

		=== libmudflap Summary ===

# of expected passes		1874
# of unexpected failures	20

Compiler version: 4.6.0 20100702 (experimental) [trunk revision 161740] (Debian 20100702-1) 
Platform: ia64-unknown-linux-gnu
configure flags: -v --with-pkgversion='Debian 20100702-1' --with-bugurl=file:///usr/share/doc/gcc-snapshot/README.Bugs --enable-languages=c,ada,c++,java,fortran,objc,obj-c++ --prefix=/usr/lib/gcc-snapshot --enable-shared --enable-multiarch --enable-linker-build-id --with-system-zlib --disable-nls --enable-clocale=gnu --enable-libstdcxx-debug --enable-libstdcxx-time=yes --disable-libssp --enable-plugin --disable-browser-plugin --enable-java-awt=gtk --enable-gtk-cairo --with-java-home=/usr/lib/jvm/java-1.5.0-gcj-4.6-snap/jre --enable-java-home --with-jvm-root-dir=/usr/lib/jvm/java-1.5.0-gcj-4.6-snap --with-jvm-jar-dir=/usr/lib/jvm-exports/java-1.5.0-gcj-4.6-snap --with-arch-directory=ia64 --with-ecj-jar=/usr/share/java/eclipse-ecj.jar --enable-objc-gc --with-system-libunwind --disable-werror --enable-checking=yes --build=ia64-linux-gnu --host=ia64-linux-gnu --target=ia64-linux-gnu
BOOT_CFLAGS=


Build Dependencies:
Desired=Unknown/Install/Remove/Purge/Hold
| Status=Not/Inst/Conf-files/Unpacked/halF-conf/Half-inst/trig-aWait/Trig-pend
|/ Err?=(none)/Reinst-required (Status,Err: uppercase=bad)
||/ Name                            Version                  Description
+++-===============================-========================-==============================================
ii  binutils                        2.20.1-10                The GNU assembler, linker and binary utilities
ii  g++-4.4                         4.4.4-3                  The GNU C++ compiler
ii  libc6.1                         2.11.1-2                 Embedded GNU C Library: Shared libraries
pi  libcloog-ppl-dev                0.15.9-1                 the Chunky Loop Generator (development files)
pi  libgmp3-dev                     2:4.3.2+dfsg-1           Multiprecision arithmetic library developers t
pi  libmpc-dev                      0.8.2-1                  multiple precision complex floating-point libr
pi  libmpfr-dev                     2.4.2-3                  multiple precision floating-point computation 
pi  libppl0.10-dev                  0.10.2-6                 Parma Polyhedra Library (development)


gcc-ice-hack-trunk:
  Retry the build on an ice, save the calling options and preprocessed
  source when the ice is reproducible.

gcc-ice-apport-trunk:
  Report an ICE to apport (if apport is available
  and the environment variable GCC_NOAPPORT is not set)

libjava-disable-static:
  Disable building the static libjava.

libjava-fixed-symlinks:
  Remove unneed '..' elements from symlinks in JAVA_HOME

libstdc++-arm-wno-abi:
  Temporary work around:
  On arm-linux-gnueabi run the libstdc++v3 testsuite with -Wno-abi

libstdc++-no-testsuite:
  Don't run the libstdc++ testsuite on arm and ia64 (timeouts on the buildds)

ada-mips:
  Improve support for mips.

arm-unbreak-eabi-armv4t:
  Fix armv4t build on ARM

gcc-multiarch-trunk:

mips-triarch:
  Build a tri-arch compiler on mips-linux-gnu.
  http://gcc.gnu.org/ml/gcc-patches/2009-03/msg01047.html

libjava-nobiarch-check:
  For biarch builds, disable the testsuite for the non-default architecture
  for runtime libraries, which are not built by default (libjava).

config-ml:
  disable some biarch libraries for biarch builds

s390-biarch:
  Build a bi-arch compiler on s390-linux-gnu.
  http://gcc.gnu.org/ml/gcc-patches/2009-03/msg01044.html

gcc-powerpc-nof:
  Don't build nof multlib on powerpc.

gcc-no-add-needed:
  On linux targets pass --no-add-needed to the linker.

mips-fix-loongson2f-nop:
  On mips, pass -mfix-loongson2f-nop to as, if -mno-fix-loongson2f-nop
  is not passed.

pr40521-sequel:
  Sequel to PR40521 -- -g causes GCC to generate .eh_frame

pr40521-sequel-doc-trunk:
  Sequel to PR40521 -- -g causes GCC to generate .eh_frame (documentation)

Counting all warnings,
there are 0 warnings in stage3 of this bootstrap.

Number of warnings per file:

Number of warning types:


Index Nav: [Date Index] [Subject Index] [Author Index] [Thread Index]
Message Nav: [Date Prev] [Date Next] [Thread Prev] [Thread Next]