This is the mail archive of the gcc-testresults@gcc.gnu.org mailing list for the GCC project.


Index Nav: [Date Index] [Subject Index] [Author Index] [Thread Index]
Message Nav: [Date Prev] [Date Next] [Thread Prev] [Thread Next]
Other format: [Raw text]

Results for 4.3.6 20100703 (prerelease) [gcc-4_3-branch revision 161776] (GCC) testsuite on hppa64-hp-hpux11.11


LAST_UPDATED: Sat Jul  3 17:40:48 UTC 2010 (revision 161776)

Native configuration is hppa64-hp-hpux11.11

		=== g++ tests ===


Running target unix
FAIL: g++.dg/debug/dwarf2/pubnames-1.C scan-assembler-times "main".*external name 1
XPASS: g++.dg/eh/weak1.C execution test
XPASS: g++.old-deja/g++.pt/static6.C (test for excess errors)

		=== g++ Summary ===

# of expected passes		16749
# of unexpected failures	1
# of unexpected successes	2
# of expected failures		94
# of unsupported tests		183
/mnt/gnu/gcc/objdir-test/gcc/testsuite/g++/../../g++  version 4.3.6 20100703 (prerelease) [gcc-4_3-branch revision 161776] (GCC) 

		=== gcc tests ===


Running target unix
XPASS: gcc.dg/cpp/cmdlne-dI-M.c scan-file (^|\\\\n)cmdlne-dI-M.*:[^\\\\n]*cmdlne-dI-M.c
XPASS: gcc.dg/cpp/cmdlne-dM-M.c scan-file (^|\\\\n)cmdlne-dM-M[^\\\\n]*:[^\\\\n]*cmdlne-dM-M.c
XPASS: gcc.dg/funcorder.c scan-assembler-not link_error,%r

		=== gcc Summary ===

# of expected passes		45805
# of unexpected successes	3
# of expected failures		92
# of untested testcases		35
# of unsupported tests		447
/mnt/gnu/gcc/objdir-test/gcc/xgcc  version 4.3.6 20100703 (prerelease) [gcc-4_3-branch revision 161776] (GCC) 

		=== gfortran tests ===


Running target unix

		=== gfortran Summary ===

# of expected passes		24717
# of expected failures		3
# of unsupported tests		162
/mnt/gnu/gcc/objdir-test/gcc/testsuite/gfortran/../../gfortran  version 4.3.6 20100703 (prerelease) [gcc-4_3-branch revision 161776] (GCC) 

		=== obj-c++ tests ===


Running target unix
WARNING: obj-c++.dg/lookup-2.mm compilation failed to produce executable
WARNING: obj-c++.dg/try-catch-2.mm compilation failed to produce executable
WARNING: obj-c++.dg/try-catch-9.mm compilation failed to produce executable

		=== obj-c++ Summary ===

# of expected passes		423
# of expected failures		23
# of unsupported tests		13
/mnt/gnu/gcc/objdir-test/gcc/testsuite/obj-c++/../../g++  version 4.3.6 20100703 (prerelease) [gcc-4_3-branch revision 161776] (GCC) 

		=== objc tests ===


Running target unix

		=== objc Summary ===

# of expected passes		1830
# of expected failures		7
# of unsupported tests		25
/mnt/gnu/gcc/objdir-test/gcc/xgcc  version 4.3.6 20100703 (prerelease) [gcc-4_3-branch revision 161776] (GCC) 

		=== libgomp tests ===


Running target unix

		=== libgomp Summary ===

# of expected passes		1749
# of unsupported tests		7
		=== libstdc++ tests ===


Running target unix

		=== libstdc++ Summary ===

# of expected passes		4899
# of expected failures		60
# of unsupported tests		345

Compiler version: 4.3.6 20100703 (prerelease) [gcc-4_3-branch revision 161776] (GCC) 
Platform: hppa64-hp-hpux11.11
configure flags: --with-gnu-as --with-as=/opt/gnu64/bin/as --with-ld=/usr/ccs/bin/ld --enable-shared --with-local-prefix=/opt/gnu64 --prefix=/opt/gnu64/gcc/gcc-4.3.5 --build=hppa64-hp-hpux11.11 --enable-threads=posix --disable-nls --with-gmp=/opt/gnu64/gcc/gcc-4.3.5 -enable-languages=c,c++,objc,obj-c++,fortran


Index Nav: [Date Index] [Subject Index] [Author Index] [Thread Index]
Message Nav: [Date Prev] [Date Next] [Thread Prev] [Thread Next]